--
--

\restrict WUIrG47GhK6Yh6ISyh4o0P2Grj3PEyxT9kGzVD8lvYdVLttgKCxnx06Rm2KOxoS


SELECT pg_catalog.set_config('search_path', '', false);

--
-- Name: LeadStage; Type: TYPE; Schema: public; Owner: postgres
--

CREATE TYPE public."LeadStage" AS ENUM (
    'new_lead',
    'quotation_created',
    'quotation_sent',
    'quotation_accepted',
    'quotation_revised',
    'assigned_to_operations',
    'advance_payment',
    'hotel_booked',
    'flight_booked',
    'itinerary_finalized',
    'docs_shared',
    'final_payment',
    'trip_started',
    'trip_completed',
    'feedback_collected',
    'canceled',
    'quotation_duplicated',
    'assigned_to_assessment'
);


ALTER TYPE public."LeadStage" OWNER TO postgres;

--
-- Name: LeadStatus; Type: TYPE; Schema: public; Owner: postgres
--

CREATE TYPE public."LeadStatus" AS ENUM (
    'active',
    'closed'
);


ALTER TYPE public."LeadStatus" OWNER TO postgres;

--
-- Name: QuotationStatus; Type: TYPE; Schema: public; Owner: postgres
--

CREATE TYPE public."QuotationStatus" AS ENUM (
    'Draft',
    'Sent',
    'Accepted',
    'Rejected',
    'Cancelled'
);


ALTER TYPE public."QuotationStatus" OWNER TO postgres;

--
-- Name: ServiceType; Type: TYPE; Schema: public; Owner: postgres
--

CREATE TYPE public."ServiceType" AS ENUM (
    'HOTEL',
    'ATTRACTION',
    'VEHICLE',
    'GUIDE'
);


ALTER TYPE public."ServiceType" OWNER TO postgres;



--
-- Name: Accommodation; Type: TABLE; Schema: public; Owner: postgres
--

CREATE TABLE public."Accommodation" (
    id text NOT NULL,
    "quotationId" text NOT NULL,
    hotel text,
    room text,
    "travelDate" timestamp(3) without time zone,
    "endDate" timestamp(3) without time zone,
    nights integer,
    quantity integer,
    "totalPrice" numeric(65,30),
    "createdAt" timestamp(3) without time zone DEFAULT CURRENT_TIMESTAMP NOT NULL,
    "priceDetails" jsonb,
    "updatedAt" timestamp(3) without time zone NOT NULL,
    "totalPriceAfterMarkup" numeric(65,30),
    "surchargeNights" integer,
    "supplierContact" text,
    "supplierId" text,
    "supplierName" text,
    "hotelAddress" text,
    "accMarkup" double precision
);


ALTER TABLE public."Accommodation" OWNER TO postgres;

--
-- Name: Admin; Type: TABLE; Schema: public; Owner: postgres
--

CREATE TABLE public."Admin" (
    id integer NOT NULL,
    name text NOT NULL,
    email text NOT NULL,
    password text NOT NULL,
    role text DEFAULT 'admin'::text
);


ALTER TABLE public."Admin" OWNER TO postgres;

--
-- Name: Admin_id_seq; Type: SEQUENCE; Schema: public; Owner: postgres
--

CREATE SEQUENCE public."Admin_id_seq"
    AS integer
    START WITH 1
    INCREMENT BY 1
    NO MINVALUE
    NO MAXVALUE
    CACHE 1;


ALTER TABLE public."Admin_id_seq" OWNER TO postgres;

--
-- Name: Admin_id_seq; Type: SEQUENCE OWNED BY; Schema: public; Owner: postgres
--

ALTER SEQUENCE public."Admin_id_seq" OWNED BY public."Admin".id;


--
-- Name: Agent; Type: TABLE; Schema: public; Owner: postgres
--

CREATE TABLE public."Agent" (
    id text NOT NULL,
    "agentCode" text,
    "companyName" text,
    "contactPerson" text,
    designation text,
    "companyAddress" text,
    state text,
    email text,
    phone text,
    markup double precision,
    "agentPrivilege" boolean,
    "credentialsId" text,
    "createdAt" timestamp(3) without time zone DEFAULT CURRENT_TIMESTAMP,
    "updatedAt" timestamp(3) without time zone,
    deleted boolean DEFAULT false,
    role text DEFAULT 'agent'::text
);


ALTER TABLE public."Agent" OWNER TO postgres;

--
-- Name: AgentCredentials; Type: TABLE; Schema: public; Owner: postgres
--

CREATE TABLE public."AgentCredentials" (
    id text NOT NULL,
    username text,
    password text,
    filename text
);


ALTER TABLE public."AgentCredentials" OWNER TO postgres;

--
-- Name: Attraction; Type: TABLE; Schema: public; Owner: postgres
--

CREATE TABLE public."Attraction" (
    id text NOT NULL,
    "supplierId" text,
    name text,
    location text,
    description text,
    terms text,
    "surchargeDates" timestamp(3) without time zone[],
    "closedDates" timestamp(3) without time zone[],
    "applyFridays" boolean,
    "applySaturdays" boolean,
    "applySundays" boolean,
    "updatedAt" timestamp(3) without time zone DEFAULT CURRENT_TIMESTAMP NOT NULL
);


ALTER TABLE public."Attraction" OWNER TO postgres;

--
-- Name: AttractionPrice; Type: TABLE; Schema: public; Owner: postgres
--

CREATE TABLE public."AttractionPrice" (
    id text NOT NULL,
    category text,
    "paxType" text,
    "costPrice" numeric(65,30),
    "optionalPrice" numeric(65,30),
    "attractionId" text
);


ALTER TABLE public."AttractionPrice" OWNER TO postgres;

--
-- Name: Booking; Type: TABLE; Schema: public; Owner: postgres
--

CREATE TABLE public."Booking" (
    id text NOT NULL,
    reference text NOT NULL,
    agent text NOT NULL,
    "quotePrice" double precision NOT NULL,
    "actualCost" double precision NOT NULL,
    "actualPrice" double precision NOT NULL,
    profit double precision NOT NULL,
    "createdAt" timestamp(3) without time zone DEFAULT CURRENT_TIMESTAMP NOT NULL,
    "updatedAt" timestamp(3) without time zone NOT NULL,
    "quotationId" text NOT NULL,
    "travelDates" text NOT NULL,
    "leadNo" text,
    currency text,
    "currencyRate" double precision,
    "termsAndConditions" text,
    "importantNotes" text,
    "guestName" text
);


ALTER TABLE public."Booking" OWNER TO postgres;

--
-- Name: BookingAccommodation; Type: TABLE; Schema: public; Owner: postgres
--

CREATE TABLE public."BookingAccommodation" (
    id text NOT NULL,
    "bookingId" text,
    quantity integer,
    "createdAt" timestamp(3) without time zone DEFAULT CURRENT_TIMESTAMP NOT NULL,
    "endDate" timestamp(3) without time zone,
    hotel text,
    nights integer,
    "priceDetails" jsonb,
    "quotationId" text NOT NULL,
    room text,
    "surchargeNights" integer,
    "travelDate" timestamp(3) without time zone,
    "updatedAt" timestamp(3) without time zone NOT NULL,
    profit numeric(65,30),
    "quotePrice" numeric(65,30),
    "supplierContact" text,
    "supplierId" text,
    "supplierName" text,
    "confirmationNo" text,
    details text,
    "actualPrice" numeric(65,30),
    "hotelAddress" text
);


ALTER TABLE public."BookingAccommodation" OWNER TO postgres;

--
-- Name: BookingItinerary; Type: TABLE; Schema: public; Owner: postgres
--

CREATE TABLE public."BookingItinerary" (
    id text NOT NULL,
    date timestamp(3) without time zone,
    category text,
    "bookingId" text,
    "guideId" text,
    label text,
    "priceDetails" jsonb,
    "quotationId" text NOT NULL,
    "actualPrice" numeric(65,30),
    details text,
    profit numeric(65,30),
    "supplierContact" text,
    "supplierId" text,
    "supplierName" text,
    "quotePrice" numeric(65,30),
    "confirmationNo" text
);


ALTER TABLE public."BookingItinerary" OWNER TO postgres;

--
-- Name: BookingPriceDetailItinerary; Type: TABLE; Schema: public; Owner: postgres
--

CREATE TABLE public."BookingPriceDetailItinerary" (
    id text NOT NULL,
    "itineraryId" text,
    category text,
    price numeric(65,30),
    quantity integer,
    "totalPrice" numeric(65,30),
    "totalPriceAfterMarkup" numeric(65,30),
    "quotePrice" numeric(65,30)
);


ALTER TABLE public."BookingPriceDetailItinerary" OWNER TO postgres;

--
-- Name: BookingPriceDetailsAccommodation; Type: TABLE; Schema: public; Owner: postgres
--

CREATE TABLE public."BookingPriceDetailsAccommodation" (
    id text NOT NULL,
    "accommodationId" text,
    "roomId" text,
    pax text,
    price numeric(65,30),
    "costPrice" numeric(65,30),
    "optionalPrice" numeric(65,30),
    quantity integer,
    "totalPrice" numeric(65,30),
    "totalPriceAfterMarkup" numeric(65,30),
    "quotePrice" numeric(65,30),
    category text
);


ALTER TABLE public."BookingPriceDetailsAccommodation" OWNER TO postgres;

--
-- Name: Document; Type: TABLE; Schema: public; Owner: postgres
--

CREATE TABLE public."Document" (
    id text NOT NULL,
    name text NOT NULL,
    type text NOT NULL,
    "fileUrl" text NOT NULL,
    "fileType" text NOT NULL,
    size text NOT NULL,
    "uploadedOn" timestamp(3) without time zone DEFAULT CURRENT_TIMESTAMP NOT NULL,
    "uploadedBy" text NOT NULL,
    "leadId" text NOT NULL,
    "createdAt" timestamp(3) without time zone DEFAULT CURRENT_TIMESTAMP NOT NULL,
    "updatedAt" timestamp(3) without time zone NOT NULL,
    "bookingId" text
);


ALTER TABLE public."Document" OWNER TO postgres;

--
-- Name: FinalItineraryItem; Type: TABLE; Schema: public; Owner: postgres
--

CREATE TABLE public."FinalItineraryItem" (
    id text NOT NULL,
    "bookingId" text,
    day integer NOT NULL,
    activity text NOT NULL,
    location text,
    "time" text,
    "createdAt" timestamp(3) without time zone DEFAULT CURRENT_TIMESTAMP NOT NULL,
    "updatedAt" timestamp(3) without time zone NOT NULL,
    notes text,
    "sourceId" text,
    "sourceType" text
);


ALTER TABLE public."FinalItineraryItem" OWNER TO postgres;

--
-- Name: FollowUp; Type: TABLE; Schema: public; Owner: postgres
--

CREATE TABLE public."FollowUp" (
    id text NOT NULL,
    date timestamp(3) without time zone DEFAULT CURRENT_TIMESTAMP NOT NULL,
    "oldStage" public."LeadStage" NOT NULL,
    "newStage" public."LeadStage" NOT NULL,
    notes text,
    "leadId" text NOT NULL,
    "userName" text
);


ALTER TABLE public."FollowUp" OWNER TO postgres;

--
-- Name: Guide; Type: TABLE; Schema: public; Owner: postgres
--

CREATE TABLE public."Guide" (
    id text NOT NULL,
    name text NOT NULL,
    phone text,
    email text,
    description text,
    "termsAndConditions" text,
    "createdAt" timestamp(3) without time zone DEFAULT CURRENT_TIMESTAMP NOT NULL,
    "supplierId" text,
    "updatedAt" timestamp(3) without time zone
);


ALTER TABLE public."Guide" OWNER TO postgres;

--
-- Name: GuidePrice; Type: TABLE; Schema: public; Owner: postgres
--

CREATE TABLE public."GuidePrice" (
    id text NOT NULL,
    "guideId" text NOT NULL,
    "costPrice" numeric(65,30),
    "optionalPrice" numeric(65,30),
    category text,
    "paxType" text
);


ALTER TABLE public."GuidePrice" OWNER TO postgres;

--
-- Name: HotelPrice; Type: TABLE; Schema: public; Owner: postgres
--

CREATE TABLE public."HotelPrice" (
    id text NOT NULL,
    "hotelId" text NOT NULL,
    category text,
    pax text,
    "costPrice" double precision,
    "optionalPrice" double precision
);


ALTER TABLE public."HotelPrice" OWNER TO postgres;

--
-- Name: HotelVoucher; Type: TABLE; Schema: public; Owner: postgres
--

CREATE TABLE public."HotelVoucher" (
    id text NOT NULL,
    "voucherNo" text NOT NULL,
    "accommodationId" text NOT NULL,
    "totalAdults" integer,
    "hotelName" text NOT NULL,
    "hotelAddress" text,
    "hotelPhone" text,
    "checkInDate" timestamp(3) without time zone NOT NULL,
    "checkOutDate" timestamp(3) without time zone NOT NULL,
    "roomDetails" text NOT NULL,
    "mealPlan" text,
    "confirmationNumber" text,
    "specialInclusions" text,
    "termsAndConditions" text,
    "issuedAt" timestamp(3) without time zone DEFAULT CURRENT_TIMESTAMP NOT NULL,
    "customerName" text,
    "bookingId" text,
    "totalKids" integer
);


ALTER TABLE public."HotelVoucher" OWNER TO postgres;

--
-- Name: Hotels; Type: TABLE; Schema: public; Owner: postgres
--

CREATE TABLE public."Hotels" (
    id text NOT NULL,
    name text NOT NULL,
    location text,
    "starRating" text,
    "tourismTax" text,
    "stateTax" text,
    address text,
    phone text,
    description text,
    "termsAndConditions" text,
    "supplierId" text,
    surcharge jsonb,
    "closedDates" jsonb,
    "createdAt" timestamp(3) without time zone DEFAULT CURRENT_TIMESTAMP NOT NULL,
    "updatedAt" timestamp(3) without time zone
);


ALTER TABLE public."Hotels" OWNER TO postgres;

--
-- Name: Itinerary; Type: TABLE; Schema: public; Owner: postgres
--

CREATE TABLE public."Itinerary" (
    id text NOT NULL,
    "quotationId" text NOT NULL,
    date timestamp(3) without time zone,
    label text,
    category text,
    "priceDetails" jsonb,
    "guideId" text,
    "supplierContact" text,
    "supplierId" text,
    "supplierName" text,
    "totalPriceAfterMarkup" numeric(65,30),
    "itinMarkup" double precision
);


ALTER TABLE public."Itinerary" OWNER TO postgres;

--
-- Name: Lead; Type: TABLE; Schema: public; Owner: postgres
--

CREATE TABLE public."Lead" (
    id text NOT NULL,
    "empCode" text,
    "agentName" text,
    "agentCode" text,
    "leadNo" text NOT NULL,
    "travelDateFrom" timestamp(3) without time zone,
    "travelDateTo" timestamp(3) without time zone,
    "totalPax" integer,
    "createdOn" timestamp(3) without time zone DEFAULT CURRENT_TIMESTAMP NOT NULL,
    description text,
    "customerName" text,
    email text,
    phone text,
    adults integer,
    kids integer,
    infants integer,
    remarks text,
    "agentId" text,
    stage public."LeadStage" DEFAULT 'new_lead'::public."LeadStage" NOT NULL,
    status public."LeadStatus" DEFAULT 'active'::public."LeadStatus" NOT NULL,
    "statusUpdated" timestamp(3) without time zone,
    "updatedAt" timestamp(3) without time zone,
    "assignedToId" text,
    "userId" text,
    "assignedOperationId" text,
    "assignedAssessmentId" text,
    "assignedAssessmentOn" timestamp(3) without time zone,
    "assignedOperationOn" timestamp(3) without time zone
);


ALTER TABLE public."Lead" OWNER TO postgres;

--
-- Name: MealPrice; Type: TABLE; Schema: public; Owner: postgres
--

CREATE TABLE public."MealPrice" (
    id text NOT NULL,
    category text,
    pax text,
    "costPrice" double precision,
    "optionalPrice" double precision,
    "restaurantId" text
);


ALTER TABLE public."MealPrice" OWNER TO postgres;

--
-- Name: Notification; Type: TABLE; Schema: public; Owner: postgres
--

CREATE TABLE public."Notification" (
    id text NOT NULL,
    type text NOT NULL,
    title text NOT NULL,
    message text NOT NULL,
    "entityType" text NOT NULL,
    "entityId" text NOT NULL,
    "recipientId" text NOT NULL,
    "isRead" boolean DEFAULT false NOT NULL,
    "createdAt" timestamp(3) without time zone DEFAULT CURRENT_TIMESTAMP NOT NULL
);


ALTER TABLE public."Notification" OWNER TO postgres;

--
-- Name: Package; Type: TABLE; Schema: public; Owner: postgres
--

CREATE TABLE public."Package" (
    id integer NOT NULL,
    "packageName" text NOT NULL,
    "tagLine" text NOT NULL,
    "briefDescription" text NOT NULL,
    "detailedDescription" text NOT NULL,
    terms text NOT NULL,
    notes text NOT NULL,
    remarks text,
    "imageUrl" text,
    "starRating" integer NOT NULL,
    price text NOT NULL,
    hotel text NOT NULL,
    "daysNights" text,
    members text,
    deleted boolean DEFAULT false,
    "createdAt" timestamp(3) without time zone DEFAULT CURRENT_TIMESTAMP NOT NULL,
    "updatedAt" timestamp(3) without time zone,
    "hotelId" text NOT NULL
);


ALTER TABLE public."Package" OWNER TO postgres;

--
-- Name: Package_id_seq; Type: SEQUENCE; Schema: public; Owner: postgres
--

CREATE SEQUENCE public."Package_id_seq"
    AS integer
    START WITH 1
    INCREMENT BY 1
    NO MINVALUE
    NO MAXVALUE
    CACHE 1;


ALTER TABLE public."Package_id_seq" OWNER TO postgres;

--
-- Name: Package_id_seq; Type: SEQUENCE OWNED BY; Schema: public; Owner: postgres
--

ALTER SEQUENCE public."Package_id_seq" OWNED BY public."Package".id;


--
-- Name: PaymentInvoice; Type: TABLE; Schema: public; Owner: postgres
--

CREATE TABLE public."PaymentInvoice" (
    id text NOT NULL,
    "quotationId" text NOT NULL,
    "bookingId" text,
    amount double precision NOT NULL,
    status text NOT NULL,
    "issuedDate" timestamp(3) without time zone NOT NULL,
    "dueDate" timestamp(3) without time zone,
    remarks text,
    "createdAt" timestamp(3) without time zone DEFAULT CURRENT_TIMESTAMP NOT NULL,
    "updatedAt" timestamp(3) without time zone NOT NULL
);


ALTER TABLE public."PaymentInvoice" OWNER TO postgres;

--
-- Name: PriceDetailItinerary; Type: TABLE; Schema: public; Owner: postgres
--

CREATE TABLE public."PriceDetailItinerary" (
    id text NOT NULL,
    "itineraryId" text,
    category text,
    price numeric(65,30),
    "priceAfterMarkup" numeric(65,30),
    quantity integer,
    "totalPrice" numeric(65,30),
    "totalPriceAfterMarkup" numeric(65,30)
);


ALTER TABLE public."PriceDetailItinerary" OWNER TO postgres;

--
-- Name: PriceDetailsAccommodation; Type: TABLE; Schema: public; Owner: postgres
--

CREATE TABLE public."PriceDetailsAccommodation" (
    id text NOT NULL,
    "accommodationId" text,
    "roomId" text,
    pax text,
    price numeric(65,30),
    "priceAfterMarkup" numeric(65,30),
    "costPrice" numeric(65,30),
    "optionalPrice" numeric(65,30),
    quantity integer,
    "totalPrice" numeric(65,30),
    "totalPriceAfterMarkup" numeric(65,30),
    category text
);


ALTER TABLE public."PriceDetailsAccommodation" OWNER TO postgres;

--
-- Name: Quotation; Type: TABLE; Schema: public; Owner: postgres
--

CREATE TABLE public."Quotation" (
    id text NOT NULL,
    "refNo" text NOT NULL,
    "leadAgent" text NOT NULL,
    "guestName" text,
    remarks text,
    currency text,
    "totalPax" integer,
    "travelDates" text NOT NULL,
    "updatedAt" timestamp(3) without time zone NOT NULL,
    "leadRefNo" text NOT NULL,
    "totalAfterMarkup" numeric(65,30),
    "totalBeforeMarkup" numeric(65,30),
    userid text,
    "agentId" text,
    status public."QuotationStatus" DEFAULT 'Draft'::public."QuotationStatus" NOT NULL,
    "currencyRate" double precision,
    "termsAndConditions" text,
    "importantNotes" text
);


ALTER TABLE public."Quotation" OWNER TO postgres;

--
-- Name: Restaurant; Type: TABLE; Schema: public; Owner: postgres
--

CREATE TABLE public."Restaurant" (
    id text NOT NULL,
    name text,
    location text,
    "targetMarket" text,
    description text NOT NULL,
    "termsAndConditions" text,
    "updatedAt" timestamp(3) without time zone,
    "supplierId" text
);


ALTER TABLE public."Restaurant" OWNER TO postgres;

--
-- Name: Room; Type: TABLE; Schema: public; Owner: postgres
--

CREATE TABLE public."Room" (
    id text NOT NULL,
    "hotelId" text NOT NULL,
    "maxPax" integer,
    "extraBeds" integer,
    name text NOT NULL
);


ALTER TABLE public."Room" OWNER TO postgres;

--
-- Name: RoomPrice; Type: TABLE; Schema: public; Owner: postgres
--

CREATE TABLE public."RoomPrice" (
    id text NOT NULL,
    "roomId" text NOT NULL,
    category text NOT NULL,
    pax text NOT NULL,
    "costPrice" double precision,
    "optionalPrice" double precision
);


ALTER TABLE public."RoomPrice" OWNER TO postgres;

--
-- Name: Service; Type: TABLE; Schema: public; Owner: postgres
--

CREATE TABLE public."Service" (
    id text NOT NULL,
    "bookingId" text,
    "tourDetailId" text,
    type public."ServiceType" NOT NULL,
    name text NOT NULL,
    "quotedPrice" double precision NOT NULL,
    "actualPrice" double precision,
    "supplierName" text,
    "supplierContact" text,
    "confirmationNo" text,
    "additionalDetails" text,
    "createdAt" timestamp(3) without time zone DEFAULT CURRENT_TIMESTAMP NOT NULL,
    "updatedAt" timestamp(3) without time zone NOT NULL
);


ALTER TABLE public."Service" OWNER TO postgres;

--
-- Name: Suppliers; Type: TABLE; Schema: public; Owner: postgres
--

CREATE TABLE public."Suppliers" (
    id text NOT NULL,
    "companyName" text,
    category text,
    "contactPerson" text,
    designation text,
    email text,
    "contactNo" text,
    "companyAddress" text
);


ALTER TABLE public."Suppliers" OWNER TO postgres;

--
-- Name: Team; Type: TABLE; Schema: public; Owner: postgres
--

CREATE TABLE public."Team" (
    id text NOT NULL,
    name text NOT NULL
);


ALTER TABLE public."Team" OWNER TO postgres;

--
-- Name: Tour; Type: TABLE; Schema: public; Owner: postgres
--

CREATE TABLE public."Tour" (
    id text NOT NULL,
    name text NOT NULL,
    location text,
    description text,
    "termsAndConditions" text,
    "supplierId" text
);


ALTER TABLE public."Tour" OWNER TO postgres;

--
-- Name: TourDetail; Type: TABLE; Schema: public; Owner: postgres
--

CREATE TABLE public."TourDetail" (
    id text NOT NULL,
    "quotationId" text NOT NULL,
    name text NOT NULL,
    destination text NOT NULL,
    "startDate" timestamp(3) without time zone NOT NULL,
    "endDate" timestamp(3) without time zone NOT NULL,
    pax integer NOT NULL,
    "profitPercent" double precision NOT NULL,
    "netSellingPrice" double precision NOT NULL,
    "totalCost" double precision NOT NULL,
    "profitAmount" double precision NOT NULL,
    "bookingId" text,
    "createdAt" timestamp(3) without time zone DEFAULT CURRENT_TIMESTAMP NOT NULL,
    "updatedAt" timestamp(3) without time zone NOT NULL
);


ALTER TABLE public."TourDetail" OWNER TO postgres;

--
-- Name: TourPrice; Type: TABLE; Schema: public; Owner: postgres
--

CREATE TABLE public."TourPrice" (
    id text NOT NULL,
    "tourId" text NOT NULL,
    "minNoOfPax" integer,
    "maxNoOfPax" integer,
    "paxType" text,
    "costPrice" numeric(65,30),
    vehicle text,
    "optionalPrice" text
);


ALTER TABLE public."TourPrice" OWNER TO postgres;

--
-- Name: Transfer; Type: TABLE; Schema: public; Owner: postgres
--

CREATE TABLE public."Transfer" (
    id text NOT NULL,
    name text NOT NULL,
    "from" text,
    "to" text,
    "supplierId" text,
    terms text,
    "updatedAt" timestamp(3) without time zone
);


ALTER TABLE public."Transfer" OWNER TO postgres;

--
-- Name: User; Type: TABLE; Schema: public; Owner: postgres
--

CREATE TABLE public."User" (
    id text NOT NULL,
    name text NOT NULL,
    email text NOT NULL,
    mobile text NOT NULL,
    password text NOT NULL,
    "empCode" text NOT NULL,
    "empId" text NOT NULL,
    "teamId" text NOT NULL,
    "agentPrivilege" boolean DEFAULT false NOT NULL,
    inactive boolean DEFAULT false,
    "createdAt" timestamp(3) without time zone DEFAULT CURRENT_TIMESTAMP NOT NULL,
    "updatedAt" timestamp(3) without time zone NOT NULL,
    role text DEFAULT 'user'::text
);


ALTER TABLE public."User" OWNER TO postgres;

--
-- Name: Vehicle; Type: TABLE; Schema: public; Owner: postgres
--

CREATE TABLE public."Vehicle" (
    id text NOT NULL,
    "transferId" text NOT NULL,
    vehicle text,
    pax text,
    price double precision,
    "optionalPrice" double precision,
    "minPax" integer,
    "maxPax" integer
);


ALTER TABLE public."Vehicle" OWNER TO postgres;

--
-- Name: _QuotationToTour; Type: TABLE; Schema: public; Owner: postgres
--

CREATE TABLE public."_QuotationToTour" (
    "A" text NOT NULL,
    "B" text NOT NULL
);


ALTER TABLE public."_QuotationToTour" OWNER TO postgres;

--
-- Name: Admin id; Type: DEFAULT; Schema: public; Owner: postgres
--

ALTER TABLE ONLY public."Admin" ALTER COLUMN id SET DEFAULT nextval('public."Admin_id_seq"'::regclass);


--
-- Name: Package id; Type: DEFAULT; Schema: public; Owner: postgres
--

ALTER TABLE ONLY public."Package" ALTER COLUMN id SET DEFAULT nextval('public."Package_id_seq"'::regclass);


--
-- Data for Name: Accommodation; Type: TABLE DATA; Schema: public; Owner: postgres
--

COPY public."Accommodation" (id, "quotationId", hotel, room, "travelDate", "endDate", nights, quantity, "totalPrice", "createdAt", "priceDetails", "updatedAt", "totalPriceAfterMarkup", "surchargeNights", "supplierContact", "supplierId", "supplierName", "hotelAddress", "accMarkup") FROM stdin;
cmc1xryy3000jvlpgeii10hf0	cmc1xryy2000ivlpgybdk5www	The Banjaran Hotsprings Retreat, Ipoh	Lake Villa (Sun - Thurs)	2025-06-18 18:30:00	2025-06-19 18:30:00	1	1	332.110000000000000000000000000000	2025-06-18 12:36:36.647	\N	2025-06-18 12:36:36.647	365.320000000000000000000000000000	0				\N	\N
cmc2wwyfq0002e66sv13de5rk	cmc2wwyfq0001e66sih0dj0oa	PARKROYAL A'Famosa Melaka Resort	Superior Room (King / Twin) - (Fri - Sat)\t	2025-06-19 18:30:00	2025-06-21 18:30:00	2	2	1600.000000000000000000000000000000	2025-06-19 05:00:15.791	\N	2025-06-19 05:00:15.791	1664.000000000000000000000000000000	0	06-908 8888	bWmDSnXOKsVu1ntWa52Lm7by	A'Famosa Resort Hotel Sdn Bhd	Jalan Kemus, Simpang Ampat, Alor Gajah, 78000 Melaka	\N
cmc2ybi600005e6rc36mylgkf	cmc2ybi600004e6rc8u0lkpc0	The Banjaran Hotsprings Retreat, Ipoh	Garden Villa (Sun - Thurs)	2025-06-18 18:30:00	2025-06-20 18:30:00	2	3	163120.000000000000000000000000000000	2025-06-19 05:39:34.2	\N	2025-06-19 05:39:34.2	171276.000000000000000000000000000000	0	+6052107777	QKM79ucuOfMR838QvRcVMjYr	Kinta Sunway Resort Sdn Bhd	1, Persiaran Lagoon, Sunway 3, 31150 Ipoh, Perak	\N
cmc321xgf0002e64w7s0gduf5	cmc321xgf0001e64wi75ffl2f	PARKROYAL A'Famosa Melaka Resort	Superior Room (King / Twin) - (Sun - Thurs)	2025-06-18 18:30:00	2025-06-20 18:30:00	2	2	1400.000000000000000000000000000000	2025-06-19 07:24:05.918	\N	2025-06-19 07:24:05.918	1470.000000000000000000000000000000	0	06-908 8888	bWmDSnXOKsVu1ntWa52Lm7by	A'Famosa Resort Hotel Sdn Bhd	Jalan Kemus, Simpang Ampat, Alor Gajah, 78000 Melaka	\N
cmc4bifpz000ke6n0gu1hldji	cmc4bifpz000je6n0t7k3mzjl	The Banjaran Hotsprings Retreat, Ipoh	Water Villa (Sun - Thurs)	2025-06-19 18:30:00	2025-06-20 18:30:00	1	3	3670.000000000000000000000000000000	2025-06-20 04:36:38.807	\N	2025-06-20 04:36:38.807	3670.000000000000000000000000000000	0	+6052107777	QKM79ucuOfMR838QvRcVMjYr	Kinta Sunway Resort Sdn Bhd	1, Persiaran Lagoon, Sunway 3, 31150 Ipoh, Perak	\N
cmc4bifpz000ne6n0gz8dzyy0	cmc4bifpz000je6n0t7k3mzjl	PARKROYAL A'Famosa Melaka Resort	Superior Room (King / Twin) - (Sun - Thurs)	2025-06-19 18:30:00	2025-06-21 18:30:00	2	2	700.000000000000000000000000000000	2025-06-20 04:36:38.807	\N	2025-06-20 04:36:38.807	700.000000000000000000000000000000	0	06-908 8888	bWmDSnXOKsVu1ntWa52Lm7by	A'Famosa Resort Hotel Sdn Bhd	Jalan Kemus, Simpang Ampat, Alor Gajah, 78000 Melaka	\N
cmc4buxm9000te6n041ua8q1u	cmc36ezr60005e64ofvfzg783	The Banjaran Hotsprings Retreat, Ipoh	Water Villa (Sun - Thurs)	2025-06-19 18:30:00	2025-06-20 18:30:00	1	3	3670.000000000000000000000000000000	2025-06-20 04:46:21.872	\N	2025-06-20 04:46:21.872	3853.500000000000000000000000000000	0	+6052107777	QKM79ucuOfMR838QvRcVMjYr	Kinta Sunway Resort Sdn Bhd	1, Persiaran Lagoon, Sunway 3, 31150 Ipoh, Perak	\N
cmc4buxm9000we6n069dztjfp	cmc36ezr60005e64ofvfzg783	PARKROYAL A'Famosa Melaka Resort	Superior Room (King / Twin) - (Sun - Thurs)	2025-06-19 18:30:00	2025-06-21 18:30:00	2	2	1400.000000000000000000000000000000	2025-06-20 04:46:21.872	\N	2025-06-20 04:46:21.872	1470.000000000000000000000000000000	0	06-908 8888	bWmDSnXOKsVu1ntWa52Lm7by	A'Famosa Resort Hotel Sdn Bhd	Jalan Kemus, Simpang Ampat, Alor Gajah, 78000 Melaka	\N
cmc4buxm9000ye6n02hp0evju	cmc36ezr60005e64ofvfzg783	PARKROYAL A'Famosa Melaka Resort	Superior Room (King / Twin) - (Sun - Thurs)	2025-06-19 18:30:00	2025-06-22 18:30:00	3	2	2100.000000000000000000000000000000	2025-06-20 04:46:21.872	\N	2025-06-20 04:46:21.872	2205.000000000000000000000000000000	0	06-908 8888	bWmDSnXOKsVu1ntWa52Lm7by	A'Famosa Resort Hotel Sdn Bhd	Jalan Kemus, Simpang Ampat, Alor Gajah, 78000 Melaka	\N
cmc4lbrr20002e6387k7l6srp	cmc4lbrr20001e63847q24um0	Mutiara Taman Negara	Chalet Single	2025-06-25 18:30:00	2025-06-26 18:30:00	1	1	495.000000000000000000000000000000	2025-06-20 09:11:23.964	\N	2025-06-20 09:11:23.964	534.600000000000000000000000000000	0	09-266 3500	MHoC2MonLnHtc0ekaBSVo-LU	THR Hotel (Kuala Tahan) Sdn Bhd	27000 Kuala Tahan, Pahang	8
cmc4lbrr20004e638jv33akfn	cmc4lbrr20001e63847q24um0	Bertam Resort Penang	Superior Room (Fri - Sat)	2025-06-24 18:30:00	2025-06-25 18:30:00	1	1	419.000000000000000000000000000000	2025-06-20 09:11:23.964	\N	2025-06-20 09:11:23.964	460.900000000000000000000000000000	0	04 577 8000	p3DIZdFJ0sav83rIrLUjxA99	Maritime Waterfront Suites Sdn Bhd	PMT 2200, Bertam Resort,  Persiaran Bertam 8,  13200 Kepala Batas,  Pulau Pinang, Malaysia.	10
cmc4nnzcs0000e44gyxlwredg	cmc4jwuz20001e4j4ogc89uho	Mutiara Taman Negara	Chalet Single	2025-06-25 18:30:00	2025-06-26 18:30:00	1	1	9900.000000000000000000000000000000	2025-06-20 10:16:52.923	\N	2025-06-20 10:16:52.923	9900.000000000000000000000000000000	0	09-266 3500	MHoC2MonLnHtc0ekaBSVo-LU	THR Hotel (Kuala Tahan) Sdn Bhd	27000 Kuala Tahan, Pahang	8
cmc4nnzcs0002e44g3kdl6msy	cmc4jwuz20001e4j4ogc89uho	Bertam Resort Penang	Superior Room (Fri - Sat)	2025-06-24 18:30:00	2025-06-25 18:30:00	1	1	8380.000000000000000000000000000000	2025-06-20 10:16:52.923	\N	2025-06-20 10:16:52.923	8380.000000000000000000000000000000	0	04 577 8000	p3DIZdFJ0sav83rIrLUjxA99	Maritime Waterfront Suites Sdn Bhd	PMT 2200, Bertam Resort,  Persiaran Bertam 8,  13200 Kepala Batas,  Pulau Pinang, Malaysia.	10
cmc4oaq09000me44g68ier71w	cmc4nbxa30002e51k11y6xwu7	The Banjaran Hotsprings Retreat, Ipoh	Water Villa (Sun - Thurs)	2025-06-19 18:30:00	2025-06-21 18:30:00	2	1	781.420000000000000000000000000000	2025-06-20 10:34:33.897	\N	2025-06-20 10:34:33.897	820.490000000000000000000000000000	0	+6052107777	QKM79ucuOfMR838QvRcVMjYr	Kinta Sunway Resort Sdn Bhd	1, Persiaran Lagoon, Sunway 3, 31150 Ipoh, Perak	5
cmc4oaq0a000oe44gquye7e10	cmc4nbxa30002e51k11y6xwu7	PARKROYAL A'Famosa Melaka Resort	Superior Room (King / Twin) - (Sun - Thurs)	2025-06-23 18:30:00	2025-06-25 18:30:00	2	1	166.660000000000000000000000000000	2025-06-20 10:34:33.897	\N	2025-06-20 10:34:33.897	174.990000000000000000000000000000	0	06-908 8888	bWmDSnXOKsVu1ntWa52Lm7by	A'Famosa Resort Hotel Sdn Bhd	Jalan Kemus, Simpang Ampat, Alor Gajah, 78000 Melaka	5
cmc4oaq0a000qe44g509c22hn	cmc4nbxa30002e51k11y6xwu7	The Banjaran Hotsprings Retreat, Ipoh	Lake Villa (Sun - Thurs)	2025-06-19 18:30:00	2025-06-20 18:30:00	1	1	342.140000000000000000000000000000	2025-06-20 10:34:33.897	\N	2025-06-20 10:34:33.897	379.780000000000000000000000000000	0	+6052107777	QKM79ucuOfMR838QvRcVMjYr	Kinta Sunway Resort Sdn Bhd	1, Persiaran Lagoon, Sunway 3, 31150 Ipoh, Perak	11
cmc4osw3t000ue51kyfqcr2lt	cmc4osw3t000te51k1575algn	Mutiara Taman Negara	Chalet (Twin / Double)	2025-06-19 18:30:00	2025-06-22 18:30:00	3	1	1620.000000000000000000000000000000	2025-06-20 10:48:41.609	\N	2025-06-20 10:48:41.609	1701.000000000000000000000000000000	0	09-266 3500	MHoC2MonLnHtc0ekaBSVo-LU	THR Hotel (Kuala Tahan) Sdn Bhd	27000 Kuala Tahan, Pahang	5
cmc4ow4mx0020e44gz90nmdkp	cmc4ouou10013e44g67wg4ts0	The Banjaran Hotsprings Retreat, Ipoh	Water Villa (Sun - Thurs)	2025-06-19 18:30:00	2025-06-21 18:30:00	2	1	65639.200000000000000000000000000000	2025-06-20 10:51:12.632	\N	2025-06-20 10:51:12.632	72203.120000000000000000000000000000	0	+6052107777	QKM79ucuOfMR838QvRcVMjYr	Kinta Sunway Resort Sdn Bhd	1, Persiaran Lagoon, Sunway 3, 31150 Ipoh, Perak	5
cmc4ow4my0022e44grlwmw32v	cmc4ouou10013e44g67wg4ts0	PARKROYAL A'Famosa Melaka Resort	Superior Room (King / Twin) - (Sun - Thurs)	2025-06-23 18:30:00	2025-06-25 18:30:00	2	1	13999.600000000000000000000000000000	2025-06-20 10:51:12.632	\N	2025-06-20 10:51:12.632	15399.560000000000000000000000000000	0	06-908 8888	bWmDSnXOKsVu1ntWa52Lm7by	A'Famosa Resort Hotel Sdn Bhd	Jalan Kemus, Simpang Ampat, Alor Gajah, 78000 Melaka	5
cmc4ow4my0024e44gna22fmpo	cmc4ouou10013e44g67wg4ts0	The Banjaran Hotsprings Retreat, Ipoh	Lake Villa (Sun - Thurs)	2025-06-19 18:30:00	2025-06-20 18:30:00	1	1	28739.800000000000000000000000000000	2025-06-20 10:51:12.632	\N	2025-06-20 10:51:12.632	31613.780000000000000000000000000000	0	+6052107777	QKM79ucuOfMR838QvRcVMjYr	Kinta Sunway Resort Sdn Bhd	1, Persiaran Lagoon, Sunway 3, 31150 Ipoh, Perak	11
cmc4r3hfa002se44gww2jerj4	cmc4r3hfa002re44gfse1g0q1	The Banjaran Hotsprings Retreat, Ipoh	Water Villa (Sun - Thurs)	2025-06-19 18:30:00	2025-06-20 18:30:00	1	1	1641.000000000000000000000000000000	2025-06-20 11:52:55.03	\N	2025-06-20 11:52:55.03	1805.100000000000000000000000000000	0	+6052107777	QKM79ucuOfMR838QvRcVMjYr	Kinta Sunway Resort Sdn Bhd	1, Persiaran Lagoon, Sunway 3, 31150 Ipoh, Perak	10
cmcbwhm9r0012nn16v9v71ljm	cmcbwhm9q0011nn16i2vk5uqj	Holiday Villa Beach Resort & Spa Langkawi	Deluxe Premium Room	2025-06-24 18:30:00	2025-06-26 18:30:00	2	5	1660.000000000000000000000000000000	2025-06-25 11:58:15.807	\N	2025-06-25 11:58:15.807	1743.000000000000000000000000000000	0					5
cmc5qzdgj0005e66s5me7arlw	cmc5qzdgj0004e66sr43v47ei	The Banjaran Hotsprings Retreat, Ipoh	Lake Villa (Sun - Thurs)	2025-06-20 18:30:00	2025-06-22 18:30:00	2	2	5748.000000000000000000000000000000	2025-06-21 04:37:29.443	\N	2025-06-21 04:37:29.443	6035.400000000000000000000000000000	0	+6052107777	QKM79ucuOfMR838QvRcVMjYr	Kinta Sunway Resort Sdn Bhd	1, Persiaran Lagoon, Sunway 3, 31150 Ipoh, Perak	\N
cmc5rp3ex0000e4bwp0wjhiba	cmc5rarg3000oe66sc2npvzz9	The Banjaran Hotsprings Retreat, Ipoh	Water Villa (Sun - Thurs)	2025-06-20 18:30:00	2025-06-22 18:30:00	2	2	6564.000000000000000000000000000000	2025-06-21 04:57:29.481	\N	2025-06-21 04:57:29.481	6892.200000000000000000000000000000	0	+6052107777	QKM79ucuOfMR838QvRcVMjYr	Kinta Sunway Resort Sdn Bhd	1, Persiaran Lagoon, Sunway 3, 31150 Ipoh, Perak	5
cmc5rp3g00002e4bwd2kksw8m	cmc5rarg3000oe66sc2npvzz9	PARKROYAL A'Famosa Melaka Resort	Superior Room (King / Twin) - (Sun - Thurs)	2025-06-22 18:30:00	2025-06-23 18:30:00	1	1	350.000000000000000000000000000000	2025-06-21 04:57:29.481	\N	2025-06-21 04:57:29.481	385.000000000000000000000000000000	0	06-908 8888	bWmDSnXOKsVu1ntWa52Lm7by	A'Famosa Resort Hotel Sdn Bhd	Jalan Kemus, Simpang Ampat, Alor Gajah, 78000 Melaka	10
cmca6wgp8000qnnpuix3wtp4j	cmca6wgp8000pnnpup0sglu40	Ramada Suites By Whyndham KLCC	Studio Executive King/Twin Room	2025-07-14 16:00:00	2025-07-30 16:00:00	16	1	4240.000000000000000000000000000000	2025-06-24 07:14:12.236	\N	2025-06-24 07:14:12.236	4452.000000000000000000000000000000	0	+603-2938 9888			No 1, Lorong Ceylon, Bukit Ceylon, , 50200 Kuala Lumpur, Federal Territory of Kuala Lumpur	5
cmca8bxn20002e66g4svmnaak	cmca8bxn10001e66gejsn99pj	PARKROYAL A'Famosa Melaka Resort	Superior Room (King / Twin) - (Sun - Thurs)	2025-06-23 18:30:00	2025-06-24 18:30:00	1	2	406.000000000000000000000000000000	2025-06-24 07:54:13.643	\N	2025-06-24 07:54:13.643	426.300000000000000000000000000000	0	06-908 8888	bWmDSnXOKsVu1ntWa52Lm7by	A'Famosa Resort Hotel Sdn Bhd	Jalan Kemus, Simpang Ampat, Alor Gajah, 78000 Melaka	5
cmcad1cey0003e6t8k0a5i0i2	cmcad1cey0002e6t85csl1tw5	PARKROYAL A'Famosa Melaka Resort	Superior Room (King / Twin) - (Sun - Thurs)	2025-06-23 18:30:00	2025-06-24 18:30:00	1	6	1204.000000000000000000000000000000	2025-06-24 10:05:57.659	\N	2025-06-24 10:05:57.659	1264.200000000000000000000000000000	0	06-908 8888	bWmDSnXOKsVu1ntWa52Lm7by	A'Famosa Resort Hotel Sdn Bhd	Jalan Kemus, Simpang Ampat, Alor Gajah, 78000 Melaka	5
cmcaecn870003e6604oam1pjk	cmcaecn860002e6608bmjutvb	Century Pines Resort Cameron Highlands	Deluxe with Garden Room (2A 2C)	\N	\N	0	6	0.000000000000000000000000000000	2025-06-24 10:42:44.503	\N	2025-06-24 10:42:44.503	0.000000000000000000000000000000	0	05-4915115	0-ZMpEY12nidalGCx9QbeKZr	Century Pines Resort Cameron Highlands	Jalan Masjid, Tanah Rata, 39000 Tanah Rata, Pahang	5
cmcaeprej000pe660ryxu3gt7	cmcaeprej000oe6608fg52ple	Mutiara Taman Negara	Chalet (Twin / Double)	2025-06-23 18:30:00	2025-06-25 18:30:00	2	10	5970.000000000000000000000000000000	2025-06-24 10:52:56.443	\N	2025-06-24 10:52:56.443	6268.500000000000000000000000000000	0	09-266 3500	MHoC2MonLnHtc0ekaBSVo-LU	THR Hotel (Kuala Tahan) Sdn Bhd	27000 Kuala Tahan, Pahang	5
cmcbs6xwv0000e4lk0ozzmt2u	cmc8ssdsu0001nnpubqgrm5fb	Swiss-Garden Hotel Melaka	Deluxe Room (Fri - Sun) 	2025-06-19 16:00:00	2025-06-29 16:00:00	10	1	554.300000000000000000000000000000	2025-06-25 09:57:59.214	\N	2025-06-25 09:57:59.214	554.300000000000000000000000000000	0					0
cmcbs6xww0002e4lk8o5vyti1	cmc8ssdsu0001nnpubqgrm5fb	Bertam Resort Penang	Deluxe King/Twin Room (Sun - Thu)	2025-06-25 18:30:00	2025-06-26 18:30:00	1	3	117.760000000000000000000000000000	2025-06-25 09:57:59.214	\N	2025-06-25 09:57:59.214	129.540000000000000000000000000000	0	04 577 8000	p3DIZdFJ0sav83rIrLUjxA99	Maritime Waterfront Suites Sdn Bhd	PMT 2200, Bertam Resort,  Persiaran Bertam 8,  13200 Kepala Batas,  Pulau Pinang, Malaysia.	10
cmcbsrpf10000e40cbfedvx55	cmcbslm630002nnyfl599py4l	Bertam Resort Penang	Deluxe King/Twin Room (Sun - Thu)	2025-06-28 18:30:00	2025-06-29 18:30:00	1	2	480.500000000000000000000000000000	2025-06-25 10:14:07.981	\N	2025-06-25 10:14:07.981	528.550000000000000000000000000000	0	04 577 8000	p3DIZdFJ0sav83rIrLUjxA99	Maritime Waterfront Suites Sdn Bhd	PMT 2200, Bertam Resort,  Persiaran Bertam 8,  13200 Kepala Batas,  Pulau Pinang, Malaysia.	10
cmcbszslx0003e5zkfscezbt4	cmcbszskt0002e5zkhxvmtm80	testing-33	testing-room	2025-06-24 18:30:00	2025-06-26 18:30:00	2	1	108.000000000000000000000000000000	2025-06-25 10:20:25.325	\N	2025-06-25 10:20:25.325	113.400000000000000000000000000000	0	9876543219	cm9c3moo60000e5xswx1exyvx	abc holydays	chennai,indra	5
cmcbt6pk9000re5zk4w0vdrj3	cmcbt6pk9000qe5zkqlp96raw	Arena Starr	Deluxe Triple Room	2025-06-27 18:30:00	2025-06-29 18:30:00	2	1	378.000000000000000000000000000000	2025-06-25 10:25:48.009	\N	2025-06-25 10:25:48.009	396.900000000000000000000000000000	2	03-2078 6988	iEb5T0NL48nrO69NLubtmkN4	TBO	49-51, Jalan Hang Lekiu, City Centre, 50100 Kuala Lumpur, Wilayah Persekutuan Kuala Lumpur	5
cmcbt8r180000e4fcbq56soiq	cmc4rlf5i001ae51kyoruuv2y	The Banjaran Hotsprings Retreat, Ipoh	Lake Villa (Sun - Thurs)	2025-06-19 18:30:00	2025-06-20 18:30:00	1	1	342.140000000000000000000000000000	2025-06-25 10:27:23.227	\N	2025-06-25 10:27:23.227	359.250000000000000000000000000000	0	+6052107777	QKM79ucuOfMR838QvRcVMjYr	Kinta Sunway Resort Sdn Bhd	1, Persiaran Lagoon, Sunway 3, 31150 Ipoh, Perak	5
cmcbt8r190002e4fcnmde9vf8	cmc4rlf5i001ae51kyoruuv2y	The Banjaran Hotsprings Retreat, Ipoh	Lake Villa (Sun - Thurs)	2025-06-22 18:30:00	2025-06-23 18:30:00	1	1	342.140000000000000000000000000000	2025-06-25 10:27:23.227	\N	2025-06-25 10:27:23.227	410.570000000000000000000000000000	0	+6052107777	QKM79ucuOfMR838QvRcVMjYr	Kinta Sunway Resort Sdn Bhd	1, Persiaran Lagoon, Sunway 3, 31150 Ipoh, Perak	20
cmcbt8r190004e4fcpuscegwt	cmc4rlf5i001ae51kyoruuv2y	Mutiara Taman Negara	Chalet (Twin / Double)	2025-06-25 18:30:00	2025-06-26 18:30:00	1	4	197.620000000000000000000000000000	2025-06-25 10:27:23.227	\N	2025-06-25 10:27:23.227	217.380000000000000000000000000000	0	09-266 3500	MHoC2MonLnHtc0ekaBSVo-LU	THR Hotel (Kuala Tahan) Sdn Bhd	27000 Kuala Tahan, Pahang	10
cmcbtneln0000e4s8u8at45yl	cmc4p15oi002he44gdeov9vzm	The Banjaran Hotsprings Retreat, Ipoh	Lake Villa (Sun - Thurs)	2025-06-19 18:30:00	2025-06-20 18:30:00	1	1	1437.000000000000000000000000000000	2025-06-25 10:38:46.954	\N	2025-06-25 10:38:46.954	1580.700000000000000000000000000000	0	+6052107777	QKM79ucuOfMR838QvRcVMjYr	Kinta Sunway Resort Sdn Bhd	1, Persiaran Lagoon, Sunway 3, 31150 Ipoh, Perak	10
cmcbtnelo0002e4s8jmn91el2	cmc4p15oi002he44gdeov9vzm	Mutiara Taman Negara	Chalet (Twin / Double)	2025-06-24 18:30:00	2025-06-25 18:30:00	1	4	830.000000000000000000000000000000	2025-06-25 10:38:46.954	\N	2025-06-25 10:38:46.954	913.000000000000000000000000000000	0	09-266 3500	MHoC2MonLnHtc0ekaBSVo-LU	THR Hotel (Kuala Tahan) Sdn Bhd	27000 Kuala Tahan, Pahang	10
cmcbtrou50000e41wn7gzegi6	cmc5r41xd000he66s7gx6ptpg	The Banjaran Hotsprings Retreat, Ipoh	Lake Villa (Sun - Thurs)	2025-06-20 18:30:00	2025-06-21 18:30:00	1	5	7185.000000000000000000000000000000	2025-06-25 10:42:06.844	\N	2025-06-25 10:42:06.844	7544.250000000000000000000000000000	0	+6052107777	QKM79ucuOfMR838QvRcVMjYr	Kinta Sunway Resort Sdn Bhd	1, Persiaran Lagoon, Sunway 3, 31150 Ipoh, Perak	5
cmcbtrou60002e41wdm3e600n	cmc5r41xd000he66s7gx6ptpg	Mutiara Taman Negara	Chalet (Twin / Double)	2025-06-25 18:30:00	2025-06-26 18:30:00	1	4	830.000000000000000000000000000000	2025-06-25 10:42:06.844	\N	2025-06-25 10:42:06.844	913.000000000000000000000000000000	0	09-266 3500	MHoC2MonLnHtc0ekaBSVo-LU	THR Hotel (Kuala Tahan) Sdn Bhd	27000 Kuala Tahan, Pahang	10
cmcbu6hvd001annyfpqqudk9m	cmcbu6hvd0019nnyfe8ek6j0g	Furama Hotel Bukit Bintang (T)	Superior Room	2025-07-10 16:00:00	2025-07-27 16:00:00	17	2	5950.000000000000000000000000000000	2025-06-25 10:53:37.657	\N	2025-06-25 10:53:37.657	6247.500000000000000000000000000000	0	03-2788 8888			136, Jln Changkat Thambi Dollah, Bukit Bintang, 55100 Kuala Lumpur, Wilayah Persekutuan Kuala Lumpur	5
cmcbusjm9001mnnyfz0ad5wcu	cmcbusjm9001lnnyf5wpwzzs9	testing-33	testing-room	2025-06-26 18:30:00	2025-06-27 18:30:00	1	1	66.000000000000000000000000000000	2025-06-25 11:10:46.353	\N	2025-06-25 11:10:46.353	69.300000000000000000000000000000	1	9876543219	cm9c3moo60000e5xswx1exyvx	abc holydays	chennai,indra	5
cmcbusjma001pnnyfj55rbtwq	cmcbusjm9001lnnyf5wpwzzs9	The Banjaran Hotsprings Retreat, Ipoh	Lake Villa (Sun - Thurs)	2025-06-28 18:30:00	2025-06-29 18:30:00	1	1	1437.000000000000000000000000000000	2025-06-25 11:10:46.353	\N	2025-06-25 11:10:46.353	1508.850000000000000000000000000000	0	+6052107777	QKM79ucuOfMR838QvRcVMjYr	Kinta Sunway Resort Sdn Bhd	1, Persiaran Lagoon, Sunway 3, 31150 Ipoh, Perak	5
cmcbvau150002nn16a5luqfk5	cmcbvau150001nn16s7sy8hz3	The Banjaran Hotsprings Retreat, Ipoh	Lake Villa (Sun - Thurs)	2025-07-16 18:30:00	2025-07-17 18:30:00	1	2	2874.000000000000000000000000000000	2025-06-25 11:24:59.657	\N	2025-06-25 11:24:59.657	3017.700000000000000000000000000000	0	+6052107777	QKM79ucuOfMR838QvRcVMjYr	Kinta Sunway Resort Sdn Bhd	1, Persiaran Lagoon, Sunway 3, 31150 Ipoh, Perak	5
cmcbvgypw000mnn16no4dfig0	cmcbvgypw000lnn16wyb3rif2	testing-33	testing-room	2025-07-16 18:30:00	2025-07-18 18:30:00	2	4	444.000000000000000000000000000000	2025-06-25 11:29:45.668	\N	2025-06-25 11:29:45.668	466.200000000000000000000000000000	1	9876543219	cm9c3moo60000e5xswx1exyvx	abc holydays	chennai,indra	5
cmcd2fkzi001xnn16refvsn9p	cmcd2fkzh001wnn16n1oej81e	Furama Hotel Bukit Bintang (T)	Deluxe Room	2025-09-17 16:00:00	2025-09-29 16:00:00	12	3	7020.000000000000000000000000000000	2025-06-26 07:32:24.702	\N	2025-06-26 07:32:24.702	7371.000000000000000000000000000000	0	03-2788 8888			136, Jln Changkat Thambi Dollah, Bukit Bintang, 55100 Kuala Lumpur, Wilayah Persekutuan Kuala Lumpur	5
cmcd54e010002e4b4yq94juqa	cmcd54e010001e4b4ihvq31nv	Mutiara Taman Negara	Chalet (Twin / Double)	2025-06-25 18:30:00	2025-06-26 18:30:00	1	5	1010.000000000000000000000000000000	2025-06-26 08:47:41.281	\N	2025-06-26 08:47:41.281	1060.500000000000000000000000000000	0	09-266 3500	MHoC2MonLnHtc0ekaBSVo-LU	THR Hotel (Kuala Tahan) Sdn Bhd	27000 Kuala Tahan, Pahang	5
cmcd5jkhk0002e4h4d1ly5i7h	cmcd5jkhk0001e4h46b0r6m2l	The Banjaran Hotsprings Retreat, Ipoh	Water Villa (Sun - Thurs)	2025-06-26 18:30:00	2025-06-27 18:30:00	1	4	2805.000000000000000000000000000000	2025-06-26 08:59:29.528	\N	2025-06-26 08:59:29.528	2945.250000000000000000000000000000	0	+6052107777	QKM79ucuOfMR838QvRcVMjYr	Kinta Sunway Resort Sdn Bhd	1, Persiaran Lagoon, Sunway 3, 31150 Ipoh, Perak	5
cmceg6diq0002e5gw32qgvu2f	cmceg6diq0001e5gw631tszgo	Wyndham Garden Shahzan Fraser's Hill	Garden View	2025-06-26 18:30:00	2025-06-29 18:30:00	3	3	870.000000000000000000000000000000	2025-06-27 06:44:55.882	\N	2025-06-27 06:44:55.882	913.500000000000000000000000000000	0	09-3622300	BrANJQKhaQrX1HjfAcvLR9A4	T.A.S Industries Sdn Bhd	Jalan Lady Guillemard, Fraser's Hill	5
cmceg6diq0006e5gw2ug605p2	cmceg6diq0001e5gw631tszgo	Fives Hotel DNP (N)	Standard King (1 King Bed)	2025-06-28 18:30:00	2025-06-29 18:30:00	1	2	270.000000000000000000000000000000	2025-06-27 06:44:55.882	\N	2025-06-27 06:44:55.882	283.500000000000000000000000000000	0	 07-219 7777	VmL0d4-Qyoaia39zu2h1jenO	SKS GROUP	45, Jalan Wong Ah Fook, Bandar Johor Bahru, 80000 Johor Bahru, Johor Darul Ta'zim	5
cmceg6diq0009e5gwrnldntqx	cmceg6diq0001e5gw631tszgo	Trademark Collection by Wyndham I-City	Deluxe Twin/King Room	2025-06-23 18:30:00	2025-06-25 18:30:00	2	3	866.000000000000000000000000000000	2025-06-27 06:44:55.882	\N	2025-06-27 06:44:55.882	909.300000000000000000000000000000	0	03-5521 9000			6, Jalan Multimedia, SkyCity, I-City, 40000 Shah Alam, Selangor	5
\.


--
-- Data for Name: Admin; Type: TABLE DATA; Schema: public; Owner: postgres
--

COPY public."Admin" (id, name, email, password, role) FROM stdin;
1	Admin	admin@ssworld.com	$2b$10$Vmv6Nw9f3aOR3SF2HMJfG.N5NzwqzhmyERH0NYQthAbG9Hj5zAZpC	admin
\.


--
-- Data for Name: Agent; Type: TABLE DATA; Schema: public; Owner: postgres
--

COPY public."Agent" (id, "agentCode", "companyName", "contactPerson", designation, "companyAddress", state, email, phone, markup, "agentPrivilege", "credentialsId", "createdAt", "updatedAt", deleted, role) FROM stdin;
cmbq5w4fj007onn75cu7vup9w	test-o10	testing	testing	tester	chennai	TAMILNADU	test5550@gmail.com	9898989898	5	f	\N	2025-06-10 06:50:33.2	2025-06-10 06:50:33.2	f	agent
cmbq5ywtp007pnn75m1zv8oda	EXES	Express Holidays	Surya	 Manager	Coimbatore	Tamil Nadu	outbound@expressholidays.in	9952119193	6	f	\N	2025-06-10 06:52:43.309	2025-06-10 06:52:43.309	f	agent
cmbq92vlq009nnn75y6pk834t	GLO	Gloworld travel	Vijay	Sales	Singapore	Singapore	resv9@gloworld.travel	919962251379	6	f	\N	2025-06-10 08:19:47.199	2025-06-10 08:19:47.199	f	agent
cmbq9lyad00abnn75gc7cn0i0	OTLK	Outlook Tour	Niru	Sales	Singapore	Singapore	sales@outlooktour.com	9962251378	6	f	\N	2025-06-10 08:34:37.141	2025-06-10 08:34:37.141	f	agent
cm9r1oioo0000v6a4t0g3be24	 AGT1310	Sixth Star	Irfaan Meera	Manager	Paruthipettt	Tamil Nadu	irfaanmeera@gmail.com	7708898767	7	t	T3lIfHJoxpJUY2qLNlwEN	2025-04-21 12:21:01.458	2025-04-22 16:45:09.916	f	agent
cmbqbg88700amnn75mldtmvxo	WTT	Welcome Tours & Travels Chennai Pvt Ltd	Reshma	Travel Consultant	Chennai	Tamil Nadu	holidays@allindiatours.com	8925957963	6	f	\N	2025-06-10 09:26:09.32	2025-06-10 09:26:09.32	f	agent
cmbsvxf7g0000e5mkqz0f6y8t	NT101	tested101	tester-ranjith	dev	chennai,indra	TAMILNADU	tester-ranjith@gmail.com	1010101011	4	f	\N	2025-06-12 04:34:56.187	2025-06-12 04:34:56.187	f	agent
cmaamr47m0000e5b8wftyxpr6	Agt99	abced	test-999	abcd	chennai	TAMILNADU	testabcd@gmail.com	7604889770	10	f	\N	2025-05-05 05:18:31.875	2025-05-05 05:18:31.875	f	agent
cmab1jaz30001e5jwrlv2us0r	AGT3232222	devv	ranjith	DEV	testdntest	TAMILNADU	testae@gmail.com	8889999900	10	f	\N	2025-05-05 12:12:21.669	2025-05-05 12:12:21.669	f	agent
cmafik36z000lnntohan7vv0p	Agt98	sixthstar	logesh	none	99 New Kallanatham Road Attur Tk Salem Dt	Tamil Nadu	logesh@sixthstar.in	6374751053	5	t	sO0mghnCCVc8bzwn3uyeI	2025-05-08 15:19:56.459	2025-05-08 15:19:56.459	f	agent
cm9tokjju0000v6rowdjtxxu6	 AGT2304	Test Company	Irfaan Meera	Manager	Paruthipet	Tamil Nadu	agent2304@gmail.com	7987543678	7	f	oJ0yaVE6-gZwVLI3gv8Tl	2025-04-23 08:37:19.48	2025-05-09 09:39:58.929	t	agent
cmbt6ydks0000e6nwfdv2y205	TET	testcompany	tester	manager	test65	Puducherry	client6799965@gmail.com	09876543210	4	f	\N	2025-06-12 09:43:36.508	2025-06-12 09:43:36.508	f	agent
cmbt73zrf0000e6oshk7b0qbb	TATE	touristtest	tester	manager	test65 test	Puducherry	clienttest56@gmail.com	09876543999	4	f	\N	2025-06-12 09:47:58.539	2025-06-12 09:47:58.539	f	agent
cmbtahcd20000e68kzlssgrdo	TATGH	touristtestTRavl	tester5	manager	test65 test	Puducherry	clienttest596@gmail.com	09876843210	4	f	\N	2025-06-12 11:22:20.245	2025-06-12 11:22:20.245	f	agent
cmbtaoldo0000e608i9soxztb	TATLL	sstravel	testertravel	manager	test65 test	Puducherry	clientraveltest596@gmail.com	09876843267	4	f	\N	2025-06-12 11:27:58.525	2025-06-12 11:27:58.525	f	agent
cmakquo2r0008e5lcou2yuxl3	AGENT1111	Global Travel Solutions-test	Alice Johnson	Alice Johnson	123 Main Street, Anytown, USA	CA	agent1111@gmail.com	7604889776	10	t	07boNJ_jfF77Dj49vPWXw	2025-05-12 07:10:57.891	2025-05-12 10:35:52.1	f	agent
cmbtbew230000e6agmy90csbx	TATMB	sstravelss	testertravels	manager	test65 tests	Puducherry	clientraveltet596@gmail.com	09876843223	4	f	\N	2025-06-12 11:48:25.419	2025-06-12 11:48:25.419	f	agent
cmbublv2w0000e6ugbvzvz41a	SWTTA	ssworldtourtravel	testertravels	manager	test65 tests	Puducherry	sstraveltest596@gmail.com	09876843556	4	f	\N	2025-06-13 04:41:36.92	2025-06-13 04:41:36.92	f	agent
cmaz1bmam0000e5o0pahvsnli	KR101	KRT-TEST	karthi-tester	MANG	chennai,indra	TAMILNADU	karthitester@gmail.com	4604889776	12	t	QH7V2KimS2tVZgX9PNwSp	2025-05-22 07:12:51.358	2025-05-22 11:19:28.641	f	agent
cmbuby8hh0000e6gk3i5jea5v	tWTTA	testssworldtourtravel	testertravels	manager	test65 tests	Puducherry	tessstraveltest596@gmail.com	09876843447	4	f	\N	2025-06-13 04:51:14.165	2025-06-13 04:51:14.165	f	agent
cmbudlnq20000e6kwbov59mlc	TSW	testssworld	testertravels	manager	test65 tests	Puducherry	tessstrast596@gmail.com	09876843498	4	f	\N	2025-06-13 05:37:26.618	2025-06-13 05:37:26.618	f	agent
cm9tf8g5t0000nn7np2p6jzuy	AGT1891	ssworld	ravi	agent	ssworld	Puducherry	ravi@gmail.com	8889999999	4	t	9e3CscafS5GpFnH-KrnSn	2025-04-23 04:15:58.673	2025-05-22 11:42:57.23	f	agent
cmbj5cqrf0001nnz0hgh9b0cv	TAT	Travel assistance	Fahad Nazar /Team	Operations executive 	Aspin Commercial Tower - Office 1503 - 1504 Sheikh Zayed Rd - Trade Centre - Trade Centre 1 - Dubai	dubai	Fahad@travelassistance.me	+971 54 236 7204	10	f	FjHswuPo1AwlmXUX5Gas7	2025-06-05 09:01:05.788	2025-06-05 09:02:46.151	f	agent
cmbudq25p0000e6mchwpjjznn	TSWQ	testssworldq	testertravels	manager	test65 tests	Puducherry	tessstrastq96@gmail.com	09876843454	4	f	\N	2025-06-13 05:40:51.949	2025-06-13 05:40:51.949	f	agent
cmc01vz4u005znnokt5t5do71	PNGV	Penguin on Holiday LLP	Neetu	Sales	Shop no. G-5, Gaothan.3, Juhu Church, Near Juhu Bus, A.B. Nair Road, Mumbai- 400049	Mumbai	bookings@penguinonholiday.in	+919930264264	6	f	\N	2025-06-17 04:56:09.63	2025-06-17 04:56:09.63	f	agent
cmagnaiir0001nnb18onnjh83	AGT999	SS Agent 	SST	Manager	SST COMP	Tamil Nadu	sst@gmail.com	9865321470	7	f	zhTMigL0i4O2_9LnJV_oP	2025-05-09 10:20:14.019	2025-06-16 06:14:45.141	f	agent
cmc30gefs0004e540dnop05ts	TEST901	TST9001	TESTER9001	MANAGER	chennai,	TAMILNADU	test9001@gmail.com	8660577464	10	f	VKfKrx3JDFdFLlwOLvUad	2025-06-19 06:39:21.88	2025-06-19 12:12:52.641	f	agent
cmc909akg000ke490v3bk5tyt	TEST9014	Test agent-1233	Vignesh	Manager	XX,YY	Tamil Nadu	irfaanmeera123@gmail.com	7708020267	7	f	\N	2025-06-23 11:20:27.328	2025-06-23 11:20:27.328	f	agent
cmca6pdts0000e57wi079zr3q	agentetststststst	agentetststststst	agentetststststst	agentetststststst	agentetststststst	agentetststststst	agentetststststst@gmail.com	11660577464	10	t	7GN63pEdwcO-QFlr-QZP4	2025-06-24 07:08:41.919	2025-06-24 07:08:41.919	f	agent
cmbz0u0p10000e5qkpe0lqk6m	mmm@gmail.com	mmm@gmail.com	RANITJ-TESTING	mmm@gmail.com	mmm@gmail.com	mmm@gmail.com	mmm@gmail.com	9595949191	4	t	Oao1XuaS43BLWX0i5Va0J	2025-06-16 11:38:52.545	2025-06-16 11:40:23.67	f	agent
cmc01j8a1005bnnokwwd7pa3z	TPCL	Tripoclan Travel Private Limited	Aman	Sales	9th Floor, Tower C, Logix Cyber Park, C Block, Phase 2, Industrial Area, Sector 62, Noida, Uttar Pradesh 201309, India	Uttar Pradesh	Sumit@tripoclan.com	+9196670 83419	10	f	\N	2025-06-17 04:46:14.953	2025-06-17 04:46:14.953	f	agent
\.


--
-- Data for Name: AgentCredentials; Type: TABLE DATA; Schema: public; Owner: postgres
--

COPY public."AgentCredentials" (id, username, password, filename) FROM stdin;
Oao1XuaS43BLWX0i5Va0J	mmm@gmail.com	$2b$10$So2NYxjhOzmly4BvB9lqQOgzsWPxxrziwnpeBvMGarhyAp18TibLK	https://sscloud.sixthstar.org/webim/Agent/agent-1750073929814-114190854.JPG
T3lIfHJoxpJUY2qLNlwEN	irfaanmeera@ssworld.com	$2b$10$kcXb/fWJpyZpD1/daS5IceWHXyTBf40.ain6qyqAgBQHq491ZwMG6	https://sscloud.sixthstar.org/webim/Agent/agent-1745238058219-931060619.avif
VKfKrx3JDFdFLlwOLvUad	test9001@gmail.com	$2b$10$Uoa32u8IbsPlME/OiPiJJufVxHQLNxAYp4jN8SmBPLPCjb0Z9hkU2	https://sscloud.sixthstar.org/webim/Agent/agent-1750316333982-122341096.jpg
7GN63pEdwcO-QFlr-QZP4	agentetststststst@gmail.com	$2b$10$GrDH4RmXqatiqzolJZA8N.do321kYv10PKdu6jIBOfDaRyBxLWn1W	https://sscloud.sixthstar.org/webim/Agent/agent-1750748919609-420238897.png
oJ0yaVE6-gZwVLI3gv8Tl			\N
sO0mghnCCVc8bzwn3uyeI	mlogesh041@gmail.com	Mlogan@123	https://sscloud.sixthstar.org/webim/Agent/agent-1746717595399-219542899.jpeg
07boNJ_jfF77Dj49vPWXw	agent1111@gmail.com	Agent@1111	https://sscloud.sixthstar.org/webim/Agent/agent-1747033855666-727174087.jpg
QH7V2KimS2tVZgX9PNwSp	karthitester@gmail.com	$2b$10$Qb4gHW3aBKSj5XxYbKcORO1j1vgqMiLj1G3948X8iWZN/o9A28u5q	https://sscloud.sixthstar.org/webim/Agent/agent-1747898162132-316060889.jpg
9e3CscafS5GpFnH-KrnSn	agent@email.com	$2b$10$lWoHrVUK0ka0JqOA4eBW6.AUVHhZhjDJhcbcN0aExlVNvXF9IEeLi	https://sscloud.sixthstar.org/webim/Agent/agent-1747033165352-121025889.jpg
FjHswuPo1AwlmXUX5Gas7			\N
zhTMigL0i4O2_9LnJV_oP			\N
\.


--
-- Data for Name: Attraction; Type: TABLE DATA; Schema: public; Owner: postgres
--

COPY public."Attraction" (id, "supplierId", name, location, description, terms, "surchargeDates", "closedDates", "applyFridays", "applySaturdays", "applySundays", "updatedAt") FROM stdin;
cm8400yej3hxh101y1210qb0l	clywdj95s00liiq9xphh3wo2v	Langkawi - Kuala Kedah Ferry Ticket	Langkawi	\N	\N	\N	\N	\N	\N	\N	2025-03-26 11:05:46.635
cm7svny1u2y14101y4aagb49h	clywdj95s00liiq9xphh3wo2v	KL - Singapore Coach Station 	Kuala Lumpur	\N	\N	\N	\N	\N	\N	\N	2025-03-26 11:05:46.635
cm7eabfug2fc7101yogoevn5d	clywdj95s00liiq9xphh3wo2v	Gunung Raya Tour Langkawi Entrance Ticket	Langkawi	\N	\N	\N	\N	\N	\N	\N	2025-03-26 11:05:46.635
cm7a8lvhp27cu101ydopusayu	clywdj95s00liiq9xphh3wo2v	02 Way Genting Glass Floor Gondola Entrance Ticket	Genting Highlands	\N	\N	\N	\N	\N	\N	\N	2025-03-26 11:05:46.635
cm3sg9f580fkju9cgar2qnoqv	clywdj95s00liiq9xphh3wo2v	Splashmania 1-Day Entry Ticket	Kuala Lumpur	\N	1) Guest must follow the general park rules and regulations for SplashMania, Gamuda Cove. \n2) FREE park admission applies only to children aged below 3 years with paying adult.\n3) Child: Guest aged 3 – 12 years\n4) Adult: Guest aged 13 - 59 years\n5) Senior Citizen: Guests aged 60 years or above.	\N	\N	\N	\N	\N	2025-03-26 11:05:46.635
cm6q45u3b0ymk101yyd3xulqz	clywdj95s00liiq9xphh3wo2v	Cameron Highlands Rose Valley Entrance Ticket	Cameron Highlands	\N	\N	\N	\N	\N	\N	\N	2025-03-26 11:05:46.635
cm6q4517s0ymd101yc45vakid	clywdj95s00liiq9xphh3wo2v	Cameron Highlands Butterfly Park Entrance Ticket	Cameron Highlands	\N	\N	\N	\N	\N	\N	\N	2025-03-26 11:05:46.635
cm6f06mpl0b5e101y4if1za8a	clywdj95s00liiq9xphh3wo2v	Colmare Tropicale Entrance Tickets	Pahang	\N	\N	\N	\N	\N	\N	\N	2025-03-26 11:05:46.635
cm5uue5px1dkjhemd4d46nkj7	clywdj95s00liiq9xphh3wo2v	Singapore Coach Station - KL Coach Station 	Kuala Lumpur	\N	\N	\N	\N	\N	\N	\N	2025-03-26 11:05:46.635
cm5uhxu2g1cyehemd9njyrif7	clywdj95s00liiq9xphh3wo2v	Lunch By Own	Tour	\N	\N	\N	\N	\N	\N	\N	2025-03-26 11:05:46.635
clyvy5xtp0025iq9xy6qzb0kq	clypb9dc000019xv4fb7mr8u2	Petronas Twin Tower Entry Ticket 	Kuala Lumpur	\N		{}	{}	\N	\N	\N	2025-05-12 03:30:59.693
cm2iv5c4x0mazp4z68js2omrc	clypb9dc000019xv4fb7mr8u2	Genting Skyworld Outdoor Theme Park 	Genting	\N		{}	{}	\N	\N	\N	2025-05-12 03:35:22.893
clyvye07x003uiq9xg7halfdq	clypb9dc000019xv4fb7mr8u2	Genting Skytropolis (Indoor)  Entry Ticket	Genting	Operation Hours: 12pm (noon) - 10pm daily - Including Public Holidays and Malaysian School Holidays\nChanges effective 1st Oct 2024		{}	{}	\N	\N	\N	2025-05-12 03:42:20.282
clyvyexkh0041iq9xqy9jzt99	clypb9dc000019xv4fb7mr8u2	Genting Cable Car 2 Way  Entry Ticket	Genting	\N		{}	{}	\N	\N	\N	2025-05-12 03:43:11.315
cm6szwfi617w7101ypkt90pv1	clypb9dc000019xv4fb7mr8u2	Legoland 1 Day Waterpark Entrance Ticket	Johor	\N		{}	{}	\N	\N	\N	2025-05-12 06:52:11.117
cm6sygqog17ie101y786gljvb	clypb9dc000019xv4fb7mr8u2	Sunway Lagoon 6 Parks Entry Ticket	Kuala Lumpur	\N		{}	{}	\N	\N	\N	2025-05-12 04:32:13.121
cm6szxdkd17zo101yxsa36g06	clypb9dc000019xv4fb7mr8u2	Legoland 1 Day Sealife Entrance Ticket	Johor	\N		{}	{}	\N	\N	\N	2025-05-12 06:52:41.137
cm6szzbiu183d101ym7saz6zy	clypb9dc000019xv4fb7mr8u2	Legoland 1 Day (Themepark + Sealife) Entrance Ticket	Johor	\N		{}	{}	\N	\N	\N	2025-05-12 07:00:21.478
clyvyx0ss006oiq9xjno9u6aq	clypb9dc000019xv4fb7mr8u2	Langkawi SkyCab + SkyDome + Skyrex & 3D Art Museum + Skybridge By Glade	Langkawi	\N		{}	{}	\N	\N	\N	2025-05-12 07:01:49.542
cm17njqkh06x2r9f62g41qjr7	clypb9dc000019xv4fb7mr8u2	Underwater World Langkawi Entry Ticket	Langkawi	\N	Adult (aged 13 years and above)\nChild (aged 3 years - 12 years)\nFree entrance (0 - 23 months)	{}	{}	\N	\N	\N	2025-05-12 07:02:38.758
cm4nsz37e1260y65z56bmd3xg	clywdj95s00liiq9xphh3wo2v	Langkawi Wildlife Park & Bird Paradise Entrance Ticket	Langkawi	\N		{}	{}	\N	\N	\N	2025-05-12 07:03:03.25
clyvzgcbc00auiq9xg7ovdm2c	clypb9dc000019xv4fb7mr8u2	Melaka River Cruise Entry Ticket	Melaka	\N		{}	{}	\N	\N	\N	2025-05-12 07:21:29.408
cm195ecta07hfr9f6dx1lugec	clypb9dc000019xv4fb7mr8u2	Kuala Selangor Sky Mirror Entry Ticket	Kuala Lumpur	\N		{}	{}	\N	\N	\N	2025-05-13 03:19:36.531
cm3i59qjv12i4w3vseghte6vt	clywdj95s00liiq9xphh3wo2v	Safari Wonderland Malacca Entry Ticket + Local Meal with Drinking Water	Malacca	\N		{}	{}	\N	\N	\N	2025-05-13 03:29:21.067
cm6lwk8170s8c101yzkh3o2m2	clypb9dc000019xv4fb7mr8u2	Entopia by Penang Butterfly Farm Entrance Tickets	Penang	\N		{}	{}	\N	\N	\N	2025-05-16 03:26:53.485
cm2u3osi209vew3vsk7qizk9b	clywdj95s00liiq9xphh3wo2v	Free and Easy @ Hotel	( Without Transportation Arrangements )	\N	\N	\N	\N	\N	\N	\N	2025-03-26 11:05:46.635
yoFtgPh9_XJZQT1BBmO8dB9c	clypb9dc000019xv4fb7mr8u2	Legoland Sealife + Waterpark + Themepark (International)	Johor			{}	{}	f	f	f	2025-05-12 07:00:55.343
WVGHU1Omtgqx7uLwxqw-0uwr	clypb9dc000019xv4fb7mr8u2	ATTRACTIONtest	ATTRACTIONtest	ATTRACTIONtest	ATTRACTIONtest	{"2025-04-09 18:30:00","2025-04-16 18:30:00"}	{"2025-04-09 18:30:00"}	f	f	f	2025-04-03 11:23:54.154
FKEUHHcsRoB5pfo4f9JJxPPy	clyquw7uv0000jb69yvt17gqa	TOPs	TOP	TOP	TOP	{"2025-04-10 18:30:00"}	{"2025-04-15 18:30:00"}	f	f	f	2025-04-03 13:36:17.717
4_cNEw8eTY7G6AQkQoA0FBXn	clypb9dc000019xv4fb7mr8u2	Crocodile Adventureland - Adventure Combo	Langkawi			{}	{}	f	f	f	2025-05-12 07:04:03.942
qQlS_xFFxmYsDnzUu0r59KhW	clypb9dc000019xv4fb7mr8u2	pugazhh	attur	helohmghmg	hello	{"2025-05-01 18:30:00","2025-05-08 18:30:00","2025-05-15 18:30:00","2025-05-22 18:30:00","2025-05-29 18:30:00","2025-05-14 18:30:00"}	{"2025-05-15 18:30:00","2025-05-16 18:30:00"}	t	f	f	2025-05-09 04:17:14.336
p_0MwgyUZgMWihev-fJ1bfJ5	cm9ca9qzp0000nnl5hgs1pi5x	ranjith	hii	ggghhggh	g,ghhhg	{"2025-04-15 18:30:00","2025-04-03 18:30:00","2025-04-10 18:30:00","2025-04-17 18:30:00","2025-04-24 18:30:00","2025-04-14 18:30:00"}	{}	t	f	f	2025-05-09 04:45:33.587
NWfHHINk097jERk_-AKhckxI	p719HH2WgsmEDixn0iTIzHDM	bullet train station	testlocation	test	ben	{"2025-04-15 18:30:00"}	{"2025-04-16 18:30:00"}	f	f	f	2025-05-09 07:03:19.292
clyvy3pdu001kiq9xyjgqlm7r	clypb9dc000019xv4fb7mr8u2	KL Tower Observation Deck Entrance Ticket	Kuala Lumpur			{}	{}	\N	\N	\N	2025-05-12 03:30:06.266
GmooFVk0IML4xJ3xWwejDNqZ	clypb9dc000019xv4fb7mr8u2	Genting Skyworld Outdoor Theme Park (Promo)	Genting Highlands			{}	{}	f	f	f	2025-05-12 03:41:33.076
q7kxhqTUxVw8me8-HNoDymU-	clypb9dc000019xv4fb7mr8u2	Sunway Lagoon Night Park	Kuala Lumpur			{}	{}	f	f	f	2025-05-12 04:38:11.812
hooWxv7kdl-p5PSDo1B8bPVC	cm9c3nddm0001e5xsj6ayzy4i	abc holydays	abc holydays	abc holydays	abc holydays	{}	{}	f	f	f	2025-04-11 01:24:50.97
Sf5VanK15R9U-tKsxD9ePSpB	cm9c3nddm0001e5xsj6ayzy4i	NEW	NEW	NEW	NEW	{}	{}	f	f	f	2025-04-11 01:25:32.138
clyvymq020059iq9xd95vlpco	clypb9dc000019xv4fb7mr8u2	Aquaria KLCC Entrance Ticket (Weekdays - International)	Kuala Lumpur	\N		{}	{}	\N	\N	\N	2025-05-12 04:39:15.177
kZu3NsfL6AVSmNxnRwyh1GrS	clypb9dc000019xv4fb7mr8u2	Aquaria KLCC Entrance Ticket (Weekends - International)	Kuala Lumpur			{}	{}	f	f	f	2025-05-12 04:40:32.183
5eoDwQ2cE9Nf3tcAaf2g1Q_K	clypb9dc000019xv4fb7mr8u2	Dream Forest Langkawi Entrance Ticket	Langkawi			{}	{}	f	f	f	2025-05-12 07:04:49.725
Uvjocz-GDDZTQrKhenSH7aXZ	clypb9dc000019xv4fb7mr8u2	Penang Hill Train Upper Station - Normal Lane	Penang			{}	{}	f	f	f	2025-05-12 07:16:48.257
O9rK4KoRkWKzfFJ3aWk_2uVp	clypb9dc000019xv4fb7mr8u2	Penang Hill Funicular Railway Ticket-Fast Lane	Penang			{}	{}	f	f	f	2025-05-12 07:17:17.585
-NkpO2F_miQibsax9Kom6fqf	clypb9dc000019xv4fb7mr8u2	Putrajaya Sightseeing Cruise Entry Ticket	Putrajaya			{}	{}	f	f	f	2025-05-12 04:41:20.785
quzYo4FLJufNCNw-YNY7wccK	clypb9dc000019xv4fb7mr8u2	Berjaya Times Square Theme Park (Non MyKad)	Kuala Lumpur			{}	{}	f	f	f	2025-05-12 04:42:51.024
CqZDNVLumhVVoiM6j85uQ44z	clypb9dc000019xv4fb7mr8u2	Zoo Negara Malaysia Admission Ticket & Panda Centre	Kuala Lumpur			{}	{}	f	f	f	2025-05-12 04:47:09.402
Vlivz3-sYlxFemsc9UXbAT8L	clypb9dc000019xv4fb7mr8u2	Kuala Selangor Eagle Feeding + Fireflies Show Entrance Tickets	Kuala Selangor			{}	{}	f	f	f	2025-05-12 04:50:21.076
oCHXB-RLxeMTw46VS0j7hiqv	clypb9dc000019xv4fb7mr8u2	Kuala Selangor Blue Tears Entrance Tickets	Kuala Selangor			{}	{}	f	f	f	2025-05-12 04:50:31.008
IztxAR9eMDGWm5g-kFpk4A5A	clypb9dc000019xv4fb7mr8u2	Kuala Selangor Fireflies Entrance Tickets	Kuala Selangor			{}	{}	f	f	f	2025-05-12 04:50:41.495
wNiqbrCd8k2uJV02Etd2TAoz	clypb9dc000019xv4fb7mr8u2	Kuala Selangor Eagle Watching Entrance Tickets	Kuala Selangor			{}	{}	f	f	f	2025-05-12 04:50:53.295
KwB7p0Y7vhM4HrW1ZD_3cggG	clypb9dc000019xv4fb7mr8u2	Kuala Selangor Fireflies Show + Blue Tears Entrance Tickets	Kuala Selangor			{}	{}	f	f	f	2025-05-12 04:51:50.324
cm2383ve603zsp4z6qjjys6id	clypb9dc000019xv4fb7mr8u2	Lost World of Tambun Entry Ticket	Ipoh	\N		{}	{}	\N	\N	\N	2025-05-12 04:52:39.338
DjgmCiwIa80oRXK56-nuGkR7	clypb9dc000019xv4fb7mr8u2	Lost World of Tambun Night Park Ticket	Ipoh			{}	{}	f	f	f	2025-05-12 05:01:05.779
XcbYeWwU56a-9-hm8be-jeb3	clypb9dc000019xv4fb7mr8u2	Legoland 1 Day Themepark Entrance Ticket\t	Johor			{}	{}	f	f	f	2025-05-12 06:51:12.182
nFZE9lVrBy5YAmFcQE9cF_4M	clypb9dc000019xv4fb7mr8u2	The Habitat Penang Hill	Penang			{}	{}	f	f	f	2025-05-12 07:17:59.38
almqCNk3HogKh33VAija-EIL	clypb9dc000019xv4fb7mr8u2	The Top Penang - Rainbow Skywalk + Observatory Deck (International)	Penang			{}	{}	f	f	f	2025-05-12 07:18:39.622
a2UyPfngqqehTST8FqGUfREi	clypb9dc000019xv4fb7mr8u2	Penang 3D Trick Art Museum Entrance Tickets	Penang			{}	{}	f	f	f	2025-05-12 07:19:46.418
VlUGeLKQsnVXYNQv3WYttBZZ	clypb9dc000019xv4fb7mr8u2	Upside Down House Melaka	Malacca			{}	{}	f	f	f	2025-05-12 07:20:27.123
__0lKHk1glihpNK8fvS6Dj_O	clypb9dc000019xv4fb7mr8u2	Menara Taming Sari, Melaka	Malacca			{}	{}	f	f	f	2025-05-12 07:21:01.605
wO620RmHzgGwSeEtS44QdWJm	clypb9dc000019xv4fb7mr8u2	Zoo Melaka Entrance Tickets	Malacca			{}	{}	f	f	f	2025-05-12 07:22:03.052
Z0QfHMRWyi0IpnJyhbvINS7-	gKgjqgV4yXe3nLBgAt_7uJ3-	Sunset Dinner Cruise - With Return Transfers (SIC)	Langkawi			{}	{}	f	f	f	2025-05-22 11:08:41.775
cm2mt4c1d01prw3vsd2f4tuao	clywdj95s00liiq9xphh3wo2v	Maha Tower Langkawi (Sunset)  Entrance Tickets	Langkawi	\N		{}	{}	\N	\N	\N	2025-05-13 03:14:25.162
cm0z24wox03gxrdhpv6d8afkm	clypb9dc000019xv4fb7mr8u2	KL Bird Park Entrance Tickets	Kuala Lumpur	\N		{}	{}	\N	\N	\N	2025-05-13 03:15:57.368
bWK6wzyFq60B-L-p2RIhYwXu	clyquw7uv0000jb69yvt17gqa	New-testing	test-place	fdg	fdgfdg	{}	{}	f	f	f	2025-05-16 08:41:57.04
qnWzrIrUhW-5aGT9QZsjRwIB	gKgjqgV4yXe3nLBgAt_7uJ3-	Mangrove & Cave Exploring ( SIC ) - 4 Hours	Langkawi			{}	{}	f	f	f	2025-05-22 11:06:59.804
cm230o6yf02kip4z64qld6hh1	clypb9dc000019xv4fb7mr8u2	Sunset Dinner Cruise Entrance Ticket  	Langkawi	\N		{}	{}	\N	\N	\N	2025-05-22 11:07:34.668
flURG3CkFsAl4OMpE1n6eGd_	gKgjqgV4yXe3nLBgAt_7uJ3-	Langkawi Island Hopping ( SIC ) - 4 Hours	Langkawi			{}	{}	f	f	f	2025-05-22 11:06:01.943
\.


--
-- Data for Name: AttractionPrice; Type: TABLE DATA; Schema: public; Owner: postgres
--

COPY public."AttractionPrice" (id, category, "paxType", "costPrice", "optionalPrice", "attractionId") FROM stdin;
cm919pq9y0000e5tgdx621njb	SIC - Sharing Basis	Adult	2.000000000000000000000000000000	3.000000000000000000000000000000	WVGHU1Omtgqx7uLwxqw-0uwr
cm91efzj6000ae5fwjqsrr5v3	SIC - Sharing Basis	Adult	20.000000000000000000000000000000	20.000000000000000000000000000000	FKEUHHcsRoB5pfo4f9JJxPPy
cm9c3u5nx0002e5xs8xyzbacr	Private	Child	42.000000000000000000000000000000	10.000000000000000000000000000000	hooWxv7kdl-p5PSDo1B8bPVC
cm9c3v1eb0003e5xs0ggxpj3o	SIC - Sharing Basis	Adult	12.000000000000000000000000000000	12.000000000000000000000000000000	Sf5VanK15R9U-tKsxD9ePSpB
cmagabp2a0006nnruzqy7mub1	Private	Adult	500.000000000000000000000000000000	450.000000000000000000000000000000	qQlS_xFFxmYsDnzUu0r59KhW
cmagabp2a0007nnrum6dopope	SIC - Sharing Basis	Adult	800000.000000000000000000000000000000	0.000000000000000000000000000000	qQlS_xFFxmYsDnzUu0r59KhW
cmagabp2a0008nnru34zp5dxx	SIC - Sharing Basis	Adult	16.000000000000000000000000000000	45.000000000000000000000000000000	qQlS_xFFxmYsDnzUu0r59KhW
cmagbc419000fnnrufy73k4v9	SIC - Sharing Basis	Adult	67.000000000000000000000000000000	757.000000000000000000000000000000	p_0MwgyUZgMWihev-fJ1bfJ5
cmagbc419000gnnru2o7uqony	Private	Adult	678.000000000000000000000000000000	88.000000000000000000000000000000	p_0MwgyUZgMWihev-fJ1bfJ5
cmagg9a1w000znnru7ju7q7rp	Private	Adult	89.000000000000000000000000000000	99.000000000000000000000000000000	NWfHHINk097jERk_-AKhckxI
cmakiyn1c0009nnb1s0b0ep4b	Private	Adult	64.000000000000000000000000000000	64.000000000000000000000000000000	clyvy3pdu001kiq9xyjgqlm7r
cmakiyn1c000annb1eq8im1fw	Private	Child	40.000000000000000000000000000000	40.000000000000000000000000000000	clyvy3pdu001kiq9xyjgqlm7r
cmakizs94000bnnb1czyeiloq	Private	Adult	98.000000000000000000000000000000	98.000000000000000000000000000000	clyvy5xtp0025iq9xy6qzb0kq
cmakizs94000cnnb190wn7jgz	Private	Child	50.000000000000000000000000000000	50.000000000000000000000000000000	clyvy5xtp0025iq9xy6qzb0kq
cmakj5fcs000dnnb1dgbxrg3d	Private	Adult	150.500000000000000000000000000000	150.500000000000000000000000000000	cm2iv5c4x0mazp4z68js2omrc
cmakj5fcs000ennb13lw6okpy	Private	Child	123.000000000000000000000000000000	123.000000000000000000000000000000	cm2iv5c4x0mazp4z68js2omrc
cmakjdd19000fnnb16yn9c25o	Private	Adult	110.000000000000000000000000000000	110.000000000000000000000000000000	GmooFVk0IML4xJ3xWwejDNqZ
cmakjdd19000gnnb17uuxzqm5	Private	Child	123.000000000000000000000000000000	123.000000000000000000000000000000	GmooFVk0IML4xJ3xWwejDNqZ
cmakjedfe000hnnb1c3i7oxfh	Private	Adult	76.000000000000000000000000000000	76.000000000000000000000000000000	clyvye07x003uiq9xg7halfdq
cmakjedfe000innb1i08eatvd	Private	Child	76.000000000000000000000000000000	76.000000000000000000000000000000	clyvye07x003uiq9xg7halfdq
cmakjfgsz000jnnb1yln2i89g	Private	Adult	19.000000000000000000000000000000	19.000000000000000000000000000000	clyvyexkh0041iq9xqy9jzt99
cmakjfgsz000knnb1uc5l1546	Private	Child	19.000000000000000000000000000000	19.000000000000000000000000000000	clyvyexkh0041iq9xqy9jzt99
cmakl6ilu0040nnb1jlfs7b1k	Private	Adult	150.000000000000000000000000000000	150.000000000000000000000000000000	cm6sygqog17ie101y786gljvb
cmakl6ilu0041nnb1hjm7kj9d	Private	Child	115.000000000000000000000000000000	115.000000000000000000000000000000	cm6sygqog17ie101y786gljvb
cmakle7lr0042nnb123wvlybj	Private	Adult	62.000000000000000000000000000000	62.000000000000000000000000000000	q7kxhqTUxVw8me8-HNoDymU-
cmakle7lr0043nnb1yp8c8oab	Private	Child	56.000000000000000000000000000000	56.000000000000000000000000000000	q7kxhqTUxVw8me8-HNoDymU-
cmaklfkh7004fnnb1t3apmmk0	Private	Adult	55.000000000000000000000000000000	55.000000000000000000000000000000	clyvymq020059iq9xd95vlpco
cmaklfkh7004gnnb1uxn5crrj	Private	Child	49.000000000000000000000000000000	49.000000000000000000000000000000	clyvymq020059iq9xd95vlpco
cmaklh7wa004mnnb1vtcyj4j0	Private	Adult	61.000000000000000000000000000000	61.000000000000000000000000000000	kZu3NsfL6AVSmNxnRwyh1GrS
cmaklh7wa004nnnb1ydkrkxjs	Private	Child	52.000000000000000000000000000000	52.000000000000000000000000000000	kZu3NsfL6AVSmNxnRwyh1GrS
cmakli9ea004tnnb1hipefkg4	Private	Adult	30.000000000000000000000000000000	30.000000000000000000000000000000	-NkpO2F_miQibsax9Kom6fqf
cmakli9ea004unnb1qjtfz3wk	Private	Child	30.000000000000000000000000000000	30.000000000000000000000000000000	-NkpO2F_miQibsax9Kom6fqf
cmaklk70h0050nnb10u09xxwk	Private	Adult	80.000000000000000000000000000000	80.000000000000000000000000000000	quzYo4FLJufNCNw-YNY7wccK
cmaklk70h0051nnb1wtkjyk0x	Private	Child	72.000000000000000000000000000000	72.000000000000000000000000000000	quzYo4FLJufNCNw-YNY7wccK
cmaklpqeh005mnnb144k0iytw	Private	Adult	69.500000000000000000000000000000	69.500000000000000000000000000000	CqZDNVLumhVVoiM6j85uQ44z
cmaklpqeh005nnnb1vu6r0v0a	Private	Child	35.750000000000000000000000000000	35.750000000000000000000000000000	CqZDNVLumhVVoiM6j85uQ44z
cmakltubl005unnb1romfpx5z	Private	Adult	42.000000000000000000000000000000	42.000000000000000000000000000000	Vlivz3-sYlxFemsc9UXbAT8L
cmakltubl005vnnb1t4sldkhf	Private	Child	37.000000000000000000000000000000	37.000000000000000000000000000000	Vlivz3-sYlxFemsc9UXbAT8L
cmaklu1ug005wnnb1pp81yzzj	Private	Adult	21.000000000000000000000000000000	21.000000000000000000000000000000	oCHXB-RLxeMTw46VS0j7hiqv
cmaklu1ug005xnnb1oazh06rn	Private	Child	16.000000000000000000000000000000	16.000000000000000000000000000000	oCHXB-RLxeMTw46VS0j7hiqv
cmaklu9xm005ynnb13inpdm5e	Private	Adult	16.000000000000000000000000000000	16.000000000000000000000000000000	IztxAR9eMDGWm5g-kFpk4A5A
cmaklu9xm005znnb1a665104x	Private	Child	16.000000000000000000000000000000	16.000000000000000000000000000000	IztxAR9eMDGWm5g-kFpk4A5A
cmakluj1o0060nnb1j8p1oweb	Private	Adult	21.000000000000000000000000000000	21.000000000000000000000000000000	wNiqbrCd8k2uJV02Etd2TAoz
cmakluj1o0061nnb100kjf907	Private	Child	16.000000000000000000000000000000	16.000000000000000000000000000000	wNiqbrCd8k2uJV02Etd2TAoz
cmaklvr6d0062nnb1rgeahecv	Private	Adult	42.000000000000000000000000000000	42.000000000000000000000000000000	KwB7p0Y7vhM4HrW1ZD_3cggG
cmaklvr6d0063nnb161dtclk7	Private	Child	37.000000000000000000000000000000	37.000000000000000000000000000000	KwB7p0Y7vhM4HrW1ZD_3cggG
cmaklwt1o0066nnb12qhy2zo8	Private	Adult	86.000000000000000000000000000000	86.000000000000000000000000000000	cm2383ve603zsp4z6qjjys6id
cmaklwt1o0067nnb1t9r25tu4	Private	Child	81.000000000000000000000000000000	81.000000000000000000000000000000	cm2383ve603zsp4z6qjjys6id
cmakm7nye006fnnb1e0xwq4h9	Private	Adult	57.000000000000000000000000000000	57.000000000000000000000000000000	DjgmCiwIa80oRXK56-nuGkR7
cmakm7nye006gnnb17u3mptky	Private	Child	50.000000000000000000000000000000	50.000000000000000000000000000000	DjgmCiwIa80oRXK56-nuGkR7
cmakq592d007xnnb14j03zlu2	Private	Adult	188.000000000000000000000000000000	188.000000000000000000000000000000	XcbYeWwU56a-9-hm8be-jeb3
cmakq592d007ynnb12ckuf9tt	Private	Child	151.000000000000000000000000000000	151.000000000000000000000000000000	XcbYeWwU56a-9-hm8be-jeb3
cmakq6igu007znnb1j96wu7dd	Private	Adult	129.000000000000000000000000000000	129.000000000000000000000000000000	cm6szwfi617w7101ypkt90pv1
cmakq6igu0080nnb1aluwudla	Private	Child	110.000000000000000000000000000000	110.000000000000000000000000000000	cm6szwfi617w7101ypkt90pv1
cmakq75n20081nnb1r7s2yz6d	Private	Adult	79.000000000000000000000000000000	79.000000000000000000000000000000	cm6szxdkd17zo101yxsa36g06
cmakq75n20082nnb12e8t9ktr	Private	Child	64.000000000000000000000000000000	64.000000000000000000000000000000	cm6szxdkd17zo101yxsa36g06
cmakqh0uz008rnnb1dh1j4vim	Private	Adult	214.000000000000000000000000000000	214.000000000000000000000000000000	cm6szzbiu183d101ym7saz6zy
cmakqh0uz008snnb1khe0eicr	Private	Child	176.000000000000000000000000000000	176.000000000000000000000000000000	cm6szzbiu183d101ym7saz6zy
cmakqhqze008tnnb1ezu8be2i	Private	Adult	271.000000000000000000000000000000	271.000000000000000000000000000000	yoFtgPh9_XJZQT1BBmO8dB9c
cmakqhqze008unnb1x1hxtkkq	Private	Child	225.000000000000000000000000000000	225.000000000000000000000000000000	yoFtgPh9_XJZQT1BBmO8dB9c
cmakqiwsk008vnnb148ife6ai	Private	Adult	95.000000000000000000000000000000	95.000000000000000000000000000000	clyvyx0ss006oiq9xjno9u6aq
cmakqiwsk008wnnb1ekgd9g0u	Private	Child	76.000000000000000000000000000000	76.000000000000000000000000000000	clyvyx0ss006oiq9xjno9u6aq
cmakqjyrl0094nnb1r8mexev8	Private	Adult	57.000000000000000000000000000000	57.000000000000000000000000000000	cm17njqkh06x2r9f62g41qjr7
cmakqjyrl0095nnb1670nucru	Private	Child	48.000000000000000000000000000000	48.000000000000000000000000000000	cm17njqkh06x2r9f62g41qjr7
cmakqkho80096nnb1mbrhogez	Private	Adult	57.000000000000000000000000000000	57.000000000000000000000000000000	cm4nsz37e1260y65z56bmd3xg
cmakqkho80097nnb1z3h6i0ms	Private	Child	38.000000000000000000000000000000	38.000000000000000000000000000000	cm4nsz37e1260y65z56bmd3xg
cmakqlsi8009fnnb1w1ajjfm3	Private	Adult	38.000000000000000000000000000000	38.000000000000000000000000000000	4_cNEw8eTY7G6AQkQoA0FBXn
cmakqlsi8009gnnb1uvjwfj4z	Private	Child	31.000000000000000000000000000000	31.000000000000000000000000000000	4_cNEw8eTY7G6AQkQoA0FBXn
cmakqmru0009hnnb17wu1voss	Private	Adult	86.000000000000000000000000000000	86.000000000000000000000000000000	5eoDwQ2cE9Nf3tcAaf2g1Q_K
cmakqmru0009innb11t2za5z4	Private	Child	81.000000000000000000000000000000	81.000000000000000000000000000000	5eoDwQ2cE9Nf3tcAaf2g1Q_K
cmakr26a500abnnb1mz7898le	Private	Adult	28.000000000000000000000000000000	28.000000000000000000000000000000	Uvjocz-GDDZTQrKhenSH7aXZ
cmakr26a500acnnb1ojpxstoc	Private	Child	14.000000000000000000000000000000	14.000000000000000000000000000000	Uvjocz-GDDZTQrKhenSH7aXZ
cmakr2svw00agnnb1jetoiutd	Private	Adult	60.000000000000000000000000000000	60.000000000000000000000000000000	O9rK4KoRkWKzfFJ3aWk_2uVp
cmakr2svw00ahnnb1272q2w79	Private	Child	30.000000000000000000000000000000	30.000000000000000000000000000000	O9rK4KoRkWKzfFJ3aWk_2uVp
cmakr3p5j00aonnb1mp5qvqtt	Private	Adult	45.000000000000000000000000000000	45.000000000000000000000000000000	nFZE9lVrBy5YAmFcQE9cF_4M
cmakr3p5j00apnnb1nb7duea8	Private	Child	31.000000000000000000000000000000	31.000000000000000000000000000000	nFZE9lVrBy5YAmFcQE9cF_4M
cmakr4k7600aqnnb1eln2ajdl	Private	Adult	65.000000000000000000000000000000	65.000000000000000000000000000000	almqCNk3HogKh33VAija-EIL
cmakr4k7600arnnb1yntptsqe	Private	Child	48.000000000000000000000000000000	48.000000000000000000000000000000	almqCNk3HogKh33VAija-EIL
cmakr5zqm00aunnb1zjf0f5g4	Private	Adult	18.000000000000000000000000000000	18.000000000000000000000000000000	a2UyPfngqqehTST8FqGUfREi
cmakr5zqm00avnnb1z7vwnzoh	Private	Child	15.000000000000000000000000000000	15.000000000000000000000000000000	a2UyPfngqqehTST8FqGUfREi
cmakr6v5400awnnb1bt0vltvh	Private	Adult	13.000000000000000000000000000000	13.000000000000000000000000000000	VlUGeLKQsnVXYNQv3WYttBZZ
cmakr6v5400axnnb1e9zefs1y	Private	Child	9.000000000000000000000000000000	9.000000000000000000000000000000	VlUGeLKQsnVXYNQv3WYttBZZ
cmakr7lrb00aynnb1a2e1l02f	Private	Adult	20.000000000000000000000000000000	20.000000000000000000000000000000	__0lKHk1glihpNK8fvS6Dj_O
cmakr7lrb00aznnb1cinh3m2b	Private	Child	14.000000000000000000000000000000	14.000000000000000000000000000000	__0lKHk1glihpNK8fvS6Dj_O
cmakr87gs00b0nnb1mo2v2zwn	Private	Adult	37.000000000000000000000000000000	37.000000000000000000000000000000	clyvzgcbc00auiq9xg7ovdm2c
cmakr87gs00b1nnb1aih78crt	Private	Child	32.500000000000000000000000000000	32.500000000000000000000000000000	clyvzgcbc00auiq9xg7ovdm2c
cmakr8x7000b2nnb1kt4zgby7	Private	Adult	86.000000000000000000000000000000	86.000000000000000000000000000000	wO620RmHzgGwSeEtS44QdWJm
cmakr8x7000b3nnb1svcf4d4d	Private	Child	64.000000000000000000000000000000	64.000000000000000000000000000000	wO620RmHzgGwSeEtS44QdWJm
cmalxubon0012nnut42gsuddi	Private	Adult	82.000000000000000000000000000000	82.000000000000000000000000000000	cm2mt4c1d01prw3vsd2f4tuao
cmalxubon0013nnut4ryg0cin	Private	Child	50.000000000000000000000000000000	50.000000000000000000000000000000	cm2mt4c1d01prw3vsd2f4tuao
cmalxwaet0014nnuthuz0ok9x	Private	Adult	80.000000000000000000000000000000	80.000000000000000000000000000000	cm0z24wox03gxrdhpv6d8afkm
cmalxwaet0015nnutii6z5j3z	Private	Child	57.000000000000000000000000000000	57.000000000000000000000000000000	cm0z24wox03gxrdhpv6d8afkm
cmaly0zdy0018nnut8o9z67ek	Private	Adult	68.000000000000000000000000000000	68.000000000000000000000000000000	cm195ecta07hfr9f6dx1lugec
cmaly0zdy0019nnut2z3lxt1d	Private	Child	58.000000000000000000000000000000	58.000000000000000000000000000000	cm195ecta07hfr9f6dx1lugec
cmalydin7001annut3ctp2h5t	Private	Adult	85.000000000000000000000000000000	85.000000000000000000000000000000	cm3i59qjv12i4w3vseghte6vt
cmalydin7001bnnutl7rzo00u	Private	Child	76.000000000000000000000000000000	76.000000000000000000000000000000	cm3i59qjv12i4w3vseghte6vt
cmaq8lwkh0076nnqrfwtyk60s	Private	Adult	62.750000000000000000000000000000	62.750000000000000000000000000000	cm6lwk8170s8c101yzkh3o2m2
cmaq8lwkh0077nnqrkar9h2c0	Private	Child	46.750000000000000000000000000000	46.750000000000000000000000000000	cm6lwk8170s8c101yzkh3o2m2
cmaqjv2uc0000nnzbjj97idlf	Private	Adult	156.000000000000000000000000000000	1556.000000000000000000000000000000	bWK6wzyFq60B-L-p2RIhYwXu
cmaz9nhpa00dnnnwpl92g8y8i	SIC - Sharing Basis	Adult	65.000000000000000000000000000000	65.000000000000000000000000000000	flURG3CkFsAl4OMpE1n6eGd_
cmaz9nhpa00donnwp2sj41cbm	SIC - Sharing Basis	Child	40.000000000000000000000000000000	40.000000000000000000000000000000	flURG3CkFsAl4OMpE1n6eGd_
cmaz9oqde00dpnnwpg4ll2ryf	SIC - Sharing Basis	Adult	90.000000000000000000000000000000	90.000000000000000000000000000000	qnWzrIrUhW-5aGT9QZsjRwIB
cmaz9oqde00dqnnwp65hqunk9	SIC - Sharing Basis	Child	70.000000000000000000000000000000	70.000000000000000000000000000000	qnWzrIrUhW-5aGT9QZsjRwIB
cmaz9ph9m00drnnwprqcjafwd	Private	Adult	180.000000000000000000000000000000	180.000000000000000000000000000000	cm230o6yf02kip4z64qld6hh1
cmaz9ph9m00dsnnwpr942xnhx	Private	Child	95.000000000000000000000000000000	95.000000000000000000000000000000	cm230o6yf02kip4z64qld6hh1
cmaz9qx8k00dtnnwph03v6exd	SIC - Sharing Basis	Adult	250.000000000000000000000000000000	250.000000000000000000000000000000	Z0QfHMRWyi0IpnJyhbvINS7-
cmaz9qx8k00dunnwpa4f9k593	SIC - Sharing Basis	Child	150.000000000000000000000000000000	150.000000000000000000000000000000	Z0QfHMRWyi0IpnJyhbvINS7-
\.


--
-- Data for Name: Booking; Type: TABLE DATA; Schema: public; Owner: postgres
--

COPY public."Booking" (id, reference, agent, "quotePrice", "actualCost", "actualPrice", profit, "createdAt", "updatedAt", "quotationId", "travelDates", "leadNo", currency, "currencyRate", "termsAndConditions", "importantNotes", "guestName") FROM stdin;
cmc2wxkud000ee66sdvgadf3e	BK-166650-AGT1891	ssworld	2217.28	2132	0	0	2025-06-19 05:00:44.869	2025-06-19 05:00:44.869	cmc2wwyfq0001e66sih0dj0oa	20/06/25 - 30/06/25	LD-166650-AGT1891	MYR	1	\N	\N	\N
cmc303hws0002e66oinc4shbm	BK-409040-TATGH	touristtestTRavl	171276	163120	0	0	2025-06-19 06:29:19.852	2025-06-19 06:29:19.852	cmc2ybi600004e6rc8u0lkpc0	19/06/25 - 23/06/25	LD-409040-TATGH	MYR	1	\N	\N	\N
cmc31dv4z0002e6hotik68tfz	BK-575873-AGT1891	ssworld	1861.29	1692.09	0	0	2025-06-19 07:05:23.171	2025-06-19 07:05:23.171	cmc1xryy2000ivlpgybdk5www	19/06/25 - 22/06/25	LD-575873-AGT1891	MYR	1	\N	\N	\N
cmc3220sx0008e64wi6x4tbpy	BK-251378-TEST901	TST9001	1470	1400	0	0	2025-06-19 07:24:10.257	2025-06-19 07:24:10.257	cmc321xgf0001e64wi75ffl2f	19/06/25 - 30/06/25	LD-251378-TEST901	MYR	1	\N	\N	\N
cmc4e7kqc0005e4pcmoc5tn9z	BK-768032-TSW-D1	testssworld	4374	4374	0	0	2025-06-20 05:52:10.932	2025-06-20 05:52:10.932	cmc4bifpz000je6n0t7k3mzjl	20/06/25 - 25/06/25	LD-768032-TSW	MYR	1	\N	\N	\N
cmc4noa4l000ce44g491bqurp	BK-540386-TSW	testssworld	1484	1484	0	0	2025-06-20 10:17:06.885	2025-06-20 10:17:06.885	cmc4jwuz20001e4j4ogc89uho	20/06/25 - 30/06/25	LD-540386-TSW	MYR	1	\N	\N	\N
cmc5wpfum0002e55wjwpjdnmg	BK-371350-tWTTA	testssworldtourtravel	7277.2	6914	0	0	2025-06-21 07:17:43.677	2025-06-21 07:17:43.677	cmc5rarg3000oe66sc2npvzz9	21/06/25 - 24/06/25	LD-371350-tWTTA	MYR	1	\N	\N	testuservk
cmc8vqure0005e490qsrat74u	BK-281742-PNGV-R3	Penguin on Holiday LLP	2260.9	2071	0	0	2025-06-23 09:14:08.569	2025-06-23 09:14:08.569	cmc4r3hfa002re44gfse1g0q1	20/06/25 - 30/06/25	LD-281742-PNGV	MYR	1	\N	\N	\N
cmc8y1wqo0002e60gd4ni4rof	BK-299766-TATE	touristtest	6539.4	6228	0	0	2025-06-23 10:18:43.584	2025-06-23 10:18:43.584	cmc5qzdgj0004e66sr43v47ei	20/06/25 - 30/06/25	LD-299766-TATE	MYR	1	\N	\N	\N
cmc8ycbr70003e634f14u3b3l	BK-768032-TSW	testssworld	7532.7	7174	0	0	2025-06-23 10:26:49.603	2025-06-23 10:26:49.603	cmc36ezr60005e64ofvfzg783	20/06/25 - 25/06/25	LD-768032-TSW	MYR	1	\N	\N	\N
cmca6wosw0012nnpup8h2e94i	BK-224063-AGENT1111	Global Travel Solutions-test	4798.5	4570	0	0	2025-06-24 07:14:22.736	2025-06-24 07:14:22.736	cmca6wgp8000pnnpup0sglu40	01/07/25 - 31/07/25	LD-224063-AGENT1111	MYR	1	\N	\N	TBA
cmca8c3ae000de66gevjc2uab	BK-239115-TEST901	TST9001	877.8	836	0	0	2025-06-24 07:54:20.966	2025-06-24 07:54:20.966	cmca8bxn10001e66gejsn99pj	24/06/25 - 28/06/25	LD-239115-TEST901	MYR	1	\N	\N	testing-rnjit
cmcad1lnf000fe6t8vyuyhtot	BK-133262-TEST901	TST9001	2618.7	2494	0	0	2025-06-24 10:06:09.627	2025-06-24 10:06:09.627	cmcad1cey0002e6t85csl1tw5	24/06/25 - 29/06/25	LD-133262-TEST901	MYR	1	\N	\N	vigneshwaran test
cmcaect3a000ee660rdr8bl0d	BK-823909-TEST901	TST9001	441	420	0	0	2025-06-24 10:42:52.102	2025-06-24 10:42:52.102	cmcaecn860002e6608bmjutvb	24/06/25 - 30/06/25	LD-823909-TEST901	MYR	1	\N	\N	vigneshtest
cmcaepz8f0011e660yfgdbvvm	BK-812262-TEST901	TST9001	8526	8120	0	0	2025-06-24 10:53:06.591	2025-06-24 10:53:06.591	cmcaeprej000oe6608fg52ple	24/06/25 - 30/06/25	LD-812262-TEST901	MYR	1	\N	\N	ranjith------test
cmcbs74o3000ce4lk3qvf5bfs	BK-299766-TATE-R2-D1	touristtest	3066.5518	3010.5062	0	0	2025-06-25 09:58:07.971	2025-06-25 09:58:07.971	cmc8ssdsu0001nnpubqgrm5fb	20/06/25 - 30/06/25	LD-299766-TATE	MYR	1	\N	\N	Testuserahul
cmcbssoz7000ie40csoype0wh	BK-681773-OTLK	Outlook Tour	1686.7	1583.5	0	0	2025-06-25 10:14:54.067	2025-06-25 10:14:54.067	cmcbslm630002nnyfl599py4l	29/06/25 - 30/06/25	LD-681773-OTLK	MYR	1	\N	\N	TBA
cmcbt03yc000fe5zk51ia2mc2	BK-718630-agentetststststst	agentetststststst	1074.15	1023	0	0	2025-06-25 10:20:40.069	2025-06-25 10:20:40.069	cmcbszskt0002e5zkhxvmtm80	25/06/25 - 08/07/25	LD-718630-agentetststststst	MYR	1	\N	\N	internal-testing
cmcbt6unm0014e5zkm6p8tz61	BK-410064-PNGV	Penguin on Holiday LLP	575.4	548	0	0	2025-06-25 10:25:54.61	2025-06-25 10:25:54.61	cmcbt6pk9000qe5zkqlp96raw	26/06/25 - 30/06/25	LD-410064-PNGV	MYR	1	\N	\N	Irfaan Meera E
cmcbt8zgk000be4fccq05nq9f	BK-794081-TEST901	TST9001	4146.240000000001	3703.98	0	0	2025-06-25 10:27:34.148	2025-06-25 10:27:34.148	cmc4rlf5i001ae51kyoruuv2y	20/06/25 - 30/06/25	LD-794081-TEST901	MYR	1	\N	\N	testingUserMMM
cmcbtnit7000de4s8ldllg5gg	BK-281742-PNGV-R2	Penguin on Holiday LLP	2571.4	2337	0	0	2025-06-25 10:38:52.411	2025-06-25 10:38:52.411	cmc4p15oi002he44gdeov9vzm	20/06/25 - 30/06/25	LD-281742-PNGV	MYR	1	\N	\N	ranjithtest
cmcbtnyjw0010nnyfa5jwzbqk	BK-814151-GLO	Gloworld travel	960.75	915	0	0	2025-06-25 10:39:12.812	2025-06-25 10:39:12.812	cmcbtnswp000pnnyfrs2irkab	26/06/25 - 30/06/25	LD-814151-GLO	MYR	1	\N	\N	Irfaan Meera E
cmcbtrt3b0009e41wjdu1o8ju	BK-299766-TATE-R2	touristtest	8457.25	8015	0	0	2025-06-25 10:42:12.36	2025-06-25 10:42:12.36	cmc5r41xd000he66s7gx6ptpg	20/06/25 - 30/06/25	LD-299766-TATE	MYR	1	\N	\N	Testuserahul
cmcbu6k1t001gnnyfv5f6epmd	BK-822179-TPCL	Tripoclan Travel Private Limited	6247.5	5950	0	0	2025-06-25 10:53:40.482	2025-06-25 10:53:40.482	cmcbu6hvd0019nnyfe8ek6j0g	11/07/25 - 01/08/25	LD-822179-TPCL	MYR	1	\N	\N	Farid
cmcbuslat001znnyflgypzx3o	BK-315063-Agt98	sixthstar	2029.65	1933	0	0	2025-06-25 11:10:48.534	2025-06-25 11:10:48.534	cmcbusjm9001lnnyf5wpwzzs9	27/06/25 - 30/06/25	LD-315063-Agt98	MYR	1	\N	\N	Irfaan Meera E
cmcbvawwy000cnn162rddau89	BK-932247-KR101	KRT-TEST	3920.7	3734	0	0	2025-06-25 11:25:03.394	2025-06-25 11:25:03.394	cmcbvau150001nn16s7sy8hz3	17/07/25 - 22/07/25	LD-932247-KR101	MYR	1	\N	\N	Irfaan Meera E
cmcbvh035000tnn16ygrgd0ag	BK-701576-AGENT1111	Global Travel Solutions-test	466.2	444	0	0	2025-06-25 11:29:47.441	2025-06-25 11:29:47.441	cmcbvgypw000lnn16wyb3rif2	17/07/25 - 22/07/25	LD-701576-AGENT1111	MYR	1	\N	\N	Irfaan Meera E
cmcbwhp4j001gnn16bwddx6xw	BK-873755-TPCL	Tripoclan Travel Private Limited	1890	1800	0	0	2025-06-25 11:58:19.507	2025-06-25 11:58:19.507	cmcbwhm9q0011nn16i2vk5uqj	25/06/25 - 09/07/25	LD-873755-TPCL	MYR	1	\N	\N	testing77777
cmcd2g9l90029nn16srk7h5zl	BK-438432-AGENT1111	Global Travel Solutions-test	7938	7560	0	0	2025-06-26 07:32:56.589	2025-06-26 07:32:56.589	cmcd2fkzh001wnn16n1oej81e	18/09/25 - 30/09/25	LD-438432-AGENT1111	MYR	1	\N	\N	farid
cmcd54j50000be4b4ln0cwrbw	BK-252083-TPCL	Tripoclan Travel Private Limited	1060.5	1010	0	0	2025-06-26 08:47:47.94	2025-06-26 08:47:47.94	cmcd54e010001e4b4ihvq31nv	20/06/25 - 30/06/25	LD-252083-TPCL	MYR	1	\N	\N	Testuserahul
cmcd5jonj000ae4h4zzh4uaic	BK-431870-TEST901	TST9001	2945.25	2805	0	0	2025-06-26 08:59:34.927	2025-06-26 08:59:34.927	cmcd5jkhk0001e4h46b0r6m2l	20/06/25 - 30/06/25	LD-431870-TEST901	MYR	1	\N	\N	Testuserahul
cmceg7e9p000re5gwdsw75lua	BK-651064-TEST901	TST9001	4358.55	4151	3182	1176.55	2025-06-27 06:45:43.549	2025-06-27 07:37:00.936	cmceg6diq0001e5gw631tszgo	20/06/25 - 30/06/25	LD-651064-TEST901	MYR	1	\N	\N	Testuserahul
\.


--
-- Data for Name: BookingAccommodation; Type: TABLE DATA; Schema: public; Owner: postgres
--

COPY public."BookingAccommodation" (id, "bookingId", quantity, "createdAt", "endDate", hotel, nights, "priceDetails", "quotationId", room, "surchargeNights", "travelDate", "updatedAt", profit, "quotePrice", "supplierContact", "supplierId", "supplierName", "confirmationNo", details, "actualPrice", "hotelAddress") FROM stdin;
cmc31dv4z0003e6hojks50hyd	cmc31dv4z0002e6hotik68tfz	1	2025-06-19 07:05:23.171	2025-06-19 18:30:00	The Banjaran Hotsprings Retreat, Ipoh	1	\N	cmc1xryy2000ivlpgybdk5www	Lake Villa (Sun - Thurs)	0	2025-06-18 18:30:00	2025-06-20 05:24:08.206	\N	1643.940000000000000000000000000000				BK1011	BOOKED TESTING 101 2	1400.000000000000000000000000000000	\N
cmc3220sx0009e64wx259fq6t	cmc3220sx0008e64wi6x4tbpy	2	2025-06-19 07:24:10.257	2025-06-20 18:30:00	Century Pines Resort Cameron Highlands	2	\N	cmc321xgf0001e64wi75ffl2f	Deluxe Room (2A 2C)	0	2025-06-18 18:30:00	2025-06-20 05:24:36.894	\N	1470.000000000000000000000000000000	03 8679 9155	bWmDSnXOKsVu1ntWa52Lm7by	Century Pines Resort Cameron Highlands	CNF-12345	BOOKED AND INSERT AN ACTUAL PRICE- TEST MARUTHU 	1401.000000000000000000000000000000	Jalan Kemus, Simpang Ampat, Alor Gajah, 78000 Melaka
cmc303hws0003e66o36zzqdto	cmc303hws0002e66oinc4shbm	3	2025-06-19 06:29:19.852	2025-06-20 18:30:00	The Banjaran Hotsprings Retreat, Ipoh	2	\N	cmc2ybi600004e6rc8u0lkpc0	Garden Villa (Sun - Thurs)	0	2025-06-18 18:30:00	2025-06-20 05:28:06.916	\N	171276.000000000000000000000000000000	+6052107777	QKM79ucuOfMR838QvRcVMjYr	Kinta Sunway Resort Sdn Bhd	CNF-1234	\N	160000.000000000000000000000000000000	1, Persiaran Lagoon, Sunway 3, 31150 Ipoh, Perak
cmc2wxkue000fe66sw52fmc1a	cmc2wxkud000ee66sdvgadf3e	2	2025-06-19 05:00:44.869	2025-06-21 18:30:00	PARKROYAL A'Famosa Melaka Resort	2	\N	cmc2wwyfq0001e66sih0dj0oa	Superior Room (King / Twin) - (Fri - Sat)\t	0	2025-06-19 18:30:00	2025-06-20 05:40:16.178	\N	1664.000000000000000000000000000000	06-908 8888	bWmDSnXOKsVu1ntWa52Lm7by	A'Famosa Resort Hotel Sdn Bhd	CNF-13244	\N	1500.000000000000000000000000000000	Jalan Kemus, Simpang Ampat, Alor Gajah, 78000 Melaka
cmc4e7kqd0006e4pc7ygijuh2	cmc4e7kqc0005e4pcmoc5tn9z	3	2025-06-20 05:52:10.932	2025-06-20 18:30:00	The Banjaran Hotsprings Retreat, Ipoh	1	\N	cmc4bifpz000je6n0t7k3mzjl	Water Villa (Sun - Thurs)	0	2025-06-19 18:30:00	2025-06-20 05:52:49.549	\N	3670.000000000000000000000000000000	+6052107777	QKM79ucuOfMR838QvRcVMjYr	Kinta Sunway Resort Sdn Bhd	CNF-1234	\N	3300.000000000000000000000000000000	1, Persiaran Lagoon, Sunway 3, 31150 Ipoh, Perak
cmc4e7kqd0009e4pc8mb7cu86	cmc4e7kqc0005e4pcmoc5tn9z	2	2025-06-20 05:52:10.932	2025-06-21 18:30:00	PARKROYAL A'Famosa Melaka Resort	2	\N	cmc4bifpz000je6n0t7k3mzjl	Superior Room (King / Twin) - (Sun - Thurs)	0	2025-06-19 18:30:00	2025-06-20 05:53:10.269	\N	700.000000000000000000000000000000	06-908 8888	bWmDSnXOKsVu1ntWa52Lm7by	A'Famosa Resort Hotel Sdn Bhd	CNf-123445	\N	600.000000000000000000000000000000	Jalan Kemus, Simpang Ampat, Alor Gajah, 78000 Melaka
cmc4noa4l000de44gk9tdmolb	cmc4noa4l000ce44g491bqurp	1	2025-06-20 10:17:06.885	2025-06-26 18:30:00	Mutiara Taman Negara	1	\N	cmc4jwuz20001e4j4ogc89uho	Chalet Single	0	2025-06-25 18:30:00	2025-06-20 10:17:06.885	\N	495.000000000000000000000000000000	09-266 3500	MHoC2MonLnHtc0ekaBSVo-LU	THR Hotel (Kuala Tahan) Sdn Bhd	\N	\N	\N	27000 Kuala Tahan, Pahang
cmc4noa4l000fe44giuf3upku	cmc4noa4l000ce44g491bqurp	1	2025-06-20 10:17:06.885	2025-06-25 18:30:00	Bertam Resort Penang	1	\N	cmc4jwuz20001e4j4ogc89uho	Superior Room (Fri - Sat)	0	2025-06-24 18:30:00	2025-06-20 10:17:06.885	\N	419.000000000000000000000000000000	04 577 8000	p3DIZdFJ0sav83rIrLUjxA99	Maritime Waterfront Suites Sdn Bhd	\N	\N	\N	PMT 2200, Bertam Resort,  Persiaran Bertam 8,  13200 Kepala Batas,  Pulau Pinang, Malaysia.
cmc5wpfum0003e55wq7kfu9tq	cmc5wpfum0002e55wjwpjdnmg	2	2025-06-21 07:17:43.677	2025-06-22 18:30:00	The Banjaran Hotsprings Retreat, Ipoh	2	\N	cmc5rarg3000oe66sc2npvzz9	Water Villa (Sun - Thurs)	0	2025-06-20 18:30:00	2025-06-23 08:01:22.519	\N	6892.200000000000000000000000000000	+6052107777	QKM79ucuOfMR838QvRcVMjYr	Kinta Sunway Resort Sdn Bhd	2287654	\N	\N	1, Persiaran Lagoon, Sunway 3, 31150 Ipoh, Perak
cmc5wpfun0005e55wjsatslcu	cmc5wpfum0002e55wjwpjdnmg	1	2025-06-21 07:17:43.677	2025-06-23 18:30:00	PARKROYAL A'Famosa Melaka Resort	1	\N	cmc5rarg3000oe66sc2npvzz9	Superior Room (King / Twin) - (Sun - Thurs)	0	2025-06-22 18:30:00	2025-06-23 08:01:56.349	\N	385.000000000000000000000000000000	06-908 8888	bWmDSnXOKsVu1ntWa52Lm7by	A'Famosa Resort Hotel Sdn Bhd	89742738	\N	\N	Jalan Kemus, Simpang Ampat, Alor Gajah, 78000 Melaka
cmc8vqure0006e490d83cz5ih	cmc8vqure0005e490qsrat74u	1	2025-06-23 09:14:08.569	2025-06-20 18:30:00	The Banjaran Hotsprings Retreat, Ipoh	1	\N	cmc4r3hfa002re44gfse1g0q1	Water Villa (Sun - Thurs)	0	2025-06-19 18:30:00	2025-06-23 09:14:08.569	\N	1805.100000000000000000000000000000	+6052107777	QKM79ucuOfMR838QvRcVMjYr	Kinta Sunway Resort Sdn Bhd	\N	\N	\N	1, Persiaran Lagoon, Sunway 3, 31150 Ipoh, Perak
cmc8ycbr80007e634k3c6r9m0	cmc8ycbr70003e634f14u3b3l	2	2025-06-23 10:26:49.603	2025-06-21 18:30:00	PARKROYAL A'Famosa Melaka Resort	2	\N	cmc36ezr60005e64ofvfzg783	Superior Room (King / Twin) - (Sun - Thurs)	0	2025-06-19 18:30:00	2025-06-23 10:26:49.603	\N	1470.000000000000000000000000000000	06-908 8888	bWmDSnXOKsVu1ntWa52Lm7by	A'Famosa Resort Hotel Sdn Bhd	\N	\N	\N	Jalan Kemus, Simpang Ampat, Alor Gajah, 78000 Melaka
cmc8ycbr80009e6346bany36q	cmc8ycbr70003e634f14u3b3l	2	2025-06-23 10:26:49.603	2025-06-22 18:30:00	PARKROYAL A'Famosa Melaka Resort	3	\N	cmc36ezr60005e64ofvfzg783	Superior Room (King / Twin) - (Sun - Thurs)	0	2025-06-19 18:30:00	2025-06-23 10:26:49.603	\N	2205.000000000000000000000000000000	06-908 8888	bWmDSnXOKsVu1ntWa52Lm7by	A'Famosa Resort Hotel Sdn Bhd	\N	\N	\N	Jalan Kemus, Simpang Ampat, Alor Gajah, 78000 Melaka
cmca6wosw0013nnpuv9d96r6e	cmca6wosw0012nnpup8h2e94i	1	2025-06-24 07:14:22.736	2025-07-30 16:00:00	Ramada Suites By Whyndham KLCC	16	\N	cmca6wgp8000pnnpup0sglu40	Studio Executive King/Twin Room	0	2025-07-14 16:00:00	2025-06-24 07:14:36.589	\N	4452.000000000000000000000000000000	+603-2938 9888			6867867	\N	\N	No 1, Lorong Ceylon, Bukit Ceylon, , 50200 Kuala Lumpur, Federal Territory of Kuala Lumpur
cmca8c3ae000ee66g3g5dwwcj	cmca8c3ae000de66gevjc2uab	2	2025-06-24 07:54:20.966	2025-06-24 18:30:00	PARKROYAL A'Famosa Melaka Resort	1	\N	cmca8bxn10001e66gejsn99pj	Superior Room (King / Twin) - (Sun - Thurs)	0	2025-06-23 18:30:00	2025-06-24 07:55:59.502	\N	426.300000000000000000000000000000	06-908 8888	bWmDSnXOKsVu1ntWa52Lm7by	A'Famosa Resort Hotel Sdn Bhd	4566#57	\N	\N	Jalan Kemus, Simpang Ampat, Alor Gajah, 78000 Melaka
cmcad1lnf000ge6t8zssisfft	cmcad1lnf000fe6t8vyuyhtot	6	2025-06-24 10:06:09.627	2025-06-24 18:30:00	PARKROYAL A'Famosa Melaka Resort	1	\N	cmcad1cey0002e6t85csl1tw5	Superior Room (King / Twin) - (Sun - Thurs)	0	2025-06-23 18:30:00	2025-06-24 10:07:24.48	\N	1264.200000000000000000000000000000	06-908 8888	bWmDSnXOKsVu1ntWa52Lm7by	A'Famosa Resort Hotel Sdn Bhd	4563#56	vignesh--test for hotel vocher	1156.000000000000000000000000000000	Jalan Kemus, Simpang Ampat, Alor Gajah, 78000 Melaka
cmcaect3a000fe660rf7x82jq	cmcaect3a000ee660rdr8bl0d	6	2025-06-24 10:42:52.102	\N	Century Pines Resort Cameron Highlands	0	\N	cmcaecn860002e6608bmjutvb	Deluxe with Garden Room (2A 2C)	0	\N	2025-06-24 10:45:44.078	\N	3.000000000000000000000000000000	05-4915115	0-ZMpEY12nidalGCx9QbeKZr	Century Pines Resort Cameron Highlands	4365#56	\N	2.000000000000000000000000000000	Jalan Masjid, Tanah Rata, 39000 Tanah Rata, Pahang
cmcbs74o3000de4lkj4srxn7i	cmcbs74o3000ce4lk3qvf5bfs	1	2025-06-25 09:58:07.971	2025-06-29 16:00:00	Swiss-Garden Hotel Melaka	10	\N	cmc8ssdsu0001nnpubqgrm5fb	Deluxe Room (Fri - Sun) 	0	2025-06-19 16:00:00	2025-06-25 09:58:07.971	\N	2450.006000000000000000000000000000				\N	\N	\N	
cmcaepz8f0012e660qekh2qmf	cmcaepz8f0011e660yfgdbvvm	10	2025-06-24 10:53:06.591	2025-06-25 18:30:00	Mutiara Taman Negara	2	\N	cmcaeprej000oe6608fg52ple	Chalet (Twin / Double)	0	2025-06-23 18:30:00	2025-06-24 10:56:10.612	\N	6268.500000000000000000000000000000	09-266 3500	MHoC2MonLnHtc0ekaBSVo-LU	THR Hotel (Kuala Tahan) Sdn Bhd	5674#66	\N	5636.000000000000000000000000000000	27000 Kuala Tahan, Pahang
cmc8y1wqo0003e60gd63pi99q	cmc8y1wqo0002e60gd4ni4rof	2	2025-06-23 10:18:43.584	2025-06-22 18:30:00	The Banjaran Hotsprings Retreat, Ipoh	2	\N	cmc5qzdgj0004e66sr43v47ei	Lake Villa (Sun - Thurs)	0	2025-06-20 18:30:00	2025-06-26 04:59:34.466	\N	6035.400000000000000000000000000000	+6052107777	QKM79ucuOfMR838QvRcVMjYr	Kinta Sunway Resort Sdn Bhd	CNF-87564	\N	5555.000000000000000000000000000000	1, Persiaran Lagoon, Sunway 3, 31150 Ipoh, Perak
cmc8ycbr80004e634m179epjr	cmc8ycbr70003e634f14u3b3l	3	2025-06-23 10:26:49.603	2025-06-20 18:30:00	The Banjaran Hotsprings Retreat, Ipoh	1	\N	cmc36ezr60005e64ofvfzg783	Water Villa (Sun - Thurs)	0	2025-06-19 18:30:00	2025-06-26 05:14:04.782	\N	3853.500000000000000000000000000000	+6052107777	QKM79ucuOfMR838QvRcVMjYr	Kinta Sunway Resort Sdn Bhd	CNF -82657	\N	3502.000000000000000000000000000000	1, Persiaran Lagoon, Sunway 3, 31150 Ipoh, Perak
cmcbtnit7000ee4s88unqmn90	cmcbtnit7000de4s8ldllg5gg	1	2025-06-25 10:38:52.411	2025-06-20 18:30:00	The Banjaran Hotsprings Retreat, Ipoh	1	\N	cmc4p15oi002he44gdeov9vzm	Lake Villa (Sun - Thurs)	0	2025-06-19 18:30:00	2025-06-25 10:50:52.843	\N	1580.700000000000000000000000000000	+6052107777	QKM79ucuOfMR838QvRcVMjYr	Kinta Sunway Resort Sdn Bhd	324323	\N	\N	1, Persiaran Lagoon, Sunway 3, 31150 Ipoh, Perak
cmcbtnit7000ge4s8gomgoiwj	cmcbtnit7000de4s8ldllg5gg	4	2025-06-25 10:38:52.411	2025-06-25 18:30:00	Mutiara Taman Negara	1	\N	cmc4p15oi002he44gdeov9vzm	Chalet (Twin / Double)	0	2025-06-24 18:30:00	2025-06-25 10:51:02.572	\N	913.000000000000000000000000000000	09-266 3500	MHoC2MonLnHtc0ekaBSVo-LU	THR Hotel (Kuala Tahan) Sdn Bhd	CNF-123235	\N	860.000000000000000000000000000000	27000 Kuala Tahan, Pahang
cmcbs74o4000fe4lkrdakkogj	cmcbs74o3000ce4lk3qvf5bfs	3	2025-06-25 09:58:07.971	2025-06-26 18:30:00	Bertam Resort Penang	1	\N	cmc8ssdsu0001nnpubqgrm5fb	Deluxe King/Twin Room (Sun - Thu)	0	2025-06-25 18:30:00	2025-06-25 10:12:21.147	\N	572.566799999999900000000000000000	04 577 8000	p3DIZdFJ0sav83rIrLUjxA99	Maritime Waterfront Suites Sdn Bhd	CNF-12345	\N	529.000000000000000000000000000000	PMT 2200, Bertam Resort,  Persiaran Bertam 8,  13200 Kepala Batas,  Pulau Pinang, Malaysia.
cmcbssoz7000je40c7ubo3jjw	cmcbssoz7000ie40csoype0wh	2	2025-06-25 10:14:54.067	2025-06-29 18:30:00	Bertam Resort Penang	1	\N	cmcbslm630002nnyfl599py4l	Deluxe King/Twin Room (Sun - Thu)	0	2025-06-28 18:30:00	2025-06-25 10:16:33.185	\N	528.550000000000000000000000000000	04 577 8000	p3DIZdFJ0sav83rIrLUjxA99	Maritime Waterfront Suites Sdn Bhd	CNF-2854	\N	501.000000000000000000000000000000	PMT 2200, Bertam Resort,  Persiaran Bertam 8,  13200 Kepala Batas,  Pulau Pinang, Malaysia.
cmcbt03yc000ge5zkke747o48	cmcbt03yc000fe5zk51ia2mc2	1	2025-06-25 10:20:40.069	2025-06-26 18:30:00	testing-33	2	\N	cmcbszskt0002e5zkhxvmtm80	testing-room	0	2025-06-24 18:30:00	2025-06-25 10:22:04.333	\N	113.400000000000000000000000000000	9876543219	cm9c3moo60000e5xswx1exyvx	abc holydays	CONFIRM#25-06	TESTING FOR BB	100.000000000000000000000000000000	chennai,indra
cmcbt6unm0015e5zk3ea6vm9t	cmcbt6unm0014e5zkm6p8tz61	1	2025-06-25 10:25:54.61	2025-06-29 18:30:00	Arena Starr	2	\N	cmcbt6pk9000qe5zkqlp96raw	Deluxe Triple Room	2	2025-06-27 18:30:00	2025-06-25 10:26:41.415	\N	396.900000000000000000000000000000	03-2078 6988	iEb5T0NL48nrO69NLubtmkN4	TBO	TESTEING222$	TESTEING222	299.000000000000000000000000000000	49-51, Jalan Hang Lekiu, City Centre, 50100 Kuala Lumpur, Wilayah Persekutuan Kuala Lumpur
cmcbt8zgl000ee4fcokvghrxv	cmcbt8zgk000be4fccq05nq9f	1	2025-06-25 10:27:34.148	2025-06-23 18:30:00	The Banjaran Hotsprings Retreat, Ipoh	1	\N	cmc4rlf5i001ae51kyoruuv2y	Lake Villa (Sun - Thurs)	0	2025-06-22 18:30:00	2025-06-25 10:27:34.148	\N	1724.394000000000000000000000000000	+6052107777	QKM79ucuOfMR838QvRcVMjYr	Kinta Sunway Resort Sdn Bhd	\N	\N	\N	1, Persiaran Lagoon, Sunway 3, 31150 Ipoh, Perak
cmcbt8zgl000ge4fcq39rk9gf	cmcbt8zgk000be4fccq05nq9f	4	2025-06-25 10:27:34.148	2025-06-26 18:30:00	Mutiara Taman Negara	1	\N	cmc4rlf5i001ae51kyoruuv2y	Chalet (Twin / Double)	0	2025-06-25 18:30:00	2025-06-25 10:29:24.035	\N	912.996000000000000000000000000000	09-266 3500	MHoC2MonLnHtc0ekaBSVo-LU	THR Hotel (Kuala Tahan) Sdn Bhd	CNF-12345	\N	850.000000000000000000000000000000	27000 Kuala Tahan, Pahang
cmcbvh035000unn16xxr2btgc	cmcbvh035000tnn16ygrgd0ag	4	2025-06-25 11:29:47.441	2025-07-18 18:30:00	testing-33	2	\N	cmcbvgypw000lnn16wyb3rif2	testing-room	1	2025-07-16 18:30:00	2025-06-25 11:30:19.181	\N	466.200000000000000000000000000000	9876543219	cm9c3moo60000e5xswx1exyvx	abc holydays	DGG566#	\N	345.000000000000000000000000000000	chennai,indra
cmcbtrt3c000ae41wj2tak4ob	cmcbtrt3b0009e41wjdu1o8ju	5	2025-06-25 10:42:12.36	2025-06-21 18:30:00	The Banjaran Hotsprings Retreat, Ipoh	1	\N	cmc5r41xd000he66s7gx6ptpg	Lake Villa (Sun - Thurs)	0	2025-06-20 18:30:00	2025-06-25 10:42:12.36	\N	7544.250000000000000000000000000000	+6052107777	QKM79ucuOfMR838QvRcVMjYr	Kinta Sunway Resort Sdn Bhd	\N	\N	\N	1, Persiaran Lagoon, Sunway 3, 31150 Ipoh, Perak
cmcbtrt3c000ce41w50z7fuhl	cmcbtrt3b0009e41wjdu1o8ju	4	2025-06-25 10:42:12.36	2025-06-26 18:30:00	Mutiara Taman Negara	1	\N	cmc5r41xd000he66s7gx6ptpg	Chalet (Twin / Double)	0	2025-06-25 18:30:00	2025-06-25 10:42:45.532	\N	913.000000000000000000000000000000	09-266 3500	MHoC2MonLnHtc0ekaBSVo-LU	THR Hotel (Kuala Tahan) Sdn Bhd	CNF-856754	\N	860.000000000000000000000000000000	27000 Kuala Tahan, Pahang
cmcbu6k1t001hnnyf6n7scjaj	cmcbu6k1t001gnnyfv5f6epmd	2	2025-06-25 10:53:40.482	2025-07-27 16:00:00	Furama Hotel Bukit Bintang (T)	17	\N	cmcbu6hvd0019nnyfe8ek6j0g	Superior Room	0	2025-07-10 16:00:00	2025-06-25 10:53:50.218	\N	6247.500000000000000000000000000000	03-2788 8888			2252	\N	\N	136, Jln Changkat Thambi Dollah, Bukit Bintang, 55100 Kuala Lumpur, Wilayah Persekutuan Kuala Lumpur
cmcbuslau0020nnyfcajswema	cmcbuslat001znnyflgypzx3o	1	2025-06-25 11:10:48.534	2025-06-27 18:30:00	testing-33	1	\N	cmcbusjm9001lnnyf5wpwzzs9	testing-room	1	2025-06-26 18:30:00	2025-06-25 11:11:39.25	\N	69.300000000000000000000000000000	9876543219	cm9c3moo60000e5xswx1exyvx	abc holydays	THJ#785	\N	56.000000000000000000000000000000	chennai,indra
cmcbuslau0023nnyfhkyapdri	cmcbuslat001znnyflgypzx3o	1	2025-06-25 11:10:48.534	2025-06-29 18:30:00	The Banjaran Hotsprings Retreat, Ipoh	1	\N	cmcbusjm9001lnnyf5wpwzzs9	Lake Villa (Sun - Thurs)	0	2025-06-28 18:30:00	2025-06-25 11:12:03.37	\N	1508.850000000000000000000000000000	+6052107777	QKM79ucuOfMR838QvRcVMjYr	Kinta Sunway Resort Sdn Bhd	HFDRG#68	\N	1368.000000000000000000000000000000	1, Persiaran Lagoon, Sunway 3, 31150 Ipoh, Perak
cmcbvawwy000dnn16yqcv0bsi	cmcbvawwy000cnn162rddau89	2	2025-06-25 11:25:03.394	2025-07-17 18:30:00	The Banjaran Hotsprings Retreat, Ipoh	1	\N	cmcbvau150001nn16s7sy8hz3	Lake Villa (Sun - Thurs)	0	2025-07-16 18:30:00	2025-06-25 11:27:04.018	\N	3017.700000000000000000000000000000	+6052107777	QKM79ucuOfMR838QvRcVMjYr	Kinta Sunway Resort Sdn Bhd	657448u#	\N	2578.000000000000000000000000000000	1, Persiaran Lagoon, Sunway 3, 31150 Ipoh, Perak
cmcbwhp4j001hnn16xw40zh4c	cmcbwhp4j001gnn16bwddx6xw	5	2025-06-25 11:58:19.507	2025-06-26 18:30:00	Holiday Villa Beach Resort & Spa Langkawi	2	\N	cmcbwhm9q0011nn16i2vk5uqj	Deluxe Premium Room	0	2025-06-24 18:30:00	2025-06-25 12:00:18.66	\N	1743.000000000000000000000000000000				TEST101	testing77777	1700.000000000000000000000000000000	
cmcbt8zgl000ce4fcax9yk23g	cmcbt8zgk000be4fccq05nq9f	1	2025-06-25 10:27:34.148	2025-06-20 18:30:00	The Banjaran Hotsprings Retreat, Ipoh	1	\N	cmc4rlf5i001ae51kyoruuv2y	Lake Villa (Sun - Thurs)	0	2025-06-19 18:30:00	2025-06-26 04:39:21.783	\N	1508.850000000000000000000000000000	+6052107777	QKM79ucuOfMR838QvRcVMjYr	Kinta Sunway Resort Sdn Bhd	CNF - 686784	\N	1300.000000000000000000000000000000	1, Persiaran Lagoon, Sunway 3, 31150 Ipoh, Perak
cmcd2g9l9002ann16jrhy5jno	cmcd2g9l90029nn16srk7h5zl	3	2025-06-26 07:32:56.589	2025-09-29 16:00:00	Furama Hotel Bukit Bintang (T)	12	\N	cmcd2fkzh001wnn16n1oej81e	Deluxe Room	0	2025-09-17 16:00:00	2025-06-26 07:33:08.313	\N	7371.000000000000000000000000000000	03-2788 8888			229374	\N	\N	136, Jln Changkat Thambi Dollah, Bukit Bintang, 55100 Kuala Lumpur, Wilayah Persekutuan Kuala Lumpur
cmcd54j51000ce4b425hmlwzd	cmcd54j50000be4b4ln0cwrbw	5	2025-06-26 08:47:47.94	2025-06-26 18:30:00	Mutiara Taman Negara	1	\N	cmcd54e010001e4b4ihvq31nv	Chalet (Twin / Double)	0	2025-06-25 18:30:00	2025-06-26 08:48:24.136	\N	1060.500000000000000000000000000000	09-266 3500	MHoC2MonLnHtc0ekaBSVo-LU	THR Hotel (Kuala Tahan) Sdn Bhd	CNF-10976	\N	980.000000000000000000000000000000	27000 Kuala Tahan, Pahang
cmcd5jonj000be4h4ck9cuhyq	cmcd5jonj000ae4h4zzh4uaic	4	2025-06-26 08:59:34.927	2025-06-27 18:30:00	The Banjaran Hotsprings Retreat, Ipoh	1	\N	cmcd5jkhk0001e4h46b0r6m2l	Water Villa (Sun - Thurs)	0	2025-06-26 18:30:00	2025-06-26 08:59:56.476	\N	2945.250000000000000000000000000000	+6052107777	QKM79ucuOfMR838QvRcVMjYr	Kinta Sunway Resort Sdn Bhd	CNF-37574	\N	2701.000000000000000000000000000000	1, Persiaran Lagoon, Sunway 3, 31150 Ipoh, Perak
cmceg7e9q000we5gw896m8f6y	cmceg7e9p000re5gwdsw75lua	2	2025-06-27 06:45:43.549	2025-06-29 18:30:00	Fives Hotel DNP (N)	1	\N	cmceg6diq0001e5gw631tszgo	Standard King (1 King Bed)	0	2025-06-28 18:30:00	2025-06-27 07:34:22.516	\N	283.500000000000000000000000000000	 07-219 7777	VmL0d4-Qyoaia39zu2h1jenO	SKS GROUP	NEWCODE101	Wyndham Garden Shahzan Fraser's Hil	250.000000000000000000000000000000	45, Jalan Wong Ah Fook, Bandar Johor Bahru, 80000 Johor Bahru, Johor Darul Ta'zim
cmceg7e9q000ze5gw07op1h87	cmceg7e9p000re5gwdsw75lua	3	2025-06-27 06:45:43.549	2025-06-25 18:30:00	Trademark Collection by Wyndham I-City	2	\N	cmceg6diq0001e5gw631tszgo	Deluxe Twin/King Room	0	2025-06-23 18:30:00	2025-06-27 07:35:19.417	\N	909.300000000000000000000000000000	03-5521 9000			NEWCODE800	Wyndham Garden Shahzan Fraser's Hil	800.000000000000000000000000000000	6, Jalan Multimedia, SkyCity, I-City, 40000 Shah Alam, Selangor
cmceg7e9q000se5gww0eb2lr7	cmceg7e9p000re5gwdsw75lua	3	2025-06-27 06:45:43.549	2025-06-29 18:30:00	Wyndham Garden Shahzan Fraser's Hill	3	\N	cmceg6diq0001e5gw631tszgo	Garden View	0	2025-06-26 18:30:00	2025-06-27 07:30:43.014	\N	913.500000000000000000000000000000	09-3622300	BrANJQKhaQrX1HjfAcvLR9A4	T.A.S Industries Sdn Bhd	RXNTESTING	TESTING RXN 101	852.000000000000000000000000000000	Jalan Lady Guillemard, Fraser's Hill
\.


--
-- Data for Name: BookingItinerary; Type: TABLE DATA; Schema: public; Owner: postgres
--

COPY public."BookingItinerary" (id, date, category, "bookingId", "guideId", label, "priceDetails", "quotationId", "actualPrice", details, profit, "supplierContact", "supplierId", "supplierName", "quotePrice", "confirmationNo") FROM stdin;
cmc2wxkue000ie66sixd6rc2z	2025-06-20 00:00:00	Transfers	cmc2wxkud000ee66sdvgadf3e	\N	One Way Transfer from Genting Hotel - Kuala Lumpur Hotel + Enroute Batu Caves (30 Mins)	null	cmc2wwyfq0001e66sih0dj0oa	\N	\N	\N				395.200000000000000000000000000000	\N
cmc2wxkue000ke66smk28dbf4	2025-06-21 00:00:00	Attractions	cmc2wxkud000ee66sdvgadf3e	\N	Genting Skytropolis (Indoor)  Entry Ticket	null	cmc2wwyfq0001e66sih0dj0oa	\N	\N	\N	60162200647	clypb9dc000019xv4fb7mr8u2	TVG	158.080000000000000000000000000000	\N
cmc31dv500006e6hokl8o12sj	2025-06-19 00:00:00	Transfers	cmc31dv4z0002e6hotik68tfz	\N	One Way Transfer from Genting Hotel - Kuala Lumpur Hotel + Enroute Batu Caves (30 Mins)	null	cmc1xryy2000ivlpgybdk5www	\N	\N	\N	\N	\N	\N	217.350000000000000000000000000000	\N
cmc4e7kqe000ce4pcju910sct	2025-06-20 00:00:00	Attractions	cmc4e7kqc0005e4pcmoc5tn9z	\N	ATTRACTIONtest	null	cmc4bifpz000je6n0t7k3mzjl	\N	\N	\N	60162200647	clypb9dc000019xv4fb7mr8u2	TVG	4.000000000000000000000000000000	\N
cmc4noa4m000ie44gczg1vxdn	2025-06-20 00:00:00	Transfers	cmc4noa4l000ce44g491bqurp	\N	One Way Transfer from KLIA - Genting Highlands Hotel + Enroute Batu Caves (2 Hours)	null	cmc4jwuz20001e4j4ogc89uho	\N	\N	\N				430.000000000000000000000000000000	\N
cmc4noa4m000ke44g9thug3xe	2025-06-21 00:00:00	Transfers	cmc4noa4l000ce44g491bqurp	\N	02 Way Gunung Raya Transfer from Langkawi Beach Hotel	null	cmc4jwuz20001e4j4ogc89uho	\N	\N	\N				140.000000000000000000000000000000	\N
cmc8vqurf0009e490aga9lrse	2025-06-20 00:00:00	Transfers	cmc8vqure0005e490qsrat74u	\N	One Way Transfer from KLIA - Genting Highlands Hotel + Enroute Batu Caves (2 Hours)	null	cmc4r3hfa002re44gfse1g0q1	\N	\N	\N				455.800000000000000000000000000000	\N
cmc8y1wqo0006e60gla2gvxyv	2025-06-20 00:00:00	Transfers	cmc8y1wqo0002e60gd4ni4rof	\N	One Way Transfer from Penang Beach Hotel to Penang Train / Commuter Station	null	cmc5qzdgj0004e66sr43v47ei	\N	\N	\N				504.000000000000000000000000000000	\N
cmc8ycbr9000ce634jz3nud8m	2025-06-20 00:00:00	Attractions	cmc8ycbr70003e634f14u3b3l	\N	ATTRACTIONtest	null	cmc36ezr60005e64ofvfzg783	\N	\N	\N	60162200647	clypb9dc000019xv4fb7mr8u2	TVG	4.200000000000000000000000000000	\N
cmca6wosw0016nnpuoga7ocao	2025-07-01 00:00:00	Transfers	cmca6wosw0012nnpup8h2e94i	\N	One Way Transfer from Langkawi Airport - Langkawi Hotel ( from North Hotel )	null	cmca6wgp8000pnnpup0sglu40	\N	\N	\N				346.500000000000000000000000000000	\N
cmca8c3af000ie66gsd8nqm6s	2025-06-24 00:00:00	Transfers	cmca8c3ae000de66gevjc2uab	\N	One Way Transfer from KLIA - Genting Highlands Hotel + Enroute Batu Caves (2 Hours)	null	cmca8bxn10001e66gejsn99pj	\N	\N	\N				451.500000000000000000000000000000	\N
cmcad1lng000le6t862sjpcoi	2025-06-24 00:00:00	Transfers	cmcad1lnf000fe6t8vyuyhtot	\N	One Way Transfer from KLIA - Genting Highlands Hotel + Enroute Batu Caves (2 Hours)	null	cmcad1cey0002e6t85csl1tw5	\N	\N	\N				1354.500000000000000000000000000000	\N
cmcaect3b000je6605wah2osq	2025-06-24 00:00:00	Transfers	cmcaect3a000ee660rdr8bl0d	\N	02 Way Gunung Raya Transfer from Langkawi Beach Hotel	null	cmcaecn860002e6608bmjutvb	\N	\N	\N				441.000000000000000000000000000000	\N
cmcaepz8h0017e6600cc5k6l8	2025-06-24 00:00:00	Transfers	cmcaepz8f0011e660yfgdbvvm	\N	One Way Transfer from KLIA - Genting Highlands Hotel + Enroute Batu Caves (2 Hours)	null	cmcaeprej000oe6608fg52ple	\N	\N	\N				2257.500000000000000000000000000000	\N
cmcbs74o5000ke4lk6m2fd40j	2025-06-22 00:00:00	Transfers	cmcbs74o3000ce4lk3qvf5bfs	\N	One Way Transfer from Langkawi Airport - Langkawi Hotel ( from Beach Hotel )	null	cmc8ssdsu0001nnpubqgrm5fb	\N	\N	\N				44.001100000000010000000000000000	\N
cmcbssoz9000ne40chu05ixnt	2025-06-29 00:00:00	Transfers	cmcbssoz7000ie40csoype0wh	\N	One Way Transfer from Kuala Lumpur Airport - Kuala Lumpur Hotel	null	cmcbslm630002nnyfl599py4l	\N	\N	\N				162.750000000000000000000000000000	\N
cmcbssoz9000pe40ca1k1srql	2025-06-29 00:00:00	Tours	cmcbssoz7000ie40csoype0wh	\N	Full Day Genting Tour ( 8 Hours ) + Enroute Batu Caves ( 30Mins ) (Pvt Basis)	null	cmcbslm630002nnyfl599py4l	\N	\N	\N				430.500000000000000000000000000000	\N
cmcbssoz9000re40cdqu1lt4j	2025-06-29 00:00:00	Attractions	cmcbssoz7000ie40csoype0wh	\N	Genting Cable Car 2 Way  Entry Ticket	null	cmcbslm630002nnyfl599py4l	\N	\N	\N	60162200647	clypb9dc000019xv4fb7mr8u2	TVG	139.650000000000000000000000000000	\N
cmcbssoz9000ue40cndlgwgef	2025-06-30 00:00:00	Tours	cmcbssoz7000ie40csoype0wh	\N	KL Half Day City Tour ( 4 Hours ) (Pvt Basis)	null	cmcbslm630002nnyfl599py4l	\N	\N	\N				262.500000000000000000000000000000	\N
cmcbssoz9000we40cq98ersb0	2025-06-30 00:00:00	Transfers	cmcbssoz7000ie40csoype0wh	\N	One Way Transfer from Kuala Lumpur Hotel - Kuala Lumpur Airport	null	cmcbslm630002nnyfl599py4l	\N	\N	\N				162.750000000000000000000000000000	\N
cmcbt03yd000je5zkfq0eaktc	2025-06-25 00:00:00	Transfers	cmcbt03yc000fe5zk51ia2mc2	\N	One Way Transfer from KLIA - Genting Highlands Hotel + Enroute Batu Caves (2 Hours)	null	cmcbszskt0002e5zkhxvmtm80	\N	\N	\N				960.750000000000000000000000000000	\N
cmcbt6unn0019e5zkp65i7mec	2025-06-26 00:00:00	Transfers	cmcbt6unm0014e5zkm6p8tz61	\N	One Way Transfer from Langkawi Airport - Langkawi Hotel ( from Beach Hotel )	null	cmcbt6pk9000qe5zkqlp96raw	\N	\N	\N				178.500000000000000000000000000000	\N
cmcbtnit8000me4s8stfjainl	2025-06-20 00:00:00	Transfers	cmcbtnit7000de4s8ldllg5gg	\N	One Way Transfer from Langkawi Airport - Langkawi Hotel ( from North Hotel )	null	cmc4p15oi002he44gdeov9vzm	\N	\N	\N				77.700000000000000000000000000000	\N
cmcbtnyjw0012nnyfi5e36261	2025-06-26 00:00:00	Transfers	cmcbtnyjw0010nnyfa5jwzbqk	\N	One Way Transfer from KLIA - Genting Highlands Hotel + Enroute Batu Caves (2 Hours)	null	cmcbtnswp000pnnyfrs2irkab	\N	\N	\N				451.500000000000000000000000000000	\N
cmcbtnyjw0014nnyfjncz8rvd	2025-06-26 00:00:00	Transfers	cmcbtnyjw0010nnyfa5jwzbqk	\N	One Way Transfer from KLIA - Genting Highlands Hotel + Enroute Batu Caves (2 Hours)	null	cmcbtnswp000pnnyfrs2irkab	\N	\N	\N				509.250000000000000000000000000000	\N
cmcbuslau0026nnyf5tqywguy	2025-06-27 00:00:00	Transfers	cmcbuslat001znnyflgypzx3o	\N	One Way Transfer from KLIA - Genting Highlands Hotel + Enroute Batu Caves (2 Hours)	null	cmcbusjm9001lnnyf5wpwzzs9	\N	\N	\N				451.500000000000000000000000000000	\N
cmcbvawwz000gnn16yehzckj4	2025-07-17 00:00:00	Transfers	cmcbvawwy000cnn162rddau89	\N	One Way Transfer from KLIA - Genting Highlands Hotel + Enroute Batu Caves (2 Hours)	null	cmcbvau150001nn16s7sy8hz3	\N	\N	\N				903.000000000000000000000000000000	\N
cmcbwhp4k001onn16b81foxb5	2025-06-25 00:00:00	Transfers	cmcbwhp4j001gnn16bwddx6xw	\N	02 Way Gunung Raya Transfer from Langkawi Beach Hotel	null	cmcbwhm9q0011nn16i2vk5uqj	\N	\N	\N				147.000000000000000000000000000000	\N
cmcd2g9l9002dnn169n7o3goh	2025-09-18 00:00:00	Transfers	cmcd2g9l90029nn16srk7h5zl	\N	Enroute Dinner at Kuala Lumpur	null	cmcd2fkzh001wnn16n1oej81e	\N	\N	\N				105.000000000000000000000000000000	\N
cmcd2g9l9002fnn16gts8z2ct	2025-09-19 00:00:00	Tours	cmcd2g9l90029nn16srk7h5zl	\N	Full Day Sunway Lagoon Tour ( 8 Hours ) (Pvt Basis)	null	cmcd2fkzh001wnn16n1oej81e	\N	\N	\N				462.000000000000000000000000000000	\N
cmceg7e9r0017e5gwi7afpbw1	2025-06-21 00:00:00	Tours	cmceg7e9p000re5gwdsw75lua	\N	Full Day Malacca Trip from Port Dickson (8 Hours)	null	cmceg6diq0001e5gw631tszgo	\N	\N	\N				871.500000000000000000000000000000	\N
cmceg7e9r0019e5gwha694ppn	2025-06-22 00:00:00	Guide	cmceg7e9p000re5gwdsw75lua	\N	Guide Service Overland	null	cmceg6diq0001e5gw631tszgo	380.000000000000000000000000000000	CONFIMR  Wyndham Garden Shahzan Fraser's Hil	\N				420.000000000000000000000000000000	RXN TESTING
cmceg7e9r0014e5gwo978soel	2025-06-20 00:00:00	Transfers	cmceg7e9p000re5gwdsw75lua	\N	One Way Transfer from KLIA - Genting Highlands Hotel + Enroute Batu Caves (2 Hours)	null	cmceg6diq0001e5gw631tszgo	900.000000000000000000000000000000	Wyndham Garden Shahzan Fraser's Hil	\N				960.750000000000000000000000000000	OFFER900
\.


--
-- Data for Name: BookingPriceDetailItinerary; Type: TABLE DATA; Schema: public; Owner: postgres
--

COPY public."BookingPriceDetailItinerary" (id, "itineraryId", category, price, quantity, "totalPrice", "totalPriceAfterMarkup", "quotePrice") FROM stdin;
cmc2wxkue000je66sidex64co	cmc2wxkue000ie66sixd6rc2z	Sedan	190.000000000000000000000000000000	2	380.000000000000000000000000000000	395.200000000000000000000000000000	395.200000000000000000000000000000
cmc2wxkue000le66sa2ngc47b	cmc2wxkue000ke66smk28dbf4	Private	76.000000000000000000000000000000	2	152.000000000000000000000000000000	158.080000000000000000000000000000	158.080000000000000000000000000000
cmc31dv500007e6hohmrza8yy	cmc31dv500006e6hokl8o12sj	Sedan	197.600000000000000000000000000000	1	197.600000000000000000000000000000	217.360000000000000000000000000000	217.360000000000000000000000000000
cmc4e7kqe000de4pc3cibicbl	cmc4e7kqe000ce4pcju910sct	SIC - Sharing Basis	2.000000000000000000000000000000	2	4.000000000000000000000000000000	4.000000000000000000000000000000	4.000000000000000000000000000000
cmc4noa4m000je44gkjvcgc19	cmc4noa4m000ie44gczg1vxdn	10 Seater	430.000000000000000000000000000000	1	430.000000000000000000000000000000	430.000000000000000000000000000000	430.000000000000000000000000000000
cmc4noa4m000le44g785vrtnn	cmc4noa4m000ke44g9thug3xe	Sedan	140.000000000000000000000000000000	1	140.000000000000000000000000000000	140.000000000000000000000000000000	140.000000000000000000000000000000
cmc8vqurf000ae4903wn1yznc	cmc8vqurf0009e490aga9lrse	10 Seater	430.000000000000000000000000000000	1	430.000000000000000000000000000000	455.800000000000000000000000000000	455.800000000000000000000000000000
cmc8y1wqo0007e60gt6azgg2c	cmc8y1wqo0006e60gla2gvxyv	Sedan	135.000000000000000000000000000000	2	270.000000000000000000000000000000	283.500000000000000000000000000000	283.500000000000000000000000000000
cmc8y1wqo0008e60g5i1wjyqd	cmc8y1wqo0006e60gla2gvxyv	10 Seater	210.000000000000000000000000000000	1	210.000000000000000000000000000000	220.500000000000000000000000000000	220.500000000000000000000000000000
cmc8ycbr9000de634f29rnhsm	cmc8ycbr9000ce634jz3nud8m	SIC - Sharing Basis	2.000000000000000000000000000000	2	4.000000000000000000000000000000	4.200000000000000000000000000000	4.200000000000000000000000000000
cmca6wosw0017nnpu4l5kggz6	cmca6wosw0016nnpuoga7ocao	Sedan	70.000000000000000000000000000000	1	70.000000000000000000000000000000	73.500000000000000000000000000000	73.500000000000000000000000000000
cmca6wosw0018nnpuj7q5rw3j	cmca6wosw0016nnpuoga7ocao	10 Seater	130.000000000000000000000000000000	2	260.000000000000000000000000000000	273.000000000000000000000000000000	273.000000000000000000000000000000
cmca8c3af000je66gmmrvdd42	cmca8c3af000ie66gsd8nqm6s	10 Seater	430.000000000000000000000000000000	1	430.000000000000000000000000000000	451.500000000000000000000000000000	451.500000000000000000000000000000
cmcad1lng000me6t8c8p9rvr8	cmcad1lng000le6t862sjpcoi	10 Seater	430.000000000000000000000000000000	3	1290.000000000000000000000000000000	1354.500000000000000000000000000000	1354.500000000000000000000000000000
cmcaect3b000ke660ivnr2a6a	cmcaect3b000je6605wah2osq	Sedan	140.000000000000000000000000000000	3	420.000000000000000000000000000000	441.000000000000000000000000000000	441.000000000000000000000000000000
cmcaepz8h0018e660bby7w481	cmcaepz8h0017e6600cc5k6l8	10 Seater	430.000000000000000000000000000000	5	2150.000000000000000000000000000000	2257.500000000000000000000000000000	2257.500000000000000000000000000000
cmcbs74o5000le4lknapg78w8	cmcbs74o5000ke4lk6m2fd40j	Sedan	40.001000000000000000000000000000	1	40.001000000000000000000000000000	44.023200000000000000000000000000	44.023200000000000000000000000000
cmcbssoz9000oe40c9vtu0ki1	cmcbssoz9000ne40chu05ixnt	TEN_SEATER	155.000000000000000000000000000000	1	155.000000000000000000000000000000	162.750000000000000000000000000000	162.750000000000000000000000000000
cmcbssoz9000qe40camp6766a	cmcbssoz9000pe40ca1k1srql	10 Seater ( Toyota Hiace )	410.000000000000000000000000000000	1	410.000000000000000000000000000000	430.500000000000000000000000000000	430.500000000000000000000000000000
cmcbssoz9000se40ck4ql54x6	cmcbssoz9000re40cdqu1lt4j	Private	19.000000000000000000000000000000	4	76.000000000000000000000000000000	79.800000000000000000000000000000	79.800000000000000000000000000000
cmcbssoz9000te40cve9d7lys	cmcbssoz9000re40cdqu1lt4j	Private	19.000000000000000000000000000000	3	57.000000000000000000000000000000	59.850000000000000000000000000000	59.850000000000000000000000000000
cmcbssoz9000ve40cwjdqzogu	cmcbssoz9000ue40cndlgwgef	10 Seater ( Toyota Hiace )	250.000000000000000000000000000000	1	250.000000000000000000000000000000	262.500000000000000000000000000000	262.500000000000000000000000000000
cmcbssoz9000xe40c8zyst3sa	cmcbssoz9000we40cq98ersb0	TEN_SEATER	155.000000000000000000000000000000	1	155.000000000000000000000000000000	162.750000000000000000000000000000	162.750000000000000000000000000000
cmcbt03yd000ke5zk7nygvy6e	cmcbt03yd000je5zkfq0eaktc	10 Seater	430.000000000000000000000000000000	1	430.000000000000000000000000000000	451.500000000000000000000000000000	451.500000000000000000000000000000
cmcbt03yd000le5zko7fa32ve	cmcbt03yd000je5zkfq0eaktc	18 - Seater	485.000000000000000000000000000000	1	485.000000000000000000000000000000	509.250000000000000000000000000000	509.250000000000000000000000000000
cmcbt6unn001ae5zkybs2nnnx	cmcbt6unn0019e5zkp65i7mec	Sedan	40.000000000000000000000000000000	1	40.000000000000000000000000000000	42.000000000000000000000000000000	42.000000000000000000000000000000
cmcbt6unn001be5zku6p3fppf	cmcbt6unn0019e5zkp65i7mec	18 - Seater	130.000000000000000000000000000000	1	130.000000000000000000000000000000	136.500000000000000000000000000000	136.500000000000000000000000000000
cmcbtnit8000ne4s832gummss	cmcbtnit8000me4s8stfjainl	Sedan	70.000000000000000000000000000000	1	70.000000000000000000000000000000	77.700000000000000000000000000000	77.700000000000000000000000000000
cmcbtnyjw0013nnyfcwcllhml	cmcbtnyjw0012nnyfi5e36261	10 Seater	430.000000000000000000000000000000	1	430.000000000000000000000000000000	451.500000000000000000000000000000	451.500000000000000000000000000000
cmcbtnyjw0015nnyfprqggsa4	cmcbtnyjw0014nnyfjncz8rvd	18 - Seater	485.000000000000000000000000000000	1	485.000000000000000000000000000000	509.250000000000000000000000000000	509.250000000000000000000000000000
cmcbuslau0027nnyf17h56arb	cmcbuslau0026nnyf5tqywguy	10 Seater	430.000000000000000000000000000000	1	430.000000000000000000000000000000	451.500000000000000000000000000000	451.500000000000000000000000000000
cmcbvawwz000hnn16civ1wx8r	cmcbvawwz000gnn16yehzckj4	10 Seater	430.000000000000000000000000000000	2	860.000000000000000000000000000000	903.000000000000000000000000000000	903.000000000000000000000000000000
cmcbwhp4k001pnn16gfkf2spz	cmcbwhp4k001onn16b81foxb5	Sedan	140.000000000000000000000000000000	1	140.000000000000000000000000000000	147.000000000000000000000000000000	147.000000000000000000000000000000
cmcd2g9l9002enn16cc94h30j	cmcd2g9l9002dnn169n7o3goh	Sedan	100.000000000000000000000000000000	1	100.000000000000000000000000000000	105.000000000000000000000000000000	105.000000000000000000000000000000
cmcd2g9l9002gnn16kzw717cz	cmcd2g9l9002fnn16gts8z2ct	Sedan	110.000000000000000000000000000000	4	440.000000000000000000000000000000	462.000000000000000000000000000000	462.000000000000000000000000000000
cmceg7e9r0018e5gwc23hn1j0	cmceg7e9r0017e5gwi7afpbw1	18 Seater	830.000000000000000000000000000000	1	830.000000000000000000000000000000	871.500000000000000000000000000000	871.500000000000000000000000000000
cmceg7e9r001ae5gww4ooijr5	cmceg7e9r0019e5gwha694ppn	Others	400.000000000000000000000000000000	1	400.000000000000000000000000000000	420.000000000000000000000000000000	420.000000000000000000000000000000
cmceg7e9r0015e5gw5ukn5388	cmceg7e9r0014e5gwo978soel	10 Seater	430.000000000000000000000000000000	1	430.000000000000000000000000000000	451.500000000000000000000000000000	451.500000000000000000000000000000
cmceg7e9r0016e5gwogow8gi5	cmceg7e9r0014e5gwo978soel	18 - Seater	485.000000000000000000000000000000	1	485.000000000000000000000000000000	509.250000000000000000000000000000	509.250000000000000000000000000000
\.


--
-- Data for Name: BookingPriceDetailsAccommodation; Type: TABLE DATA; Schema: public; Owner: postgres
--

COPY public."BookingPriceDetailsAccommodation" (id, "accommodationId", "roomId", pax, price, "costPrice", "optionalPrice", quantity, "totalPrice", "totalPriceAfterMarkup", "quotePrice", category) FROM stdin;
cmcbtnit7000fe4s8mgf07ocl	cmcbtnit7000ee4s88unqmn90	cmbrlc45g00e5nn75a4w8gdl5	Adult	1437.000000000000000000000000000000	1437.000000000000000000000000000000	1437.000000000000000000000000000000	1	1437.000000000000000000000000000000	1580.700000000000000000000000000000	1580.700000000000000000000000000000	Per Room Per Night
cmcbtnit7000he4s85upn2vyq	cmcbtnit7000ge4s8gomgoiwj	cmbpbrci8006unn75e1nr6zmp	Adult	540.000000000000000000000000000000	\N	\N	1	540.000000000000000000000000000000	594.000000000000000000000000000000	594.000000000000000000000000000000	Per Room Per Night
cmcbtnit7000ie4s87a6zmnzx	cmcbtnit7000ge4s8gomgoiwj	cmbpbrci8006unn75e1nr6zmp	Child	180.000000000000000000000000000000	\N	\N	1	180.000000000000000000000000000000	198.000000000000000000000000000000	198.000000000000000000000000000000	Extra Bed
cmcbtnit8000je4s8l37wt57g	cmcbtnit7000ge4s8gomgoiwj	cmbpbrci8006unn75e1nr6zmp	Adult	65.000000000000000000000000000000	\N	\N	1	65.000000000000000000000000000000	71.500000000000000000000000000000	71.500000000000000000000000000000	Breakfast
cmcbtnit8000ke4s8xyom1hck	cmcbtnit7000ge4s8gomgoiwj	cmbpbrci8006unn75e1nr6zmp	Child	45.000000000000000000000000000000	\N	\N	1	45.000000000000000000000000000000	49.500000000000000000000000000000	49.500000000000000000000000000000	Child Breakfast
cmc4d7igt0001e5m8hm2u8uqh	cmc31dv4z0003e6hojks50hyd	\N	Adult	1494.480000000000000000000000000000	6466.500000000000000000000000000000	\N	1	1494.480000000000000000000000000000	1643.928000000000000000000000000000	1643.928000000000000000000000000000	Per Room Per Night
cmc35zeag0008e540006tb8nf	cmc3220sx0009e64wx259fq6t	cmbrkzh0a00dtnn75c4j91h9s	Adult	350.000000000000000000000000000000	350.000000000000000000000000000000	350.000000000000000000000000000000	2	1400.000000000000000000000000000000	1470.000000000000000000000000000000	367.500000000000000000000000000000	Per Room Per Night
cmc303hws0004e66oy7euw03u	cmc303hws0003e66o36zzqdto	cmbrldkk000ednn75973b8bsk	Adult	36900.000000000000000000000000000000	1845.000000000000000000000000000000	1845.000000000000000000000000000000	2	147600.000000000000000000000000000000	154980.000000000000000000000000000000	38745.000000000000000000000000000000	Per Room Per Night
cmc303hws0005e66oj7ngbi09	cmc303hws0003e66o36zzqdto	cmbrldkk000ednn75973b8bsk	Adult	7760.000000000000000000000000000000	388.000000000000000000000000000000	388.000000000000000000000000000000	1	15520.000000000000000000000000000000	16296.000000000000000000000000000000	8148.000000000000000000000000000000	Extra Bed
cmc2wxkue000ge66snz4t9kvm	cmc2wxkue000fe66sw52fmc1a	cmbrl0cni00dznn75cdk2ls6o	Adult	400.000000000000000000000000000000	400.000000000000000000000000000000	400.000000000000000000000000000000	2	1600.000000000000000000000000000000	1664.000000000000000000000000000000	416.000000000000000000000000000000	Per Room Per Night
cmc4e7kqd0007e4pciqdss8bb	cmc4e7kqd0006e4pc7ygijuh2	cmbrlcwvz00e8nn75lf7zrs4l	Adult	1641.000000000000000000000000000000	1641.000000000000000000000000000000	1641.000000000000000000000000000000	2	3282.000000000000000000000000000000	3282.000000000000000000000000000000	1641.000000000000000000000000000000	Per Room Per Night
cmc4e7kqd0008e4pcvc1qbrmo	cmc4e7kqd0006e4pc7ygijuh2	cmbrlcwvz00e8nn75lf7zrs4l	Adult	388.000000000000000000000000000000	388.000000000000000000000000000000	388.000000000000000000000000000000	1	388.000000000000000000000000000000	388.000000000000000000000000000000	388.000000000000000000000000000000	Extra Bed
cmc4e7kqd000ae4pcx7rnx7dq	cmc4e7kqd0009e4pc8mb7cu86	\N	Adult	350.000000000000000000000000000000	\N	\N	2	700.000000000000000000000000000000	700.000000000000000000000000000000	350.000000000000000000000000000000	Per Room Per Night
cmc4noa4l000ee44gfdh3xrf6	cmc4noa4l000de44gk9tdmolb	cmbpbm7yk006qnn75ikpksqxr	Adult	495.000000000000000000000000000000	24.750000000000000000000000000000	24.750000000000000000000000000000	1	495.000000000000000000000000000000	495.000000000000000000000000000000	495.000000000000000000000000000000	Per Room Per Night
cmc4noa4l000ge44gg5jufabb	cmc4noa4l000fe44giuf3upku	cmbacmca0000knnyibs8xae11	Adult	419.000000000000000000000000000000	20.950000000000000000000000000000	20.950000000000000000000000000000	1	419.000000000000000000000000000000	419.000000000000000000000000000000	419.000000000000000000000000000000	Per Room Per Night
cmc5wpfum0004e55wa1qh3fh8	cmc5wpfum0003e55wq7kfu9tq	cmbrlcwvz00e8nn75lf7zrs4l	Adult	1641.000000000000000000000000000000	1641.000000000000000000000000000000	1641.000000000000000000000000000000	2	6564.000000000000000000000000000000	6892.200000000000000000000000000000	1723.050000000000000000000000000000	Per Room Per Night
cmc5wpfun0006e55w8fjdnbn0	cmc5wpfun0005e55wjsatslcu	cmbrkzh0a00dtnn75c4j91h9s	Adult	350.000000000000000000000000000000	\N	\N	1	350.000000000000000000000000000000	385.000000000000000000000000000000	385.000000000000000000000000000000	Per Room Per Night
cmc8vqure0007e490w70lorzb	cmc8vqure0006e490d83cz5ih	cmbrlcwvz00e8nn75lf7zrs4l	Adult	1641.000000000000000000000000000000	1641.000000000000000000000000000000	1641.000000000000000000000000000000	1	1641.000000000000000000000000000000	1805.100000000000000000000000000000	1805.100000000000000000000000000000	Per Room Per Night
cmc8ycbr80008e6344repfm1v	cmc8ycbr80007e634k3c6r9m0	\N	Adult	350.000000000000000000000000000000	\N	\N	2	1400.000000000000000000000000000000	1470.000000000000000000000000000000	367.500000000000000000000000000000	Per Room Per Night
cmc8ycbr8000ae63401q0xtk1	cmc8ycbr80009e6346bany36q	\N	Adult	350.000000000000000000000000000000	\N	\N	2	2100.000000000000000000000000000000	2205.000000000000000000000000000000	367.500000000000000000000000000000	Per Room Per Night
cmca6wosw0014nnpuxzkhx419	cmca6wosw0013nnpuv9d96r6e	cmaf42psf0013nn9ibkowvr6c	Adult	265.000000000000000000000000000000	265.000000000000000000000000000000	265.000000000000000000000000000000	1	4240.000000000000000000000000000000	4452.000000000000000000000000000000	278.250000000000000000000000000000	Per Room Per Night
cmca8c3ae000fe66gks0wv1hj	cmca8c3ae000ee66g3g5dwwcj	cmbrkzh0a00dtnn75c4j91h9s	Adult	350.000000000000000000000000000000	350.000000000000000000000000000000	350.000000000000000000000000000000	1	350.000000000000000000000000000000	367.500000000000000000000000000000	367.500000000000000000000000000000	Per Room Per Night
cmca8c3af000ge66gbv6o8ql2	cmca8c3ae000ee66g3g5dwwcj	cmbrkzh0a00dtnn75c4j91h9s	Adult	56.000000000000000000000000000000	56.000000000000000000000000000000	56.000000000000000000000000000000	1	56.000000000000000000000000000000	58.800000000000000000000000000000	58.800000000000000000000000000000	Breakfast
cmcad1lnf000he6t8n5zuu3im	cmcad1lnf000ge6t8zssisfft	cmbrkzh0a00dtnn75c4j91h9s	Adult	350.000000000000000000000000000000	350.000000000000000000000000000000	350.000000000000000000000000000000	3	1050.000000000000000000000000000000	1102.500000000000000000000000000000	367.500000000000000000000000000000	Per Room Per Night
cmcad1lng000ie6t8jxn97agc	cmcad1lnf000ge6t8zssisfft	cmbrkzh0a00dtnn75c4j91h9s	Adult	56.000000000000000000000000000000	56.000000000000000000000000000000	56.000000000000000000000000000000	2	112.000000000000000000000000000000	117.600000000000000000000000000000	58.800000000000000000000000000000	Breakfast
cmcad1lng000je6t88x9i2yj0	cmcad1lnf000ge6t8zssisfft	cmbrkzh0a00dtnn75c4j91h9s	Child	42.000000000000000000000000000000	42.000000000000000000000000000000	42.000000000000000000000000000000	1	42.000000000000000000000000000000	44.100000000000000000000000000000	44.100000000000000000000000000000	Child Breakfast
cmcaect3a000ge660c013w30t	cmcaect3a000fe660rf7x82jq	cmaywnsy000ahnnwpoupfppth	Adult	308.000000000000000000000000000000	308.000000000000000000000000000000	308.000000000000000000000000000000	3	0.000000000000000000000000000000	0.000000000000000000000000000000	323.400000000000000000000000000000	Per Room Per Night
cmcaect3a000he660cquarid1	cmcaect3a000fe660rf7x82jq	cmaywnsy000ahnnwpoupfppth	Adult	42.500000000000000000000000000000	42.500000000000000000000000000000	42.500000000000000000000000000000	3	0.000000000000000000000000000000	0.000000000000000000000000000000	44.630000000000000000000000000000	Breakfast
cmcaepz8g0013e660lbuuywzi	cmcaepz8f0012e660qekh2qmf	cmbpbrci8006unn75e1nr6zmp	Adult	540.000000000000000000000000000000	540.000000000000000000000000000000	540.000000000000000000000000000000	5	5400.000000000000000000000000000000	5670.000000000000000000000000000000	567.000000000000000000000000000000	Per Room Per Night
cmcaepz8g0014e660tetuptlk	cmcaepz8f0012e660qekh2qmf	cmbpbrci8006unn75e1nr6zmp	Adult	65.000000000000000000000000000000	65.000000000000000000000000000000	65.000000000000000000000000000000	3	390.000000000000000000000000000000	409.500000000000000000000000000000	68.250000000000000000000000000000	Breakfast
cmcaepz8g0015e660e27mbbex	cmcaepz8f0012e660qekh2qmf	cmbpbrci8006unn75e1nr6zmp	Child	45.000000000000000000000000000000	45.000000000000000000000000000000	45.000000000000000000000000000000	2	180.000000000000000000000000000000	189.000000000000000000000000000000	47.250000000000000000000000000000	Child Breakfast
cmcbs74o4000ee4lkxs38wp1b	cmcbs74o3000de4lkj4srxn7i	cmalzz1bz002jnnut3gshn7zr	Adult	245.000600000000000000000000000000	\N	\N	1	2450.006000000000000000000000000000	2450.006000000000000000000000000000	245.000600000000000000000000000000	Per Room Per Night
cmcbs74o4000ge4lkgkihgb38	cmcbs74o4000fe4lkrdakkogj	cmb7t25ag004lnn4a2z2ea14m	Adult	419.016000000000000000000000000000	\N	\N	1	419.016000000000000000000000000000	460.917600000000000000000000000000	460.917600000000000000000000000000	Per Room Per Night
cmcbs74o4000he4lkq7cit6m8	cmcbs74o4000fe4lkrdakkogj	cmb7t25ag004lnn4a2z2ea14m	Adult	61.482200000000000000000000000000	\N	\N	1	61.482200000000000000000000000000	67.670199999999990000000000000000	67.670199999999990000000000000000	Breakfast
cmcbs74o4000ie4lktpv4psdt	cmcbs74o4000fe4lkrdakkogj	cmb7t25ag004lnn4a2z2ea14m	Child	40.001000000000000000000000000000	\N	\N	1	40.001000000000000000000000000000	43.979000000000000000000000000000	43.979000000000000000000000000000	Child Breakfast
cmcbssoz8000ke40c5djxmblz	cmcbssoz7000je40c7ubo3jjw	cmb7t25ag004lnn4a2z2ea14m	Adult	419.000000000000000000000000000000	\N	\N	1	419.000000000000000000000000000000	460.900000000000000000000000000000	460.900000000000000000000000000000	Per Room Per Night
cmcbssoz8000le40cr3mwf992	cmcbssoz7000je40c7ubo3jjw	cmb7t25ag004lnn4a2z2ea14m	Adult	61.500000000000000000000000000000	\N	\N	1	61.500000000000000000000000000000	67.650000000000010000000000000000	67.650000000000010000000000000000	Breakfast
cmcbt03yc000he5zk1o9be472	cmcbt03yc000ge5zkke747o48	cmcbsyv3g000jnnyf1wdwjxnb	Adult	54.000000000000000000000000000000	54.000000000000000000000000000000	54.000000000000000000000000000000	1	108.000000000000000000000000000000	113.400000000000000000000000000000	56.700000000000000000000000000000	Per Room Per Night
cmcbt6unm0016e5zk9a02lb97	cmcbt6unm0015e5zk3ea6vm9t	cmc8wztio000he4900rd3vhkt	Adult	139.000000000000000000000000000000	139.000000000000000000000000000000	0.000000000000000000000000000000	1	278.000000000000000000000000000000	291.900000000000000000000000000000	145.950000000000000000000000000000	Per Room Per Night
cmcbt6unm0017e5zkeudblj6x	cmcbt6unm0015e5zk3ea6vm9t	cmc8wztio000he4900rd3vhkt	Adult	50.000000000000000000000000000000	50.000000000000000000000000000000	0.000000000000000000000000000000	1	100.000000000000000000000000000000	105.000000000000000000000000000000	52.500000000000000000000000000000	Surcharge
cmcbt8zgl000fe4fctb9nzaqi	cmcbt8zgl000ee4fcokvghrxv	cmbrlc45g00e5nn75a4w8gdl5	Adult	1436.988000000000000000000000000000	\N	\N	1	1436.988000000000000000000000000000	1724.394000000000000000000000000000	1724.394000000000000000000000000000	Per Room Per Night
cmcbt8zgl000he4fc71wq6xei	cmcbt8zgl000ge4fcq39rk9gf	cmbpbrci8006unn75e1nr6zmp	Adult	539.994000000000000000000000000000	\N	\N	1	539.994000000000000000000000000000	594.006000000000100000000000000000	594.006000000000100000000000000000	Per Room Per Night
cmcbt8zgm000ie4fcsqe5etp2	cmcbt8zgl000ge4fcq39rk9gf	cmbpbrci8006unn75e1nr6zmp	Child	180.012000000000000000000000000000	\N	\N	1	180.012000000000000000000000000000	197.988000000000000000000000000000	197.988000000000000000000000000000	Extra Bed
cmcbt8zgm000je4fc1g17mswb	cmcbt8zgl000ge4fcq39rk9gf	cmbpbrci8006unn75e1nr6zmp	Adult	65.016000000000010000000000000000	\N	\N	1	65.016000000000010000000000000000	71.483999999999990000000000000000	71.483999999999990000000000000000	Breakfast
cmcbt8zgm000ke4fcilhcv0ti	cmcbt8zgl000ge4fcq39rk9gf	cmbpbrci8006unn75e1nr6zmp	Child	44.982000000000010000000000000000	\N	\N	1	44.982000000000010000000000000000	49.518000000000000000000000000000	49.518000000000000000000000000000	Child Breakfast
cmcbu6k1t001innyfduq6rq83	cmcbu6k1t001hnnyf6n7scjaj	cm9wl8eb90080nnpp8qynnjap	Adult	175.000000000000000000000000000000	175.000000000000000000000000000000	175.000000000000000000000000000000	2	5950.000000000000000000000000000000	6247.500000000000000000000000000000	183.750000000000000000000000000000	Per Room Per Night
cmcbuslau0021nnyf89182oy3	cmcbuslau0020nnyfcajswema	cmcbsyv3g000jnnyf1wdwjxnb	Adult	54.000000000000000000000000000000	54.000000000000000000000000000000	54.000000000000000000000000000000	1	54.000000000000000000000000000000	56.700000000000000000000000000000	56.700000000000000000000000000000	Per Room Per Night
cmcbtrt3c000be41wau3wz6mx	cmcbtrt3c000ae41wj2tak4ob	cmbrlc45g00e5nn75a4w8gdl5	Adult	1437.000000000000000000000000000000	1437.000000000000000000000000000000	1437.000000000000000000000000000000	5	7185.000000000000000000000000000000	7544.250000000000000000000000000000	1508.850000000000000000000000000000	Per Room Per Night
cmcbuslau0022nnyfy0ffpeec	cmcbuslau0020nnyfcajswema	cmcbsyv3g000jnnyf1wdwjxnb	Adult	12.000000000000000000000000000000	12.000000000000000000000000000000	12.000000000000000000000000000000	1	12.000000000000000000000000000000	12.600000000000000000000000000000	12.600000000000000000000000000000	Surcharge
cmcbuslau0024nnyf6yocvic2	cmcbuslau0023nnyfhkyapdri	cmbrlc45g00e5nn75a4w8gdl5	Adult	1437.000000000000000000000000000000	1437.000000000000000000000000000000	1437.000000000000000000000000000000	1	1437.000000000000000000000000000000	1508.850000000000000000000000000000	1508.850000000000000000000000000000	Per Room Per Night
cmcbvawwy000enn16orztmc8z	cmcbvawwy000dnn16yqcv0bsi	cmbrlc45g00e5nn75a4w8gdl5	Adult	1437.000000000000000000000000000000	1437.000000000000000000000000000000	1437.000000000000000000000000000000	2	2874.000000000000000000000000000000	3017.700000000000000000000000000000	1508.850000000000000000000000000000	Per Room Per Night
cmcbtrt3c000de41wb48gwqh0	cmcbtrt3c000ce41w50z7fuhl	cmbpbrci8006unn75e1nr6zmp	Adult	540.000000000000000000000000000000	\N	\N	1	540.000000000000000000000000000000	594.000000000000000000000000000000	594.000000000000000000000000000000	Per Room Per Night
cmcbtrt3c000ee41wl0vv564k	cmcbtrt3c000ce41w50z7fuhl	cmbpbrci8006unn75e1nr6zmp	Child	180.000000000000000000000000000000	\N	\N	1	180.000000000000000000000000000000	198.000000000000000000000000000000	198.000000000000000000000000000000	Extra Bed
cmcbtrt3c000fe41wfaitmtxi	cmcbtrt3c000ce41w50z7fuhl	cmbpbrci8006unn75e1nr6zmp	Adult	65.000000000000000000000000000000	\N	\N	1	65.000000000000000000000000000000	71.500000000000000000000000000000	71.500000000000000000000000000000	Breakfast
cmcbtrt3c000ge41wjk1z9zz4	cmcbtrt3c000ce41w50z7fuhl	cmbpbrci8006unn75e1nr6zmp	Child	45.000000000000000000000000000000	\N	\N	1	45.000000000000000000000000000000	49.500000000000000000000000000000	49.500000000000000000000000000000	Child Breakfast
cmcbvh035000vnn16uojj4trj	cmcbvh035000unn16xxr2btgc	cmcbsyv3g000jnnyf1wdwjxnb	Adult	54.000000000000000000000000000000	54.000000000000000000000000000000	54.000000000000000000000000000000	4	432.000000000000000000000000000000	453.600000000000000000000000000000	56.700000000000000000000000000000	Per Room Per Night
cmcbvh035000wnn164af3ci37	cmcbvh035000unn16xxr2btgc	cmcbsyv3g000jnnyf1wdwjxnb	Adult	12.000000000000000000000000000000	12.000000000000000000000000000000	12.000000000000000000000000000000	1	12.000000000000000000000000000000	12.600000000000000000000000000000	12.600000000000000000000000000000	Surcharge
cmcbwhp4k001inn16lw7tpxus	cmcbwhp4j001hnn16xw40zh4c	cma0ufwyd00fonnppdaiyc6w5	Adult	540.000000000000000000000000000000	540.000000000000000000000000000000	540.000000000000000000000000000000	1	1080.000000000000000000000000000000	1134.000000000000000000000000000000	567.000000000000000000000000000000	Per Room Per Night
cmcbwhp4k001jnn16kwvj8i5n	cmcbwhp4j001hnn16xw40zh4c	cma0ufwyd00fonnppdaiyc6w5	Adult	96.000000000000000000000000000000	96.000000000000000000000000000000	96.000000000000000000000000000000	1	192.000000000000000000000000000000	201.600000000000000000000000000000	100.800000000000000000000000000000	Extra Bed
cmcbwhp4k001knn167qu9jg15	cmcbwhp4j001hnn16xw40zh4c	cma0ufwyd00fonnppdaiyc6w5	Child	86.000000000000000000000000000000	86.000000000000000000000000000000	86.000000000000000000000000000000	1	172.000000000000000000000000000000	180.600000000000000000000000000000	90.300000000000000000000000000000	Extra Bed
cmcbwhp4k001lnn1694nyqks2	cmcbwhp4j001hnn16xw40zh4c	cma0ufwyd00fonnppdaiyc6w5	Adult	72.000000000000000000000000000000	72.000000000000000000000000000000	72.000000000000000000000000000000	1	144.000000000000000000000000000000	151.200000000000000000000000000000	75.599999999999990000000000000000	Breakfast
cmcbwhp4k001mnn16ruq0exuw	cmcbwhp4j001hnn16xw40zh4c	cma0ufwyd00fonnppdaiyc6w5	Child	36.000000000000000000000000000000	36.000000000000000000000000000000	36.000000000000000000000000000000	1	72.000000000000000000000000000000	75.599999999999990000000000000000	37.800000000000000000000000000000	Child Breakfast
cmcbt8zgl000de4fcb7aho5ge	cmcbt8zgl000ce4fcax9yk23g	cmbrlc45g00e5nn75a4w8gdl5	Adult	1436.988000000000000000000000000000	6035.400000000001000000000000000000	6035.400000000001000000000000000000	1	1436.988000000000000000000000000000	1508.850000000000000000000000000000	1508.850000000000000000000000000000	Per Room Per Night
cmc8y1wqo0004e60g4knp5g6n	cmc8y1wqo0003e60gd63pi99q	cmbrlc45g00e5nn75a4w8gdl5	Adult	1437.000000000000000000000000000000	1437.000000000000000000000000000000	1437.000000000000000000000000000000	2	5748.000000000000000000000000000000	6035.400000000000000000000000000000	1508.850000000000000000000000000000	Per Room Per Night
cmc8ycbr80005e63460pbarwl	cmc8ycbr80004e634m179epjr	cmbrlcwvz00e8nn75lf7zrs4l	Adult	1641.000000000000000000000000000000	1641.000000000000000000000000000000	1641.000000000000000000000000000000	2	3282.000000000000000000000000000000	3446.100000000000000000000000000000	1723.050000000000000000000000000000	Per Room Per Night
cmc8ycbr80006e634xewftc1n	cmc8ycbr80004e634m179epjr	cmbrlcwvz00e8nn75lf7zrs4l	Adult	388.000000000000000000000000000000	388.000000000000000000000000000000	388.000000000000000000000000000000	1	388.000000000000000000000000000000	407.400000000000000000000000000000	407.400000000000000000000000000000	Extra Bed
cmcd2g9l9002bnn169274fga5	cmcd2g9l9002ann16jrhy5jno	cm9wlduhq0088nnpp3cq3o6tg	Adult	195.000000000000000000000000000000	195.000000000000000000000000000000	195.000000000000000000000000000000	3	7020.000000000000000000000000000000	7371.000000000000000000000000000000	204.750000000000000000000000000000	Per Room Per Night
cmcd54j51000de4b4jgyh7vnv	cmcd54j51000ce4b425hmlwzd	cmbpbrci8006unn75e1nr6zmp	Adult	540.000000000000000000000000000000	540.000000000000000000000000000000	540.000000000000000000000000000000	1	540.000000000000000000000000000000	567.000000000000000000000000000000	567.000000000000000000000000000000	Per Room Per Night
cmcd54j51000ee4b4ti1a42lo	cmcd54j51000ce4b425hmlwzd	cmbpbrci8006unn75e1nr6zmp	Child	180.000000000000000000000000000000	180.000000000000000000000000000000	180.000000000000000000000000000000	2	360.000000000000000000000000000000	378.000000000000000000000000000000	189.000000000000000000000000000000	Extra Bed
cmcd54j51000fe4b4pemzwv3y	cmcd54j51000ce4b425hmlwzd	cmbpbrci8006unn75e1nr6zmp	Adult	65.000000000000000000000000000000	65.000000000000000000000000000000	65.000000000000000000000000000000	1	65.000000000000000000000000000000	68.250000000000000000000000000000	68.250000000000000000000000000000	Breakfast
cmcd54j51000ge4b44w0m534a	cmcd54j51000ce4b425hmlwzd	cmbpbrci8006unn75e1nr6zmp	Child	45.000000000000000000000000000000	45.000000000000000000000000000000	45.000000000000000000000000000000	1	45.000000000000000000000000000000	47.250000000000000000000000000000	47.250000000000000000000000000000	Child Breakfast
cmcd5jonj000ce4h45om1bl6x	cmcd5jonj000be4h4ck9cuhyq	cmbrlcwvz00e8nn75lf7zrs4l	Adult	1641.000000000000000000000000000000	1641.000000000000000000000000000000	1641.000000000000000000000000000000	1	1641.000000000000000000000000000000	1723.050000000000000000000000000000	1723.050000000000000000000000000000	Per Room Per Night
cmcd5jonj000de4h4dmpwly0c	cmcd5jonj000be4h4ck9cuhyq	cmbrlcwvz00e8nn75lf7zrs4l	Adult	388.000000000000000000000000000000	388.000000000000000000000000000000	388.000000000000000000000000000000	2	776.000000000000000000000000000000	814.800000000000000000000000000000	407.400000000000000000000000000000	Extra Bed
cmcd5jonj000ee4h4wcqh89i9	cmcd5jonj000be4h4ck9cuhyq	cmbrlcwvz00e8nn75lf7zrs4l	Child	388.000000000000000000000000000000	388.000000000000000000000000000000	388.000000000000000000000000000000	1	388.000000000000000000000000000000	407.400000000000000000000000000000	407.400000000000000000000000000000	Extra Bed
cmceg7e9q000te5gwcgss1dyw	cmceg7e9q000se5gww0eb2lr7	cmaxn83he0049nnwpzlrg9zc2	Adult	240.000000000000000000000000000000	240.000000000000000000000000000000	240.000000000000000000000000000000	1	720.000000000000000000000000000000	756.000000000000000000000000000000	252.000000000000000000000000000000	Per Room Per Night
cmceg7e9q000ue5gwrv35vsi9	cmceg7e9q000se5gww0eb2lr7	cmaxn83he0049nnwpzlrg9zc2	Adult	30.000000000000000000000000000000	30.000000000000000000000000000000	30.000000000000000000000000000000	1	90.000000000000000000000000000000	94.500000000000000000000000000000	31.500000000000000000000000000000	Breakfast
cmceg7e9q000ve5gw3zbc0ubh	cmceg7e9q000se5gww0eb2lr7	cmaxn83he0049nnwpzlrg9zc2	Child	20.000000000000000000000000000000	20.000000000000000000000000000000	20.000000000000000000000000000000	1	60.000000000000000000000000000000	63.000000000000000000000000000000	21.000000000000000000000000000000	Child Breakfast
cmceg7e9q000xe5gwp0vxu78k	cmceg7e9q000we5gw896m8f6y	cmaxjyijg000hnnwplbi0lzn3	Adult	170.000000000000000000000000000000	170.000000000000000000000000000000	170.000000000000000000000000000000	1	170.000000000000000000000000000000	178.500000000000000000000000000000	178.500000000000000000000000000000	Per Room Per Night
cmceg7e9q000ye5gwbjlfpwai	cmceg7e9q000we5gw896m8f6y	cmaxjyijg000hnnwplbi0lzn3	Adult	100.000000000000000000000000000000	100.000000000000000000000000000000	100.000000000000000000000000000000	1	100.000000000000000000000000000000	105.000000000000000000000000000000	105.000000000000000000000000000000	Extra Bed
cmceg7e9q0010e5gwldcpgzqe	cmceg7e9q000ze5gw07op1h87	cmakru3t800c2nnb19xihrdra	Adult	290.000000000000000000000000000000	290.000000000000000000000000000000	290.000000000000000000000000000000	1	580.000000000000000000000000000000	609.000000000000000000000000000000	304.500000000000000000000000000000	Per Room Per Night
cmceg7e9q0011e5gwwbomrqru	cmceg7e9q000ze5gw07op1h87	cmakru3t800c2nnb19xihrdra	Child	45.000000000000000000000000000000	45.000000000000000000000000000000	45.000000000000000000000000000000	1	90.000000000000000000000000000000	94.500000000000000000000000000000	47.250000000000000000000000000000	Child Breakfast
cmceg7e9q0012e5gwjd9cdj4p	cmceg7e9q000ze5gw07op1h87	cmakru3t800c2nnb19xihrdra	Adult	98.000000000000000000000000000000	98.000000000000000000000000000000	98.000000000000000000000000000000	1	196.000000000000000000000000000000	205.800000000000000000000000000000	102.900000000000000000000000000000	Extra Bed
\.


--
-- Data for Name: Document; Type: TABLE DATA; Schema: public; Owner: postgres
--

COPY public."Document" (id, name, type, "fileUrl", "fileType", size, "uploadedOn", "uploadedBy", "leadId", "createdAt", "updatedAt", "bookingId") FROM stdin;
h9QX-rj_xuOKYllBEKQqB	Screenshot 2025-03-12 165543.png	payment	https://sscloud.sixthstar.org/webim/customer-documents/document-1750316769796-411807926.png	png	0.02 MB	2025-06-19 07:06:11.709	User	XLB3Cxa4J1oHwZvvkxSN1	2025-06-19 07:06:11.711	2025-06-19 07:06:11.709	\N
qU_6g5jzfVSJDHMwhTveb	leads-followps.png	flight	https://sscloud.sixthstar.org/webim/customer-documents/document-1751015915199-378527304.png	png	0.07 MB	2025-06-27 09:18:37.672	Admin	nYTtGNP9x2ladOaFBIXhM	2025-06-27 09:18:37.673	2025-06-27 09:18:37.672	\N
\.


--
-- Data for Name: FinalItineraryItem; Type: TABLE DATA; Schema: public; Owner: postgres
--

COPY public."FinalItineraryItem" (id, "bookingId", day, activity, location, "time", "createdAt", "updatedAt", notes, "sourceId", "sourceType") FROM stdin;
cmc36yenl000ae54080q57u2f	cmc31dv4z0002e6hotik68tfz	1	Play game -test	testing	15:00	2025-06-19 09:41:19.625	2025-06-19 09:41:19.625	its testing	\N	MANUAL
cmc4gbysx0001e6skk7ph2n1d	cmc4e7kqc0005e4pcmoc5tn9z	2	Check-out: The Banjaran Hotsprings Retreat, Ipoh	Kinta Sunway Resort Sdn Bhd	12:00	2025-06-20 06:51:34.983	2025-06-20 06:51:34.983	hi	cmc4e7kqd0006e4pc7ygijuh2	ACCOMMODATION
cmc8w29mn0001e5dosno0gebr	cmc8vqure0005e490qsrat74u	3	testing 	testing	09:00	2025-06-23 09:23:01.012	2025-06-23 09:23:01.012	testing	\N	MANUAL
cmc8wpqib0003e5dol0xgtt0o	cmc8vqure0005e490qsrat74u	3	testing 2	testing 2	09:00	2025-06-23 09:41:15.978	2025-06-23 09:41:15.978	testing 2	\N	MANUAL
cmc8wup5c0005e5dofvwj3jdp	cmc8vqure0005e490qsrat74u	3	test3	test3	09:00	2025-06-23 09:45:07.483	2025-06-23 09:45:07.483	test3	\N	MANUAL
cmc91rry3000pe490i95ngjfc	cmc8ycbr70003e634f14u3b3l	1	Pick up from Airport	KUL-T1	09:00	2025-06-23 12:02:49.233	2025-06-23 12:03:56.291	Flight No :6E 1037	\N	MANUAL
cmca76nbp001bnnpucl4bmi2f	cmca6wosw0012nnpup8h2e94i	2	Lunch @ Indian Restaurant	\N	09:00	2025-06-24 07:22:07.381	2025-06-24 07:22:07.381	\N	\N	MANUAL
cmcaear5y0002e4s48dwt8r75	cmcad1lnf000fe6t8vyuyhtot	3	One Way Transfer from KLIA - Genting Highlands Hotel + Enroute Batu Caves (2 Hours)	Transfers	10:00	2025-06-24 10:41:16.238	2025-06-24 10:41:16.238	\N	cmcad1lng000le6t862sjpcoi	BOOKING_ITINERARY
cmcbt85wp000nnnyfq1p6w0hf	cmcbssoz7000ie40csoype0wh	1	enroute lunch	\N	02:00	2025-06-25 10:26:55.828	2025-06-25 10:26:55.828	\N	\N	MANUAL
\.


--
-- Data for Name: FollowUp; Type: TABLE DATA; Schema: public; Owner: postgres
--

COPY public."FollowUp" (id, date, "oldStage", "newStage", notes, "leadId", "userName") FROM stdin;
cmc1xpmfj000gvlpgguvxk15q	2025-06-18 12:34:47.014	new_lead	new_lead	Lead created	cmc1xpmff000fvlpg5ydga6jt	ssworld
cmc1xs02q000ovlpg7he9i7vl	2025-06-18 12:36:38.115	new_lead	quotation_created	Quotation QT-575873-AGT1891 created.	cmc1xpmff000fvlpg5ydga6jt	ssworld
cmc2w016x0002e540z5erx9s7	2025-06-19 04:34:39.709	new_lead	new_lead	Lead created	cmc2w016x0001e5403tzeb70a	ssworld
cmc2wwzk6000be66sqp6frjzo	2025-06-19 05:00:17.286	new_lead	quotation_created	Quotation created	cmc2w016x0001e5403tzeb70a	Admin
cmc2wxjuj000ce66sn64u3rl0	2025-06-19 05:00:43.579	quotation_created	quotation_accepted	Quotation QT-166650-AGT1891 accepted.	cmc2w016x0001e5403tzeb70a	Admin
ea97bf1b-38e2-483a-beda-ab3dfb50e441	2025-06-19 05:03:35.606	quotation_accepted	assigned_to_operations	Assigned to sixthstaroperation, Operation Team	cmc2w016x0001e5403tzeb70a	Admin
cmc2yahah0000e6rcplmoxwq6	2025-06-19 05:38:46.409	new_lead	new_lead	Lead created	E0G1vjtB24UnH6SG44CP-	sales-team
cmc2yahs80002e6rcl57hzwr9	2025-06-19 05:38:47.049	new_lead	new_lead	Lead Created	E0G1vjtB24UnH6SG44CP-	\N
cmc2ybjfr0009e6rccdlnx8ey	2025-06-19 05:39:35.848	new_lead	quotation_created	Quotation created	E0G1vjtB24UnH6SG44CP-	sales-team
cmc303hb90000e66ombbd1rhs	2025-06-19 06:29:19.077	quotation_created	quotation_accepted	Quotation QT-409040-TATGH accepted.	E0G1vjtB24UnH6SG44CP-	Admin
eec3998b-dd1e-49a8-8235-ae7236a7d492	2025-06-19 06:29:30.5	quotation_accepted	assigned_to_operations	Assigned to sixthstaroperation, Operation Team	E0G1vjtB24UnH6SG44CP-	Admin
cmc31b05e0007e540xgr36672	2025-06-19 07:03:09.698	new_lead	new_lead	Lead Created	XLB3Cxa4J1oHwZvvkxSN1	\N
cmc31dubr0000e6hofab49b1r	2025-06-19 07:05:22.119	quotation_created	quotation_accepted	Quotation QT-575873-AGT1891 accepted.	cmc1xpmff000fvlpg5ydga6jt	Admin
e3ab9173-135e-4cf1-93bb-47f3c5ef411a	2025-06-19 07:05:44.898	quotation_accepted	assigned_to_operations	Assigned to sixthstaroperation, Operation Team	cmc1xpmff000fvlpg5ydga6jt	Admin
cmc321y6w0005e64wvt6ioxdu	2025-06-19 07:24:06.873	new_lead	quotation_created	Quotation created	XLB3Cxa4J1oHwZvvkxSN1	Admin
cmc32205r0006e64wxlwmrytg	2025-06-19 07:24:09.423	quotation_created	quotation_accepted	Quotation QT-251378-TEST901 accepted.	XLB3Cxa4J1oHwZvvkxSN1	Admin
232b0f79-da51-4709-b81f-57a005c41e6c	2025-06-19 07:24:21.656	quotation_accepted	assigned_to_operations	Assigned to sixthstaroperation, Operation Team	XLB3Cxa4J1oHwZvvkxSN1	Admin
563b4115-4ebc-46e3-b357-dab2dc5c0565	2025-06-19 08:57:12.172	assigned_to_operations	assigned_to_assessment	Assigned to Test Assignment for assessment.	XLB3Cxa4J1oHwZvvkxSN1	Admin
02c25741-77cd-4825-989b-bcd1f0bd6315	2025-06-19 08:58:58.555	assigned_to_operations	assigned_to_assessment	Assigned to Test Assignment for assessment.	E0G1vjtB24UnH6SG44CP-	Admin
cmc36dxzb0001e64of6iftsn6	2025-06-19 09:25:24.934	new_lead	new_lead	Lead created	cbU-5Q5YpVGJGk9oI1t_o	sales-team
cmc36dyfi0003e64osrckvw85	2025-06-19 09:25:25.518	new_lead	new_lead	Lead Created	cbU-5Q5YpVGJGk9oI1t_o	\N
cmc36f0ms000ee64o95sl0d8m	2025-06-19 09:26:15.028	new_lead	quotation_created	Quotation created	cbU-5Q5YpVGJGk9oI1t_o	sales-team
cc654aae-3ce4-4fe7-b639-d1c80949c88f	2025-06-19 09:37:59.066	assigned_to_assessment	assigned_to_assessment	Assigned to Test Assignment for assessment.	cmc1xpmff000fvlpg5ydga6jt	Admin
cmc4cu1md0000e6dwh19ur8yi	2025-06-20 05:13:40.021	new_lead	new_lead	Lead created	jW-ixxBMFVnoiOH7Iu6Ta	sales-team
cmc4cu24b0002e6dw3q7rbyvl	2025-06-20 05:13:40.667	new_lead	new_lead	Lead Created	jW-ixxBMFVnoiOH7Iu6Ta	\N
cmc4cztja000de6dwvvkne5yf	2025-06-20 05:18:09.478	new_lead	quotation_created	Quotation created	jW-ixxBMFVnoiOH7Iu6Ta	sales-team
cmc4e7jsu0003e4pc0u8a3cfd	2025-06-20 05:52:09.727	quotation_created	quotation_accepted	Quotation QT-768032-TSW-D1 accepted.	cbU-5Q5YpVGJGk9oI1t_o	Admin
cmc4jwwet000de4j49lbjr6yh	2025-06-20 08:31:50.549	quotation_created	quotation_created	Quotation created	jW-ixxBMFVnoiOH7Iu6Ta	Admin
cmc4n3xjr0000e51k2uc2kw1u	2025-06-20 10:01:17.422	new_lead	new_lead	Lead created	m9FU_bbhLe8-CjEVM6l7v	Admin
cmc4nbydk000ee51kkzckwf7z	2025-06-20 10:07:31.785	new_lead	quotation_created	Quotation created	m9FU_bbhLe8-CjEVM6l7v	Admin
cmc4no8zr000ae44g28ba8lzw	2025-06-20 10:17:05.415	quotation_created	quotation_accepted	Quotation QT-540386-TSW accepted.	jW-ixxBMFVnoiOH7Iu6Ta	Admin
cmc4or3ua000pe51kcyn27z2z	2025-06-20 10:47:18.321	new_lead	new_lead	Lead created	_FX068hYBXIT0I6qXFx97	sales-team
cmc4or4ah000re51k4ceqgbzv	2025-06-20 10:47:18.905	new_lead	new_lead	Lead Created	_FX068hYBXIT0I6qXFx97	\N
cmc4osx2c0011e51kupx8lc48	2025-06-20 10:48:42.852	new_lead	quotation_created	Quotation created	_FX068hYBXIT0I6qXFx97	Admin
cmc4p16md002pe44gflqe5dxo	2025-06-20 10:55:08.485	quotation_created	quotation_created	Quotation created	_FX068hYBXIT0I6qXFx97	Admin
cmc4r3ilc002ze44gbrxpmnt4	2025-06-20 11:52:56.544	quotation_created	quotation_created	Quotation created	_FX068hYBXIT0I6qXFx97	Admin
cmc4r4rkb0012e51k7hdrz28f	2025-06-20 11:53:54.785	new_lead	new_lead	Lead created	qrK9UIodjkp6j6kU-RrsL	Admin
cmc4r7yqt0018e51kts9q29pq	2025-06-20 11:56:24.101	new_lead	quotation_created	Quotation created	qrK9UIodjkp6j6kU-RrsL	Admin
cmc4rlfrm001ee51kw8stv0ux	2025-06-20 12:06:52.691	quotation_created	quotation_created	Quotation created	qrK9UIodjkp6j6kU-RrsL	Admin
cmc5qxxtc0000e66s5jcj0b4y	2025-06-21 04:36:22.512	new_lead	new_lead	Lead created	DqD3aTqpbe5n0RBu8KeW9	sales-team
cmc5qxyav0002e66stt4i3eqq	2025-06-21 04:36:23.143	new_lead	new_lead	Lead Created	DqD3aTqpbe5n0RBu8KeW9	\N
cmc5qzefu000ee66smn1bivlt	2025-06-21 04:37:30.714	new_lead	quotation_created	Quotation created	DqD3aTqpbe5n0RBu8KeW9	sales-team
cmc5r42jb000le66suqdu1au2	2025-06-21 04:41:08.567	quotation_created	quotation_created	Quotation created	DqD3aTqpbe5n0RBu8KeW9	Admin
cmc5r9qny000me66s777dl9bw	2025-06-21 04:45:33.077	new_lead	new_lead	Lead created	T5OlC1p_lSa9mHUDBCCY1	Admin
cmc5ras7b000se66sd9rzpvo2	2025-06-21 04:46:21.767	new_lead	quotation_created	Quotation created	T5OlC1p_lSa9mHUDBCCY1	Admin
cmc5wpf6q0000e55wzsxz3r67	2025-06-21 07:17:42.779	quotation_created	quotation_accepted	Quotation QT-371350-tWTTA accepted.	T5OlC1p_lSa9mHUDBCCY1	Admin
58502cdc-3dbe-4299-8397-4162c3ba0618	2025-06-23 07:22:20.819	quotation_accepted	assigned_to_operations	Assigned to sixthstaroperation, Operation Team	T5OlC1p_lSa9mHUDBCCY1	Admin
cmc8s76sq0002nnbwhqq07r3z	2025-06-23 07:34:52.201	new_lead	new_lead	Lead created	y7as4WPqOlsTmmkEzWs5t	Admin
cmc8vhu5l0000e490jliwx484	2025-06-23 09:07:07.843	new_lead	new_lead	Lead created	8dUrtUX-JZkFweppcsFEz	sales-team
cmc8vhupv0002e490y3wp7u1n	2025-06-23 09:07:08.611	new_lead	new_lead	Lead Created	8dUrtUX-JZkFweppcsFEz	\N
cmc8vqtad0003e490oznz0xy6	2025-06-23 09:14:06.66	quotation_created	quotation_accepted	Quotation QT-281742-PNGV-R3 accepted.	_FX068hYBXIT0I6qXFx97	Admin
cmc8vz5tb000mnnpu393go04e	2025-06-23 09:20:36.143	quotation_accepted	advance_payment		_FX068hYBXIT0I6qXFx97	Admin
cmc8wbm8b000be490xg5rqoe0	2025-06-23 09:30:17.291	new_lead	canceled	Reason for Cancellation: Destination no longer preferred	8dUrtUX-JZkFweppcsFEz	Admin
cmc8woovn000ce4908yhdx51u	2025-06-23 09:40:27.251	advance_payment	canceled	Reason for Cancellation: High cost	_FX068hYBXIT0I6qXFx97	Admin
cmc8wp8yb000de490xq9mftia	2025-06-23 09:40:53.268	canceled	trip_started		_FX068hYBXIT0I6qXFx97	Admin
cmc8xijg3000nnnpuuolch4d7	2025-06-23 10:03:39.89	new_lead	new_lead	Lead created	gJlF0U51lhCpVRSI5yxQt	Admin
cmc8y1vuf0000e60gxkmqm75l	2025-06-23 10:18:42.388	quotation_created	quotation_accepted	Quotation QT-299766-TATE accepted by sales-team.	DqD3aTqpbe5n0RBu8KeW9	sales-team
cmc8ycarb0000e634d8nboh4s	2025-06-23 10:26:48.311	quotation_accepted	quotation_accepted	Quotation QT-768032-TSW accepted by sales-team.	cbU-5Q5YpVGJGk9oI1t_o	sales-team
cmc90ctff000le490z7wxdy46	2025-06-23 11:23:11.739	quotation_accepted	canceled	Reason for Cancellation: Personal reasons	DqD3aTqpbe5n0RBu8KeW9	Admin
cmc90e7ra000me490qq9l7ih9	2025-06-23 11:24:16.967	assigned_to_operations	canceled	Reason for Cancellation: Personal reasons	T5OlC1p_lSa9mHUDBCCY1	Admin
cmc90jy4u000ne490mpdxdv91	2025-06-23 11:28:44.431	quotation_accepted	trip_started		jW-ixxBMFVnoiOH7Iu6Ta	\N
cmca4hjxr0000e4sce6udufjs	2025-06-24 06:06:37.321	assigned_to_operations	canceled	Reason for Cancellation: Personal reasons	cmc2w016x0001e5403tzeb70a	Admin
cmca4k8qb0001e4scqqhn0i40	2025-06-24 06:08:42.803	assigned_to_assessment	canceled	Reason for Cancellation: Personal reasons	E0G1vjtB24UnH6SG44CP-	Admin
cmca6wgpu000znnpukkfcanyo	2025-06-24 07:14:12.259	new_lead	quotation_created	Quotation created	gJlF0U51lhCpVRSI5yxQt	Admin
cmca6wosb0010nnpu5y100uje	2025-06-24 07:14:22.716	quotation_created	quotation_accepted	Quotation QT-224063-AGENT1111 accepted.	gJlF0U51lhCpVRSI5yxQt	Admin
cmca83anp0000e5conjsegnwd	2025-06-24 07:47:30.571	new_lead	new_lead	Lead created	9H2Vi08cCTP8Fd_h-0Kjt	Admin
cmca8byfd000ae66gc8av3d86	2025-06-24 07:54:14.665	new_lead	quotation_created	Quotation created	9H2Vi08cCTP8Fd_h-0Kjt	Admin
cmca8c2lw000be66gz5223g09	2025-06-24 07:54:20.084	quotation_created	quotation_accepted	Quotation QT-239115-TEST901 accepted.	9H2Vi08cCTP8Fd_h-0Kjt	Admin
e5f69dbd-2389-4da2-a8c5-e67a893c1d3b	2025-06-24 07:54:48.606	quotation_accepted	assigned_to_operations	Assigned to sixthstaroperation, Operation Team	9H2Vi08cCTP8Fd_h-0Kjt	Admin
cmcacvrpe0001e5cokyuyuxby	2025-06-24 10:01:37.537	new_lead	new_lead	Lead created	3KqqAhpfs82US8zEnNr1w	sales-team
cmcacvs730003e5co5460x104	2025-06-24 10:01:38.175	new_lead	new_lead	Lead Created	3KqqAhpfs82US8zEnNr1w	\N
cmcad09tg0000e6t8wpu697bu	2025-06-24 10:05:07.595	new_lead	new_lead	Lead created	_sQm_fMl5ifzgf0IPaZCF	Admin
cmcad1dgp000ce6t8j4sts0f5	2025-06-24 10:05:59.017	new_lead	quotation_created	Quotation created	_sQm_fMl5ifzgf0IPaZCF	Admin
cmcad1ky9000de6t8egqjc4xr	2025-06-24 10:06:08.721	quotation_created	quotation_accepted	Quotation QT-133262-TEST901 accepted.	_sQm_fMl5ifzgf0IPaZCF	Admin
6d5fe716-8b4a-4b06-8378-dd17e83ea8a3	2025-06-24 10:06:18.128	quotation_accepted	assigned_to_operations	Assigned to sixthstaroperation, Operation Team	_sQm_fMl5ifzgf0IPaZCF	Admin
2d4b09b5-f789-41f0-b8fc-ec09b99acf39	2025-06-24 10:34:24.968	assigned_to_operations	assigned_to_assessment	Assigned to Test Assignment for assessment.	_sQm_fMl5ifzgf0IPaZCF	Admin
cmcaeb9xo0000e660zdnr80iw	2025-06-24 10:41:40.576	new_lead	new_lead	Lead created	NuLIpXrDmXlYglL3BNSJP	Admin
cmcaeco68000be6604oag1tll	2025-06-24 10:42:45.728	new_lead	quotation_created	Quotation created	NuLIpXrDmXlYglL3BNSJP	Admin
cmcaecse6000ce660d7r7hyk6	2025-06-24 10:42:51.198	quotation_created	quotation_accepted	Quotation QT-823909-TEST901 accepted.	NuLIpXrDmXlYglL3BNSJP	Admin
2c9d62c6-8613-4ec3-97ff-6d9e0f3f6dd5	2025-06-24 10:43:05.882	quotation_accepted	assigned_to_operations	Assigned to sixthstaroperation, Operation Team	NuLIpXrDmXlYglL3BNSJP	Admin
cmcaepsbf000ye6609e3pv9pm	2025-06-24 10:52:57.627	new_lead	quotation_created	Quotation created	3KqqAhpfs82US8zEnNr1w	Admin
cmcaepy4s000ze660ggjt41dh	2025-06-24 10:53:05.164	quotation_created	quotation_accepted	Quotation QT-812262-TEST901 accepted.	3KqqAhpfs82US8zEnNr1w	Admin
5176cf7f-dfa4-4d80-afd9-1b28c57a2320	2025-06-24 10:53:13.318	quotation_accepted	assigned_to_operations	Assigned to sixthstaroperation, Operation Team	3KqqAhpfs82US8zEnNr1w	Admin
cmcaesl410003e4s4gzd2t305	2025-06-24 10:55:08.257	assigned_to_assessment	trip_started		_sQm_fMl5ifzgf0IPaZCF	\N
cmcaetb0r0004e4s4jsylghdz	2025-06-24 10:55:41.836	trip_started	trip_completed		_sQm_fMl5ifzgf0IPaZCF	\N
2ebad75d-3b58-4b8b-a4ac-856ea80599d8	2025-06-24 10:56:22.351	quotation_accepted	assigned_to_assessment	Assigned to Test Assignment for assessment.	gJlF0U51lhCpVRSI5yxQt	Admin
cmcaeyqj50006e4s4bkqvgiy8	2025-06-24 10:59:55.217	assigned_to_assessment	canceled	Reason for Cancellation: Personal reasons	cmc1xpmff000fvlpg5ydga6jt	Admin
cmcbh0fqr0000e5c42nohappa	2025-06-25 04:44:59.954	assigned_to_assessment	trip_started		XLB3Cxa4J1oHwZvvkxSN1	\N
cmcbhi11o0001e5c48dbrylic	2025-06-25 04:58:40.716	new_lead	new_lead	Lead created	BDYUlJa4c5sGKVGbYMMaa	sales-team
cmcbhi1ks0003e5c4m497tl7a	2025-06-25 04:58:41.404	new_lead	new_lead	Lead Created	BDYUlJa4c5sGKVGbYMMaa	\N
cmcbkadtr0000e48gn5i4c319	2025-06-25 06:16:42.305	new_lead	new_lead	Lead created	c8QlGz-0XewV51axKWiig	Admin
cmcbm39wv0009e4zc7tu23flk	2025-06-25 07:07:10.447	new_lead	new_lead	Lead created	63ihhr9OXXhOfbSqzwYJx	sales-team
cmcbm3am5000be4zcqboof36t	2025-06-25 07:07:11.357	new_lead	new_lead	Lead Created	63ihhr9OXXhOfbSqzwYJx	\N
cmcbmik6s000fe4zcv1hu5t1v	2025-06-25 07:19:03.604	new_lead	new_lead	Lead created	kIBw9xvqninAekkKaxnKk	sales-team
cmcbmikrc000he4zcfvz6bp7j	2025-06-25 07:19:04.345	new_lead	new_lead	Lead Created	kIBw9xvqninAekkKaxnKk	\N
cmcbmn36u000le4zcnyloc5fq	2025-06-25 07:22:34.854	new_lead	new_lead	Lead created	nWF8sPxw8klyb2i74_k0U	sales-team
cmcbmn3hr000ne4zczyjp2fuo	2025-06-25 07:22:35.248	new_lead	new_lead	Lead Created	nWF8sPxw8klyb2i74_k0U	\N
cmcbndel00000e48saac77zn1	2025-06-25 07:43:02.619	new_lead	new_lead	Lead created	DTNtxN3S0J12FBKO_ew7K	Admin
cmcbnieil0001e48stvgauzp4	2025-06-25 07:46:55.869	new_lead	new_lead	Lead created	TJyv5m0yJ7PerHLMvn8T1	sales-team
cmcbniex80003e48s3mu54mz4	2025-06-25 07:46:56.396	new_lead	new_lead	Lead Created	TJyv5m0yJ7PerHLMvn8T1	\N
cmcbs73j6000ae4lkr03w8rv5	2025-06-25 09:58:06.498	canceled	quotation_accepted	Quotation QT-299766-TATE-R2-D1 accepted.	DqD3aTqpbe5n0RBu8KeW9	Admin
cmcbsiyfc0000nnyfpzte7js9	2025-06-25 10:07:19.751	new_lead	new_lead	Lead created	6os307Q95GLtwbuQ16kM8	Admin
cmcbslm6n000hnnyfm1sl7333	2025-06-25 10:09:23.855	new_lead	quotation_created	Quotation created	6os307Q95GLtwbuQ16kM8	Admin
cmcbsqa6i0000e5zkv4yvtjrw	2025-06-25 10:13:01.535	new_lead	new_lead	Lead created	I0Lf6dFHW80Ktfbf3seuC	Admin
cmcbsso5y000ge40cp5q41r60	2025-06-25 10:14:53.015	quotation_created	quotation_accepted	Quotation QT-681773-OTLK accepted.	6os307Q95GLtwbuQ16kM8	Admin
cmcbsztmx000ce5zklzcksmve	2025-06-25 10:20:26.697	new_lead	quotation_created	Quotation created	I0Lf6dFHW80Ktfbf3seuC	Admin
cmcbt037n000de5zkm3mfgcok	2025-06-25 10:20:39.107	quotation_created	quotation_accepted	Quotation QT-718630-agentetststststst accepted.	I0Lf6dFHW80Ktfbf3seuC	Admin
a4d80b07-e407-4a08-9ccb-7625325986c0	2025-06-25 10:20:50.218	quotation_accepted	assigned_to_operations	Assigned to sixthstaroperation, Operation Team	I0Lf6dFHW80Ktfbf3seuC	Admin
d4025765-95c7-4ace-a8a4-204bc78a743e	2025-06-25 10:20:53.382	assigned_to_operations	assigned_to_assessment	Assigned to Test Assignment for assessment.	I0Lf6dFHW80Ktfbf3seuC	Admin
cmcbt6qgo0011e5zk4jpb635o	2025-06-25 10:25:49.176	new_lead	quotation_created	Quotation created	TJyv5m0yJ7PerHLMvn8T1	Admin
cmcbt6tyu0012e5zknt2bxp40	2025-06-25 10:25:53.718	quotation_created	quotation_accepted	Quotation QT-410064-PNGV accepted.	TJyv5m0yJ7PerHLMvn8T1	Admin
082b195e-4337-411d-bc10-13f6335357b6	2025-06-25 10:26:00.689	quotation_accepted	assigned_to_operations	Assigned to sixthstaroperation, Operation Team	TJyv5m0yJ7PerHLMvn8T1	Admin
a7dba4f9-b10d-412d-a081-34472daea9c9	2025-06-25 10:26:03.346	assigned_to_operations	assigned_to_assessment	Assigned to Test Assignment for assessment.	TJyv5m0yJ7PerHLMvn8T1	Admin
cmcbt8yed0009e4fca0eodu8l	2025-06-25 10:27:32.774	quotation_created	quotation_accepted	Quotation QT-794081-TEST901 accepted.	qrK9UIodjkp6j6kU-RrsL	Admin
cmcbtnhr9000be4s8uh2kjwvq	2025-06-25 10:38:51.045	trip_started	quotation_accepted	Quotation QT-281742-PNGV-R2 accepted.	_FX068hYBXIT0I6qXFx97	Admin
cmcbtnsx0000xnnyfukqn3sem	2025-06-25 10:39:05.508	new_lead	quotation_created	Quotation created	DTNtxN3S0J12FBKO_ew7K	Admin
cmcbtnyjb000ynnyflfwxx4gs	2025-06-25 10:39:12.791	quotation_created	quotation_accepted	Quotation QT-814151-GLO accepted.	DTNtxN3S0J12FBKO_ew7K	Admin
cmcbtrs5d0007e41whr4kjsbi	2025-06-25 10:42:11.137	quotation_accepted	quotation_accepted	Quotation QT-299766-TATE-R2 accepted.	DqD3aTqpbe5n0RBu8KeW9	Admin
cmcbu5zln0017nnyfkrcpwq6m	2025-06-25 10:53:13.96	new_lead	new_lead	Lead created	oAhGWBhtDZqPX1e7o5NM7	Admin
cmcbu6hvs001dnnyfyhzkvtcx	2025-06-25 10:53:37.672	new_lead	quotation_created	Quotation created	oAhGWBhtDZqPX1e7o5NM7	Admin
cmcbu6k19001ennyf120ulayv	2025-06-25 10:53:40.461	quotation_created	quotation_accepted	Quotation QT-822179-TPCL accepted.	oAhGWBhtDZqPX1e7o5NM7	Admin
cmcbusjn5001wnnyfm3p4i0fo	2025-06-25 11:10:46.385	new_lead	quotation_created	Quotation created	nWF8sPxw8klyb2i74_k0U	Admin
cmcbuslae001xnnyfix8e3a9p	2025-06-25 11:10:48.518	quotation_created	quotation_accepted	Quotation QT-315063-Agt98 accepted.	nWF8sPxw8klyb2i74_k0U	Admin
b3a3cd92-5cf3-490c-8b25-a01b7ac6fe78	2025-06-25 11:10:54.953	quotation_accepted	assigned_to_operations	Assigned to sixthstaroperation, Operation Team	nWF8sPxw8klyb2i74_k0U	Admin
cmcbvau1q0009nn1699hfa5fq	2025-06-25 11:24:59.678	new_lead	quotation_created	Quotation created	kIBw9xvqninAekkKaxnKk	Admin
cmcbvawwd000ann167qoymz2s	2025-06-25 11:25:03.373	quotation_created	quotation_accepted	Quotation QT-932247-KR101 accepted.	kIBw9xvqninAekkKaxnKk	Admin
c417552d-0174-47d3-86ef-f6b0a7c6dec2	2025-06-25 11:25:08.114	quotation_accepted	assigned_to_operations	Assigned to sixthstaroperation, Operation Team	kIBw9xvqninAekkKaxnKk	Admin
cmcbvgyqm000qnn16lofdjr1c	2025-06-25 11:29:45.694	new_lead	quotation_created	Quotation created	63ihhr9OXXhOfbSqzwYJx	Admin
cmcbvh02o000rnn16aov3e4sv	2025-06-25 11:29:47.425	quotation_created	quotation_accepted	Quotation QT-701576-AGENT1111 accepted.	63ihhr9OXXhOfbSqzwYJx	Admin
8cb0a133-3242-477e-bbf5-d745f23a081d	2025-06-25 11:29:55.117	quotation_accepted	assigned_to_operations	Assigned to sixthstaroperation, Operation Team	63ihhr9OXXhOfbSqzwYJx	Admin
cmcbwdvcw000znn164oa006jg	2025-06-25 11:55:20.959	new_lead	new_lead	Lead created	Vjgtxh84kuVH7BZ0V5Wtj	Admin
cmcbwhmal001dnn161xbw1vrz	2025-06-25 11:58:15.838	new_lead	quotation_created	Quotation created	Vjgtxh84kuVH7BZ0V5Wtj	Admin
cmcbwhp40001enn161d16id53	2025-06-25 11:58:19.489	quotation_created	quotation_accepted	Quotation QT-873755-TPCL accepted.	Vjgtxh84kuVH7BZ0V5Wtj	Admin
2c453173-ea0d-4934-8c7f-c2a213ae8906	2025-06-25 11:58:23.52	quotation_accepted	assigned_to_operations	Assigned to sixthstaroperation, Operation Team	Vjgtxh84kuVH7BZ0V5Wtj	Admin
d3f17035-ba8a-40b8-87a6-eb9878ab6816	2025-06-25 11:58:25.472	assigned_to_operations	assigned_to_assessment	Assigned to Test Assignment for assessment.	Vjgtxh84kuVH7BZ0V5Wtj	Admin
952d2a7b-c06a-4f48-a9cc-02f2c479ccba	2025-06-26 06:16:01.961	quotation_accepted	assigned_to_operations	Assigned to Irfaan Meera E, Operation Team	6os307Q95GLtwbuQ16kM8	Admin
7607cb41-be5e-4d09-bb3d-cef01eabf0c6	2025-06-26 06:23:08.493	quotation_accepted	assigned_to_operations	Assigned to Irfaan Meera E, Operation Team	DTNtxN3S0J12FBKO_ew7K	Admin
f4412d22-c00e-4c6b-9041-a11c5d414605	2025-06-26 06:35:21.165	quotation_accepted	assigned_to_operations	Assigned to sixthstaroperation, Operation Team	oAhGWBhtDZqPX1e7o5NM7	Admin
cmcd1p5sm0000e6hoivaqnmz3	2025-06-26 07:11:51.919	new_lead	new_lead	Lead created	nYTtGNP9x2ladOaFBIXhM	sales-team
cmcd1p6920002e6hoj5u916ib	2025-06-26 07:11:52.55	new_lead	new_lead	Lead Created	nYTtGNP9x2ladOaFBIXhM	\N
cmcd1ql1n0003e6hoz9ognuct	2025-06-26 07:12:58.379	new_lead	new_lead	Lead created	XYv-oc-yWAey8zjcnRFeo	sales-team
cmcd1qli80005e6ho4u7i92es	2025-06-26 07:12:58.976	new_lead	new_lead	Lead Created	XYv-oc-yWAey8zjcnRFeo	\N
cmcd1r6cr0006e6hoyslreyy1	2025-06-26 07:13:25.995	new_lead	new_lead	Lead created	S8UMIlmTvByPdlLZ9C0j-	sales-team
cmcd1r6md0008e6hooiitztsz	2025-06-26 07:13:26.342	new_lead	new_lead	Lead Created	S8UMIlmTvByPdlLZ9C0j-	\N
cmcd2enrw001unn16o5jhpbyc	2025-06-26 07:31:41.66	new_lead	new_lead	Lead created	Dfy1iiS19b7QHVUdyp-g7	Admin
cmcd2fkzy0026nn16o1yoj53o	2025-06-26 07:32:24.718	new_lead	quotation_created	Quotation created	Dfy1iiS19b7QHVUdyp-g7	Admin
cmcd2g9kq0027nn164wsldyc6	2025-06-26 07:32:56.571	quotation_created	quotation_accepted	Quotation QT-438432-AGENT1111 accepted.	Dfy1iiS19b7QHVUdyp-g7	Admin
cmcd54ey30008e4b43ou3xch0	2025-06-26 08:47:42.507	new_lead	quotation_created	Quotation created	S8UMIlmTvByPdlLZ9C0j-	Admin
cmcd54iaq0009e4b4de6vwij0	2025-06-26 08:47:46.85	quotation_created	quotation_accepted	Quotation QT-252083-TPCL accepted.	S8UMIlmTvByPdlLZ9C0j-	Admin
cmcd5jldi0007e4h4bg8ksvji	2025-06-26 08:59:30.678	new_lead	quotation_created	Quotation created	XYv-oc-yWAey8zjcnRFeo	Admin
cmcd5jnts0008e4h4djho31aj	2025-06-26 08:59:33.856	quotation_created	quotation_accepted	Quotation QT-431870-TEST901 accepted.	XYv-oc-yWAey8zjcnRFeo	Admin
cmcd6x0tx0000e560selrd4m4	2025-06-26 09:37:56.85	new_lead	new_lead	Lead created	evOk0dMF5aXubOfAPxE6X	sales-team
cmcd6x1cb0002e560z0kmp2ku	2025-06-26 09:37:57.515	new_lead	new_lead	Lead Created	evOk0dMF5aXubOfAPxE6X	\N
cmcd90yfx0000e58wv1fsj2uc	2025-06-26 10:36:59.613	new_lead	new_lead	Lead created	bg-0gsnkJaEMaM6FJR0j0	sales-team
cmcefkx630000e6d0i0hscvt0	2025-06-27 06:28:14.914	new_lead	new_lead	Lead created	Z-SrIIDyRDT9MKGpi96yW	sales-team
cmceg6etv000oe5gwtp516yhe	2025-06-27 06:44:57.62	new_lead	quotation_created	Quotation created	nYTtGNP9x2ladOaFBIXhM	Admin
cmceg7dib000pe5gwpy4vyt1y	2025-06-27 06:45:42.564	quotation_created	quotation_accepted	Quotation QT-651064-TEST901 accepted.	nYTtGNP9x2ladOaFBIXhM	Admin
4f238e38-9533-46ac-9df1-cd75c285343e	2025-06-27 06:54:18.298	quotation_accepted	assigned_to_operations	Assigned to sixthstaroperation, Operation Team	nYTtGNP9x2ladOaFBIXhM	Admin
\.


--
-- Data for Name: Guide; Type: TABLE DATA; Schema: public; Owner: postgres
--

COPY public."Guide" (id, name, phone, email, description, "termsAndConditions", "createdAt", "supplierId", "updatedAt") FROM stdin;
32ERBkD2vA6IxLoX27TwN3h8	Full Day Guide Service @ Penang	0162200647	katir-ops@ktholidays.com			2025-06-17 09:46:24.586	BKBq6nFFba1jXYDDGViJHlrT	\N
cmvzBAe_9VHJrbwjJdbmzN1C	One Way Airport Transfer Guide Service @ Penang					2025-06-12 08:55:45.914	BKBq6nFFba1jXYDDGViJHlrT	\N
f7AV3St8xRVxFfolrPS3xU1w	Full Day Guide Service @ Genting					2025-06-12 08:58:33.554	z_ZWpmGqxiy8C_TLlP0fdCta	\N
f5BL5ZrRZcOesITjuI9yeY8j	Full Day Guide Service @ Kuala Lumpur					2025-06-12 09:01:27.213	z_ZWpmGqxiy8C_TLlP0fdCta	\N
GdCj1K4KVuHkCR8GCfyf6yRr	Guide Service Overland					2025-06-12 09:37:05.42	z_ZWpmGqxiy8C_TLlP0fdCta	\N
yYVP0S4mgBtvrQiJIghHje_d	One Way Airport Transfer Guide Service @ Kuala Lumpur	0162200647	katir-ops@ktholidays.com			2025-06-17 08:08:34.667	z_ZWpmGqxiy8C_TLlP0fdCta	\N
WeklIMm4W_gVmf9d7X1jm4U-	One Way Airport Transfer Guide Service @ Langkawi (Beach Hotel)					2025-06-12 08:57:20.224	ZLLyWePS8e-RmVgyDUhlAVP3	\N
bNCLzhr4kMsrrrqkexdFTRCa	One Way Airport Transfer Guide Service @ Langkawi (North Hotel)	0162200647	katir-ops@ktholidays.com			2025-06-17 09:38:28.762	ZLLyWePS8e-RmVgyDUhlAVP3	\N
lzQe8s4yYNBwiY8TtbPQMmY5	Half Day Guide Service @ Langkawi (from North Hotel)	0162200647	katir-ops@ktholidays.com			2025-06-17 08:11:45.337	z_ZWpmGqxiy8C_TLlP0fdCta	\N
YcQWUqbjY-Di8DbzoBJ153NC	Half Day Guide Service @ Langkawi (from Beach Hotel)	0162200647	katir-ops@ktholidays.com			2025-06-17 08:10:56.117	z_ZWpmGqxiy8C_TLlP0fdCta	\N
K_aW8Kem9NHDop938J-vpb6y	Full Day Guide Service @ Langkawi (Beach Hotel)					2025-06-12 09:36:42.211	ZLLyWePS8e-RmVgyDUhlAVP3	\N
EwS-FJFJRdzf4AIDjBzDrlkB	Full Day Guide Service @ Langkawi (North Hotel)	0162200647	katir-ops@ktholidays.com			2025-06-17 09:40:05.99	ZLLyWePS8e-RmVgyDUhlAVP3	\N
6hYwtzqn9nPB7LYMrv997WD7	Full Day Guide Service @ Langkawi - 12 Hours (Beach Hotel)	0162200647	katir-ops@ktholidays.com			2025-06-17 09:42:02.962	ZLLyWePS8e-RmVgyDUhlAVP3	\N
MWoJjfNGWMdn6ojZYbe_xXQS	Full Day Guide Service @ Langkawi - 12 Hours (North Hotel)	0162200647	katir-ops@ktholidays.com			2025-06-17 09:42:30.89	ZLLyWePS8e-RmVgyDUhlAVP3	\N
U7kuKHZDytkII5VyOHRseu0x	Meal Transfer Guide Service @ Penang (2.5 Hrs)	0162200647	katir-ops@ktholidays.com			2025-06-17 09:44:39.362	BKBq6nFFba1jXYDDGViJHlrT	\N
H1wqZKSKdMWiI8TiR6neqzHG	Half Day Guide Service @ Penang	0162200647	katir-ops@ktholidays.com			2025-06-17 09:45:36.751	BKBq6nFFba1jXYDDGViJHlrT	\N
\.


--
-- Data for Name: GuidePrice; Type: TABLE DATA; Schema: public; Owner: postgres
--

COPY public."GuidePrice" (id, "guideId", "costPrice", "optionalPrice", category, "paxType") FROM stdin;
UMH_G-g_ipjlBUrTFi23KKWj	cmvzBAe_9VHJrbwjJdbmzN1C	120.000000000000000000000000000000	120.000000000000000000000000000000	Within City Limit	All
VPqOkaOhiniJ5KzpkMl726yu	f7AV3St8xRVxFfolrPS3xU1w	350.000000000000000000000000000000	350.000000000000000000000000000000	Genting	All
8j0Trf2k6BZvDlomqpCZW_og	f5BL5ZrRZcOesITjuI9yeY8j	300.000000000000000000000000000000	300.000000000000000000000000000000	Within City Limit	All
7m80nMN8rvwZb7YRjb4FcBy-	GdCj1K4KVuHkCR8GCfyf6yRr	400.000000000000000000000000000000	400.000000000000000000000000000000	Others	All
d1GPZevJ1K1bbi5kNFfjS2fo	yYVP0S4mgBtvrQiJIghHje_d	250.000000000000000000000000000000	250.000000000000000000000000000000	Others	All
exGL4pyChN3HZ50_jJluqTG7	WeklIMm4W_gVmf9d7X1jm4U-	70.000000000000000000000000000000	70.000000000000000000000000000000	Within City Limit	All
EFiJJ4vlsFe8Y7QjzX7mvsEB	bNCLzhr4kMsrrrqkexdFTRCa	110.000000000000000000000000000000	110.000000000000000000000000000000	Within City Limit	All
33TjJWyODNC7zGLmIWQkn9uF	lzQe8s4yYNBwiY8TtbPQMmY5	190.000000000000000000000000000000	190.000000000000000000000000000000	Within City Limit	All
_GIhC1yICN9om8Pu0LbpR_-x	YcQWUqbjY-Di8DbzoBJ153NC	150.000000000000000000000000000000	150.000000000000000000000000000000	Within City Limit	All
AWOIbJLNn6kRxWL8gMQUkV6D	K_aW8Kem9NHDop938J-vpb6y	250.000000000000000000000000000000	250.000000000000000000000000000000	Within City Limit	All
4phtqL7oQS84WWGjPFwpZqYf	EwS-FJFJRdzf4AIDjBzDrlkB	290.000000000000000000000000000000	290.000000000000000000000000000000	Within City Limit	All
wLrQ1j7OJiaf93M44MQIv9lh	6hYwtzqn9nPB7LYMrv997WD7	300.000000000000000000000000000000	300.000000000000000000000000000000	Within City Limit	All
BC8f_EoVAHfHcfi7NPSAvmK0	MWoJjfNGWMdn6ojZYbe_xXQS	320.000000000000000000000000000000	320.000000000000000000000000000000	Within City Limit	All
_92DguZi9cXqaMeyjkNb91SF	U7kuKHZDytkII5VyOHRseu0x	120.000000000000000000000000000000	120.000000000000000000000000000000	Within City Limit	All
9M6-e97f-yElI7-yC_kQLEFV	H1wqZKSKdMWiI8TiR6neqzHG	200.000000000000000000000000000000	200.000000000000000000000000000000	Within City Limit	All
7UtOJCDow6ekrj4eTNY1dNsE	32ERBkD2vA6IxLoX27TwN3h8	320.000000000000000000000000000000	320.000000000000000000000000000000	Within City Limit	All
\.


--
-- Data for Name: HotelPrice; Type: TABLE DATA; Schema: public; Owner: postgres
--

COPY public."HotelPrice" (id, "hotelId", category, pax, "costPrice", "optionalPrice") FROM stdin;
cm91ebhhv0008e5fw3uomkjap	cm91ebhgn0000fwe5dq9h5fmd	Breakfast - Adult	Adult	290	250
cmafiw5cz000wnnto7d3clv30	cmafiw5ck0000tonn7hipbw2w	Half Day Meeting Package (4 hours)	Child	100	0
cmaklxwyt0007e5lcbvg9o9cm	cmaklxwxc0004lce5gspp48ag	Breakfast - Adult	Adult	0	0
cmakm6mke0003e67821dshul1	cmakm6mj2000078e61abd3g2e	Breakfast - Adult	Adult	45	54
cmaxejnom0000nnwpgt8v6dto	cmaxejno00000wpnn6llidu7z	Breakfast - Adult	Adult	0	0
cmbuc2r1l0001e5vowwqrwg22	cmbuc2r0g0001voe58winb5gd	Breakfast - Adult	Adult	10	10
cmbrm18350000e5aswq1t76z5	cmbrm181r0000ase55rqwh25o	Breakfast - Adult	Adult	10	10
cmacgf54p0000e5jk102br0ib	cmacgf52z0000jke5fdcc7o2t	Breakfast - Adult	Adult	100	100
\.


--
-- Data for Name: HotelVoucher; Type: TABLE DATA; Schema: public; Owner: postgres
--

COPY public."HotelVoucher" (id, "voucherNo", "accommodationId", "totalAdults", "hotelName", "hotelAddress", "hotelPhone", "checkInDate", "checkOutDate", "roomDetails", "mealPlan", "confirmationNumber", "specialInclusions", "termsAndConditions", "issuedAt", "customerName", "bookingId", "totalKids") FROM stdin;
cmc4d85co0000e4pc9t9jvl1k	HV-251378-TEST901-FQ6T	cmc3220sx0009e64wx259fq6t	3	Century Pines Resort Cameron Highlands	Jalan Kemus, Simpang Ampat, Alor Gajah, 78000 Melaka	03 8679 9155	2025-06-18 18:30:00	2025-06-20 18:30:00	2 X Deluxe Room (2A 2C) X 2 NIGHTS	N/A	CNF-12345	N/A	Standard hotel terms apply. Please refer to hotel policy.	2025-06-20 05:24:38.039	test-9001	cmc3220sx0008e64wi6x4tbpy	\N
cmc4dcn0e0001e4pc1nb3iwep	HV-409040-TATGH-QDTO	cmc303hws0003e66o36zzqdto	3	The Banjaran Hotsprings Retreat, Ipoh	1, Persiaran Lagoon, Sunway 3, 31150 Ipoh, Perak	+6052107777	2025-06-18 18:30:00	2025-06-20 18:30:00	3 X Garden Villa (Sun - Thurs) X 2 NIGHTS	N/A	CNF-1234	N/A	Standard hotel terms apply. Please refer to hotel policy.	2025-06-20 05:28:07.551	testUser	cmc303hws0002e66oinc4shbm	\N
cmc4dsbk70002e4pccai4tuzc	HV-166650-AGT1891-MC1A	cmc2wxkue000fe66sw52fmc1a	1	PARKROYAL A'Famosa Melaka Resort	Jalan Kemus, Simpang Ampat, Alor Gajah, 78000 Melaka	06-908 8888	2025-06-19 18:30:00	2025-06-21 18:30:00	2 X Superior Room (King / Twin) - (Fri - Sat)\t X 2 NIGHTS	N/A	CNF-13244	N/A	Standard hotel terms apply. Please refer to hotel policy.	2025-06-20 05:40:19.207	AGENT -TEST088	cmc2wxkud000ee66sdvgadf3e	\N
cmc4e8f99000ee4pck4r0iffo	HV-768032-TSW-D1-JUH2	cmc4e7kqd0006e4pc7ygijuh2	4	The Banjaran Hotsprings Retreat, Ipoh	1, Persiaran Lagoon, Sunway 3, 31150 Ipoh, Perak	+6052107777	2025-06-19 18:30:00	2025-06-20 18:30:00	3 X Water Villa (Sun - Thurs) X 1 NIGHTS	N/A	CNF-1234	N/A	Standard hotel terms apply. Please refer to hotel policy.	2025-06-20 05:52:50.494	testvk	cmc4e7kqc0005e4pcmoc5tn9z	\N
cmc4e8v12000fe4pcyjddh5ww	HV-768032-TSW-D1-CU86	cmc4e7kqd0009e4pc8mb7cu86	4	PARKROYAL A'Famosa Melaka Resort	Jalan Kemus, Simpang Ampat, Alor Gajah, 78000 Melaka	06-908 8888	2025-06-19 18:30:00	2025-06-21 18:30:00	2 X Superior Room (King / Twin) - (Sun - Thurs) X 2 NIGHTS	N/A	CNf-123445	N/A	Standard hotel terms apply. Please refer to hotel policy.	2025-06-20 05:53:10.934	testvk	cmc4e7kqc0005e4pcmoc5tn9z	\N
cmc8t59x3000knnpufypfh37z	HV-371350-tWTTA-U9TQ	cmc5wpfum0003e55wq7kfu9tq	4	The Banjaran Hotsprings Retreat, Ipoh	1, Persiaran Lagoon, Sunway 3, 31150 Ipoh, Perak	+6052107777	2025-06-20 18:30:00	2025-06-22 18:30:00	2 X Water Villa (Sun - Thurs) X 2 NIGHTS	N/A	2287654	N/A	Standard hotel terms apply. Please refer to hotel policy.	2025-06-23 08:01:22.551	testuservk	cmc5wpfum0002e55wjwpjdnmg	\N
cmc8t6008000lnnpux692ltgo	HV-371350-tWTTA-SLCU	cmc5wpfun0005e55wjsatslcu	4	PARKROYAL A'Famosa Melaka Resort	Jalan Kemus, Simpang Ampat, Alor Gajah, 78000 Melaka	06-908 8888	2025-06-22 18:30:00	2025-06-23 18:30:00	1 X Superior Room (King / Twin) - (Sun - Thurs) X 1 NIGHTS	N/A	89742738	N/A	Standard hotel terms apply. Please refer to hotel policy.	2025-06-23 08:01:56.36	testuservk	cmc5wpfum0002e55wjwpjdnmg	\N
cmca6wzhy0019nnpu42dnp7ol	HV-224063-AGENT1111-6R6E	cmca6wosw0013nnpuv9d96r6e	3	Ramada Suites By Whyndham KLCC	No 1, Lorong Ceylon, Bukit Ceylon, , 50200 Kuala Lumpur, Federal Territory of Kuala Lumpur	+603-2938 9888	2025-07-14 16:00:00	2025-07-30 16:00:00	1 X Studio Executive King/Twin Room X 16 NIGHTS	N/A	6867867	N/A	Standard hotel terms apply. Please refer to hotel policy.	2025-06-24 07:14:36.599	TBA	cmca6wosw0012nnpup8h2e94i	\N
cmca8e8e4000le66gl1t75e7y	HV-239115-TEST901-WWCJ	cmca8c3ae000ee66g3g5dwwcj	1	PARKROYAL A'Famosa Melaka Resort	Jalan Kemus, Simpang Ampat, Alor Gajah, 78000 Melaka	06-908 8888	2025-06-23 18:30:00	2025-06-24 18:30:00	2 X Superior Room (King / Twin) - (Sun - Thurs) X 1 Nights	N/A	4566#57	N/A	Standard hotel terms apply. Please refer to hotel policy.	2025-06-24 07:56:00.892	testing-rnjit	cmca8c3ae000de66gevjc2uab	\N
cmcad37z7000oe6t8wzzbq3gc	HV-133262-TEST901-SFFT	cmcad1lnf000ge6t8zssisfft	3	PARKROYAL A'Famosa Melaka Resort	Jalan Kemus, Simpang Ampat, Alor Gajah, 78000 Melaka	06-908 8888	2025-06-23 18:30:00	2025-06-24 18:30:00	6 X Superior Room (King / Twin) - (Sun - Thurs) X 1 Nights	N/A	4563#56	N/A	Standard hotel terms apply. Please refer to hotel policy.	2025-06-24 10:07:25.22	vigneshwaran test	cmcad1lnf000fe6t8vyuyhtot	\N
cmcaegifw000me660wihe5owc	HV-823909-TEST901-82JQ	cmcaect3a000fe660rf7x82jq	3	Century Pines Resort Cameron Highlands	Jalan Masjid, Tanah Rata, 39000 Tanah Rata, Pahang	05-4915115	2025-06-24 10:45:44.923	2025-06-24 10:45:44.923	6 X Deluxe with Garden Room (2A 2C) WITH BB X 0 Nights	BB	4365#56	N/A	Standard hotel terms apply. Please refer to hotel policy.	2025-06-24 10:45:44.925	vigneshtest	cmcaect3a000ee660rdr8bl0d	\N
cmcaet9ya001ae660g3kod0yn	HV-812262-TEST901-2QMF	cmcaepz8f0012e660qekh2qmf	5	Mutiara Taman Negara	27000 Kuala Tahan, Pahang	09-266 3500	2025-06-23 18:30:00	2025-06-25 18:30:00	10 X Chalet (Twin / Double) WITH BB X 2 Nights	BB	5674#66	N/A	Standard hotel terms apply. Please refer to hotel policy.	2025-06-24 10:55:40.45	ranjith------test	cmcaepz8f0011e660yfgdbvvm	\N
cmcbst9ot000ye40cuv8lhiys	HV-681773-OTLK-3JJW	cmcbssoz7000je40c7ubo3jjw	7	Bertam Resort Penang	PMT 2200, Bertam Resort,  Persiaran Bertam 8,  13200 Kepala Batas,  Pulau Pinang, Malaysia.	04 577 8000	2025-06-28 18:30:00	2025-06-29 18:30:00	2 X Deluxe King/Twin Room (Sun - Thu) X 1 Nights	N/A	CNF-2854	N/A	Standard hotel terms apply. Please refer to hotel policy.	2025-06-25 10:15:20.91	TBA	cmcbssoz7000ie40csoype0wh	\N
cmcbt1xn8000oe5zkrm4hdwtt	HV-718630-agentetststststst-7O48	cmcbt03yc000ge5zkke747o48	1	testing-33	chennai,indra	9876543219	2025-06-24 18:30:00	2025-06-26 18:30:00	1 X testing-room WITH BB X 2 Nights	BB	CONFIRM#25-06	N/A	Standard hotel terms apply. Please refer to hotel policy.	2025-06-25 10:22:05.205	internal-testing	cmcbt03yc000fe5zk51ia2mc2	\N
cmcbs7suq000me4lkfe6zwkix	HV-299766-TATE-R2-D1-KOGJ	cmcbs74o4000fe4lkrdakkogj	3	Bertam Resort Penang	PMT 2200, Bertam Resort,  Persiaran Bertam 8,  13200 Kepala Batas,  Pulau Pinang, Malaysia.	04 577 8000	2025-06-25 18:30:00	2025-06-26 18:30:00	3 X Deluxe King/Twin Room (Sun - Thu) X 1 Nights	N/A	CNF-12345	N/A	Standard hotel terms apply. Please refer to hotel policy.	2025-06-25 09:58:39.314	Testuserahul	cmcbs74o3000ce4lk3qvf5bfs	\N
cmcbt7vcd001ee5zk2ideurpv	HV-410064-PNGV-VM9T	cmcbt6unm0015e5zk3ea6vm9t	1	Arena Starr	49-51, Jalan Hang Lekiu, City Centre, 50100 Kuala Lumpur, Wilayah Persekutuan Kuala Lumpur	03-2078 6988	2025-06-27 18:30:00	2025-06-29 18:30:00	1 X Deluxe Triple Room X 2 Nights	N/A	TESTEING222$	N/A	Standard hotel terms apply. Please refer to hotel policy.	2025-06-25 10:26:42.157	Irfaan Meera E	cmcbt6unm0014e5zkm6p8tz61	\N
cmcbtbcw4000le4fcii9oz10x	HV-794081-TEST901-K9GF	cmcbt8zgl000ge4fcq39rk9gf	1	Mutiara Taman Negara	27000 Kuala Tahan, Pahang	09-266 3500	2025-06-25 18:30:00	2025-06-26 18:30:00	4 X Chalet (Twin / Double) X 1 Nights	N/A	CNF-12345	N/A	Standard hotel terms apply. Please refer to hotel policy.	2025-06-25 10:29:24.868	testingUserMMM	cmcbt8zgk000be4fccq05nq9f	\N
cmcbtsjc9000he41wwgem9zf1	HV-299766-TATE-R2-FUHL	cmcbtrt3c000ce41w50z7fuhl	3	Mutiara Taman Negara	27000 Kuala Tahan, Pahang	09-266 3500	2025-06-25 18:30:00	2025-06-26 18:30:00	4 X Chalet (Twin / Double) WITH Breakfast & Child Breakfast X 1 Nights	Breakfast & Child Breakfast	CNF-856754	1 X EXTRA BED	Standard hotel terms apply. Please refer to hotel policy.	2025-06-25 10:42:46.377	Testuserahul	cmcbtrt3b0009e41wjdu1o8ju	\N
cmcbto89y000oe4s8q8nbawh0	HV-281742-PNGV-R2-OIWJ	cmcbtnit7000ge4s8gomgoiwj	4	Mutiara Taman Negara	27000 Kuala Tahan, Pahang	09-266 3500	2025-06-24 18:30:00	2025-06-25 18:30:00	4 X Chalet (Twin / Double) X 1 Nights	N/A	CNF-123235	N/A	Standard hotel terms apply. Please refer to hotel policy.	2025-06-25 10:39:25.414	ranjithtest	cmcbtnit7000de4s8ldllg5gg	\N
cmcbu2ypk0016nnyf7vd0j2qt	HV-281742-PNGV-R2-MN90	cmcbtnit7000ee4s88unqmn90	4	The Banjaran Hotsprings Retreat, Ipoh	1, Persiaran Lagoon, Sunway 3, 31150 Ipoh, Perak	+6052107777	2025-06-19 18:30:00	2025-06-20 18:30:00	1 X Lake Villa (Sun - Thurs) X 1 Nights	N/A	324323	N/A	Standard hotel terms apply. Please refer to hotel policy.	2025-06-25 10:50:52.857	ranjithtest	cmcbtnit7000de4s8ldllg5gg	\N
cmcbu6rkm001jnnyf9wb1doxp	HV-822179-TPCL-CJAJ	cmcbu6k1t001hnnyf6n7scjaj	2	Furama Hotel Bukit Bintang (T)	136, Jln Changkat Thambi Dollah, Bukit Bintang, 55100 Kuala Lumpur, Wilayah Persekutuan Kuala Lumpur	03-2788 8888	2025-07-10 16:00:00	2025-07-27 16:00:00	2 X Superior Room X 17 Nights	N/A	2252	N/A	Standard hotel terms apply. Please refer to hotel policy.	2025-06-25 10:53:50.23	Farid	cmcbu6k1t001gnnyfv5f6epmd	\N
cmcbutofv0029nnyfe6nbwxd2	HV-315063-Agt98-WEMA	cmcbuslau0020nnyfcajswema	1	testing-33	chennai,indra	9876543219	2025-06-26 18:30:00	2025-06-27 18:30:00	1 X testing-room X 1 Nights	N/A	THJ#785	N/A	Standard hotel terms apply. Please refer to hotel policy.	2025-06-25 11:11:39.26	Irfaan Meera E	cmcbuslat001znnyflgypzx3o	\N
cmcbuu71r002annyf3zhiv7dv	HV-315063-Agt98-PDRI	cmcbuslau0023nnyfhkyapdri	1	The Banjaran Hotsprings Retreat, Ipoh	1, Persiaran Lagoon, Sunway 3, 31150 Ipoh, Perak	+6052107777	2025-06-28 18:30:00	2025-06-29 18:30:00	1 X Lake Villa (Sun - Thurs) X 1 Nights	N/A	HFDRG#68	N/A	Standard hotel terms apply. Please refer to hotel policy.	2025-06-25 11:12:03.376	Irfaan Meera E	cmcbuslat001znnyflgypzx3o	\N
cmcbvdi01000jnn1690jrr95x	HV-932247-KR101-0BSI	cmcbvawwy000dnn16yqcv0bsi	2	The Banjaran Hotsprings Retreat, Ipoh	1, Persiaran Lagoon, Sunway 3, 31150 Ipoh, Perak	+6052107777	2025-07-16 18:30:00	2025-07-17 18:30:00	2 X Lake Villa (Sun - Thurs) X 1 Nights	N/A	657448u#	N/A	Standard hotel terms apply. Please refer to hotel policy.	2025-06-25 11:27:04.033	Irfaan Meera E	cmcbvawwy000cnn162rddau89	\N
cmcbvhol7000ynn163q0bctif	HV-701576-AGENT1111-BTGC	cmcbvh035000unn16xxr2btgc	4	testing-33	chennai,indra	9876543219	2025-07-16 18:30:00	2025-07-18 18:30:00	4 X testing-room X 2 Nights	N/A	DGG566#	N/A	Standard hotel terms apply. Please refer to hotel policy.	2025-06-25 11:30:19.195	Irfaan Meera E	cmcbvh035000tnn16ygrgd0ag	\N
cmcbwk92s001snn16p4q8hcjd	HV-873755-TPCL-ZH4C	cmcbwhp4j001hnn16xw40zh4c	3	Holiday Villa Beach Resort & Spa Langkawi	Hotel Address Not Provided	Hotel Phone Not Provided	2025-06-24 18:30:00	2025-06-26 18:30:00	5 X Deluxe Premium Room WITH Breakfast & Child Breakfast X 2 Nights	Breakfast & Child Breakfast	TEST101	1 X EXTRA BED, 1 X EXTRA BED	Standard hotel terms apply. Please refer to hotel policy.	2025-06-25 12:00:18.677	testing77777	cmcbwhp4j001gnn16bwddx6xw	\N
cmccw91hi001tnn16v7lau3bf	HV-794081-TEST901-K23G	cmcbt8zgl000ce4fcax9yk23g	1	The Banjaran Hotsprings Retreat, Ipoh	1, Persiaran Lagoon, Sunway 3, 31150 Ipoh, Perak	+6052107777	2025-06-19 18:30:00	2025-06-20 18:30:00	1 X Lake Villa (Sun - Thurs) X 1 Nights	N/A	CNF - 686784	N/A	Standard hotel terms apply. Please refer to hotel policy.	2025-06-26 04:39:21.799	testingUserMMM	cmcbt8zgk000be4fccq05nq9f	\N
cmccwz1tp0000e4rst3ef8yuc	HV-299766-TATE-I99Q	cmc8y1wqo0003e60gd63pi99q	3	The Banjaran Hotsprings Retreat, Ipoh	1, Persiaran Lagoon, Sunway 3, 31150 Ipoh, Perak	+6052107777	2025-06-20 18:30:00	2025-06-22 18:30:00	2 X Lake Villa (Sun - Thurs) X 2 Nights	N/A	CNF-87564	N/A	Standard hotel terms apply. Please refer to hotel policy.	2025-06-26 04:59:35.255	Testuserahul	cmc8y1wqo0002e60gd4ni4rof	\N
cmccxhpep0001e4rsxcjw53vx	HV-768032-TSW-EPJR	cmc8ycbr80004e634m179epjr	4	The Banjaran Hotsprings Retreat, Ipoh	1, Persiaran Lagoon, Sunway 3, 31150 Ipoh, Perak	+6052107777	2025-06-19 18:30:00	2025-06-20 18:30:00	2 X Water Villa (Sun - Thurs) X 1 Nights	N/A	CNF -82657	1 X EXTRA BED	Standard hotel terms apply. Please refer to hotel policy.	2025-06-26 05:14:05.666	testvk	cmc8ycbr70003e634f14u3b3l	\N
cmcd2gina002hnn161nckyrnl	HV-438432-AGENT1111-5JNO	cmcd2g9l9002ann16jrhy5jno	4	Furama Hotel Bukit Bintang (T)	136, Jln Changkat Thambi Dollah, Bukit Bintang, 55100 Kuala Lumpur, Wilayah Persekutuan Kuala Lumpur	03-2788 8888	2025-09-17 16:00:00	2025-09-29 16:00:00	3 X Deluxe Room X 12 Nights	N/A	229374	N/A	Standard hotel terms apply. Please refer to hotel policy.	2025-06-26 07:33:08.326	farid	cmcd2g9l90029nn16srk7h5zl	\N
cmcd55bu6000he4b4emw3gagk	HV-252083-TPCL-LWZD	cmcd54j51000ce4b425hmlwzd	3	Mutiara Taman Negara	27000 Kuala Tahan, Pahang	09-266 3500	2025-06-25 18:30:00	2025-06-26 18:30:00	1 X Chalet (Twin / Double) WITH Breakfast & Child Breakfast X 1 Nights	Breakfast & Child Breakfast	CNF-10976	2 X EXTRA BED (CHILD )	Standard hotel terms apply. Please refer to hotel policy.	2025-06-26 08:48:25.134	Testuserahul	cmcd54j50000be4b4ln0cwrbw	\N
cmcd5k6by000fe4h4l1sfbs41	HV-431870-TEST901-UHYQ	cmcd5jonj000be4h4ck9cuhyq	2	The Banjaran Hotsprings Retreat, Ipoh	1, Persiaran Lagoon, Sunway 3, 31150 Ipoh, Perak	+6052107777	2025-06-26 18:30:00	2025-06-27 18:30:00	1 X Water Villa (Sun - Thurs) X 1 Nights	N/A	CNF-37574	2 X EXTRA BED (ADULT ), 1 X EXTRA BED (CHILD )	Standard hotel terms apply. Please refer to hotel policy.	2025-06-26 08:59:57.838	Testuserahul	cmcd5jonj000ae4h4zzh4uaic	1
cmceht9tg0000e548h3ckm626	HV-651064-TEST901-2LR7	cmceg7e9q000se5gww0eb2lr7	2	Wyndham Garden Shahzan Fraser's Hill	Jalan Lady Guillemard, Fraser's Hill	09-3622300	2025-06-26 18:30:00	2025-06-29 18:30:00	1 X Garden View WITH Breakfast & Child Breakfast X 3 Nights	Breakfast & Child Breakfast	RXNTESTING	N/A	Standard hotel terms apply. Please refer to hotel policy.	2025-06-27 07:30:43.828	Testuserahul	cmceg7e9p000re5gwdsw75lua	2
cmcehxz600001e5482unhgesz	HV-651064-TEST901-8F6Y	cmceg7e9q000we5gw896m8f6y	2	Fives Hotel DNP (N)	45, Jalan Wong Ah Fook, Bandar Johor Bahru, 80000 Johor Bahru, Johor Darul Ta'zim	 07-219 7777	2025-06-28 18:30:00	2025-06-29 18:30:00	1 X Standard King (1 King Bed) X 1 Nights	N/A	NEWCODE101	1 X EXTRA BED (ADULT )	Standard hotel terms apply. Please refer to hotel policy.	2025-06-27 07:34:23.304	Testuserahul	cmceg7e9p000re5gwdsw75lua	2
cmcehz6tr0002e548vgyq0da1	HV-651064-TEST901-1H87	cmceg7e9q000ze5gw07op1h87	2	Trademark Collection by Wyndham I-City	6, Jalan Multimedia, SkyCity, I-City, 40000 Shah Alam, Selangor	03-5521 9000	2025-06-23 18:30:00	2025-06-25 18:30:00	1 X Deluxe Twin/King Room WITH Breakfast & Child Breakfast X 2 Nights	Breakfast & Child Breakfast	NEWCODE800	1 X EXTRA BED (ADULT )	Standard hotel terms apply. Please refer to hotel policy.	2025-06-27 07:35:19.887	Testuserahul	cmceg7e9p000re5gwdsw75lua	2
\.


--
-- Data for Name: Hotels; Type: TABLE DATA; Schema: public; Owner: postgres
--

COPY public."Hotels" (id, name, location, "starRating", "tourismTax", "stateTax", address, phone, description, "termsAndConditions", "supplierId", surcharge, "closedDates", "createdAt", "updatedAt") FROM stdin;
clyy7fgn700kzii6irwqhqs18	Metrostar Hotel	Kuala Lumpur	3	10	0	149 Jalan Masjid India, 50100 Kuala Lumpur, Federal Territory of Kuala Lumpur	+603-2262 2000	MetroStar Hotel Kuala Lumpur is set to become a popular tourist Sanctuary Downtown, with its modern and Contemporary Design. With 137 Guest rooms (Superior, Deluxe and Suite), the hotel offers accommodation for an extended stay.\n'No Rooms, Only Homes'	4. Extra Person Charges: Charges for additional guests may apply and vary based on the property's policy.\n5. Tourism and State Tax: A Tourism Tax of RM10 per room per night are not included in the room rate and must be paid at the counter during heck-in, unless otherwise stated.\nfor staying at the registered premises.\n6. Security Deposit: The hotel may require a security deposit during check-in, which will be communicated at that time.\n7. Additional Charges: Any additional charges incurred during your stay must be settled before checkout.\n8. Special Requests: Special requests are subject to availability at check-in and may incur additional charges. Please note that these requests cannot be guaranteed.\n9. Registered Guests Only: Only registered guests are permitted in the guestrooms. 	\N	\N	\N	2025-03-26 12:21:46.204	\N
cm2bma1u50di3p4z6uuu0321m	Swiss Garden & Residences Genting Highlands	Genting Highlands	4	10	3	Windmill Upon Hills, Genting Permai 69000 Genting Highlands Pahang	\N	\N	4. Extra Person Charges: Charges for additional guests may apply and vary based on the property's policy.\n5. Tourism and State Tax: A Tourism Tax of RM10 per room per night are not included in the room rate and must be paid at the counter during heck-in, unless otherwise stated.\n6. Pahang state government has introduced a mandatory sustainability tax of RM3.00 per occupied room per night for all hotels in Pahang  ( Required to Pay on the Ground ) for staying at the registered premises.\n7. Security Deposit: The hotel may require a security deposit during check-in, which will be communicated at that time.\n8. Additional Charges: Any additional charges incurred during your stay must be settled before checkout.\n9. Special Requests: Special requests are subject to availability at check-in and may incur additional charges. Please note that these requests cannot be guaranteed.\n10. Registered Guests Only: Only registered guests are permitted in the guestrooms. 	\N	\N	\N	2025-03-26 12:21:46.204	\N
clyy7fgmz00kwii6i68pbhg6o	Bayview Hotel Langkawi	Langkawi	4	10	5	\N	\N	\N	4. Extra Person Charges: Charges for additional guests may apply and vary based on the property's policy.\n5. Tourism and State Tax: A Tourism Tax of RM10 per room per night are not included in the room rate and must be paid at the counter during heck-in, unless otherwise stated.\n6. Langkawi Municipal Council has announced the mandatory State Tourism Fee" at MYR 3 - 5 per occupied room per night ( Required to Pay on the Ground ) for staying at the registered premise.	\N	\N	\N	2025-03-26 12:21:46.204	\N
clyy7fgm600kmii6iysfdq298	Pacific Express Hotel Central Market - Rooms Inclusive B'fast for 2	Kuala Lumpur	4	10	0	\N	\N	\N	4. Extra Person Charges: Charges for additional guests may apply and vary based on the property's policy.\n5. Tourism and State Tax: A Tourism Tax of RM10 per room per night are not included in the room rate and must be paid at the counter during heck-in, unless otherwise stated.\nfor staying at the registered premises.\n6. Security Deposit: The hotel may require a security deposit during check-in, which will be communicated at that time.\n7. Additional Charges: Any additional charges incurred during your stay must be settled before checkout.\n8. Special Requests: Special requests are subject to availability at check-in and may incur additional charges. Please note that these requests cannot be guaranteed.\n9. Registered Guests Only: Only registered guests are permitted in the guestrooms. 	\N	\N	\N	2025-03-26 12:21:46.204	\N
cm7egzke12fvr101ykiahm4cd	Pacific Regency Beach Resort, Port Dickson - Rooms Inclusive B'fast for 2	Port Dickson	4	10	0	Batu 7 1/2, Jalan Pantai Teluk Kemang, Kampung Teluk Kemang, 71050 Port Dickson, Negeri Sembilan	06-654 6888	\N	4. Extra Person Charges: Charges for additional guests may apply and vary based on the property's policy.\n5. Tourism and State Tax: A Tourism Tax of RM10 per room per night are not included in the room rate and must be paid at the counter during heck-in, unless otherwise stated.\nfor staying at the registered premises.\n6. Security Deposit: The hotel may require a security deposit during check-in, which will be communicated at that time.\n7. Additional Charges: Any additional charges incurred during your stay must be settled before checkout.\n8. Special Requests: Special requests are subject to availability at check-in and may incur additional charges. Please note that these requests cannot be guaranteed.\n9. Registered Guests Only: Only registered guests are permitted in the guestrooms. 	\N	\N	\N	2025-03-26 12:21:46.204	\N
cm7efad882fts101yvkh8pg7m	Dayang Bay Resort Langkawi	Langkawi	4	10	4	Jalan Taman Pelangi, 07100 Langkawi, Kedah	\N	\N	4. Extra Person Charges: Charges for additional guests may apply and vary based on the property's policy.\n5. Tourism and State Tax: A Tourism Tax of RM10 per room per night are not included in the room rate and must be paid at the counter during heck-in, unless otherwise stated.\n6. Langkawi Municipal Council has announced the mandatory State Tourism Fee" at MYR 3 - 5 per occupied room per night ( Required to Pay on the Ground ) for staying at the registered premise.	\N	\N	\N	2025-03-26 12:21:46.204	\N
cm3438g000hlkw3vswyw6daht	Eastern & Oriental Hotel Penang	Penang	5	10	3	\N	\N	\N	4. Extra Person Charges: Charges for additional guests may apply and vary based on the property's policy.\n5. Tourism and State Tax: A Tourism Tax of RM10 per room per night are not included in the room rate and must be paid at the counter during heck-in, unless otherwise stated.\n6. The government of Penang has announced the mandatory State Tourism Fee" at MYR 3 - 5 per occupied room per night ( Required to Pay on the Ground ) for staying at the registered premise.	\N	\N	\N	2025-03-26 12:21:46.204	\N
cm7eadxvv2fci101yxcgsreiy	G Hotel Kelawai Penang	Penang	5	10	3	2, Persiaran Maktab, 10250 George Town, Pulau Pinang	04-238 0000	\N	4. Extra Person Charges: Charges for additional guests may apply and vary based on the property's policy.\n5. Tourism and State Tax: A Tourism Tax of RM10 per room per night are not included in the room rate and must be paid at the counter during heck-in, unless otherwise stated.\n6. The government of Penang has announced the mandatory State Tourism Fee" at MYR 3 - 5 per occupied room per night ( Required to Pay on the Ground ) for staying at the registered premise.	\N	\N	\N	2025-03-26 12:21:46.204	\N
cm7e9uswd2fbb101y03zejkyf	G Hotel Gurney Penang	Penang	5	10	3	168A, Gurney Dr, 10250 George Town, Penang	04-238 0000	\N	4. Extra Person Charges: Charges for additional guests may apply and vary based on the property's policy.\n5. Tourism and State Tax: A Tourism Tax of RM10 per room per night are not included in the room rate and must be paid at the counter during heck-in, unless otherwise stated.\n6. The government of Penang has announced the mandatory State Tourism Fee" at MYR 3 - 5 per occupied room per night ( Required to Pay on the Ground ) for staying at the registered premise.	\N	\N	\N	2025-03-26 12:21:46.204	\N
clyy7fghs00k1ii6i5u0gpkn9	Mercure Hotels Penang Beach	Penang	4	10	5	\N	\N	\N	4. Extra Person Charges: Charges for additional guests may apply and vary based on the property's policy.\n5. Tourism and State Tax: A Tourism Tax of RM10 per room per night are not included in the room rate and must be paid at the counter during heck-in, unless otherwise stated.\n6. The government of Penang has announced the mandatory State Tourism Fee" at MYR 3 - 5 per occupied room per night ( Required to Pay on the Ground ) for staying at the registered premise.	\N	\N	\N	2025-03-26 12:21:46.204	\N
cm75sbbs825gc101ycl51b564	Sunway Putra Hotel Kuala Lumpur	Kuala Lumpur	5	10	0	100, Jalan Putra, Chow Kit, 50350 Kuala Lumpur, Wilayah Persekutuan Kuala Lumpur	03-4040 9888	\N	4. Extra Person Charges: Charges for additional guests may apply and vary based on the property's policy.\n5. Tourism and State Tax: A Tourism Tax of RM10 per room per night are not included in the room rate and must be paid at the counter during heck-in, unless otherwise stated.\nfor staying at the registered premises.\n6. Security Deposit: The hotel may require a security deposit during check-in, which will be communicated at that time.\n7. Additional Charges: Any additional charges incurred during your stay must be settled before checkout.\n8. Special Requests: Special requests are subject to availability at check-in and may incur additional charges. Please note that these requests cannot be guaranteed.\n9. Registered Guests Only: Only registered guests are permitted in the guestrooms. 	\N	\N	\N	2025-03-26 12:21:46.204	\N
cm75nhoc225fu101y54ngisdu	Gurney Bay Hotel Penang	Penang	5	10	3	\N	\N	\N	4. Extra Person Charges: Charges for additional guests may apply and vary based on the property's policy.\n5. Tourism and State Tax: A Tourism Tax of RM10 per room per night are not included in the room rate and must be paid at the counter during heck-in, unless otherwise stated.\n6. The government of Penang has announced the mandatory State Tourism Fee" at MYR 3 - 5 per occupied room per night ( Required to Pay on the Ground ) for staying at the registered premise.	\N	\N	\N	2025-03-26 12:21:46.204	\N
cm75mrfur25f6101ynl6ug1mj	TAMU Hotel & Suites Kuala Lumpur	Kuala Lumpur	4	10	0	120, Jalan Raja Abdullah, Kampung Baru, 50300 Kuala Lumpur, Wilayah Persekutuan Kuala Lumpur	03-2603 1999	\N	4. Extra Person Charges: Charges for additional guests may apply and vary based on the property's policy.\n5. Tourism and State Tax: A Tourism Tax of RM10 per room per night are not included in the room rate and must be paid at the counter during heck-in, unless otherwise stated.\nfor staying at the registered premises.\n6. Security Deposit: The hotel may require a security deposit during check-in, which will be communicated at that time.\n7. Additional Charges: Any additional charges incurred during your stay must be settled before checkout.\n8. Special Requests: Special requests are subject to availability at check-in and may incur additional charges. Please note that these requests cannot be guaranteed.\n9. Registered Guests Only: Only registered guests are permitted in the guestrooms. 	\N	\N	\N	2025-03-26 12:21:46.204	\N
cm75m0lxy25e0101yr9wmtqkp	Kingston 06 Corona Inn @ Bukit Bintang	Kuala Lumpur	3	10	0	22, Jln Tong Shin, Bukit Bintang, 55100 Kuala Lumpur, Wilayah Persekutuan Kuala Lumpur	03-2144 3888	\N	4. Extra Person Charges: Charges for additional guests may apply and vary based on the property's policy.\n5. Tourism and State Tax: A Tourism Tax of RM10 per room per night are not included in the room rate and must be paid at the counter during heck-in, unless otherwise stated.\nfor staying at the registered premises.\n6. Security Deposit: The hotel may require a security deposit during check-in, which will be communicated at that time.\n7. Additional Charges: Any additional charges incurred during your stay must be settled before checkout.\n8. Special Requests: Special requests are subject to availability at check-in and may incur additional charges. Please note that these requests cannot be guaranteed.\n9. Registered Guests Only: Only registered guests are permitted in the guestrooms. 	\N	\N	\N	2025-03-26 12:21:46.204	\N
cm0utjrmk00z6rdhp5uo87p6q	Imperial Lexis - Min 3 Nights 	Kuala Lumpur	5	10	0	Lot 11-3, Level 11, Tower Block,\nMenara Milenium, 8 Jalan Damanlela,\nPusat Bandar Damansara,\nBukit Damansara, 50490 Kuala Lumpur,\nMalaysia	+603-2177 1188	The city is yours to rediscover and call home at the 5-star Imperial Lexis Kuala Lumpur, where warm, friendly service infuses you with the sense of a long-awaited homecoming upon every check-in. Standing tall and majestic, this 53-storey glass-encased skyscraper, housing 275 luxurious serviced rooms and suites, as well as expansive serviced residences, glistens brilliantly in the Kuala Lumpur skyline, exuding a sense of sleek elegance that captivates upon arrival.	4. Extra Person Charges: Charges for additional guests may apply and vary based on the property's policy.\n5. Tourism and State Tax: A Tourism Tax of RM10 per room per night are not included in the room rate and must be paid at the counter during heck-in, unless otherwise stated.\nfor staying at the registered premises.\n6. Security Deposit: The hotel may require a security deposit during check-in, which will be communicated at that time.\n7. Additional Charges: Any additional charges incurred during your stay must be settled before checkout.\n8. Special Requests: Special requests are subject to availability at check-in and may incur additional charges. Please note that these requests cannot be guaranteed.\n9. Registered Guests Only: Only registered guests are permitted in the guestrooms. 	\N	\N	\N	2025-03-26 12:21:46.204	\N
clyy7fgjp00k6ii6i5oidk1sw	Crockfords	Genting	5	10	5	\N	\N	\N	4. Extra Person Charges: Charges for additional guests may apply and vary based on the property's policy.\n5. Tourism and State Tax: A Tourism Tax of RM10 per room per night are not included in the room rate and must be paid at the counter during heck-in, unless otherwise stated.\n6. Pahang state government has introduced a mandatory sustainability tax of RM3.00 per occupied room per night for all hotels in Pahang  ( Required to Pay on the Ground ) for staying at the registered premises.\n7. Security Deposit: The hotel may require a security deposit during check-in, which will be communicated at that time.\n8. Additional Charges: Any additional charges incurred during your stay must be settled before checkout.\n9. Special Requests: Special requests are subject to availability at check-in and may incur additional charges. Please note that these requests cannot be guaranteed.\n10. Registered Guests Only: Only registered guests are permitted in the guestrooms. 	\N	\N	\N	2025-03-26 12:21:46.204	\N
cm6uimrix1fbh101ygkbglav4	Highlands Hotel	Genting Highlands	5	10	3	Resorts World Genting, Genting Highlands, 69000 Genting Highlands, Pahang	03-6101 1118	\N	4. Extra Person Charges: Charges for additional guests may apply and vary based on the property's policy.\n5. Tourism and State Tax: A Tourism Tax of RM10 per room per night are not included in the room rate and must be paid at the counter during heck-in, unless otherwise stated.\n6. Pahang state government has introduced a mandatory sustainability tax of RM3.00 per occupied room per night for all hotels in Pahang  ( Required to Pay on the Ground ) for staying at the registered premises.\n7. Security Deposit: The hotel may require a security deposit during check-in, which will be communicated at that time.\n8. Additional Charges: Any additional charges incurred during your stay must be settled before checkout.\n9. Special Requests: Special requests are subject to availability at check-in and may incur additional charges. Please note that these requests cannot be guaranteed.\n10. Registered Guests Only: Only registered guests are permitted in the guestrooms. 	\N	\N	\N	2025-03-26 12:21:46.204	\N
cm2mt86tz01t8w3vszx8wwx54	Dash Resort Langkawi	Langkawi	4	10	5	\N	\N	\N	4. Extra Person Charges: Charges for additional guests may apply and vary based on the property's policy.\n5. Tourism and State Tax: A Tourism Tax of RM10 per room per night are not included in the room rate and must be paid at the counter during heck-in, unless otherwise stated.\n6. Langkawi Municipal Council has announced the mandatory State Tourism Fee" at MYR 3 - 5 per occupied room per night ( Required to Pay on the Ground ) for staying at the registered premise.	\N	\N	\N	2025-03-26 12:21:46.204	\N
clyy7fgfr00joii6ih9b39edg	First World Hotel	Genting	3	10	3	Resorts World Genting, Genting Highlands, 69000, Malaysia	+603 2178 2233	First World Hotel is a 3-star-hotel consisting of two towers and has 7,351 rooms. It has held the Guinness World Records title for the largest hotel in the world by the number of rooms since 2015. The hotel previously held the same title in 2006, then having 6,118 rooms in two towers, Tower 1 and 2 until The Palazzo took the title after an expansion of The Venetian located on Las Vegas Strip which was officially opened on 1 January 2008. The hotel regained the title after opening a new block named Tower 2 Annex (Tower 2A) with 1,233 rooms. The hotel connects to the brand-new shopping mall, SkyAvenue which also houses the Awana Skyway station that links to the Genting Highlands Premium Outlets. First World Hotel is the first hotel in Southeast Asia to launch E-Kiosk or Express Check-in and Check-out kiosks.	4. Extra Person Charges: Charges for additional guests may apply and vary based on the property's policy.\n5. Tourism and State Tax: A Tourism Tax of RM10 per room per night are not included in the room rate and must be paid at the counter during heck-in, unless otherwise stated.\n6. Pahang state government has introduced a mandatory sustainability tax of RM3.00 per occupied room per night for all hotels in Pahang  ( Required to Pay on the Ground ) for staying at the registered premises.\n7. Security Deposit: The hotel may require a security deposit during check-in, which will be communicated at that time.\n8. Additional Charges: Any additional charges incurred during your stay must be settled before checkout.\n9. Special Requests: Special requests are subject to availability at check-in and may incur additional charges. Please note that these requests cannot be guaranteed.\n10. Registered Guests Only: Only registered guests are permitted in the guestrooms. \n\n	\N	\N	\N	2025-03-26 12:21:46.204	\N
clyy7fgg600jqii6iyhldz2na	Genting Skyworlds Hotel	Genting	3	10	3	Resorts World Genting, Pahang, Malaysia	\N	Fun and spacious rooms for large travel groups\n\nWhen there’s so much to see and do – from endless entertainment to thrilling attractions – the more is definitely the merrier.\nThe hotel is located at the doorsteps of the Arena of Stars and SkyAvenue, the resort’s most popular lifestyle mall and home to over 100 restaurants and retail stores.	4. Extra Person Charges: Charges for additional guests may apply and vary based on the property's policy.\n5. Tourism and State Tax: A Tourism Tax of RM10 per room per night are not included in the room rate and must be paid at the counter during heck-in, unless otherwise stated.\n6. Pahang state government has introduced a mandatory sustainability tax of RM3.00 per occupied room per night for all hotels in Pahang  ( Required to Pay on the Ground ) for staying at the registered premises.\n7. Security Deposit: The hotel may require a security deposit during check-in, which will be communicated at that time.\n8. Additional Charges: Any additional charges incurred during your stay must be settled before checkout.\n9. Special Requests: Special requests are subject to availability at check-in and may incur additional charges. Please note that these requests cannot be guaranteed.\n10. Registered Guests Only: Only registered guests are permitted in the guestrooms. 	\N	\N	\N	2025-03-26 12:21:46.204	\N
clyy7fghf00jyii6it2lfj3o2	Resort Hotel	Genting	4	10	3	Jalan Major Philip Lim, Genting Highland, Malaysia, 69000	+603 2718 1118	When you are ready to call it a day, return to your room where plush beds and comfortable amenities await, leaving you with a peace of mind on your travel.	4. Extra Person Charges: Charges for additional guests may apply and vary based on the property's policy.\n5. Tourism and State Tax: A Tourism Tax of RM10 per room per night are not included in the room rate and must be paid at the counter during heck-in, unless otherwise stated.\n6. Pahang state government has introduced a mandatory sustainability tax of RM3.00 per occupied room per night for all hotels in Pahang  ( Required to Pay on the Ground ) for staying at the registered premises.\n7. Security Deposit: The hotel may require a security deposit during check-in, which will be communicated at that time.\n8. Additional Charges: Any additional charges incurred during your stay must be settled before checkout.\n9. Special Requests: Special requests are subject to availability at check-in and may incur additional charges. Please note that these requests cannot be guaranteed.\n10. Registered Guests Only: Only registered guests are permitted in the guestrooms. \n	\N	\N	\N	2025-03-26 12:21:46.204	\N
clyy7fghr00k0ii6id4ej51ky	Resort World Awana	Genting	4	10	3	KM13 Genting Highlands 69000 Genting Highlands	+603 6436 9000	Discover the embrace of pristine nature, 3,100 ft above sea level in Peninsular Malaysia. \n \nLocated 35 minutes from the Kuala Lumpur city centre and at the Southern tip of Titiwangsa Mountains, the nature-inspired resort is an ideal destination for a refreshing break from the bustling lowlands. Popular activities include golf at our iconic 18-hole mountainous course, multi-level trekking through our 130-million-year-old rainforest and exotic bird watching.\n \nResorts World Awana is also home to AYU Awana, Malaysia’s first tropical lifestyle restaurant and poolside lounge located in the highlands.\n \nThe resort is only 5 to 10 minutes' drive from the Genting Highlands Premium Outlets. Free shuttle service to the premium outlets is provided at regular intervals from the hotel lobby.	4. Extra Person Charges: Charges for additional guests may apply and vary based on the property's policy.\n5. Tourism and State Tax: A Tourism Tax of RM10 per room per night are not included in the room rate and must be paid at the counter during heck-in, unless otherwise stated.\n6. Pahang state government has introduced a mandatory sustainability tax of RM3.00 per occupied room per night for all hotels in Pahang  ( Required to Pay on the Ground ) for staying at the registered premises.\n7. Security Deposit: The hotel may require a security deposit during check-in, which will be communicated at that time.\n8. Additional Charges: Any additional charges incurred during your stay must be settled before checkout.\n9. Special Requests: Special requests are subject to availability at check-in and may incur additional charges. Please note that these requests cannot be guaranteed.\n10. Registered Guests Only: Only registered guests are permitted in the guestrooms. \n	\N	\N	\N	2025-03-26 12:21:46.204	\N
cm1g4zz1904rv4yazdv5awuwg	Bayview Hotel Georgetown 	Penang	4	10	3	25A Farquhar Street 10200 George Town Penang	+604 263 3161	In the heart of Penang Island’s vibrant capital, the Bayview Hotel Georgetown Penang combines contemporary style with an enviable central setting. You can relax in one of 340 tastefully appointed rooms and suites, and host distinguished events in sophisticated boardrooms and an elegant ballroom. The open-air Sky Bar is the perfect place to sip a cocktail as you take in panoramic rooftop views from one of the best nightspots in Penang.	4. Extra Person Charges: Charges for additional guests may apply and vary based on the property's policy.\n5. Tourism and State Tax: A Tourism Tax of RM10 per room per night are not included in the room rate and must be paid at the counter during heck-in, unless otherwise stated.\n6. The government of Penang has announced the mandatory State Tourism Fee" at MYR 3 - 5 per occupied room per night ( Required to Pay on the Ground ) for staying at the registered premise.	\N	\N	\N	2025-03-26 12:21:46.204	\N
cm2ihyn6m0ka8p4z6bkohgk8i	Impiana Hotel Ipoh	Ipoh	4	10	3	\N	\N	\N	\N	\N	\N	\N	2025-03-26 12:21:46.204	\N
cm2c041al0epdp4z6ejhs0kox	Hotel Boss Singapore	Singapore	4	0	0	\N	\N	\N	\N	\N	\N	\N	2025-03-26 12:21:46.204	\N
cm2bzyrh90eolp4z6l4fpdq90	Aqueen Hotel Paya Lebar Singapore	Singapore	3	0	0	\N	\N	\N	\N	\N	\N	\N	2025-03-26 12:21:46.204	\N
cm15y9ugy02fur9f6atypndal	Wyndham Ion Majestic	Genting Highlands	5	10	3	Wyndham Ion Majestic Hotel,\nJalan Grand Ion Majestic,\n69000 Genting Highlands, Pahang	+603-5115 8555	Nestled in the picturesque landscape of ancient rainforest, standing at an altitude of 6,000 feet within the Titiwangsa mountain range; Wyndham Ion Majestic is the Highest Altitude Hotel in Malaysia.\n\nSituated in the renowned holiday destination of Genting Highlands, both locally and internationally, it is the perfect place for a quick getaway or a tranquil retreat.	4. Extra Person Charges: Charges for additional guests may apply and vary based on the property's policy.\n5. Tourism and State Tax: A Tourism Tax of RM10 per room per night are not included in the room rate and must be paid at the counter during heck-in, unless otherwise stated.\n6. Pahang state government has introduced a mandatory sustainability tax of RM3.00 per occupied room per night for all hotels in Pahang  ( Required to Pay on the Ground ) for staying at the registered premises.\n7. Security Deposit: The hotel may require a security deposit during check-in, which will be communicated at that time.\n8. Additional Charges: Any additional charges incurred during your stay must be settled before checkout.\n9. Special Requests: Special requests are subject to availability at check-in and may incur additional charges. Please note that these requests cannot be guaranteed.\n10. Registered Guests Only: Only registered guests are permitted in the guestrooms. \n11. Wyndham Ion Majestic Hotel:- \n5-star hotel in Genting has a Shuttle service to Genting SkyAvenue ( from Hotel Lobby to Bus Terminal 3 ) \n**located within walking distance to Grand Ion Delemen\n	\N	\N	\N	2025-03-26 12:21:46.204	\N
cm6t56nst191w101y7ifykooi	Arenaa Star Hotel Kuala Lumpur	Kuala Lumpur	3	10	0	\N	\N	\N	\N	\N	\N	\N	2025-03-26 12:21:46.204	\N
cm6lwt6bf0sbf101yuovrsl5c	Hotel Royal Signature Kuala Lumpur	Kuala Lumpur	5	10	0	21, Jln Bukit Bintang, Bukit Bintang, 55100 Kuala Lumpur, Wilayah Persekutuan Kuala Lumpur	\N	\N	4. Extra Person Charges: Charges for additional guests may apply and vary based on the property's policy.\n5. Tourism and State Tax: A Tourism Tax of RM10 per room per night are not included in the room rate and must be paid at the counter during heck-in, unless otherwise stated.\nfor staying at the registered premises.\n6. Security Deposit: The hotel may require a security deposit during check-in, which will be communicated at that time.\n7. Additional Charges: Any additional charges incurred during your stay must be settled before checkout.\n8. Special Requests: Special requests are subject to availability at check-in and may incur additional charges. Please note that these requests cannot be guaranteed.\n9. Registered Guests Only: Only registered guests are permitted in the guestrooms. 	\N	\N	\N	2025-03-26 12:21:46.204	\N
cm6lwhjqi0s82101y8ypr88rg	Areca Hotel Penang	Penang	3	10	3	5, Jalan Khoo Sian Ewe, George Town, 10050 George Town, Pulau Pinang	\N	\N	4. Extra Person Charges: Charges for additional guests may apply and vary based on the property's policy.\n5. Tourism and State Tax: A Tourism Tax of RM10 per room per night are not included in the room rate and must be paid at the counter during heck-in, unless otherwise stated.\n6. The government of Penang has announced the mandatory State Tourism Fee" at MYR 3 - 5 per occupied room per night ( Required to Pay on the Ground ) for staying at the registered premise.	\N	\N	\N	2025-03-26 12:21:46.204	\N
cm6g2ii8a0eag101y70w0s5k4	Resorts World Langkawi	Langkawi	4	10	4	\N	\N	\N	\N	\N	\N	\N	2025-03-26 12:21:46.204	\N
cm5uh2fbu1cmwhemdzy7oejim	Kingston Hotel 5 @ Chow Kit	Kuala Lumpur	3	10	0	Wisma Dato' James Tan, Jalan Tuanku Abdul Rahman, Chow Kit, 50100 Kuala Lumpur, Wilayah Persekutuan Kuala Lumpur	\N	\N	4. Extra Person Charges: Charges for additional guests may apply and vary based on the property's policy.\n5. Tourism and State Tax: A Tourism Tax of RM10 per room per night are not included in the room rate and must be paid at the counter during heck-in, unless otherwise stated.\nfor staying at the registered premises.\n6. Security Deposit: The hotel may require a security deposit during check-in, which will be communicated at that time.\n7. Additional Charges: Any additional charges incurred during your stay must be settled before checkout.\n8. Special Requests: Special requests are subject to availability at check-in and may incur additional charges. Please note that these requests cannot be guaranteed.\n9. Registered Guests Only: Only registered guests are permitted in the guestrooms. 	\N	\N	\N	2025-03-26 12:21:46.204	\N
cm5xqzkt21ialhemdl7qfoeu6	Kingston Hotel 08 @ Bukit Bintang	Kuala Lumpur	3	10	0	\N	\N	\N	4. Extra Person Charges: Charges for additional guests may apply and vary based on the property's policy.\n5. Tourism and State Tax: A Tourism Tax of RM10 per room per night are not included in the room rate and must be paid at the counter during heck-in, unless otherwise stated.\nfor staying at the registered premises.\n6. Security Deposit: The hotel may require a security deposit during check-in, which will be communicated at that time.\n7. Additional Charges: Any additional charges incurred during your stay must be settled before checkout.\n8. Special Requests: Special requests are subject to availability at check-in and may incur additional charges. Please note that these requests cannot be guaranteed.\n9. Registered Guests Only: Only registered guests are permitted in the guestrooms. 	\N	\N	\N	2025-03-26 12:21:46.204	\N
clyy7fgm300klii6iclvlelpg	Royale Chulan Kuala Lumpur	Kuala Lumpur	5	10	0	5 Jalan Conlay, Kuala Lumpur City Centre, Wilayah Persekutuan, 50450, Malaysia	+603 2688 9688	Royale Chulan Hotels and Resorts, managed by Boustead Hotels and Resorts Sdn. Bhd. began with a specific goal in mind: to design, create, and manage a chain of hotels with a unique architecture and offerings. It started with Royale Chulan Bukit Bintang (formerly known as Royale Bukit Bintang Kuala Lumpur) in 2004, with a complex located right at the heart of Bukit Bintang.\n\nThe hotel was inspired by the fast-paced energy of the city and achieved success that has exceeded expectations. Today, there are a total of 8 hotels under the group’s belt – each with its own character and offers true Malaysian hospitality.	4. Extra Person Charges: Charges for additional guests may apply and vary based on the property's policy.\n5. Tourism and State Tax: A Tourism Tax of RM10 per room per night are not included in the room rate and must be paid at the counter during heck-in, unless otherwise stated.\nfor staying at the registered premises.\n6. Security Deposit: The hotel may require a security deposit during check-in, which will be communicated at that time.\n7. Additional Charges: Any additional charges incurred during your stay must be settled before checkout.\n8. Special Requests: Special requests are subject to availability at check-in and may incur additional charges. Please note that these requests cannot be guaranteed.\n9. Registered Guests Only: Only registered guests are permitted in the guestrooms. 	\N	\N	\N	2025-03-26 12:21:46.204	\N
cm2c00wuv0eozp4z6nhk7e9t8	Value Hotel Thomson Singapore	Singapore	3	0	0	\N	\N	\N	\N	\N	\N	\N	2025-03-26 12:21:46.204	\N
cm2bztdl00eobp4z60633c70g	Hotel Chancellor Orchard Singapore	Singapore	3	0	0	\N	\N	\N	\N	\N	\N	\N	2025-03-26 12:21:46.204	\N
clyy7fgn000kxii6i6mw6ikd3	Rebak Island Resort & Marina	Langkawi	4	10	5	\N	\N	\N	4. Extra Person Charges: Charges for additional guests may apply and vary based on the property's policy.\n5. Tourism and State Tax: A Tourism Tax of RM10 per room per night are not included in the room rate and must be paid at the counter during heck-in, unless otherwise stated.\n6. Langkawi Municipal Council has announced the mandatory State Tourism Fee" at MYR 3 - 5 per occupied room per night ( Required to Pay on the Ground ) for staying at the registered premise.	\N	\N	\N	2025-03-26 12:21:46.204	\N
clyy7fgmb00koii6iatwsj9em	Furama Bukit Bintang	Kuala Lumpur	4	10	0	136, Jalan Changkat Thambi Dollah, 55100 Kuala Lumpur, Federal Territory of Kuala Lumpur	+603-2788 8888	Furama Bukit Bintang, Kuala Lumpur offers modern accommodation with free WiFi and free parking on site. It houses an outdoor pool, a gym and 3 dining options. Berjaya Times Square is a short walk from the property. Featuring large windows and wooden furnishings, the spacious rooms are fitted with air conditioning and a flat-screen satellite TV. Certain units have a separate seating area and executive lounge access. Shower facilities and free toiletries are included in the en suite bathroom. Spices @ Furama serves fusion-style buffet in a chic setting. Drinks and live music can be enjoyed at Cinnamon Lounge. Poolside Bar offers refreshing cocktails and light snacks. Guests can workout at the gym or relax by the pool. Staff at the reception are happy to assist you with local area information. Laundry, housekeeping and room service are available 24-hour. Furama Bukit Bintang, Kuala Lumpur is 750 metres from Imbi Monorail station, while Alor Street Food Night Market is 1.1 km away.	4. Extra Person Charges: Charges for additional guests may apply and vary based on the property's policy.\n5. Tourism and State Tax: A Tourism Tax of RM10 per room per night are not included in the room rate and must be paid at the counter during heck-in, unless otherwise stated.\nfor staying at the registered premises.\n6. Security Deposit: The hotel may require a security deposit during check-in, which will be communicated at that time.\n7. Additional Charges: Any additional charges incurred during your stay must be settled before checkout.\n8. Special Requests: Special requests are subject to availability at check-in and may incur additional charges. Please note that these requests cannot be guaranteed.\n9. Registered Guests Only: Only registered guests are permitted in the guestrooms. 	\N	\N	\N	2025-03-26 12:21:46.204	\N
cm5ugxvzd1cmmhemdbyj3ux52	Kingston Hotel 9 @ Malacca Jonker Walk	Malacca	3	10	3	108, Jln. Bunga Raya, Kampung Jawa, 75100 Melaka	\N	\N	4. Extra Person Charges: Charges for additional guests may apply and vary based on the property's policy.\n5. Tourism and State Tax: A Tourism Tax of RM10 per room per night are not included in the room rate and must be paid at the counter during heck-in, unless otherwise stated.\nfor staying at the registered premises.\n6. The Malacca state government has announced the mandatory State Tourism Fee" at MYR 3 - 5 per occupied room per night ( Required to Pay on the Ground ) for staying at the registered premise.	\N	\N	\N	2025-03-26 12:21:46.204	\N
cm0yoghc002qordhpfkq6odcn	THE FACE Suites	Kuala Lumpur	5	10	0	\N	\N	\N	\N	\N	\N	\N	2025-03-26 12:21:46.204	\N
clyy7fglv00khii6irivsgx5r	Berjaya Times Square Hotel	Kuala Lumpur	5	10	0	No.1, Jalan Imbi 55100 Kuala Lumpur Federal Territory of Kuala Lumpur	+603 2117 8000	Berjaya Times Square Hotel, Kuala Lumpur is ideally situated right in the heart of the city’s liveliest entertainment hub and most happening shopping districts. The hotel is located adjacent to Berjaya Times Square Shopping Mall with direct connectivity to the KL Monorail system via the Imbi Station and is merely 15-minute walk away from the world-renowned Petronas Twin Towers. Indulge in all the perks of a lavish and carefree lifestyle in addition to let us pamper you. Not forgetting, stunning views of the city’s skylines at our luxury hotel in Bukit Bintang will make an impressive stay to remember.	4. Extra Person Charges: Charges for additional guests may apply and vary based on the property's policy.\n5. Tourism and State Tax: A Tourism Tax of RM10 per room per night are not included in the room rate and must be paid at the counter during heck-in, unless otherwise stated.\nfor staying at the registered premises.\n6. Security Deposit: The hotel may require a security deposit during check-in, which will be communicated at that time.\n7. Additional Charges: Any additional charges incurred during your stay must be settled before checkout.\n8. Special Requests: Special requests are subject to availability at check-in and may incur additional charges. Please note that these requests cannot be guaranteed.\n9. Registered Guests Only: Only registered guests are permitted in the guestrooms. 	\N	\N	\N	2025-03-26 12:21:46.204	\N
clyy7fgmw00kvii6ikjtfy59k	Lexis Hibiscus	Port Dickson	5	10	0	\N	\N	\N	4. Extra Person Charges: Charges for additional guests may apply and vary based on the property's policy.\n5. Tourism and State Tax: A Tourism Tax of RM10 per room per night are not included in the room rate and must be paid at the counter during heck-in, unless otherwise stated.\nfor staying at the registered premises.\n6. Security Deposit: The hotel may require a security deposit during check-in, which will be communicated at that time.\n7. Additional Charges: Any additional charges incurred during your stay must be settled before checkout.\n8. Special Requests: Special requests are subject to availability at check-in and may incur additional charges. Please note that these requests cannot be guaranteed.\n9. Registered Guests Only: Only registered guests are permitted in the guestrooms. 	\N	\N	\N	2025-03-26 12:21:46.204	\N
clyy7fgms00kuii6inp5pzed0	Swiss Garden Bukit Bintang	Kuala Lumpur	4	10	0	\N	\N	\N	4. Extra Person Charges: Charges for additional guests may apply and vary based on the property's policy.\n5. Tourism and State Tax: A Tourism Tax of RM10 per room per night are not included in the room rate and must be paid at the counter during heck-in, unless otherwise stated.\nfor staying at the registered premises.\n6. Security Deposit: The hotel may require a security deposit during check-in, which will be communicated at that time.\n7. Additional Charges: Any additional charges incurred during your stay must be settled before checkout.\n8. Special Requests: Special requests are subject to availability at check-in and may incur additional charges. Please note that these requests cannot be guaranteed.\n9. Registered Guests Only: Only registered guests are permitted in the guestrooms. 	\N	\N	\N	2025-03-26 12:21:46.204	\N
cm2o5iys103adw3vss4fgbwfp	PARKROYAL Serviced Suites Kuala Lumpur	Kuala Lumpur	4	10	0	Address: No. 1, Jalan Nagasari, Off, Jalan Raja Chulan, 50200 Kuala Lumpur\n	Phone: 03-2084 1000	\N	4. Extra Person Charges: Charges for additional guests may apply and vary based on the property's policy.\n5. Tourism and State Tax: A Tourism Tax of RM10 per room per night are not included in the room rate and must be paid at the counter during heck-in, unless otherwise stated.\nfor staying at the registered premises.\n6. Security Deposit: The hotel may require a security deposit during check-in, which will be communicated at that time.\n7. Additional Charges: Any additional charges incurred during your stay must be settled before checkout.\n8. Special Requests: Special requests are subject to availability at check-in and may incur additional charges. Please note that these requests cannot be guaranteed.\n9. Registered Guests Only: Only registered guests are permitted in the guestrooms. 	\N	\N	\N	2025-03-26 12:21:46.204	\N
cm2u6q6g809z4w3vsc3regjff	The RIYAZ Lavanya, Langkawi	Langkawi	5	10	3	\N	\N	\N	4. Extra Person Charges: Charges for additional guests may apply and vary based on the property's policy.\n5. Tourism and State Tax: A Tourism Tax of RM10 per room per night are not included in the room rate and must be paid at the counter during heck-in, unless otherwise stated.\n6. Langkawi Municipal Council has announced the mandatory State Tourism Fee" at MYR 3 - 5 per occupied room per night ( Required to Pay on the Ground ) for staying at the registered premise.	\N	\N	\N	2025-03-26 12:21:46.204	\N
clywcm10600laiq9x6rqzm3h0	Test Hotel	Kuala Lumpur	3	0	0	\N	\N	\N	\N	\N	\N	\N	2025-03-26 12:21:46.204	\N
cm1yhigce00ylqbbu2lhh6jbd	Mercure Langkawi Pantai Cenang - Min 2 Nights	Langkawi	4	10	3	Lot 2500, Jalan Pantai Cenang\nMukim Kedawang 07000 Pulau Langkawi	604 964 2307	\N	4. Extra Person Charges: Charges for additional guests may apply and vary based on the property's policy.\n5. Tourism and State Tax: A Tourism Tax of RM10 per room per night are not included in the room rate and must be paid at the counter during heck-in, unless otherwise stated.\n6. Langkawi Municipal Council has announced the mandatory State Tourism Fee" at MYR 3 - 5 per occupied room per night ( Required to Pay on the Ground ) for staying at the registered premise.	\N	\N	\N	2025-03-26 12:21:46.204	\N
cm5kxbwmb0v4whemd2v8gyua7	Nadias Hotel Langkawi Pantai Cenang	Langkawi	3	10	3	\N	\N	\N	\N	\N	\N	\N	2025-03-26 12:21:46.204	\N
clyy7fgli00kcii6i70uar6ym	Ibis Kuala Lumpur City Centre	Kuala Lumpur	4	10	0	32 Jalan Yap Kwan Seng, 50450 KUALA LUMPUR, Malaysia	+603-2778 3333	Strategically located right in the heart of Kuala Lumpur, ibis Kuala Lumpur City Centre is only a 5-min walk from Petronas Twin Towers, KLCC Park and major shopping malls including Suria KLCC. It is walking distance to Kuala Lumpur Convention Centre, National Library and many other top tourist attractions and very accessible by LRT train stations. All contemporary guestrooms feature supremely comfortable beds, complimentary Internet and modern amenities for a good night's stay.	4. Extra Person Charges: Charges for additional guests may apply and vary based on the property's policy.\n5. Tourism and State Tax: A Tourism Tax of RM10 per room per night are not included in the room rate and must be paid at the counter during heck-in, unless otherwise stated.\nfor staying at the registered premises.\n6. Security Deposit: The hotel may require a security deposit during check-in, which will be communicated at that time.\n7. Additional Charges: Any additional charges incurred during your stay must be settled before checkout.\n8. Special Requests: Special requests are subject to availability at check-in and may incur additional charges. Please note that these requests cannot be guaranteed.\n9. Registered Guests Only: Only registered guests are permitted in the guestrooms. 	\N	\N	\N	2025-03-26 12:21:46.204	\N
clyy7fgi000k2ii6itx1e83il	Lost World Hotel	Ipoh	4	10	5	\N	\N	\N	4. Extra Person Charges: Charges for additional guests may apply and vary based on the property's policy.\n5. Tourism and State Tax: A Tourism Tax of RM10 per room per night are not included in the room rate and must be paid at the counter during heck-in, unless otherwise stated.\nfor staying at the registered premises.\n6. Security Deposit: The hotel may require a security deposit during check-in, which will be communicated at that time.\n7. Additional Charges: Any additional charges incurred during your stay must be settled before checkout.\n8. Special Requests: Special requests are subject to availability at check-in and may incur additional charges. Please note that these requests cannot be guaranteed.\n9. Registered Guests Only: Only registered guests are permitted in the guestrooms. 	\N	\N	\N	2025-03-26 12:21:46.204	\N
cm17b850i05m4r9f6i4uirayt	Eastin Hotel	Kuala Lumpur	4	10	0	\N	\N	\N	4. Extra Person Charges: Charges for additional guests may apply and vary based on the property's policy.\n5. Tourism and State Tax: A Tourism Tax of RM10 per room per night are not included in the room rate and must be paid at the counter during heck-in, unless otherwise stated.\nfor staying at the registered premises.\n6. Security Deposit: The hotel may require a security deposit during check-in, which will be communicated at that time.\n7. Additional Charges: Any additional charges incurred during your stay must be settled before checkout.\n8. Special Requests: Special requests are subject to availability at check-in and may incur additional charges. Please note that these requests cannot be guaranteed.\n9. Registered Guests Only: Only registered guests are permitted in the guestrooms. 	\N	\N	\N	2025-03-26 12:21:46.204	\N
clyy7fgmr00ktii6i14dn8xoa	Royale Chulan Cherating Chalets	Pahang	3	10	5	\N	\N	\N	4. Extra Person Charges: Charges for additional guests may apply and vary based on the property's policy.\n5. Tourism and State Tax: A Tourism Tax of RM10 per room per night are not included in the room rate and must be paid at the counter during heck-in, unless otherwise stated.\n6. Pahang state government has introduced a mandatory sustainability tax of RM3.00 per occupied room per night for all hotels in Pahang  ( Required to Pay on the Ground ) for staying at the registered premises.\n7. Security Deposit: The hotel may require a security deposit during check-in, which will be communicated at that time.\n8. Additional Charges: Any additional charges incurred during your stay must be settled before checkout.\n9. Special Requests: Special requests are subject to availability at check-in and may incur additional charges. Please note that these requests cannot be guaranteed.\n10. Registered Guests Only: Only registered guests are permitted in the guestrooms. 	\N	\N	\N	2025-03-26 12:21:46.204	\N
cm40t5s1c12hzu9cglpjdekxv	Holiday Villa Beach Resort & Spa Langkawi	Langkawi	4	10	5	\N	\N	\N	4. Extra Person Charges: Charges for additional guests may apply and vary based on the property's policy.\n5. Tourism and State Tax: A Tourism Tax of RM10 per room per night are not included in the room rate and must be paid at the counter during heck-in, unless otherwise stated.\n6. Langkawi Municipal Council has announced the mandatory State Tourism Fee" at MYR 3 - 5 per occupied room per night ( Required to Pay on the Ground ) for staying at the registered premise.	\N	\N	\N	2025-03-26 12:21:46.204	\N
clyy7fgm800knii6iddy43rw5	E&O Residences	Kuala Lumpur	5	10	0	\N	\N	\N	4. Extra Person Charges: Charges for additional guests may apply and vary based on the property's policy.\n5. Tourism and State Tax: A Tourism Tax of RM10 per room per night are not included in the room rate and must be paid at the counter during heck-in, unless otherwise stated.\nfor staying at the registered premises.\n6. Security Deposit: The hotel may require a security deposit during check-in, which will be communicated at that time.\n7. Additional Charges: Any additional charges incurred during your stay must be settled before checkout.\n8. Special Requests: Special requests are subject to availability at check-in and may incur additional charges. Please note that these requests cannot be guaranteed.\n9. Registered Guests Only: Only registered guests are permitted in the guestrooms. \n10. Extra Bed does NOT include breakfast for E&O Residences rooms.	\N	\N	\N	2025-03-26 12:21:46.204	\N
cm376udlq0qczw3vs1cifsakn	Holiday Inn Express Kuala Lumpur City Centre	Kuala Lumpur	3	10	0	\N	\N	\N	4. Extra Person Charges: Charges for additional guests may apply and vary based on the property's policy.\n5. Tourism and State Tax: A Tourism Tax of RM10 per room per night are not included in the room rate and must be paid at the counter during heck-in, unless otherwise stated.\nfor staying at the registered premises.\n6. Security Deposit: The hotel may require a security deposit during check-in, which will be communicated at that time.\n7. Additional Charges: Any additional charges incurred during your stay must be settled before checkout.\n8. Special Requests: Special requests are subject to availability at check-in and may incur additional charges. Please note that these requests cannot be guaranteed.\n9. Registered Guests Only: Only registered guests are permitted in the guestrooms. 	\N	\N	\N	2025-03-26 12:21:46.204	\N
cm4w6nhzj1m0gy65z62lm16yz	1001 Nights Hotel Genting Highlands	Genting	5	10	3	Grand Ion Majestic, Jalan, 69000 Genting Highlands, Pahang	\N	\N	4. Extra Person Charges: Charges for additional guests may apply and vary based on the property's policy.\n5. Tourism and State Tax: A Tourism Tax of RM10 per room per night are not included in the room rate and must be paid at the counter during heck-in, unless otherwise stated.\n6. Pahang state government has introduced a mandatory sustainability tax of RM3.00 per occupied room per night for all hotels in Pahang  ( Required to Pay on the Ground ) for staying at the registered premises.\n7. Security Deposit: The hotel may require a security deposit during check-in, which will be communicated at that time.\n8. Additional Charges: Any additional charges incurred during your stay must be settled before checkout.\n9. Special Requests: Special requests are subject to availability at check-in and may incur additional charges. Please note that these requests cannot be guaranteed.\n10. Registered Guests Only: Only registered guests are permitted in the guestrooms. 	\N	\N	\N	2025-03-26 12:21:46.204	\N
clyy7fggu00jvii6ia9eweab6	Bayview Hotel Melaka	Melaka	4	10	2	\N	\N	\N	4. Extra Person Charges: Charges for additional guests may apply and vary based on the property's policy.\n5. Tourism and State Tax: A Tourism Tax of RM10 per room per night are not included in the room rate and must be paid at the counter during heck-in, unless otherwise stated.\nfor staying at the registered premises.\n6. The Malacca state government has announced the mandatory State Tourism Fee" at MYR 3 - 5 per occupied room per night ( Required to Pay on the Ground ) for staying at the registered premise.	\N	\N	\N	2025-03-26 12:21:46.204	\N
cm4lblyfn0xq1y65zkzsy0a4g	Berjaya Penang Hotel	Kuala Lumpur 	4	10	3	\N	\N	\N	\N	\N	\N	\N	2025-03-26 12:21:46.204	\N
cm4jmebo80rmqy65z9qxck5cr	Hilton Garden Inn Kuala Lumpur North	Kuala Lumpur	3	10	0	\N	\N	\N	\N	\N	\N	\N	2025-03-26 12:21:46.204	\N
cm2a3rqwp09ncp4z6b3njpf1n	Strawberry Park Resort Cameron Highlands	Pahang	4	10	3	Lot 195 & 196, Jalan Strawberry Park, Brinchang, 39000 Brinchang, Pahang	\N	\N	4. Extra Person Charges: Charges for additional guests may apply and vary based on the property's policy.\n5. Tourism and State Tax: A Tourism Tax of RM10 per room per night are not included in the room rate and must be paid at the counter during heck-in, unless otherwise stated.\n6. Pahang state government has introduced a mandatory sustainability tax of RM3.00 per occupied room per night for all hotels in Pahang  ( Required to Pay on the Ground ) for staying at the registered premises.\n7. Security Deposit: The hotel may require a security deposit during check-in, which will be communicated at that time.\n8. Additional Charges: Any additional charges incurred during your stay must be settled before checkout.\n9. Special Requests: Special requests are subject to availability at check-in and may incur additional charges. Please note that these requests cannot be guaranteed.\n10. Registered Guests Only: Only registered guests are permitted in the guestrooms. 	\N	\N	\N	2025-03-26 12:21:46.204	\N
cm4jdgq9l0p0uy65zkonx8eod	Tunamaya Beach & Spa Resort Tioman Island	Pahang	4	10	3	Lot 20 & 21, Sarang Burung, Kg. Mukut, 26800 Pulau Tioman, Pahang	+609-419 4988	\N	4. Extra Person Charges: Charges for additional guests may apply and vary based on the property's policy.\n5. Tourism and State Tax: A Tourism Tax of RM10 per room per night are not included in the room rate and must be paid at the counter during heck-in, unless otherwise stated.\n6. Pahang state government has introduced a mandatory sustainability tax of RM3.00 per occupied room per night for all hotels in Pahang  ( Required to Pay on the Ground ) for staying at the registered premises.\n7. Security Deposit: The hotel may require a security deposit during check-in, which will be communicated at that time.\n8. Additional Charges: Any additional charges incurred during your stay must be settled before checkout.\n9. Special Requests: Special requests are subject to availability at check-in and may incur additional charges. Please note that these requests cannot be guaranteed.\n10. Registered Guests Only: Only registered guests are permitted in the guestrooms. 	\N	\N	\N	2025-03-26 12:21:46.204	\N
cm4h5iyf40ggyy65zvdy7fg9c	JW Mariott Kuala Lumpur	Kuala Lumpur 	4	10	0	\N	\N	\N	\N	\N	\N	\N	2025-03-26 12:21:46.204	\N
clyy7fgle00kaii6i7azbtx00	Melia Kuala Lumpur	Kuala Lumpur	5	10	0	\N	\N	\N	4. Extra Person Charges: Charges for additional guests may apply and vary based on the property's policy.\n5. Tourism and State Tax: A Tourism Tax of RM10 per room per night are not included in the room rate and must be paid at the counter during heck-in, unless otherwise stated.\nfor staying at the registered premises.\n6. Security Deposit: The hotel may require a security deposit during check-in, which will be communicated at that time.\n7. Additional Charges: Any additional charges incurred during your stay must be settled before checkout.\n8. Special Requests: Special requests are subject to availability at check-in and may incur additional charges. Please note that these requests cannot be guaranteed.\n9. Registered Guests Only: Only registered guests are permitted in the guestrooms. 	\N	\N	\N	2025-03-26 12:21:46.204	\N
cm4ezfmyb0dgpy65zu8elndfx	Flamingo Penang - Beach Hotel 	Penang	4	0	0	\N	\N	\N	\N	\N	\N	\N	2025-03-26 12:21:46.204	\N
cm4cnnim10crcy65z1rrlc5b9	Pullman Kuala Lumpur City Centre - Hotel & Residences	Kuala Lumpur	5	10	0	\N	\N	\N	\N	\N	\N	\N	2025-03-26 12:21:46.204	\N
cm4atkj0308cmy65z2kkcxgw6	 The Chateau Spa & Wellness Resort	Pahang	5	10	3	\N	\N	\N	\N	\N	\N	\N	2025-03-26 12:21:46.204	\N
cm485atu304guy65z6upfps2e	The Platinum Suites 2 Kuala Lumpur 	Kuala Lumpur	4	10	0	\N	\N	\N	4. Extra Person Charges: Charges for additional guests may apply and vary based on the property's policy.\n5. Tourism and State Tax: A Tourism Tax of RM10 per room per night are not included in the room rate and must be paid at the counter during heck-in, unless otherwise stated.\nfor staying at the registered premises.\n6. Security Deposit: The hotel may require a security deposit during check-in, which will be communicated at that time.\n7. Additional Charges: Any additional charges incurred during your stay must be settled before checkout.\n8. Special Requests: Special requests are subject to availability at check-in and may incur additional charges. Please note that these requests cannot be guaranteed.\n9. Registered Guests Only: Only registered guests are permitted in the guestrooms. 	\N	\N	\N	2025-03-26 12:21:46.204	\N
cm484rnsx04gmy65z8md45l8k	DoubleTree by Hilton Kuala Lumpur	Kuala Lumpur	5	10	0	\N	\N	\N	4. Extra Person Charges: Charges for additional guests may apply and vary based on the property's policy.\n5. Tourism and State Tax: A Tourism Tax of RM10 per room per night are not included in the room rate and must be paid at the counter during heck-in, unless otherwise stated.\nfor staying at the registered premises.\n6. Security Deposit: The hotel may require a security deposit during check-in, which will be communicated at that time.\n7. Additional Charges: Any additional charges incurred during your stay must be settled before checkout.\n8. Special Requests: Special requests are subject to availability at check-in and may incur additional charges. Please note that these requests cannot be guaranteed.\n9. Registered Guests Only: Only registered guests are permitted in the guestrooms. 	\N	\N	\N	2025-03-26 12:21:46.204	\N
cm46c0ume01q1y65z6t1u7rpa	Tourism Tax	Kuala Lumpur	5	0	0	\N	\N	\N	\N	\N	\N	\N	2025-03-26 12:21:46.204	\N
cm3zcptno0zvpu9cgnhmnsfi2	Silka Maytower Kuala Lumpur - Min 2 Nights	Kuala Lumpur	3	10	0	7, Jalan Munshi Abdullah, City Centre, 50100 Kuala Lumpur, Wilayah Persekutuan Kuala Lumpur	\N	\N	4. Extra Person Charges: Charges for additional guests may apply and vary based on the property's policy.\n5. Tourism and State Tax: A Tourism Tax of RM10 per room per night are not included in the room rate and must be paid at the counter during heck-in, unless otherwise stated.\nfor staying at the registered premises.\n6. Security Deposit: The hotel may require a security deposit during check-in, which will be communicated at that time.\n7. Additional Charges: Any additional charges incurred during your stay must be settled before checkout.\n8. Special Requests: Special requests are subject to availability at check-in and may incur additional charges. Please note that these requests cannot be guaranteed.\n9. Registered Guests Only: Only registered guests are permitted in the guestrooms. 	\N	\N	\N	2025-03-26 12:21:46.204	\N
cm3y9dly60z6qu9cgp7nr3jbp	Royale Chulan Cherating Villas	Pahang	5	10	3	Royale Chulan Cherating Villas, 26100 Balok, Pahang	\N	\N	4. Extra Person Charges: Charges for additional guests may apply and vary based on the property's policy.\n5. Tourism and State Tax: A Tourism Tax of RM10 per room per night are not included in the room rate and must be paid at the counter during heck-in, unless otherwise stated.\n6. Pahang state government has introduced a mandatory sustainability tax of RM3.00 per occupied room per night for all hotels in Pahang  ( Required to Pay on the Ground ) for staying at the registered premises.\n7. Security Deposit: The hotel may require a security deposit during check-in, which will be communicated at that time.\n8. Additional Charges: Any additional charges incurred during your stay must be settled before checkout.\n9. Special Requests: Special requests are subject to availability at check-in and may incur additional charges. Please note that these requests cannot be guaranteed.\n10. Registered Guests Only: Only registered guests are permitted in the guestrooms. 	\N	\N	\N	2025-03-26 12:21:46.204	\N
clyy7fgne00l2ii6ixgrxprio	Hotel Signature International @ Chinatown	Kuala Lumpur	3	10	0	3, Jalan Sri Hartamas 22, Desa Sri Hartamas, 50480 Kuala Lumpur, Federal Territory of Kuala Lumpur	+603-6412 0888	The 3-star Signature Hotel China Town, Puduraya Kuala Lumpur sits at 700 metres from the lively Petaling Chinatown Street Market and offers a restaurant and a luggage room. This Kuala Lumpur hotel comes with Wi-Fi throughout the property.	4. Extra Person Charges: Charges for additional guests may apply and vary based on the property's policy.\n5. Tourism and State Tax: A Tourism Tax of RM10 per room per night are not included in the room rate and must be paid at the counter during heck-in, unless otherwise stated.\nfor staying at the registered premises.\n6. Security Deposit: The hotel may require a security deposit during check-in, which will be communicated at that time.\n7. Additional Charges: Any additional charges incurred during your stay must be settled before checkout.\n8. Special Requests: Special requests are subject to availability at check-in and may incur additional charges. Please note that these requests cannot be guaranteed.\n9. Registered Guests Only: Only registered guests are permitted in the guestrooms. 	\N	\N	\N	2025-03-26 12:21:46.204	\N
cm3wskayi0oppu9cg7r4ngkre	Shahzan Hotel Kuantan	Pahang	3	10	3	 Lot PT 240, Jalan Bukit Ubi, Jalan Masjid, 25000 Kuantan, Pahang	\N	\N	4. Extra Person Charges: Charges for additional guests may apply and vary based on the property's policy.\n5. Tourism and State Tax: A Tourism Tax of RM10 per room per night are not included in the room rate and must be paid at the counter during heck-in, unless otherwise stated.\n6. Pahang state government has introduced a mandatory sustainability tax of RM3.00 per occupied room per night for all hotels in Pahang  ( Required to Pay on the Ground ) for staying at the registered premises.\n7. Security Deposit: The hotel may require a security deposit during check-in, which will be communicated at that time.\n8. Additional Charges: Any additional charges incurred during your stay must be settled before checkout.\n9. Special Requests: Special requests are subject to availability at check-in and may incur additional charges. Please note that these requests cannot be guaranteed.\n10. Registered Guests Only: Only registered guests are permitted in the guestrooms. 	\N	\N	\N	2025-03-26 12:21:46.204	\N
cm3r54v2g0anfu9cg4wkh36v1	Copthorne Hotel Cameron Highlands	Pahang	4	10	3	Brinchang, 39100 Brinchang, Pahang	\N	\N	4. Extra Person Charges: Charges for additional guests may apply and vary based on the property's policy.\n5. Tourism and State Tax: A Tourism Tax of RM10 per room per night are not included in the room rate and must be paid at the counter during heck-in, unless otherwise stated.\n6. Pahang state government has introduced a mandatory sustainability tax of RM3.00 per occupied room per night for all hotels in Pahang  ( Required to Pay on the Ground ) for staying at the registered premises.\n7. Security Deposit: The hotel may require a security deposit during check-in, which will be communicated at that time.\n8. Additional Charges: Any additional charges incurred during your stay must be settled before checkout.\n9. Special Requests: Special requests are subject to availability at check-in and may incur additional charges. Please note that these requests cannot be guaranteed.\n10. Registered Guests Only: Only registered guests are permitted in the guestrooms. 	\N	\N	\N	2025-03-26 12:21:46.204	\N
cm3plk5dq08owu9cgmgfixz79	Ames Hotel Melaka	Malacca	5	10	2	\N	\N	\N	4. Extra Person Charges: Charges for additional guests may apply and vary based on the property's policy.\n5. Tourism and State Tax: A Tourism Tax of RM10 per room per night are not included in the room rate and must be paid at the counter during heck-in, unless otherwise stated.\nfor staying at the registered premises.\n6. The Malacca state government has announced the mandatory State Tourism Fee" at MYR 3 - 5 per occupied room per night ( Required to Pay on the Ground ) for staying at the registered premise.	\N	\N	\N	2025-03-26 12:21:46.204	\N
cm3pm40vm08qpu9cg4zzqdvsd	Metrasquare Hotel Melaka	Malacca	3	10	2	\N	\N	\N	4. Extra Person Charges: Charges for additional guests may apply and vary based on the property's policy.\n5. Tourism and State Tax: A Tourism Tax of RM10 per room per night are not included in the room rate and must be paid at the counter during heck-in, unless otherwise stated.\nfor staying at the registered premises.\n6. The Malacca state government has announced the mandatory State Tourism Fee" at MYR 3 - 5 per occupied room per night ( Required to Pay on the Ground ) for staying at the registered premise.	\N	\N	\N	2025-03-26 12:21:46.204	\N
cm3obhmni06pbu9cgverzj14v	Royale Chulan Penang	Penang	4	10	3	\N	\N	\N	4. Extra Person Charges: Charges for additional guests may apply and vary based on the property's policy.\n5. Tourism and State Tax: A Tourism Tax of RM10 per room per night are not included in the room rate and must be paid at the counter during heck-in, unless otherwise stated.\n6. The government of Penang has announced the mandatory State Tourism Fee" at MYR 3 - 5 per occupied room per night ( Required to Pay on the Ground ) for staying at the registered premise.	\N	\N	\N	2025-03-26 12:21:46.204	\N
clyy7fggq00juii6i0cp1qadv	Ramada By Whyndham Langkawi Marina	Langkawi	3	10	5	Address: Jalan Dato' Syed Omar, 07000, Langkawi, Kedah Kuah, 07000 Langkawi, Kedah	+604-966 4078	\N	4. Extra Person Charges: Charges for additional guests may apply and vary based on the property's policy.\n5. Tourism and State Tax: A Tourism Tax of RM10 per room per night are not included in the room rate and must be paid at the counter during heck-in, unless otherwise stated.\n6. Langkawi Municipal Council has announced the mandatory State Tourism Fee" at MYR 3 - 5 per occupied room per night ( Required to Pay on the Ground ) for staying at the registered premise.	\N	\N	\N	2025-03-26 12:21:46.204	\N
clyy7fgg800jrii6ixqqi228j	Hotel Grand Continental Langkawi	Langkawi	3	10	5	\N	\N	\N	4. Extra Person Charges: Charges for additional guests may apply and vary based on the property's policy.\n5. Tourism and State Tax: A Tourism Tax of RM10 per room per night are not included in the room rate and must be paid at the counter during heck-in, unless otherwise stated.\n6. Langkawi Municipal Council has announced the mandatory State Tourism Fee" at MYR 3 - 5 per occupied room per night ( Required to Pay on the Ground ) for staying at the registered premise.	\N	\N	\N	2025-03-26 12:21:46.204	\N
cm3i8u4vo12srw3vsr0udafha	Indigo Hotel Kuala Lumpur	Kuala Lumpur	4	10	0	\N	\N	\N	4. Extra Person Charges: Charges for additional guests may apply and vary based on the property's policy.\n5. Tourism and State Tax: A Tourism Tax of RM10 per room per night are not included in the room rate and must be paid at the counter during heck-in, unless otherwise stated.\nfor staying at the registered premises.\n6. Security Deposit: The hotel may require a security deposit during check-in, which will be communicated at that time.\n7. Additional Charges: Any additional charges incurred during your stay must be settled before checkout.\n8. Special Requests: Special requests are subject to availability at check-in and may incur additional charges. Please note that these requests cannot be guaranteed.\n9. Registered Guests Only: Only registered guests are permitted in the guestrooms. 	\N	\N	\N	2025-03-26 12:21:46.204	\N
clyy7fgln00keii6i8y43evrz	Ideas Hotel Kuala Lumpur	Kuala Lumpur	4	10	0	No 12 Jalan Raja Laut, 50350 Kuala Lumpur City, Federal Territory of Kuala Lumpur	+603-2614 8000	IDEAS Kuala Lumpur is a great choice for anyone looking for modern aesthetics and a comfortable stay in Kuala Lumpur. With its prime location, modern facilities, and attentive service, a memorable and enjoyable experience can be assured.	4. Extra Person Charges: Charges for additional guests may apply and vary based on the property's policy.\n5. Tourism and State Tax: A Tourism Tax of RM10 per room per night are not included in the room rate and must be paid at the counter during heck-in, unless otherwise stated.\nfor staying at the registered premises.\n6. Security Deposit: The hotel may require a security deposit during check-in, which will be communicated at that time.\n7. Additional Charges: Any additional charges incurred during your stay must be settled before checkout.\n8. Special Requests: Special requests are subject to availability at check-in and may incur additional charges. Please note that these requests cannot be guaranteed.\n9. Registered Guests Only: Only registered guests are permitted in the guestrooms. 	\N	\N	\N	2025-03-26 12:21:46.204	\N
cm3fnx4an10uew3vskvwhcgu8	Four Seasons Hotel Kuala Lumpur	Kuala Lumpur	5	10	0	\N	\N	\N	4. Extra Person Charges: Charges for additional guests may apply and vary based on the property's policy.\n5. Tourism and State Tax: A Tourism Tax of RM10 per room per night are not included in the room rate and must be paid at the counter during heck-in, unless otherwise stated.\nfor staying at the registered premises.\n6. Security Deposit: The hotel may require a security deposit during check-in, which will be communicated at that time.\n7. Additional Charges: Any additional charges incurred during your stay must be settled before checkout.\n8. Special Requests: Special requests are subject to availability at check-in and may incur additional charges. Please note that these requests cannot be guaranteed.\n9. Registered Guests Only: Only registered guests are permitted in the guestrooms. 	\N	\N	\N	2025-03-26 12:21:46.204	\N
cm376o3ql0qcmw3vsusrql59a	Hilton Garden Inn Kuala Lumpur Jalan Tuanku Abdul Rahman South	Kuala Lumpur	3	10	0	\N	\N	\N	4. Extra Person Charges: Charges for additional guests may apply and vary based on the property's policy.\n5. Tourism and State Tax: A Tourism Tax of RM10 per room per night are not included in the room rate and must be paid at the counter during heck-in, unless otherwise stated.\nfor staying at the registered premises.\n6. Security Deposit: The hotel may require a security deposit during check-in, which will be communicated at that time.\n7. Additional Charges: Any additional charges incurred during your stay must be settled before checkout.\n8. Special Requests: Special requests are subject to availability at check-in and may incur additional charges. Please note that these requests cannot be guaranteed.\n9. Registered Guests Only: Only registered guests are permitted in the guestrooms. 	\N	\N	\N	2025-03-26 12:21:46.204	\N
clyy7fgmk00krii6iiir8bekk	Zenith Hotel Cameron	Pahang	5	10	5	\N	\N	\N	4. Extra Person Charges: Charges for additional guests may apply and vary based on the property's policy.\n5. Tourism and State Tax: A Tourism Tax of RM10 per room per night are not included in the room rate and must be paid at the counter during heck-in, unless otherwise stated.\n6. Pahang state government has introduced a mandatory sustainability tax of RM3.00 per occupied room per night for all hotels in Pahang  ( Required to Pay on the Ground ) for staying at the registered premises.\n7. Security Deposit: The hotel may require a security deposit during check-in, which will be communicated at that time.\n8. Additional Charges: Any additional charges incurred during your stay must be settled before checkout.\n9. Special Requests: Special requests are subject to availability at check-in and may incur additional charges. Please note that these requests cannot be guaranteed.\n10. Registered Guests Only: Only registered guests are permitted in the guestrooms. 	\N	\N	\N	2025-03-26 12:21:46.204	\N
cm34d6gcv0iq3w3vsm6mo9zlh	Legoland Hotel Johor Bahru	Johor	5	10	0	\N	\N	\N	4. Extra Person Charges: Charges for additional guests may apply and vary based on the property's policy.\n5. Tourism and State Tax: A Tourism Tax of RM10 per room per night are not included in the room rate and must be paid at the counter during heck-in, unless otherwise stated.\nfor staying at the registered premises.\n6. Security Deposit: The hotel may require a security deposit during check-in, which will be communicated at that time.\n7. Additional Charges: Any additional charges incurred during your stay must be settled before checkout.\n8. Special Requests: Special requests are subject to availability at check-in and may incur additional charges. Please note that these requests cannot be guaranteed.\n9. Registered Guests Only: Only registered guests are permitted in the guestrooms. 	\N	\N	\N	2025-03-26 12:21:46.204	\N
cm3314hb20g0ow3vsqu0ymfvh	The Westin Langkawi Resort & Spa	Langkawi	5	10	5	\N	\N	\N	\N	\N	\N	\N	2025-03-26 12:21:46.204	\N
cm330vncc0fydw3vsf0dv8bmg	Shangri La Rasa Sayang Penang 	Penang	5	10	5	\N	\N	\N	\N	\N	\N	\N	2025-03-26 12:21:46.204	\N
clyy7fgmj00kqii6ibz8xxfy9	Ramada Suites By Whyndham KLCC	Kuala Lumpur	4	10	0	No 1, Lorong Ceylon, Bukit Ceylon, , 50200 Kuala Lumpur, Federal Territory of Kuala Lumpur	+603-2938 9888	Ramada Suites by Wyndham Kuala Lumpur City Centre (KLCC) located in Bukit Bintang, the premier shopping, dining, and entertainment district of Kuala Lumpur. The hotel is strategically located near many of the city’s landmarks such as the Petronas Twin Towers, Suria KLCC, Pavilion KL, Lalaport Bukit Bintang, Kuala Lumpur Tower and Petaling Street alongside Central Market.	4. Extra Person Charges: Charges for additional guests may apply and vary based on the property's policy.\n5. Tourism and State Tax: A Tourism Tax of RM10 per room per night are not included in the room rate and must be paid at the counter during heck-in, unless otherwise stated.\nfor staying at the registered premises.\n6. Security Deposit: The hotel may require a security deposit during check-in, which will be communicated at that time.\n7. Additional Charges: Any additional charges incurred during your stay must be settled before checkout.\n8. Special Requests: Special requests are subject to availability at check-in and may incur additional charges. Please note that these requests cannot be guaranteed.\n9. Registered Guests Only: Only registered guests are permitted in the guestrooms. 	\N	\N	\N	2025-03-26 12:21:46.204	\N
cm10gw7eg00idr9f6xkd0k2ke	Baba House 	Melaka	4	10	2	\N	\N	\N	4. Extra Person Charges: Charges for additional guests may apply and vary based on the property's policy.\n5. Tourism and State Tax: A Tourism Tax of RM10 per room per night are not included in the room rate and must be paid at the counter during heck-in, unless otherwise stated.\nfor staying at the registered premises.\n6. The Malacca state government has announced the mandatory State Tourism Fee" at MYR 3 - 5 per occupied room per night ( Required to Pay on the Ground ) for staying at the registered premise.	\N	\N	\N	2025-03-26 12:21:46.204	\N
cm10g1cof00i0r9f6tlg4a1nt	Swan Garden Resort Hotel Melaka	Melaka	4	10	2	\N	\N	\N	4. Extra Person Charges: Charges for additional guests may apply and vary based on the property's policy.\n5. Tourism and State Tax: A Tourism Tax of RM10 per room per night are not included in the room rate and must be paid at the counter during heck-in, unless otherwise stated.\nfor staying at the registered premises.\n6. The Malacca state government has announced the mandatory State Tourism Fee" at MYR 3 - 5 per occupied room per night ( Required to Pay on the Ground ) for staying at the registered premise.	\N	\N	\N	2025-03-26 12:21:46.204	\N
cm10fhe4j00hnr9f6x5ihgisj	Swan Garden Hotel Melaka	Melaka	4	10	2	\N	\N	\N	4. Extra Person Charges: Charges for additional guests may apply and vary based on the property's policy.\n5. Tourism and State Tax: A Tourism Tax of RM10 per room per night are not included in the room rate and must be paid at the counter during heck-in, unless otherwise stated.\nfor staying at the registered premises.\n6. The Malacca state government has announced the mandatory State Tourism Fee" at MYR 3 - 5 per occupied room per night ( Required to Pay on the Ground ) for staying at the registered premise.	\N	\N	\N	2025-03-26 12:21:46.204	\N
clyy7fgh400jxii6iaa52fxye	A'Famosa Resort Hotel	Melaka	4	10	2	\N	\N	\N	4. Extra Person Charges: Charges for additional guests may apply and vary based on the property's policy.\n5. Tourism and State Tax: A Tourism Tax of RM10 per room per night are not included in the room rate and must be paid at the counter during heck-in, unless otherwise stated.\nfor staying at the registered premises.\n6. The Malacca state government has announced the mandatory State Tourism Fee" at MYR 3 - 5 per occupied room per night ( Required to Pay on the Ground ) for staying at the registered premise.	\N	\N	\N	2025-03-26 12:21:46.204	\N
cm1068xin00abr9f64pu95yc8	Swiss-Garden Hotel Melaka	Melaka	4	10	2	\N	\N	\N	4. Extra Person Charges: Charges for additional guests may apply and vary based on the property's policy.\n5. Tourism and State Tax: A Tourism Tax of RM10 per room per night are not included in the room rate and must be paid at the counter during heck-in, unless otherwise stated.\nfor staying at the registered premises.\n6. The Malacca state government has announced the mandatory State Tourism Fee" at MYR 3 - 5 per occupied room per night ( Required to Pay on the Ground ) for staying at the registered premise.	\N	\N	\N	2025-03-26 12:21:46.204	\N
cm108y9i700cjr9f695x61gyj	The Shore Hotel & Residences Melaka	Melaka	4	10	2	193, Pinggiran @Sungai Melaka, Jalan Persisiran Bunga Raya 75100 Melaka Melaka	\N	\N	4. Extra Person Charges: Charges for additional guests may apply and vary based on the property's policy.\n5. Tourism and State Tax: A Tourism Tax of RM10 per room per night are not included in the room rate and must be paid at the counter during heck-in, unless otherwise stated.\nfor staying at the registered premises.\n6. The Malacca state government has announced the mandatory State Tourism Fee" at MYR 3 - 5 per occupied room per night ( Required to Pay on the Ground ) for staying at the registered premise.	\N	\N	\N	2025-03-26 12:21:46.204	\N
clyy7fgme00kpii6it9nl5trk	Berjaya Langkawi Resort	Langkawi	5	10	5	\N	\N	\N	4. Extra Person Charges: Charges for additional guests may apply and vary based on the property's policy.\n5. Tourism and State Tax: A Tourism Tax of RM10 per room per night are not included in the room rate and must be paid at the counter during heck-in, unless otherwise stated.\n6. Langkawi Municipal Council has announced the mandatory State Tourism Fee" at MYR 3 - 5 per occupied room per night ( Required to Pay on the Ground ) for staying at the registered premise.	\N	\N	\N	2025-03-26 12:21:46.204	\N
clyy7fgge00jsii6ibubptzoe	Bella Vista Waterfront	Langkawi	3	10	5	\N	\N	\N	4. Extra Person Charges: Charges for additional guests may apply and vary based on the property's policy.\n5. Tourism and State Tax: A Tourism Tax of RM10 per room per night are not included in the room rate and must be paid at the counter during heck-in, unless otherwise stated.\n6. Langkawi Municipal Council has announced the mandatory State Tourism Fee" at MYR 3 - 5 per occupied room per night ( Required to Pay on the Ground ) for staying at the registered premise.	\N	\N	\N	2025-03-26 12:21:46.204	\N
clyy7fgn400kyii6i6awj5qj7	Wings by Croske Resort Langkawi	Langkawi	4	10	5	\N	\N	\N	4. Extra Person Charges: Charges for additional guests may apply and vary based on the property's policy.\n5. Tourism and State Tax: A Tourism Tax of RM10 per room per night are not included in the room rate and must be paid at the counter during heck-in, unless otherwise stated.\n6. Langkawi Municipal Council has announced the mandatory State Tourism Fee" at MYR 3 - 5 per occupied room per night ( Required to Pay on the Ground ) for staying at the registered premise.	\N	\N	\N	2025-03-26 12:21:46.204	\N
clyy7fggg00jtii6iyf1wu2lt	The Frangipani Langkawi Resort & Spa	Langkawi	4	10	5	\N	\N	\N	4. Extra Person Charges: Charges for additional guests may apply and vary based on the property's policy.\n5. Tourism and State Tax: A Tourism Tax of RM10 per room per night are not included in the room rate and must be paid at the counter during heck-in, unless otherwise stated.\n6. Langkawi Municipal Council has announced the mandatory State Tourism Fee" at MYR 3 - 5 per occupied room per night ( Required to Pay on the Ground ) for staying at the registered premise.	\N	\N	\N	2025-03-26 12:21:46.204	\N
cm2n1z63u02lcw3vsd0k3nlxt	Four Points Sheraton Kuala Lumpur	Kuala Lumpur	4	10	0	\N	\N	\N	4. Extra Person Charges: Charges for additional guests may apply and vary based on the property's policy.\n5. Tourism and State Tax: A Tourism Tax of RM10 per room per night are not included in the room rate and must be paid at the counter during heck-in, unless otherwise stated.\nfor staying at the registered premises.\n6. Security Deposit: The hotel may require a security deposit during check-in, which will be communicated at that time.\n7. Additional Charges: Any additional charges incurred during your stay must be settled before checkout.\n8. Special Requests: Special requests are subject to availability at check-in and may incur additional charges. Please note that these requests cannot be guaranteed.\n9. Registered Guests Only: Only registered guests are permitted in the guestrooms. 	\N	\N	\N	2025-03-26 12:21:46.204	\N
cm2jw84yc0o2vp4z65cuo49jk	Villa Samadhi Kuala Lumpur	Kuala Lumpur	5	10	0	\N	\N	\N	4. Extra Person Charges: Charges for additional guests may apply and vary based on the property's policy.\n5. Tourism and State Tax: A Tourism Tax of RM10 per room per night are not included in the room rate and must be paid at the counter during heck-in, unless otherwise stated.\nfor staying at the registered premises.\n6. Security Deposit: The hotel may require a security deposit during check-in, which will be communicated at that time.\n7. Additional Charges: Any additional charges incurred during your stay must be settled before checkout.\n8. Special Requests: Special requests are subject to availability at check-in and may incur additional charges. Please note that these requests cannot be guaranteed.\n9. Registered Guests Only: Only registered guests are permitted in the guestrooms. 	\N	\N	\N	2025-03-26 12:21:46.204	\N
clyy7fglf00kbii6it8f7y8o5	Sunway Resort Hotel	Kuala Lumpur	5	10	0	\N	\N	\N	4. Extra Person Charges: Charges for additional guests may apply and vary based on the property's policy.\n5. Tourism and State Tax: A Tourism Tax of RM10 per room per night are not included in the room rate and must be paid at the counter during heck-in, unless otherwise stated.\nfor staying at the registered premises.\n6. Security Deposit: The hotel may require a security deposit during check-in, which will be communicated at that time.\n7. Additional Charges: Any additional charges incurred during your stay must be settled before checkout.\n8. Special Requests: Special requests are subject to availability at check-in and may incur additional charges. Please note that these requests cannot be guaranteed.\n9. Registered Guests Only: Only registered guests are permitted in the guestrooms. 	\N	\N	\N	2025-03-26 12:21:46.204	\N
clyy7fgkb00k8ii6if0r7hi9b	Hotel Maya	Kuala Lumpur	5	10	0	\N	\N	\N	4. Extra Person Charges: Charges for additional guests may apply and vary based on the property's policy.\n5. Tourism and State Tax: A Tourism Tax of RM10 per room per night are not included in the room rate and must be paid at the counter during heck-in, unless otherwise stated.\nfor staying at the registered premises.\n6. Security Deposit: The hotel may require a security deposit during check-in, which will be communicated at that time.\n7. Additional Charges: Any additional charges incurred during your stay must be settled before checkout.\n8. Special Requests: Special requests are subject to availability at check-in and may incur additional charges. Please note that these requests cannot be guaranteed.\n9. Registered Guests Only: Only registered guests are permitted in the guestrooms. 	\N	\N	\N	2025-03-26 12:21:46.204	\N
cm0uizasa00lgrdhpilzmw1bn	Citin Hotel Masjid Jamek	Kuala Lumpur	3	10	0	33, Jalan Melayu, City Centre, 50100 Kuala Lumpur, Wilayah Persekutuan 50350 Kuala Lumpur	+603-2693 2999	Citin Hotel Masjid Jamek has an unbeatable location right at the heart of Kuala Lumpur, with less than a minute walk to Masjid Jamek LRT (Light Rail Transit) station, interchange station for ‘Star’ and ‘Putra’ lines. It is also a few steps from China town and Little India, a colourful neighbourhood, rich in culture and constantly buzzing with activity. Places of interests include Petronas Twin Towers, Batu Caves, and Islamic Arts Museum.	4. Extra Person Charges: Charges for additional guests may apply and vary based on the property's policy.\n5. Tourism and State Tax: A Tourism Tax of RM10 per room per night are not included in the room rate and must be paid at the counter during heck-in, unless otherwise stated.\nfor staying at the registered premises.\n6. Security Deposit: The hotel may require a security deposit during check-in, which will be communicated at that time.\n7. Additional Charges: Any additional charges incurred during your stay must be settled before checkout.\n8. Special Requests: Special requests are subject to availability at check-in and may incur additional charges. Please note that these requests cannot be guaranteed.\n9. Registered Guests Only: Only registered guests are permitted in the guestrooms. 	\N	\N	\N	2025-03-26 12:21:46.204	\N
clyy7fghi00jzii6iu6vje5al	Flamingo By The Beach Penang	Penang	4	10	3	\N	\N	\N	4. Extra Person Charges: Charges for additional guests may apply and vary based on the property's policy.\n5. Tourism and State Tax: A Tourism Tax of RM10 per room per night are not included in the room rate and must be paid at the counter during heck-in, unless otherwise stated.\n6. The government of Penang has announced the mandatory State Tourism Fee" at MYR 3 - 5 per occupied room per night ( Required to Pay on the Ground ) for staying at the registered premise.	\N	\N	\N	2025-03-26 12:21:46.204	\N
cm166kmlr047gr9f6c035a4xw	Tunamaya Beach & Spa Resort - Desaru	Johor	4	10	0	\N	\N	\N	4. Extra Person Charges: Charges for additional guests may apply and vary based on the property's policy.\n5. Tourism and State Tax: A Tourism Tax of RM10 per room per night are not included in the room rate and must be paid at the counter during heck-in, unless otherwise stated.\nfor staying at the registered premises.\n6. Security Deposit: The hotel may require a security deposit during check-in, which will be communicated at that time.\n7. Additional Charges: Any additional charges incurred during your stay must be settled before checkout.\n8. Special Requests: Special requests are subject to availability at check-in and may incur additional charges. Please note that these requests cannot be guaranteed.\n9. Registered Guests Only: Only registered guests are permitted in the guestrooms. 	\N	\N	\N	2025-03-26 12:21:46.204	\N
cm2344dq903nup4z61z55892o	Pangkor Laut Resort	Pangkor	1	10	0	\N	\N	\N	4. Extra Person Charges: Charges for additional guests may apply and vary based on the property's policy.\n5. Tourism and State Tax: A Tourism Tax of RM10 per room per night are not included in the room rate and must be paid at the counter during heck-in, unless otherwise stated.\nfor staying at the registered premises.\n6. Security Deposit: The hotel may require a security deposit during check-in, which will be communicated at that time.\n7. Additional Charges: Any additional charges incurred during your stay must be settled before checkout.\n8. Special Requests: Special requests are subject to availability at check-in and may incur additional charges. Please note that these requests cannot be guaranteed.\n9. Registered Guests Only: Only registered guests are permitted in the guestrooms. 	\N	\N	\N	2025-03-26 12:21:46.204	\N
cm21q94d60158p4z6gt6amh1r	Cosmo Hotel ( No Pool )	Kuala Lumpur	4	10	0	13-15 Leboh Ampang 50050 Kuala Lumpur Federal Territory of Kuala Lumpur	\N	\N	4. Extra Person Charges: Charges for additional guests may apply and vary based on the property's policy.\n5. Tourism and State Tax: A Tourism Tax of RM10 per room per night are not included in the room rate and must be paid at the counter during heck-in, unless otherwise stated.\nfor staying at the registered premises.\n6. Security Deposit: The hotel may require a security deposit during check-in, which will be communicated at that time.\n7. Additional Charges: Any additional charges incurred during your stay must be settled before checkout.\n8. Special Requests: Special requests are subject to availability at check-in and may incur additional charges. Please note that these requests cannot be guaranteed.\n9. Registered Guests Only: Only registered guests are permitted in the guestrooms. 	\N	\N	\N	2025-03-26 12:21:46.204	\N
cm0wakpli01ivrdhp803wvxr3	Stay With Bintang Hotel	Kuala Lumpur	4	10	0	\N	\N	\N	4. Extra Person Charges: Charges for additional guests may apply and vary based on the property's policy.\n5. Tourism and State Tax: A Tourism Tax of RM10 per room per night are not included in the room rate and must be paid at the counter during heck-in, unless otherwise stated.\nfor staying at the registered premises.\n6. Security Deposit: The hotel may require a security deposit during check-in, which will be communicated at that time.\n7. Additional Charges: Any additional charges incurred during your stay must be settled before checkout.\n8. Special Requests: Special requests are subject to availability at check-in and may incur additional charges. Please note that these requests cannot be guaranteed.\n9. Registered Guests Only: Only registered guests are permitted in the guestrooms. 	\N	\N	\N	2025-03-26 12:21:46.204	\N
cm0ypen7h02t6rdhpr9f18mhl	Wyndham Suites KLCC	Kuala Lumpur	5	10	0	8 Jalan Changkat Kia Peng, 50450 Kuala Lumpur, Federal Territory of Kuala Lumpur	+603-2707 1288	Attractively situated in Kuala Lumpur, Wyndham Suites KLCC features air-conditioned rooms with free WiFi, free private parking and room service. Each accommodation at the 5-star hotel has city views, and guests can enjoy access to an outdoor swimming pool and to a fitness centre. The property is non-smoking and is situated 1.2 km from KLCC Park. The rooms at the hotel are fitted with a seating area, a TV and a safety deposit box. Rooms have a private bathroom with a bidet, a hairdryer and slippers. At Wyndham Suites KLCC every room has bed linen and towels. A buffet, continental or Asian breakfast is available each morning at the property. The restaurant at the accommodation specialises in Asian cuisine. Wyndham Suites KLCC offers a children's playground. Speaking English, Malay, Cantonese and Chinese, staff are willing to help at the 24-hour front desk. Popular points of interest near the hotel include Pavilion Kuala Lumpur, Kuala Lumpur Convention Center and Starhill Gallery.	4. Extra Person Charges: Charges for additional guests may apply and vary based on the property's policy.\n5. Tourism and State Tax: A Tourism Tax of RM10 per room per night are not included in the room rate and must be paid at the counter during heck-in, unless otherwise stated.\nfor staying at the registered premises.\n6. Security Deposit: The hotel may require a security deposit during check-in, which will be communicated at that time.\n7. Additional Charges: Any additional charges incurred during your stay must be settled before checkout.\n8. Special Requests: Special requests are subject to availability at check-in and may incur additional charges. Please note that these requests cannot be guaranteed.\n9. Registered Guests Only: Only registered guests are permitted in the guestrooms. 	\N	\N	\N	2025-03-26 12:21:46.204	\N
clyy7fgft00jpii6ijc3xrt0b	Metro Hotel Bukit Bintang	Kuala Lumpur	3	10	0	No. 208 Jalan Pudu – Imbi, Bukit Bintang, 55100 Kuala Lumpur, Federal Territory of Kuala Lumpur	+603-2143 7001	Well-positioned in Bukit Bintang, Metro Hotel Bukit Bintang is the ideal point of departure for your excursions in Kuala Lumpur. The city center is merely 0.5 km away and the airport can be reached within 45 minutes. Also within easy reach are Old Asia, Tung Shin Hospital, Sun Complex.Take advantage of a wealth of unrivaled services and amenities at this Kuala Lumpur hotel.	4. Extra Person Charges: Charges for additional guests may apply and vary based on the property's policy.\n5. Tourism and State Tax: A Tourism Tax of RM10 per room per night are not included in the room rate and must be paid at the counter during heck-in, unless otherwise stated.\nfor staying at the registered premises.\n6. Security Deposit: The hotel may require a security deposit during check-in, which will be communicated at that time.\n7. Additional Charges: Any additional charges incurred during your stay must be settled before checkout.\n8. Special Requests: Special requests are subject to availability at check-in and may incur additional charges. Please note that these requests cannot be guaranteed.\n9. Registered Guests Only: Only registered guests are permitted in the guestrooms. 	\N	\N	\N	2025-03-26 12:21:46.204	\N
cm0xb2i8401nerdhpz1h6xj18	St. Giles Boulevard Hotel	Kuala Lumpur	4	10	0	Mid Valley City, Lingkaran Syed Putra, 59200 Kuala Lumpur, Federal Territory of Kuala Lumpur	+603-2109 8888	Discover Kuala Lumpur with a delightful stay at St. Giles Boulevard, your ideal city centre hotel, whether travelling for business, leisure or a blend of both.\n\nCentrally located in the vibrant district of Mid Valley City, our hotel places you at the pulse of the city's bustling energy with the ideal location to embark on your Kuala Lumpur adventure.	4. Extra Person Charges: Charges for additional guests may apply and vary based on the property's policy.\n5. Tourism and State Tax: A Tourism Tax of RM10 per room per night are not included in the room rate and must be paid at the counter during heck-in, unless otherwise stated.\nfor staying at the registered premises.\n6. Security Deposit: The hotel may require a security deposit during check-in, which will be communicated at that time.\n7. Additional Charges: Any additional charges incurred during your stay must be settled before checkout.\n8. Special Requests: Special requests are subject to availability at check-in and may incur additional charges. Please note that these requests cannot be guaranteed.\n9. Registered Guests Only: Only registered guests are permitted in the guestrooms. 	\N	\N	\N	2025-03-26 12:21:46.204	\N
cm167bcvn048qr9f6ugimtdxs	Lotus Seaview Beach Resort & Spa	Johor	4	10	0	\N	\N	\N	4. Extra Person Charges: Charges for additional guests may apply and vary based on the property's policy.\n5. Tourism and State Tax: A Tourism Tax of RM10 per room per night are not included in the room rate and must be paid at the counter during heck-in, unless otherwise stated.\nfor staying at the registered premises.\n6. Security Deposit: The hotel may require a security deposit during check-in, which will be communicated at that time.\n7. Additional Charges: Any additional charges incurred during your stay must be settled before checkout.\n8. Special Requests: Special requests are subject to availability at check-in and may incur additional charges. Please note that these requests cannot be guaranteed.\n9. Registered Guests Only: Only registered guests are permitted in the guestrooms. 	\N	\N	\N	2025-03-26 12:21:46.204	\N
clyy7fgm000kjii6inivzejia	Santa Grand Signature	Kuala Lumpur	5	10	0	No 36 Menara Santa Jalan Ampang, 50450 Kuala Lumpur	+603-2027 1969	Amidst modern high rises, the building’s interior design is infused with Peranakan charm to retain its Singapore heritage brand. Santa Grand Signature also offers impeccable service and welcomes both Business and Leisure Guests with a Nyonya touch. Discover the exciting things to do within the vicinity of the hotel such as KL Forest Eco Park (Bukit Nanas), River of Life, shopping malls, places of attractions within walking distance or commute via train either at Dang Wang LRT Station or Bukit Nanas monorail link. For business travelers, we are located in between Jalan Sultan Ismail and Jalan Ampang whereby most of the offices building and Insurance Agencies located.	4. Extra Person Charges: Charges for additional guests may apply and vary based on the property's policy.\n5. Tourism and State Tax: A Tourism Tax of RM10 per room per night are not included in the room rate and must be paid at the counter during heck-in, unless otherwise stated.\nfor staying at the registered premises.\n6. Security Deposit: The hotel may require a security deposit during check-in, which will be communicated at that time.\n7. Additional Charges: Any additional charges incurred during your stay must be settled before checkout.\n8. Special Requests: Special requests are subject to availability at check-in and may incur additional charges. Please note that these requests cannot be guaranteed.\n9. Registered Guests Only: Only registered guests are permitted in the guestrooms. 	\N	\N	\N	2025-03-26 12:21:46.204	\N
cm0w87qyz01dqrdhpy6k0yhux	The 5 Elements Hotel	Kuala Lumpur	3	10	0	\N	\N	\N	4. Extra Person Charges: Charges for additional guests may apply and vary based on the property's policy.\n5. Tourism and State Tax: A Tourism Tax of RM10 per room per night are not included in the room rate and must be paid at the counter during heck-in, unless otherwise stated.\nfor staying at the registered premises.\n6. Security Deposit: The hotel may require a security deposit during check-in, which will be communicated at that time.\n7. Additional Charges: Any additional charges incurred during your stay must be settled before checkout.\n8. Special Requests: Special requests are subject to availability at check-in and may incur additional charges. Please note that these requests cannot be guaranteed.\n9. Registered Guests Only: Only registered guests are permitted in the guestrooms. 	\N	\N	\N	2025-03-26 12:21:46.204	\N
cm1at0j6900g34yaznm37n48d	The Westin Kuala Lumpur	Kuala Lumpur	5	10	0	199, Jalan Bukit Bintang 55100 Kuala Lumpur,Malaysia\n thewestinkualalumpur.com	60327318333	* Please be informed that tourism tax to be pay/collect upon group check-in	4. Extra Person Charges: Charges for additional guests may apply and vary based on the property's policy.\n5. Tourism and State Tax: A Tourism Tax of RM10 per room per night are not included in the room rate and must be paid at the counter during heck-in, unless otherwise stated.\nfor staying at the registered premises.\n6. Security Deposit: The hotel may require a security deposit during check-in, which will be communicated at that time.\n7. Additional Charges: Any additional charges incurred during your stay must be settled before checkout.\n8. Special Requests: Special requests are subject to availability at check-in and may incur additional charges. Please note that these requests cannot be guaranteed.\n9. Registered Guests Only: Only registered guests are permitted in the guestrooms. 	\N	\N	\N	2025-03-26 12:21:46.204	\N
cm197kbs507rnr9f6yywgb0cl	Avani Sepang Goldcoast Resort	PD	5	15	0	\N	\N	\N	4. Extra Person Charges: Charges for additional guests may apply and vary based on the property's policy.\n5. Tourism and State Tax: A Tourism Tax of RM10 per room per night are not included in the room rate and must be paid at the counter during heck-in, unless otherwise stated.\nfor staying at the registered premises.\n6. Security Deposit: The hotel may require a security deposit during check-in, which will be communicated at that time.\n7. Additional Charges: Any additional charges incurred during your stay must be settled before checkout.\n8. Special Requests: Special requests are subject to availability at check-in and may incur additional charges. Please note that these requests cannot be guaranteed.\n9. Registered Guests Only: Only registered guests are permitted in the guestrooms. 	\N	\N	\N	2025-03-26 12:21:46.204	\N
clyy7fglt00kgii6i77abm816	Corus Hotel Kuala Lumpur ( No Pool )	Kuala Lumpur	4	10	0	\N	\N	\N	4. Extra Person Charges: Charges for additional guests may apply and vary based on the property's policy.\n5. Tourism and State Tax: A Tourism Tax of RM10 per room per night are not included in the room rate and must be paid at the counter during heck-in, unless otherwise stated.\nfor staying at the registered premises.\n6. Security Deposit: The hotel may require a security deposit during check-in, which will be communicated at that time.\n7. Additional Charges: Any additional charges incurred during your stay must be settled before checkout.\n8. Special Requests: Special requests are subject to availability at check-in and may incur additional charges. Please note that these requests cannot be guaranteed.\n9. Registered Guests Only: Only registered guests are permitted in the guestrooms. 	\N	\N	\N	2025-03-26 12:21:46.204	\N
cm0vwsu5801bqrdhpzmsjzqu0	The Pearl Kuala Lumpur	Kuala Lumpur	4	10	0	\N	\N	\N	4. Extra Person Charges: Charges for additional guests may apply and vary based on the property's policy.\n5. Tourism and State Tax: A Tourism Tax of RM10 per room per night are not included in the room rate and must be paid at the counter during heck-in, unless otherwise stated.\nfor staying at the registered premises.\n6. Security Deposit: The hotel may require a security deposit during check-in, which will be communicated at that time.\n7. Additional Charges: Any additional charges incurred during your stay must be settled before checkout.\n8. Special Requests: Special requests are subject to availability at check-in and may incur additional charges. Please note that these requests cannot be guaranteed.\n9. Registered Guests Only: Only registered guests are permitted in the guestrooms. 	\N	\N	\N	2025-03-26 12:21:46.204	\N
cm1682huf04aer9f6xkswldys	Lotus Desaru Beach Resort Sdn Bhd	Johor	4	10	0	\N	\N	\N	4. Extra Person Charges: Charges for additional guests may apply and vary based on the property's policy.\n5. Tourism and State Tax: A Tourism Tax of RM10 per room per night are not included in the room rate and must be paid at the counter during heck-in, unless otherwise stated.\nfor staying at the registered premises.\n6. Security Deposit: The hotel may require a security deposit during check-in, which will be communicated at that time.\n7. Additional Charges: Any additional charges incurred during your stay must be settled before checkout.\n8. Special Requests: Special requests are subject to availability at check-in and may incur additional charges. Please note that these requests cannot be guaranteed.\n9. Registered Guests Only: Only registered guests are permitted in the guestrooms. 	\N	\N	\N	2025-03-26 12:21:46.204	\N
clyy7fgk500k7ii6ifhovu9z2	Berjaya Tioman Resort Malaysia	Johor	4	10	0	\N	\N	\N	4. Extra Person Charges: Charges for additional guests may apply and vary based on the property's policy.\n5. Tourism and State Tax: A Tourism Tax of RM10 per room per night are not included in the room rate and must be paid at the counter during heck-in, unless otherwise stated.\nfor staying at the registered premises.\n6. Security Deposit: The hotel may require a security deposit during check-in, which will be communicated at that time.\n7. Additional Charges: Any additional charges incurred during your stay must be settled before checkout.\n8. Special Requests: Special requests are subject to availability at check-in and may incur additional charges. Please note that these requests cannot be guaranteed.\n9. Registered Guests Only: Only registered guests are permitted in the guestrooms. 	\N	\N	\N	2025-03-26 12:21:46.204	\N
clyy7fgih00k4ii6im4zkajwe	Ramada Suites By Wyndham The Straits Johor Bahru	Johor	4	10	0	\N	\N	\N	4. Extra Person Charges: Charges for additional guests may apply and vary based on the property's policy.\n5. Tourism and State Tax: A Tourism Tax of RM10 per room per night are not included in the room rate and must be paid at the counter during heck-in, unless otherwise stated.\nfor staying at the registered premises.\n6. Security Deposit: The hotel may require a security deposit during check-in, which will be communicated at that time.\n7. Additional Charges: Any additional charges incurred during your stay must be settled before checkout.\n8. Special Requests: Special requests are subject to availability at check-in and may incur additional charges. Please note that these requests cannot be guaranteed.\n9. Registered Guests Only: Only registered guests are permitted in the guestrooms. 	\N	\N	\N	2025-03-26 12:21:46.204	\N
cm10hxdfv00k3r9f6j0w9o5xi	Ibis Styles Johor Iskandar Puteri	Johor	3	10	0	\N	\N	\N	4. Extra Person Charges: Charges for additional guests may apply and vary based on the property's policy.\n5. Tourism and State Tax: A Tourism Tax of RM10 per room per night are not included in the room rate and must be paid at the counter during heck-in, unless otherwise stated.\nfor staying at the registered premises.\n6. Security Deposit: The hotel may require a security deposit during check-in, which will be communicated at that time.\n7. Additional Charges: Any additional charges incurred during your stay must be settled before checkout.\n8. Special Requests: Special requests are subject to availability at check-in and may incur additional charges. Please note that these requests cannot be guaranteed.\n9. Registered Guests Only: Only registered guests are permitted in the guestrooms. 	\N	\N	\N	2025-03-26 12:21:46.204	\N
cm106uauu00b8r9f6lswrl4a8	Ancasa Residences	Port Dickson	4	10	0	\N	\N	\N	4. Extra Person Charges: Charges for additional guests may apply and vary based on the property's policy.\n5. Tourism and State Tax: A Tourism Tax of RM10 per room per night are not included in the room rate and must be paid at the counter during heck-in, unless otherwise stated.\nfor staying at the registered premises.\n6. Security Deposit: The hotel may require a security deposit during check-in, which will be communicated at that time.\n7. Additional Charges: Any additional charges incurred during your stay must be settled before checkout.\n8. Special Requests: Special requests are subject to availability at check-in and may incur additional charges. Please note that these requests cannot be guaranteed.\n9. Registered Guests Only: Only registered guests are permitted in the guestrooms. 	\N	\N	\N	2025-03-26 12:21:46.204	\N
cm103r1dm003vr9f63iyq7v0b	Tasik Villa International Resort	Port Dickson	5	10	0	\N	\N	\N	4. Extra Person Charges: Charges for additional guests may apply and vary based on the property's policy.\n5. Tourism and State Tax: A Tourism Tax of RM10 per room per night are not included in the room rate and must be paid at the counter during heck-in, unless otherwise stated.\nfor staying at the registered premises.\n6. Security Deposit: The hotel may require a security deposit during check-in, which will be communicated at that time.\n7. Additional Charges: Any additional charges incurred during your stay must be settled before checkout.\n8. Special Requests: Special requests are subject to availability at check-in and may incur additional charges. Please note that these requests cannot be guaranteed.\n9. Registered Guests Only: Only registered guests are permitted in the guestrooms. 	\N	\N	\N	2025-03-26 12:21:46.204	\N
cm0yreaip02ywrdhpd3wd0hsq	Summit Hotel, Subang USJ	Kuala Lumpur	3	10	0	\N	\N	\N	4. Extra Person Charges: Charges for additional guests may apply and vary based on the property's policy.\n5. Tourism and State Tax: A Tourism Tax of RM10 per room per night are not included in the room rate and must be paid at the counter during heck-in, unless otherwise stated.\nfor staying at the registered premises.\n6. Security Deposit: The hotel may require a security deposit during check-in, which will be communicated at that time.\n7. Additional Charges: Any additional charges incurred during your stay must be settled before checkout.\n8. Special Requests: Special requests are subject to availability at check-in and may incur additional charges. Please note that these requests cannot be guaranteed.\n9. Registered Guests Only: Only registered guests are permitted in the guestrooms. 	\N	\N	\N	2025-03-26 12:21:46.204	\N
cm0yqtqxq02wrrdhp30uo7fus	Premiere Hotel Klang	Kuala Lumpur	4	10	0	\N	\N	\N	4. Extra Person Charges: Charges for additional guests may apply and vary based on the property's policy.\n5. Tourism and State Tax: A Tourism Tax of RM10 per room per night are not included in the room rate and must be paid at the counter during heck-in, unless otherwise stated.\nfor staying at the registered premises.\n6. Security Deposit: The hotel may require a security deposit during check-in, which will be communicated at that time.\n7. Additional Charges: Any additional charges incurred during your stay must be settled before checkout.\n8. Special Requests: Special requests are subject to availability at check-in and may incur additional charges. Please note that these requests cannot be guaranteed.\n9. Registered Guests Only: Only registered guests are permitted in the guestrooms. 	\N	\N	\N	2025-03-26 12:21:46.204	\N
cm91ebhgn0000fwe5dq9h5fmd	TOPhotel	TOP	4	2	10	TOP	9599695946	TOP	TOP	clys1gt600002jb69dq9hh3gu	{"dates": ["2025-04-09T18:30:00.000Z"], "applyFridays": false, "applySundays": false, "applySaturdays": false}	["2025-04-18T18:30:00.000Z"]	2025-04-03 13:32:47.785	2025-04-03 13:32:47.785
cm0yqjh0x02vkrdhpm38w1b7s	Park Inn by Radisson Hotel Putrajaya	Kuala Lumpur	5	10	0	\N	\N	\N	4. Extra Person Charges: Charges for additional guests may apply and vary based on the property's policy.\n5. Tourism and State Tax: A Tourism Tax of RM10 per room per night are not included in the room rate and must be paid at the counter during heck-in, unless otherwise stated.\nfor staying at the registered premises.\n6. Security Deposit: The hotel may require a security deposit during check-in, which will be communicated at that time.\n7. Additional Charges: Any additional charges incurred during your stay must be settled before checkout.\n8. Special Requests: Special requests are subject to availability at check-in and may incur additional charges. Please note that these requests cannot be guaranteed.\n9. Registered Guests Only: Only registered guests are permitted in the guestrooms. 	\N	\N	\N	2025-03-26 12:21:46.204	\N
cm0yq9pfa02v1rdhpwupqrl0a	The Everly Putrajaya	Kuala Lumpur	4	10	0	\N	\N	\N	4. Extra Person Charges: Charges for additional guests may apply and vary based on the property's policy.\n5. Tourism and State Tax: A Tourism Tax of RM10 per room per night are not included in the room rate and must be paid at the counter during heck-in, unless otherwise stated.\nfor staying at the registered premises.\n6. Security Deposit: The hotel may require a security deposit during check-in, which will be communicated at that time.\n7. Additional Charges: Any additional charges incurred during your stay must be settled before checkout.\n8. Special Requests: Special requests are subject to availability at check-in and may incur additional charges. Please note that these requests cannot be guaranteed.\n9. Registered Guests Only: Only registered guests are permitted in the guestrooms. 	\N	\N	\N	2025-03-26 12:21:46.204	\N
cm0ypvrzu02tirdhpmjtqdmhf	Best Western i-City Shah Alam	Kuala Lumpur	3	10	0	\N	\N	\N	4. Extra Person Charges: Charges for additional guests may apply and vary based on the property's policy.\n5. Tourism and State Tax: A Tourism Tax of RM10 per room per night are not included in the room rate and must be paid at the counter during heck-in, unless otherwise stated.\nfor staying at the registered premises.\n6. Security Deposit: The hotel may require a security deposit during check-in, which will be communicated at that time.\n7. Additional Charges: Any additional charges incurred during your stay must be settled before checkout.\n8. Special Requests: Special requests are subject to availability at check-in and may incur additional charges. Please note that these requests cannot be guaranteed.\n9. Registered Guests Only: Only registered guests are permitted in the guestrooms. 	\N	\N	\N	2025-03-26 12:21:46.204	\N
cm0yp1apw02s0rdhpnw0kya86	Verdant Hill Hotel	Kuala Lumpur	4	10	0	\N	\N	\N	4. Extra Person Charges: Charges for additional guests may apply and vary based on the property's policy.\n5. Tourism and State Tax: A Tourism Tax of RM10 per room per night are not included in the room rate and must be paid at the counter during heck-in, unless otherwise stated.\nfor staying at the registered premises.\n6. Security Deposit: The hotel may require a security deposit during check-in, which will be communicated at that time.\n7. Additional Charges: Any additional charges incurred during your stay must be settled before checkout.\n8. Special Requests: Special requests are subject to availability at check-in and may incur additional charges. Please note that these requests cannot be guaranteed.\n9. Registered Guests Only: Only registered guests are permitted in the guestrooms. 	\N	\N	\N	2025-03-26 12:21:46.204	\N
cm0ynu5sn02oardhpz9n3csfe	THE FACE Style	Kuala Lumpur	5	10	0	\N	\N	\N	4. Extra Person Charges: Charges for additional guests may apply and vary based on the property's policy.\n5. Tourism and State Tax: A Tourism Tax of RM10 per room per night are not included in the room rate and must be paid at the counter during heck-in, unless otherwise stated.\nfor staying at the registered premises.\n6. Security Deposit: The hotel may require a security deposit during check-in, which will be communicated at that time.\n7. Additional Charges: Any additional charges incurred during your stay must be settled before checkout.\n8. Special Requests: Special requests are subject to availability at check-in and may incur additional charges. Please note that these requests cannot be guaranteed.\n9. Registered Guests Only: Only registered guests are permitted in the guestrooms. 	\N	\N	\N	2025-03-26 12:21:46.204	\N
clyy7fglp00kfii6i31tm6soi	Pacific Regency Hotel Suites KL	Kuala Lumpur	5	10	0	\N	\N	\N	4. Extra Person Charges: Charges for additional guests may apply and vary based on the property's policy.\n5. Tourism and State Tax: A Tourism Tax of RM10 per room per night are not included in the room rate and must be paid at the counter during heck-in, unless otherwise stated.\nfor staying at the registered premises.\n6. Security Deposit: The hotel may require a security deposit during check-in, which will be communicated at that time.\n7. Additional Charges: Any additional charges incurred during your stay must be settled before checkout.\n8. Special Requests: Special requests are subject to availability at check-in and may incur additional charges. Please note that these requests cannot be guaranteed.\n9. Registered Guests Only: Only registered guests are permitted in the guestrooms. 	\N	\N	\N	2025-03-26 12:21:46.204	\N
cm0vuv5cz019mrdhpb0p58s8j	Novotel Kuala Lumpur City Centre	Kuala Lumpur	4	10	0	\N	\N	\N	4. Extra Person Charges: Charges for additional guests may apply and vary based on the property's policy.\n5. Tourism and State Tax: A Tourism Tax of RM10 per room per night are not included in the room rate and must be paid at the counter during heck-in, unless otherwise stated.\nfor staying at the registered premises.\n6. Security Deposit: The hotel may require a security deposit during check-in, which will be communicated at that time.\n7. Additional Charges: Any additional charges incurred during your stay must be settled before checkout.\n8. Special Requests: Special requests are subject to availability at check-in and may incur additional charges. Please note that these requests cannot be guaranteed.\n9. Registered Guests Only: Only registered guests are permitted in the guestrooms. 	\N	\N	\N	2025-03-26 12:21:46.204	\N
cm0vtvc46017yrdhpns9wew82	MPalace Hotel	Kuala Lumpur	3	10	0	\N	\N	\N	4. Extra Person Charges: Charges for additional guests may apply and vary based on the property's policy.\n5. Tourism and State Tax: A Tourism Tax of RM10 per room per night are not included in the room rate and must be paid at the counter during heck-in, unless otherwise stated.\nfor staying at the registered premises.\n6. Security Deposit: The hotel may require a security deposit during check-in, which will be communicated at that time.\n7. Additional Charges: Any additional charges incurred during your stay must be settled before checkout.\n8. Special Requests: Special requests are subject to availability at check-in and may incur additional charges. Please note that these requests cannot be guaranteed.\n9. Registered Guests Only: Only registered guests are permitted in the guestrooms. 	\N	\N	\N	2025-03-26 12:21:46.204	\N
cm0uuce5u0100rdhp5m5ccjgy	KIP Hotel	Kuala Lumpur	4	10	0	\N	\N	\N	4. Extra Person Charges: Charges for additional guests may apply and vary based on the property's policy.\n5. Tourism and State Tax: A Tourism Tax of RM10 per room per night are not included in the room rate and must be paid at the counter during heck-in, unless otherwise stated.\nfor staying at the registered premises.\n6. Security Deposit: The hotel may require a security deposit during check-in, which will be communicated at that time.\n7. Additional Charges: Any additional charges incurred during your stay must be settled before checkout.\n8. Special Requests: Special requests are subject to availability at check-in and may incur additional charges. Please note that these requests cannot be guaranteed.\n9. Registered Guests Only: Only registered guests are permitted in the guestrooms. 	\N	\N	\N	2025-03-26 12:21:46.204	\N
cm0ur48c300tlrdhp10qya99h	Hotel Royal Kuala Lumpur	Kuala Lumpur	4	10	0	\N	\N	\N	4. Extra Person Charges: Charges for additional guests may apply and vary based on the property's policy.\n5. Tourism and State Tax: A Tourism Tax of RM10 per room per night are not included in the room rate and must be paid at the counter during heck-in, unless otherwise stated.\nfor staying at the registered premises.\n6. Security Deposit: The hotel may require a security deposit during check-in, which will be communicated at that time.\n7. Additional Charges: Any additional charges incurred during your stay must be settled before checkout.\n8. Special Requests: Special requests are subject to availability at check-in and may incur additional charges. Please note that these requests cannot be guaranteed.\n9. Registered Guests Only: Only registered guests are permitted in the guestrooms. 	\N	\N	\N	2025-03-26 12:21:46.204	\N
cm0uovv8500qlrdhpozh0sszd	EQ Kuala Lumpur	Kuala Lumpur	5	9	0	\N	03-2789 7777	\N	4. Extra Person Charges: Charges for additional guests may apply and vary based on the property's policy.\n5. Tourism and State Tax: A Tourism Tax of RM10 per room per night are not included in the room rate and must be paid at the counter during heck-in, unless otherwise stated.\nfor staying at the registered premises.\n6. Security Deposit: The hotel may require a security deposit during check-in, which will be communicated at that time.\n7. Additional Charges: Any additional charges incurred during your stay must be settled before checkout.\n8. Special Requests: Special requests are subject to availability at check-in and may incur additional charges. Please note that these requests cannot be guaranteed.\n9. Registered Guests Only: Only registered guests are permitted in the guestrooms. 	\N	\N	\N	2025-03-26 12:21:46.204	\N
cm0uo1f9700q0rdhpm4ul0qkh	Days Hotel & Suites	Kuala Lumpur	4	10	0	\N	03-9232 7888	\N	4. Extra Person Charges: Charges for additional guests may apply and vary based on the property's policy.\n5. Tourism and State Tax: A Tourism Tax of RM10 per room per night are not included in the room rate and must be paid at the counter during heck-in, unless otherwise stated.\nfor staying at the registered premises.\n6. Security Deposit: The hotel may require a security deposit during check-in, which will be communicated at that time.\n7. Additional Charges: Any additional charges incurred during your stay must be settled before checkout.\n8. Special Requests: Special requests are subject to availability at check-in and may incur additional charges. Please note that these requests cannot be guaranteed.\n9. Registered Guests Only: Only registered guests are permitted in the guestrooms. 	\N	\N	\N	2025-03-26 12:21:46.204	\N
cm0uji1ft00lvrdhp6vcegweh	Corus Hotel Kuala Lumpur	Kuala Lumpur	4	10	0	\N	321618888	\N	4. Extra Person Charges: Charges for additional guests may apply and vary based on the property's policy.\n5. Tourism and State Tax: A Tourism Tax of RM10 per room per night are not included in the room rate and must be paid at the counter during heck-in, unless otherwise stated.\nfor staying at the registered premises.\n6. Security Deposit: The hotel may require a security deposit during check-in, which will be communicated at that time.\n7. Additional Charges: Any additional charges incurred during your stay must be settled before checkout.\n8. Special Requests: Special requests are subject to availability at check-in and may incur additional charges. Please note that these requests cannot be guaranteed.\n9. Registered Guests Only: Only registered guests are permitted in the guestrooms. 	\N	\N	\N	2025-03-26 12:21:46.204	\N
cm0uhfmqo00ihrdhp4c0ly1fz	Ancasa Hotel Kuala Lumpur	Kuala Lumpur	4	10	0	Jalan Tun Tan Cheng Lock, Chinatown 50050 Kuala Lumpur Federal Territory of Kuala Lumpur 	603 2026 6060	\N	4. Extra Person Charges: Charges for additional guests may apply and vary based on the property's policy.\n5. Tourism and State Tax: A Tourism Tax of RM10 per room per night are not included in the room rate and must be paid at the counter during heck-in, unless otherwise stated.\nfor staying at the registered premises.\n6. Security Deposit: The hotel may require a security deposit during check-in, which will be communicated at that time.\n7. Additional Charges: Any additional charges incurred during your stay must be settled before checkout.\n8. Special Requests: Special requests are subject to availability at check-in and may incur additional charges. Please note that these requests cannot be guaranteed.\n9. Registered Guests Only: Only registered guests are permitted in the guestrooms. 	\N	\N	\N	2025-03-26 12:21:46.204	\N
clyy7fgni00l4ii6ilz2cs36u	Ibis Fraser Buisness Park	Kuala Lumpur	3	10	0	\N	\N	\N	4. Extra Person Charges: Charges for additional guests may apply and vary based on the property's policy.\n5. Tourism and State Tax: A Tourism Tax of RM10 per room per night are not included in the room rate and must be paid at the counter during heck-in, unless otherwise stated.\nfor staying at the registered premises.\n6. Security Deposit: The hotel may require a security deposit during check-in, which will be communicated at that time.\n7. Additional Charges: Any additional charges incurred during your stay must be settled before checkout.\n8. Special Requests: Special requests are subject to availability at check-in and may incur additional charges. Please note that these requests cannot be guaranteed.\n9. Registered Guests Only: Only registered guests are permitted in the guestrooms. 	\N	\N	\N	2025-03-26 12:21:46.204	\N
clyy7fgnf00l3ii6i6sd6ln6e	De King Hotel KLCC	Kuala Lumpur	3	10	0	\N	\N	\N	4. Extra Person Charges: Charges for additional guests may apply and vary based on the property's policy.\n5. Tourism and State Tax: A Tourism Tax of RM10 per room per night are not included in the room rate and must be paid at the counter during heck-in, unless otherwise stated.\nfor staying at the registered premises.\n6. Security Deposit: The hotel may require a security deposit during check-in, which will be communicated at that time.\n7. Additional Charges: Any additional charges incurred during your stay must be settled before checkout.\n8. Special Requests: Special requests are subject to availability at check-in and may incur additional charges. Please note that these requests cannot be guaranteed.\n9. Registered Guests Only: Only registered guests are permitted in the guestrooms. 	\N	\N	\N	2025-03-26 12:21:46.204	\N
clyy7fgn900l0ii6if8eid2r3	Hotel Grand Continental KL	Kuala Lumpur	3	10	0	\N	\N	\N	4. Extra Person Charges: Charges for additional guests may apply and vary based on the property's policy.\n5. Tourism and State Tax: A Tourism Tax of RM10 per room per night are not included in the room rate and must be paid at the counter during heck-in, unless otherwise stated.\nfor staying at the registered premises.\n6. Security Deposit: The hotel may require a security deposit during check-in, which will be communicated at that time.\n7. Additional Charges: Any additional charges incurred during your stay must be settled before checkout.\n8. Special Requests: Special requests are subject to availability at check-in and may incur additional charges. Please note that these requests cannot be guaranteed.\n9. Registered Guests Only: Only registered guests are permitted in the guestrooms. 	\N	\N	\N	2025-03-26 12:21:46.204	\N
clyy7fgml00ksii6ijddwetxw	Premiera Hotel	Kuala Lumpur	4	10	0	\N	\N	\N	4. Extra Person Charges: Charges for additional guests may apply and vary based on the property's policy.\n5. Tourism and State Tax: A Tourism Tax of RM10 per room per night are not included in the room rate and must be paid at the counter during heck-in, unless otherwise stated.\nfor staying at the registered premises.\n6. Security Deposit: The hotel may require a security deposit during check-in, which will be communicated at that time.\n7. Additional Charges: Any additional charges incurred during your stay must be settled before checkout.\n8. Special Requests: Special requests are subject to availability at check-in and may incur additional charges. Please note that these requests cannot be guaranteed.\n9. Registered Guests Only: Only registered guests are permitted in the guestrooms. 	\N	\N	\N	2025-03-26 12:21:46.204	\N
clyy7fgm100kkii6ivjymrocb	Sunway Lagoon Hotel	Kuala Lumpur	4	10	0	\N	\N	\N	4. Extra Person Charges: Charges for additional guests may apply and vary based on the property's policy.\n5. Tourism and State Tax: A Tourism Tax of RM10 per room per night are not included in the room rate and must be paid at the counter during heck-in, unless otherwise stated.\nfor staying at the registered premises.\n6. Security Deposit: The hotel may require a security deposit during check-in, which will be communicated at that time.\n7. Additional Charges: Any additional charges incurred during your stay must be settled before checkout.\n8. Special Requests: Special requests are subject to availability at check-in and may incur additional charges. Please note that these requests cannot be guaranteed.\n9. Registered Guests Only: Only registered guests are permitted in the guestrooms. 	\N	\N	\N	2025-03-26 12:21:46.204	\N
clyy7fglx00kiii6ie52xqtzr	Sunway Pyramid Hotel	Kuala Lumpur	4	10	0	\N	\N	\N	4. Extra Person Charges: Charges for additional guests may apply and vary based on the property's policy.\n5. Tourism and State Tax: A Tourism Tax of RM10 per room per night are not included in the room rate and must be paid at the counter during heck-in, unless otherwise stated.\nfor staying at the registered premises.\n6. Security Deposit: The hotel may require a security deposit during check-in, which will be communicated at that time.\n7. Additional Charges: Any additional charges incurred during your stay must be settled before checkout.\n8. Special Requests: Special requests are subject to availability at check-in and may incur additional charges. Please note that these requests cannot be guaranteed.\n9. Registered Guests Only: Only registered guests are permitted in the guestrooms. 	\N	\N	\N	2025-03-26 12:21:46.204	\N
clyy7fglm00kdii6ikzneljye	Seri Pacific Hotel	Kuala Lumpur	5	10	0	\N	\N	\N	4. Extra Person Charges: Charges for additional guests may apply and vary based on the property's policy.\n5. Tourism and State Tax: A Tourism Tax of RM10 per room per night are not included in the room rate and must be paid at the counter during heck-in, unless otherwise stated.\nfor staying at the registered premises.\n6. Security Deposit: The hotel may require a security deposit during check-in, which will be communicated at that time.\n7. Additional Charges: Any additional charges incurred during your stay must be settled before checkout.\n8. Special Requests: Special requests are subject to availability at check-in and may incur additional charges. Please note that these requests cannot be guaranteed.\n9. Registered Guests Only: Only registered guests are permitted in the guestrooms. 	\N	\N	\N	2025-03-26 12:21:46.204	\N
clyy7fgkb00k9ii6imsuspoxd	Trinidad Suites Puteri Harbour	Johor	4	10	5	\N	\N	\N	4. Extra Person Charges: Charges for additional guests may apply and vary based on the property's policy.\n5. Tourism and State Tax: A Tourism Tax of RM10 per room per night are not included in the room rate and must be paid at the counter during heck-in, unless otherwise stated.\nfor staying at the registered premises.\n6. Security Deposit: The hotel may require a security deposit during check-in, which will be communicated at that time.\n7. Additional Charges: Any additional charges incurred during your stay must be settled before checkout.\n8. Special Requests: Special requests are subject to availability at check-in and may incur additional charges. Please note that these requests cannot be guaranteed.\n9. Registered Guests Only: Only registered guests are permitted in the guestrooms. 	\N	\N	\N	2025-03-26 12:21:46.204	\N
clyy7fgh000jwii6ig20rqpx9	Evergreen Laurel Hotel	Penang	3	10	5	\N	\N	\N	4. Extra Person Charges: Charges for additional guests may apply and vary based on the property's policy.\n5. Tourism and State Tax: A Tourism Tax of RM10 per room per night are not included in the room rate and must be paid at the counter during heck-in, unless otherwise stated.\n6. The government of Penang has announced the mandatory State Tourism Fee" at MYR 3 - 5 per occupied room per night ( Required to Pay on the Ground ) for staying at the registered premise.	\N	\N	\N	2025-03-26 12:21:46.204	\N
clyy7fgnc00l1ii6ia1fb7m7w	Ramada Encore By Wyndham	Kuala Lumpur	3	10	0	1 and 3, Jalan Pudu Lama, City Centre, 50200 Kuala, 50200 Kuala Lumpur	+603-2022 4858	See why so many travelers make City Comfort Hotel Chinatown their hotel of choice when visiting Kuala Lumpur. Providing an ideal mix of value, comfort and convenience, it offers an array of amenities designed for travelers like you. City Comfort Hotel Chinatown offers guests an array of room amenities including air conditioning, a refrigerator, and a minibar, and getting online is possible, as free wifi is available. The hotel offers a 24 hour front desk, to make your visit even more pleasant. The property also features an on-site restaurant. For those interested in checking out popular landmarks while visiting Kuala Lumpur, City Comfort Hotel Chinatown is located a short distance from Chinatown - Kuala Lumpur (0.3 mi) and National Mosque (Masjid Negara) (0.7 mi). If you’re looking for a Mediterranean restaurant, consider a visit to Quivo, Pinchos Tapas Bar, or Halab KL, which are all conveniently located a short distance from City Comfort Hotel Chinatown.	4. Extra Person Charges: Charges for additional guests may apply and vary based on the property's policy.\n5. Tourism and State Tax: A Tourism Tax of RM10 per room per night are not included in the room rate and must be paid at the counter during heck-in, unless otherwise stated.\n6. Security Deposit: The hotel may require a security deposit during check-in, which will be communicated at that time.\n7. Additional Charges: Any additional charges incurred during your stay must be settled before checkout.\n8. Special Requests: Special requests are subject to availability at check-in and may incur additional charges. Please note that these requests cannot be guaranteed.\n9. Registered Guests Only: Only registered guests are permitted in the guestrooms. 	\N	\N	\N	2025-03-26 12:21:46.204	\N
cm2kbwhdx0q7xp4z6wfdww2be	Thistle Port Dickson	Port Dickson	5	10	0	\N	\N	\N	\N	\N	\N	\N	2025-03-26 12:21:46.204	\N
cmaxgwhnb0002wpnn4k6k4u5q	Amansari Hotel Nusajaya (N)	Johor	4	10		 Persiaran Nusa Perintis, Nusa Puncak Taman Nusa Puncak, 79200 Iskandar Puteri, Johor Darul Ta'zim	07-869 1168		4. Extra Person Charges: Charges for additional guests may apply and vary based on the property's policy.\n5. Tourism and State Tax: A Tourism Tax of RM10 per room per night are not included in the room rate and must be paid at the counter during heck-in, unless otherwise stated.\nfor staying at the registered premises.\n6. Security Deposit: The hotel may require a security deposit during check-in, which will be communicated at that time.\n7. Additional Charges: Any additional charges incurred during your stay must be settled before checkout.\n8. Special Requests: Special requests are subject to availability at check-in and may incur additional charges. Please note that these requests cannot be guaranteed.\n9. Registered Guests Only: Only registered guests are permitted in the guestrooms.	VmL0d4-Qyoaia39zu2h1jenO	{"dates": [], "applyFridays": false, "applySundays": false, "applySaturdays": false}	[]	2025-05-21 04:53:27.001	2025-05-21 04:53:27.001
cmaxh5c960003wpnn3aifb34g	Fives Hotel Meldrum (N) 	Johor	3	10		9N, Bukit Meldrum, Jalan Tenteram, Tanjung Puteri, 80300 Johor Bahru, Johor	07-2213388		4. Extra Person Charges: Charges for additional guests may apply and vary based on the property's policy.\n5. Tourism and State Tax: A Tourism Tax of RM10 per room per night are not included in the room rate and must be paid at the counter during heck-in, unless otherwise stated.\nfor staying at the registered premises.\n6. Security Deposit: The hotel may require a security deposit during check-in, which will be communicated at that time.\n7. Additional Charges: Any additional charges incurred during your stay must be settled before checkout.\n8. Special Requests: Special requests are subject to availability at check-in and may incur additional charges. Please note that these requests cannot be guaranteed.\n9. Registered Guests Only: Only registered guests are permitted in the guestrooms.	VmL0d4-Qyoaia39zu2h1jenO	{"dates": [], "applyFridays": false, "applySundays": false, "applySaturdays": false}	[]	2025-05-21 05:00:19.916	2025-05-21 05:00:19.916
cmaxk5gak0005wpnn36hxebme	Amansari Residence Resort Seri Alam (N)	Johor	4	10		Jalan Persiaran Seri Alam, Bandar Baru Seri Alam, 81750 Masai, Johor Darul Ta'zim	 07-3817070		4. Extra Person Charges: Charges for additional guests may apply and vary based on the property's policy.\n5. Tourism and State Tax: A Tourism Tax of RM10 per room per night are not included in the room rate and must be paid at the counter during heck-in, unless otherwise stated.\nfor staying at the registered premises.\n6. Security Deposit: The hotel may require a security deposit during check-in, which will be communicated at that time.\n7. Additional Charges: Any additional charges incurred during your stay must be settled before checkout.\n8. Special Requests: Special requests are subject to availability at check-in and may incur additional charges. Please note that these requests cannot be guaranteed.\n9. Registered Guests Only: Only registered guests are permitted in the guestrooms.	VmL0d4-Qyoaia39zu2h1jenO	{"dates": [], "applyFridays": false, "applySundays": false, "applySaturdays": false}	[]	2025-05-21 06:24:23.998	2025-05-21 06:24:23.998
cm9wl6qjm0000ppnnajbx5p3n	Furama Hotel Bukit Bintang (T)	Kuala Lumpur	4	10		136, Jln Changkat Thambi Dollah, Bukit Bintang, 55100 Kuala Lumpur, Wilayah Persekutuan Kuala Lumpur	03-2788 8888			\N	{"dates": [], "applyFridays": false, "applySundays": false, "applySaturdays": false}	[]	2025-04-25 09:25:55.043	2025-04-25 09:25:55.043
cmaf2tubt00009inn852vdnne	Howard Johnson By Wyndham 	Kuala Lumpur	3	10		 8, Jalan Kampung Attap, Kampung Attap, 50460 Kuala Lumpur, Wilayah Persekutuan Kuala Lumpur	 03-2276 5555		4. Extra Person Charges: Charges for additional guests may apply and vary based on the property's policy.\n5. Tourism and State Tax: A Tourism Tax of RM10 per room per night are not included in the room rate and must be paid at the counter during heck-in, unless otherwise stated.\n6. Security Deposit: The hotel may require a security deposit during check-in, which will be communicated at that time.\n7. Additional Charges: Any additional charges incurred during your stay must be settled before checkout.\n8. Special Requests: Special requests are subject to availability at check-in and may incur additional charges. Please note that these requests cannot be guaranteed.\n9. Registered Guests Only: Only registered guests are permitted in the guestrooms.	\N	{"dates": [], "applyFridays": false, "applySundays": false, "applySaturdays": false}	[]	2025-05-08 07:59:37.675	2025-05-08 07:59:37.675
cmafiw5ck0000tonn7hipbw2w	Pugazhenthi	Chennai	4	3	Tamil Nadu	99 New Kallanatham Road Attur Tk Salem Dt	06374751053	helof		cm1064yzq00a9r9f6nkt2m1po	{"dates": ["2025-07-15T18:30:00.000Z", "2025-07-16T18:30:00.000Z", "2025-06-17T18:30:00.000Z", "2025-06-05T18:30:00.000Z", "2025-06-12T18:30:00.000Z", "2025-06-19T18:30:00.000Z", "2025-06-26T18:30:00.000Z", "2025-05-14T18:30:00.000Z", "2025-05-01T18:30:00.000Z", "2025-05-08T18:30:00.000Z", "2025-05-15T18:30:00.000Z", "2025-05-22T18:30:00.000Z", "2025-05-29T18:30:00.000Z", "2025-08-19T18:30:00.000Z", "2025-08-20T18:30:00.000Z", "2025-07-31T18:30:00.000Z", "2025-08-07T18:30:00.000Z", "2025-08-14T18:30:00.000Z", "2025-08-21T18:30:00.000Z", "2025-08-28T18:30:00.000Z", "2025-09-09T18:30:00.000Z", "2025-09-16T18:30:00.000Z", "2025-09-04T18:30:00.000Z", "2025-09-11T18:30:00.000Z", "2025-09-18T18:30:00.000Z", "2025-09-25T18:30:00.000Z", "2025-10-14T18:30:00.000Z", "2025-10-15T18:30:00.000Z", "2025-10-02T18:30:00.000Z", "2025-10-09T18:30:00.000Z", "2025-10-16T18:30:00.000Z", "2025-10-23T18:30:00.000Z", "2025-10-30T18:30:00.000Z"], "applyFridays": true, "applySundays": false, "applySaturdays": false}	["2025-05-21T18:30:00.000Z", "2025-05-14T18:30:00.000Z", "2025-06-17T18:30:00.000Z", "2025-06-18T18:30:00.000Z", "2025-06-10T18:30:00.000Z", "2025-06-11T18:30:00.000Z", "2025-07-16T18:30:00.000Z", "2025-07-09T18:30:00.000Z"]	2025-05-08 15:29:19.125	2025-05-09 12:02:06.666
cmaxhqu3a0004wpnn3rkp6c1l	Fives Hotel JBCC (N)	Johor	3	10		45, Jalan Wong Ah Fook, Bandar Johor Bahru, 80000 Johor Bahru, Johor Darul Ta'zim	 07-219 7777		4. Extra Person Charges: Charges for additional guests may apply and vary based on the property's policy.\n5. Tourism and State Tax: A Tourism Tax of RM10 per room per night are not included in the room rate and must be paid at the counter during heck-in, unless otherwise stated.\nfor staying at the registered premises.\n6. Security Deposit: The hotel may require a security deposit during check-in, which will be communicated at that time.\n7. Additional Charges: Any additional charges incurred during your stay must be settled before checkout.\n8. Special Requests: Special requests are subject to availability at check-in and may incur additional charges. Please note that these requests cannot be guaranteed.\n9. Registered Guests Only: Only registered guests are permitted in the guestrooms.	VmL0d4-Qyoaia39zu2h1jenO	{"dates": [], "applyFridays": false, "applySundays": false, "applySaturdays": false}	[]	2025-05-21 05:17:02.808	2025-05-21 05:17:02.808
cmac1lmc50001ppnn689a57x9	Mercure Hotel Shaw Parade	Kuala Lumpur	4	10		152, Jln Changkat Thambi Dollah, Pudu, 55100 Kuala Lumpur, Wilayah Persekutuan Kuala Lumpur	03-92243030		\n4. Extra Person Charges: Charges for additional guests may apply and vary based on the property's policy.\n5. Tourism and State Tax: A Tourism Tax of RM10 per room per night are not included in the room rate and must be paid at the counter during heck-in, unless otherwise stated.\n6. Security Deposit: The hotel may require a security deposit during check-in, which will be communicated at that time.\n7. Additional Charges: Any additional charges incurred during your stay must be settled before checkout.\n8. Special Requests: Special requests are subject to availability at check-in and may incur additional charges. Please note that these requests cannot be guaranteed.\n9. Registered Guests Only: Only registered guests are permitted in the guestrooms.	\N	{"dates": [], "applyFridays": false, "applySundays": false, "applySaturdays": false}	[]	2025-05-06 05:01:55.927	2025-05-06 05:01:55.927
cmacgf52z0000jke5fdcc7o2t	sixthstar-testing	chennai	4	10	10	chennai,india	9494949590	welcome	thanks	clyvxrrxk0014iq9xvhof9cr2	{"dates": ["2025-06-05T18:30:00.000Z", "2025-06-12T18:30:00.000Z", "2025-06-19T18:30:00.000Z", "2025-06-26T18:30:00.000Z", "2025-06-06T18:30:00.000Z", "2025-06-13T18:30:00.000Z", "2025-06-20T18:30:00.000Z", "2025-06-27T18:30:00.000Z", "2025-05-31T18:30:00.000Z", "2025-06-07T18:30:00.000Z", "2025-06-14T18:30:00.000Z", "2025-06-21T18:30:00.000Z", "2025-06-28T18:30:00.000Z", "2025-06-10T18:30:00.000Z", "2025-06-24T18:30:00.000Z"], "applyFridays": true, "applySundays": true, "applySaturdays": true}	[]	2025-05-06 11:56:47.871	2025-05-06 11:56:47.871
cmadf2ibo0000gannhmz9ewkm	E&O Residences Hotel	Kuala Lumpur	5	10		Off Jalan Sultan Ismail, 1, Jalan Tengah, 50450 Kuala Lumpur	03-2022 2818		4. Extra Person Charges: Charges for additional guests may apply and vary based on the property's policy.\n5. Tourism and State Tax: A Tourism Tax of RM10 per room per night are not included in the room rate and must be paid at the counter during heck-in, unless otherwise stated.\n6. Security Deposit: The hotel may require a security deposit during check-in, which will be communicated at that time.\n7. Additional Charges: Any additional charges incurred during your stay must be settled before checkout.\n8. Special Requests: Special requests are subject to availability at check-in and may incur additional charges. Please note that these requests cannot be guaranteed.\n9. Registered Guests Only: Only registered guests are permitted in the guestrooms	\N	{"dates": [], "applyFridays": false, "applySundays": false, "applySaturdays": false}	[]	2025-05-07 04:06:45.061	2025-05-07 04:06:45.061
cmadgx7x50001ganna6to2dux	Stripes Kuala Lumpur, Autograph Collection	Kuala Lumpur	5	10		Corner of Jalan Sultan Ismail, 25, Jalan Kamunting, 50300 Kuala Lumpur, Federal Territory of Kuala Lumpur	 03-2038 0000		4. Extra Person Charges: Charges for additional guests may apply and vary based on the property's policy.\n5. Tourism and State Tax: A Tourism Tax of RM10 per room per night are not included in the room rate and must be paid at the counter during heck-in, unless otherwise stated.\n6. Security Deposit: The hotel may require a security deposit during check-in, which will be communicated at that time.\n7. Additional Charges: Any additional charges incurred during your stay must be settled before checkout.\n8. Special Requests: Special requests are subject to availability at check-in and may incur additional charges. Please note that these requests cannot be guaranteed.\n9. Registered Guests Only: Only registered guests are permitted in the guestrooms.	\N	{"dates": [], "applyFridays": false, "applySundays": false, "applySaturdays": false}	[]	2025-05-07 04:58:37.53	2025-05-07 04:58:37.53
cmakl09i10000b1nn5pj3bccv	Alamis City Kuala Lumpur	Kuala Lumpur	3	10		356, Jln Raja Laut, Chow Kit, 50350 Kuala Lumpur,  Federal Territory of Kuala Lumpu	03-4051 9191 		\n4. Extra Person Charges: Charges for additional guests may apply and vary based on the property's policy.\n5. Tourism and State Tax: A Tourism Tax of RM10 per room per night are not included in the room rate and must be paid at the counter during heck-in, unless otherwise stated.\n6. Security Deposit: The hotel may require a security deposit during check-in, which will be communicated at that time.\n7. Additional Charges: Any additional charges incurred during your stay must be settled before checkout.\n8. Special Requests: Special requests are subject to availability at check-in and may incur additional charges. Please note that these requests cannot be guaranteed.\n9. Registered Guests Only: Only registered guests are permitted in the guestrooms.	\N	{"dates": [], "applyFridays": false, "applySundays": false, "applySaturdays": false}	[]	2025-05-12 04:27:21.244	2025-05-12 04:27:21.244
cmaklb9gv0001b1nn8slt3pu6	Sri Langit Hotel & Conference	Kuala Lumpur	3	10		Jalan 11, Bandar Baru Salak Tinggi, 43900 Sepang, Selangor	 03-8706 0773		4. Extra Person Charges: Charges for additional guests may apply and vary based on the property's policy.\n5. Tourism and State Tax: A Tourism Tax of RM10 per room per night are not included in the room rate and must be paid at the counter during heck-in, unless otherwise stated.\n6. Security Deposit: The hotel may require a security deposit during check-in, which will be communicated at that time.\n7. Additional Charges: Any additional charges incurred during your stay must be settled before checkout.\n8. Special Requests: Special requests are subject to availability at check-in and may incur additional charges. Please note that these requests cannot be guaranteed.\n9. Registered Guests Only: Only registered guests are permitted in the guestrooms.	\N	{"dates": [], "applyFridays": false, "applySundays": false, "applySaturdays": false}	[]	2025-05-12 04:35:54.416	2025-05-12 04:35:54.416
cmaklxwxc0004lce5gspp48ag	test-222	test-222	1		TAMILNADU	chennai,indra	9876543219			cm9c3moo60000e5xswx1exyvx	{"dates": [], "applyFridays": false, "applySundays": false, "applySaturdays": false}	[]	2025-05-12 04:53:31.259	2025-05-12 04:53:31.259
cmaw4tal60002zbnnhedt5nxb	HIG Hotel	Langkawi	3	10	3	Jalan Penarak, Kuah, 07000 Langkawi, Kedah	04-966 8001		4. Extra Person Charges: Charges for additional guests may apply and vary based on the property's policy.\n5. Tourism and State Tax: A Tourism Tax of RM10 per room per night are not included in the room rate and must be paid at the counter during heck-in, unless otherwise stated.\n6. Langkawi Municipal Council has announced the mandatory "State Tourism Fee" at MYR 3 - 5 per occupied room per night ( Required to Pay on the Ground ) for staying at the registered premise.\n7. Security Deposit: The hotel may require a security deposit during check-in, which will be communicated at that time.\n8. Additional Charges: Any additional charges incurred during your stay must be settled before checkout.\n9. Special Requests: Special requests are subject to availability at check-in and may incur additional charges. Please note that these requests cannot be guaranteed.\n10. Registered Guests Only: Only registered guests are permitted in the guestrooms.	_qgA2ef3jyHIBfb06_2nBVcj	{"dates": [], "applyFridays": false, "applySundays": false, "applySaturdays": false}	[]	2025-05-20 06:27:16.316	2025-05-20 06:27:16.316
cmakm6mj2000078e61abd3g2e	test-hotel-45	japan	4	5	3	test gnfgfn	7896546789	gnfgfg	gndfgn	cm9c3nddm0001e5xsj6ayzy4i	{"dates": ["2025-05-13T18:30:00.000Z", "2025-05-14T18:30:00.000Z", "2025-06-19T18:30:00.000Z", "2025-06-24T18:30:00.000Z", "2025-07-09T18:30:00.000Z", "2025-07-22T18:30:00.000Z", "2025-01-02T18:30:00.000Z", "2025-01-09T18:30:00.000Z", "2025-01-16T18:30:00.000Z", "2025-01-23T18:30:00.000Z", "2025-01-30T18:30:00.000Z", "2025-02-06T18:30:00.000Z", "2025-02-13T18:30:00.000Z", "2025-02-20T18:30:00.000Z", "2025-02-27T18:30:00.000Z", "2025-03-06T18:30:00.000Z", "2025-03-13T18:30:00.000Z", "2025-03-20T18:30:00.000Z", "2025-03-27T18:30:00.000Z", "2025-04-03T18:30:00.000Z", "2025-04-10T18:30:00.000Z", "2025-04-17T18:30:00.000Z", "2025-04-24T18:30:00.000Z", "2025-05-01T18:30:00.000Z", "2025-05-08T18:30:00.000Z", "2025-05-15T18:30:00.000Z", "2025-05-22T18:30:00.000Z", "2025-05-29T18:30:00.000Z", "2025-06-05T18:30:00.000Z", "2025-06-12T18:30:00.000Z", "2025-06-26T18:30:00.000Z", "2025-07-03T18:30:00.000Z", "2025-07-10T18:30:00.000Z", "2025-07-17T18:30:00.000Z", "2025-07-24T18:30:00.000Z", "2025-07-31T18:30:00.000Z", "2025-08-07T18:30:00.000Z", "2025-08-14T18:30:00.000Z", "2025-08-21T18:30:00.000Z", "2025-08-28T18:30:00.000Z", "2025-09-04T18:30:00.000Z", "2025-09-11T18:30:00.000Z", "2025-09-18T18:30:00.000Z", "2025-09-25T18:30:00.000Z", "2025-10-02T18:30:00.000Z", "2025-10-09T18:30:00.000Z", "2025-10-16T18:30:00.000Z", "2025-10-23T18:30:00.000Z", "2025-10-30T18:30:00.000Z", "2025-11-06T18:30:00.000Z", "2025-11-13T18:30:00.000Z", "2025-11-20T18:30:00.000Z", "2025-11-27T18:30:00.000Z", "2025-12-04T18:30:00.000Z", "2025-12-11T18:30:00.000Z", "2025-12-18T18:30:00.000Z", "2025-12-25T18:30:00.000Z"], "applyFridays": true, "applySundays": false, "applySaturdays": false}	[]	2025-05-12 05:00:17.684	2025-05-12 05:00:17.684
cmakrpbkw0004b1nn8i3a2hi7	Trademark Collection by Wyndham I-City	Selangor 	3	10		6, Jalan Multimedia, SkyCity, I-City, 40000 Shah Alam, Selangor	03-5521 9000		4. Extra Person Charges: Charges for additional guests may apply and vary based on the property's policy.\n5. Tourism and State Tax: A Tourism Tax of RM10 per room per night are not included in the room rate and must be paid at the counter during heck-in, unless otherwise stated.\n6. Security Deposit: The hotel may require a security deposit during check-in, which will be communicated at that time.\n7. Additional Charges: Any additional charges incurred during your stay must be settled before checkout.\n8. Special Requests: Special requests are subject to availability at check-in and may incur additional charges. Please note that these requests cannot be guaranteed.\n9. Registered Guests Only: Only registered guests are permitted in the guestrooms.	\N	{"dates": [], "applyFridays": false, "applySundays": false, "applySaturdays": false}	[]	2025-05-12 07:34:48.034	2025-05-12 07:34:48.034
cmap0onng0000qrnnebzwf420	Pelangi Beach Resort & Spa, Langkawi	Langkawi	5	10	3	Pantai Cenang, 07000 Langkawi, Kedah	 04-952 8888		4. Extra Person Charges: Charges for additional guests may apply and vary based on the property's policy.\n5. Tourism and State Tax: A Tourism Tax of RM10 per room per night are not included in the room rate and must be paid at the counter during heck-in, unless otherwise stated.\n6. Langkawi Municipal Council has announced the mandatory "State Tourism Fee" at MYR 3 - 5 per occupied room per night ( Required to Pay on the Ground ) for staying at the registered premise.\n7. Security Deposit: The hotel may require a security deposit during check-in, which will be communicated at that time.\n8. Additional Charges: Any additional charges incurred during your stay must be settled before checkout.\n9. Special Requests: Special requests are subject to availability at check-in and may incur additional charges. Please note that these requests cannot be guaranteed.\n10. Registered Guests Only: Only registered guests are permitted in the guestrooms.	\N	{"dates": [], "applyFridays": false, "applySundays": false, "applySaturdays": false}	[]	2025-05-15 06:57:18.27	2025-05-15 06:57:18.27
cmaqbov2u0005qrnn3yuh714i	Sunway Lost World of Tambun Hotel	Ipoh	3	10	3	1, Persiaran Lagun Sunway, Sunway City, 31150 Ipoh, Perak	05-540 8888			koILMkiaCLW0hSgkRI32ZXZt	{"dates": [], "applyFridays": false, "applySundays": false, "applySaturdays": false}	[]	2025-05-16 04:53:09.847	2025-05-16 04:53:09.847
cmaw07ons0001zbnn3k7242wk	Rebak Island Resort & Marina, Langkawi	Langkawi	4	10	5	Pulau Rebak Besar Peti Surat 125, Kuah, 07000 Langkawi, Kedah	 04-966 5566		Langkawi\n\n4. Extra Person Charges: Charges for additional guests may apply and vary based on the property's policy.\n5. Tourism and State Tax: A Tourism Tax of RM10 per room per night are not included in the room rate and must be paid at the counter during heck-in, unless otherwise stated.\n6. Langkawi Municipal Council has announced the mandatory "State Tourism Fee" at MYR 3 - 5 per occupied room per night ( Required to Pay on the Ground ) for staying at the registered premise.\n7. Security Deposit: The hotel may require a security deposit during check-in, which will be communicated at that time.\n8. Additional Charges: Any additional charges incurred during your stay must be settled before checkout.\n9. Special Requests: Special requests are subject to availability at check-in and may incur additional charges. Please note that these requests cannot be guaranteed.\n10. Registered Guests Only: Only registered guests are permitted in the guestrooms.	4bvJIGOZadJ7cy4VAu9NxV8e	{"dates": [], "applyFridays": false, "applySundays": false, "applySaturdays": false}	[]	2025-05-20 04:18:29.658	2025-05-20 04:41:00.702
cmaxejno00000wpnn6llidu7z	Amansari Hotel Desaru	Johor	3	10		127, Jalan Kempas 1, Taman Desaru Utama, 81930 Bandar Penawar, Johor Darul Ta'zim	07-828 0200		4. Extra Person Charges: Charges for additional guests may apply and vary based on the property's policy.\n5. Tourism and State Tax: A Tourism Tax of RM10 per room per night are not included in the room rate and must be paid at the counter during heck-in, unless otherwise stated.\nfor staying at the registered premises.\n6. Security Deposit: The hotel may require a security deposit during check-in, which will be communicated at that time.\n7. Additional Charges: Any additional charges incurred during your stay must be settled before checkout.\n8. Special Requests: Special requests are subject to availability at check-in and may incur additional charges. Please note that these requests cannot be guaranteed.\n9. Registered Guests Only: Only registered guests are permitted in the guestrooms	VmL0d4-Qyoaia39zu2h1jenO	{"dates": [], "applyFridays": false, "applySundays": false, "applySaturdays": false}	[]	2025-05-21 03:47:29.042	2025-05-21 03:47:29.042
cmaxguoff0001wpnn9m5d20nq	Fives Hotel DNP (N)	Johor	3	10		45, Jalan Wong Ah Fook, Bandar Johor Bahru, 80000 Johor Bahru, Johor Darul Ta'zim	 07-219 7777		4. Extra Person Charges: Charges for additional guests may apply and vary based on the property's policy.\n5. Tourism and State Tax: A Tourism Tax of RM10 per room per night are not included in the room rate and must be paid at the counter during heck-in, unless otherwise stated.\nfor staying at the registered premises.\n6. Security Deposit: The hotel may require a security deposit during check-in, which will be communicated at that time.\n7. Additional Charges: Any additional charges incurred during your stay must be settled before checkout.\n8. Special Requests: Special requests are subject to availability at check-in and may incur additional charges. Please note that these requests cannot be guaranteed.\n9. Registered Guests Only: Only registered guests are permitted in the guestrooms.	VmL0d4-Qyoaia39zu2h1jenO	{"dates": [], "applyFridays": false, "applySundays": false, "applySaturdays": false}	[]	2025-05-21 04:52:02.476	2025-05-21 04:52:02.476
cmaxldied0006wpnnbqi42awo	Ixora Hotel Penang 	Penang 	4	10	3	Ixora Hotel Prai, Penang 3096 Jalan Baru Bandar Perai Jaya 13600 Perai Penang, Malaysia	0 43828888		4. Extra Person Charges: Charges for additional guests may apply and vary based on the property's policy.\n5. Tourism and State Tax: A Tourism Tax of RM10 per room per night are not included in the room rate and must be paid at the counter during heck-in, unless otherwise stated.\n6. The government of Penang has announced the mandatory "State Tourism Fee" at MYR 3 - 5 per occupied room per night ( Required to Pay on the Ground ) for staying at the registered premise.\n7. Security Deposit: The hotel may require a security deposit during check-in, which will be communicated at that time.\n8. Additional Charges: Any additional charges incurred during your stay must be settled before checkout.\n9. Special Requests: Special requests are subject to availability at check-in and may incur additional charges. Please note that these requests cannot be guaranteed.\n10. Registered Guests Only: Only registered guests are permitted in the guestrooms.	S1TeOOAeMjZfaTZaJu81EtbO	{"dates": [], "applyFridays": false, "applySundays": false, "applySaturdays": false}	[]	2025-05-21 06:58:39.591	2025-05-21 06:58:39.591
cmaxmaiz20007wpnnbhngft0y	Swiss-Garden Beach Resort Kuantan	Pahang	4	10	3	2656-2657, Mukim Sungai Karang, Balok Beach, 26100 Beserah, Kuantan, Pahang Darul Makmur, Malaysia.	09 548 8288		4. Extra Person Charges: Charges for additional guests may apply and vary based on the property's policy.\n5. Tourism and State Tax: A Tourism Tax of RM10 per room per night are not included in the room rate and must be paid at the counter during heck-in, unless otherwise stated.\n6. Pahang state government has introduced a mandatory sustainability tax of RM3.00 per occupied room per night for all hotels in Pahang  ( Required to Pay on the Ground ) for staying at the registered premises.\n7. Security Deposit: The hotel may require a security deposit during check-in, which will be communicated at that time.\n8. Additional Charges: Any additional charges incurred during your stay must be settled before checkout.\n9. Special Requests: Special requests are subject to availability at check-in and may incur additional charges. Please note that these requests cannot be guaranteed.\n10. Registered Guests Only: Only registered guests are permitted in the guestrooms.	wCc-BF6IGC2W6MAkiID_lv-L	{"dates": [], "applyFridays": false, "applySundays": false, "applySaturdays": false}	[]	2025-05-21 07:24:19.984	2025-05-21 07:24:19.984
cmaxn3thh0008wpnneqs877di	Wyndham Garden Shahzan Fraser's Hill	Pahang	3	10	3	Jalan Lady Guillemard, Fraser's Hill	09-3622300		4. Extra Person Charges: Charges for additional guests may apply and vary based on the property's policy.\n5. Tourism and State Tax: A Tourism Tax of RM10 per room per night are not included in the room rate and must be paid at the counter during heck-in, unless otherwise stated.\n6. Pahang state government has introduced a mandatory sustainability tax of RM3.00 per occupied room per night for all hotels in Pahang  ( Required to Pay on the Ground ) for staying at the registered premises.\n7. Security Deposit: The hotel may require a security deposit during check-in, which will be communicated at that time.\n8. Additional Charges: Any additional charges incurred during your stay must be settled before checkout.\n9. Special Requests: Special requests are subject to availability at check-in and may incur additional charges. Please note that these requests cannot be guaranteed.\n10. Registered Guests Only: Only registered guests are permitted in the guestrooms.	BrANJQKhaQrX1HjfAcvLR9A4	{"dates": [], "applyFridays": false, "applySundays": false, "applySaturdays": false}	[]	2025-05-21 07:47:06.63	2025-05-21 07:47:06.63
cmayvu7le0009wpnnatfw3nfh	Century Pines Resort Cameron Highlands	Pahang	4	10	3	Jalan Masjid, Tanah Rata, 39000 Tanah Rata, Pahang	05-4915115		\n4. Extra Person Charges: Charges for additional guests may apply and vary based on the property's policy.\n5. Tourism and State Tax: A Tourism Tax of RM10 per room per night are not included in the room rate and must be paid at the counter during heck-in, unless otherwise stated.\n6. Pahang state government has introduced a mandatory sustainability tax of RM3.00 per occupied room per night for all hotels in Pahang  ( Required to Pay on the Ground ) for staying at the registered premises.\n7. Security Deposit: The hotel may require a security deposit during check-in, which will be communicated at that time.\n8. Additional Charges: Any additional charges incurred during your stay must be settled before checkout.\n9. Special Requests: Special requests are subject to availability at check-in and may incur additional charges. Please note that these requests cannot be guaranteed.\n10. Registered Guests Only: Only registered guests are permitted in the guestrooms.	0-ZMpEY12nidalGCx9QbeKZr	{"dates": [], "applyFridays": false, "applySundays": false, "applySaturdays": false}	[]	2025-05-22 04:39:21.076	2025-05-22 04:39:21.076
cmb4z5ma100004ann2nqz3blq	Fifth Avenue Hotel	Penang 	5	10	3	8, Lebuh Macallum , 10300 Penang	04-2189555		4. Extra Person Charges: Charges for additional guests may apply and vary based on the property's policy.\n5. Tourism and State Tax: A Tourism Tax of RM10 per room per night are not included in the room rate and must be paid at the counter during heck-in, unless otherwise stated.\n6. The government of Penang has announced the mandatory "State Tourism Fee" at MYR 3 - 5 per occupied room per night ( Required to Pay on the Ground ) for staying at the registered premise.\n7. Security Deposit: The hotel may require a security deposit during check-in, which will be communicated at that time.\n8. Additional Charges: Any additional charges incurred during your stay must be settled before checkout.\n9. Special Requests: Special requests are subject to availability at check-in and may incur additional charges. Please note that these requests cannot be guaranteed.\n10. Registered Guests Only: Only registered guests are permitted in the guestrooms.	tfcAr0sT8CEv1rpexji4si4Y	{"dates": [], "applyFridays": false, "applySundays": false, "applySaturdays": false}	[]	2025-05-26 10:58:49.226	2025-05-26 10:58:49.226
cmb7placq00014annacvx0vz7	Bertam Resort Penang	Penang 	5	10	3	PMT 2200, Bertam Resort,  Persiaran Bertam 8,  13200 Kepala Batas,  Pulau Pinang, Malaysia.	04 577 8000		Extra Person Charges: Charges for additional guests may apply and vary based on the property's policy.\nTourism and State Tax: A Tourism Tax of RM10 per room per night are not included in the room rate and must be paid at the counter during heck-in, unless otherwise stated.\nThe government of Penang has announced the mandatory "State Tourism Fee" at MYR 3 - 5 per occupied room per night ( Required to Pay on the Ground ) for staying at the registered premise.\nSecurity Deposit: The hotel may require a security deposit during check-in, which will be communicated at that time.\nAdditional Charges: Any additional charges incurred during your stay must be settled before checkout.\nSpecial Requests: Special requests are subject to availability at check-in and may incur additional charges. Please note that these requests cannot be guaranteed.\nRegistered Guests Only: Only registered guests are permitted in the guestrooms.	p3DIZdFJ0sav83rIrLUjxA99	{"dates": [], "applyFridays": false, "applySundays": false, "applySaturdays": false}	[]	2025-05-28 08:54:22.636	2025-05-28 08:54:22.636
cmbrlap4z000275nn1dwvh48y	The Banjaran Hotsprings Retreat, Ipoh	Ipoh	5	10	5	1, Persiaran Lagoon, Sunway 3, 31150 Ipoh, Perak	+6052107777			QKM79ucuOfMR838QvRcVMjYr	{"dates": [], "applyFridays": false, "applySundays": false, "applySaturdays": false}	[]	2025-06-11 06:49:33.636	2025-06-11 06:49:33.636
cmbpbklyw000075nnheuze9yi	Mutiara Taman Negara	Pahang	3	10	5	27000 Kuala Tahan, Pahang	09-266 3500			MHoC2MonLnHtc0ekaBSVo-LU	{"dates": ["2025-07-04T16:00:00.000Z", "2025-07-11T16:00:00.000Z", "2025-07-10T16:00:00.000Z", "2025-07-08T16:00:00.000Z", "2025-07-05T16:00:00.000Z", "2025-07-06T16:00:00.000Z", "2025-07-07T16:00:00.000Z", "2025-07-09T16:00:00.000Z", "2025-07-17T16:00:00.000Z", "2025-07-18T16:00:00.000Z", "2025-07-16T16:00:00.000Z", "2025-07-15T16:00:00.000Z", "2025-07-14T16:00:00.000Z", "2025-07-13T16:00:00.000Z", "2025-07-12T16:00:00.000Z", "2025-07-19T16:00:00.000Z", "2025-07-21T16:00:00.000Z", "2025-07-20T16:00:00.000Z", "2025-07-22T16:00:00.000Z", "2025-07-23T16:00:00.000Z", "2025-07-24T16:00:00.000Z", "2025-07-25T16:00:00.000Z", "2025-08-01T16:00:00.000Z", "2025-07-26T16:00:00.000Z", "2025-07-27T16:00:00.000Z", "2025-07-28T16:00:00.000Z", "2025-07-29T16:00:00.000Z", "2025-07-30T16:00:00.000Z", "2025-07-31T16:00:00.000Z", "2025-08-02T16:00:00.000Z", "2025-08-03T16:00:00.000Z", "2025-08-04T16:00:00.000Z", "2025-08-05T16:00:00.000Z", "2025-08-06T16:00:00.000Z", "2025-08-07T16:00:00.000Z", "2025-08-08T16:00:00.000Z", "2025-08-09T16:00:00.000Z", "2025-08-10T16:00:00.000Z", "2025-08-11T16:00:00.000Z", "2025-08-12T16:00:00.000Z", "2025-08-13T16:00:00.000Z", "2025-08-14T16:00:00.000Z", "2025-08-15T16:00:00.000Z", "2025-08-16T16:00:00.000Z", "2025-08-17T16:00:00.000Z", "2025-08-18T16:00:00.000Z", "2025-08-19T16:00:00.000Z", "2025-08-20T16:00:00.000Z", "2025-08-21T16:00:00.000Z", "2025-08-22T16:00:00.000Z", "2025-08-23T16:00:00.000Z", "2025-08-24T16:00:00.000Z"], "applyFridays": false, "applySundays": false, "applySaturdays": false}	[]	2025-06-09 16:41:47.578	2025-06-09 16:44:11.746
cmbrkxp3n000175nngpfc58sh	PARKROYAL A'Famosa Melaka Resort	Malacca	4	10	5	Jalan Kemus, Simpang Ampat, Alor Gajah, 78000 Melaka	06-908 8888			bWmDSnXOKsVu1ntWa52Lm7by	{"dates": [], "applyFridays": false, "applySundays": false, "applySaturdays": false}	[]	2025-06-11 06:39:27.061	2025-06-11 06:39:27.061
cmbuc2r0g0001voe58winb5gd	test6767	test6767	4	6	10	chennai,indra	9876543219	test6767	test6767	cm9c3nddm0001e5xsj6ayzy4i	{"dates": ["2025-06-07T18:30:00.000Z", "2025-06-08T18:30:00.000Z", "2025-06-09T18:30:00.000Z", "2025-06-10T18:30:00.000Z", "2025-06-12T18:30:00.000Z", "2025-06-11T18:30:00.000Z", "2025-01-02T18:30:00.000Z", "2025-01-09T18:30:00.000Z", "2025-01-16T18:30:00.000Z", "2025-01-23T18:30:00.000Z", "2025-01-30T18:30:00.000Z", "2025-02-06T18:30:00.000Z", "2025-02-13T18:30:00.000Z", "2025-02-20T18:30:00.000Z", "2025-02-27T18:30:00.000Z", "2025-03-06T18:30:00.000Z", "2025-03-13T18:30:00.000Z", "2025-03-20T18:30:00.000Z", "2025-03-27T18:30:00.000Z", "2025-04-03T18:30:00.000Z", "2025-04-10T18:30:00.000Z", "2025-04-17T18:30:00.000Z", "2025-04-24T18:30:00.000Z", "2025-05-01T18:30:00.000Z", "2025-05-08T18:30:00.000Z", "2025-05-15T18:30:00.000Z", "2025-05-22T18:30:00.000Z", "2025-05-29T18:30:00.000Z", "2025-06-05T18:30:00.000Z", "2025-06-19T18:30:00.000Z", "2025-06-26T18:30:00.000Z", "2025-07-03T18:30:00.000Z", "2025-07-10T18:30:00.000Z", "2025-07-17T18:30:00.000Z", "2025-07-24T18:30:00.000Z", "2025-07-31T18:30:00.000Z", "2025-08-07T18:30:00.000Z", "2025-08-14T18:30:00.000Z", "2025-08-21T18:30:00.000Z", "2025-08-28T18:30:00.000Z", "2025-09-04T18:30:00.000Z", "2025-09-11T18:30:00.000Z", "2025-09-18T18:30:00.000Z", "2025-09-25T18:30:00.000Z", "2025-10-02T18:30:00.000Z", "2025-10-09T18:30:00.000Z", "2025-10-16T18:30:00.000Z", "2025-10-23T18:30:00.000Z", "2025-10-30T18:30:00.000Z", "2025-11-06T18:30:00.000Z", "2025-11-13T18:30:00.000Z", "2025-11-20T18:30:00.000Z", "2025-11-27T18:30:00.000Z", "2025-12-04T18:30:00.000Z", "2025-12-11T18:30:00.000Z", "2025-12-18T18:30:00.000Z", "2025-12-25T18:30:00.000Z", "2026-01-01T18:30:00.000Z", "2026-01-08T18:30:00.000Z", "2026-01-15T18:30:00.000Z", "2026-01-22T18:30:00.000Z", "2026-01-29T18:30:00.000Z", "2026-02-05T18:30:00.000Z", "2026-02-12T18:30:00.000Z", "2026-02-19T18:30:00.000Z", "2026-02-26T18:30:00.000Z", "2026-03-05T18:30:00.000Z", "2026-03-12T18:30:00.000Z", "2026-03-19T18:30:00.000Z", "2026-03-26T18:30:00.000Z", "2026-04-02T18:30:00.000Z", "2026-04-09T18:30:00.000Z", "2026-04-16T18:30:00.000Z", "2026-04-23T18:30:00.000Z", "2026-04-30T18:30:00.000Z", "2026-05-07T18:30:00.000Z", "2026-05-14T18:30:00.000Z", "2026-05-21T18:30:00.000Z", "2026-05-28T18:30:00.000Z", "2026-06-04T18:30:00.000Z", "2026-06-11T18:30:00.000Z", "2026-06-18T18:30:00.000Z", "2026-06-25T18:30:00.000Z", "2026-07-02T18:30:00.000Z", "2026-07-09T18:30:00.000Z", "2026-07-16T18:30:00.000Z", "2026-07-23T18:30:00.000Z", "2026-07-30T18:30:00.000Z", "2026-08-06T18:30:00.000Z", "2026-08-13T18:30:00.000Z", "2026-08-20T18:30:00.000Z", "2026-08-27T18:30:00.000Z", "2026-09-03T18:30:00.000Z", "2026-09-10T18:30:00.000Z", "2026-09-17T18:30:00.000Z", "2026-09-24T18:30:00.000Z", "2026-10-01T18:30:00.000Z", "2026-10-08T18:30:00.000Z", "2026-10-15T18:30:00.000Z", "2026-10-22T18:30:00.000Z", "2026-10-29T18:30:00.000Z", "2026-11-05T18:30:00.000Z", "2026-11-12T18:30:00.000Z", "2026-11-19T18:30:00.000Z", "2026-11-26T18:30:00.000Z", "2026-12-03T18:30:00.000Z", "2026-12-10T18:30:00.000Z", "2026-12-17T18:30:00.000Z", "2026-12-24T18:30:00.000Z", "2025-01-03T18:30:00.000Z", "2025-01-10T18:30:00.000Z", "2025-01-17T18:30:00.000Z", "2025-01-24T18:30:00.000Z", "2025-01-31T18:30:00.000Z", "2025-02-07T18:30:00.000Z", "2025-02-14T18:30:00.000Z", "2025-02-21T18:30:00.000Z", "2025-02-28T18:30:00.000Z", "2025-03-07T18:30:00.000Z", "2025-03-14T18:30:00.000Z", "2025-03-21T18:30:00.000Z", "2025-03-28T18:30:00.000Z", "2025-04-04T18:30:00.000Z", "2025-04-11T18:30:00.000Z", "2025-04-18T18:30:00.000Z", "2025-04-25T18:30:00.000Z", "2025-05-02T18:30:00.000Z", "2025-05-09T18:30:00.000Z", "2025-05-16T18:30:00.000Z", "2025-05-23T18:30:00.000Z", "2025-05-30T18:30:00.000Z", "2025-06-06T18:30:00.000Z", "2025-06-13T18:30:00.000Z", "2025-06-20T18:30:00.000Z", "2025-06-27T18:30:00.000Z", "2025-07-04T18:30:00.000Z", "2025-07-11T18:30:00.000Z", "2025-07-18T18:30:00.000Z", "2025-07-25T18:30:00.000Z", "2025-08-01T18:30:00.000Z", "2025-08-08T18:30:00.000Z", "2025-08-15T18:30:00.000Z", "2025-08-22T18:30:00.000Z", "2025-08-29T18:30:00.000Z", "2025-09-05T18:30:00.000Z", "2025-09-12T18:30:00.000Z", "2025-09-19T18:30:00.000Z", "2025-09-26T18:30:00.000Z", "2025-10-03T18:30:00.000Z", "2025-10-10T18:30:00.000Z", "2025-10-17T18:30:00.000Z", "2025-10-24T18:30:00.000Z", "2025-10-31T18:30:00.000Z", "2025-11-07T18:30:00.000Z", "2025-11-14T18:30:00.000Z", "2025-11-21T18:30:00.000Z", "2025-11-28T18:30:00.000Z", "2025-12-05T18:30:00.000Z", "2025-12-12T18:30:00.000Z", "2025-12-19T18:30:00.000Z", "2025-12-26T18:30:00.000Z", "2026-01-02T18:30:00.000Z", "2026-01-09T18:30:00.000Z", "2026-01-16T18:30:00.000Z", "2026-01-23T18:30:00.000Z", "2026-01-30T18:30:00.000Z", "2026-02-06T18:30:00.000Z", "2026-02-13T18:30:00.000Z", "2026-02-20T18:30:00.000Z", "2026-02-27T18:30:00.000Z", "2026-03-06T18:30:00.000Z", "2026-03-13T18:30:00.000Z", "2026-03-20T18:30:00.000Z", "2026-03-27T18:30:00.000Z", "2026-04-03T18:30:00.000Z", "2026-04-10T18:30:00.000Z", "2026-04-17T18:30:00.000Z", "2026-04-24T18:30:00.000Z", "2026-05-01T18:30:00.000Z", "2026-05-08T18:30:00.000Z", "2026-05-15T18:30:00.000Z", "2026-05-22T18:30:00.000Z", "2026-05-29T18:30:00.000Z", "2026-06-05T18:30:00.000Z", "2026-06-12T18:30:00.000Z", "2026-06-19T18:30:00.000Z", "2026-06-26T18:30:00.000Z", "2026-07-03T18:30:00.000Z", "2026-07-10T18:30:00.000Z", "2026-07-17T18:30:00.000Z", "2026-07-24T18:30:00.000Z", "2026-07-31T18:30:00.000Z", "2026-08-07T18:30:00.000Z", "2026-08-14T18:30:00.000Z", "2026-08-21T18:30:00.000Z", "2026-08-28T18:30:00.000Z", "2026-09-04T18:30:00.000Z", "2026-09-11T18:30:00.000Z", "2026-09-18T18:30:00.000Z", "2026-09-25T18:30:00.000Z", "2026-10-02T18:30:00.000Z", "2026-10-09T18:30:00.000Z", "2026-10-16T18:30:00.000Z", "2026-10-23T18:30:00.000Z", "2026-10-30T18:30:00.000Z", "2026-11-06T18:30:00.000Z", "2026-11-13T18:30:00.000Z", "2026-11-20T18:30:00.000Z", "2026-11-27T18:30:00.000Z", "2026-12-04T18:30:00.000Z", "2026-12-11T18:30:00.000Z", "2026-12-18T18:30:00.000Z", "2026-12-25T18:30:00.000Z", "2025-01-04T18:30:00.000Z", "2025-01-11T18:30:00.000Z", "2025-01-18T18:30:00.000Z", "2025-01-25T18:30:00.000Z", "2025-02-01T18:30:00.000Z", "2025-02-08T18:30:00.000Z", "2025-02-15T18:30:00.000Z", "2025-02-22T18:30:00.000Z", "2025-03-01T18:30:00.000Z", "2025-03-08T18:30:00.000Z", "2025-03-15T18:30:00.000Z", "2025-03-22T18:30:00.000Z", "2025-03-29T18:30:00.000Z", "2025-04-05T18:30:00.000Z", "2025-04-12T18:30:00.000Z", "2025-04-19T18:30:00.000Z", "2025-04-26T18:30:00.000Z", "2025-05-03T18:30:00.000Z", "2025-05-10T18:30:00.000Z", "2025-05-17T18:30:00.000Z", "2025-05-24T18:30:00.000Z", "2025-05-31T18:30:00.000Z", "2025-06-14T18:30:00.000Z", "2025-06-21T18:30:00.000Z", "2025-06-28T18:30:00.000Z", "2025-07-05T18:30:00.000Z", "2025-07-12T18:30:00.000Z", "2025-07-19T18:30:00.000Z", "2025-07-26T18:30:00.000Z", "2025-08-02T18:30:00.000Z", "2025-08-09T18:30:00.000Z", "2025-08-16T18:30:00.000Z", "2025-08-23T18:30:00.000Z", "2025-08-30T18:30:00.000Z", "2025-09-06T18:30:00.000Z", "2025-09-13T18:30:00.000Z", "2025-09-20T18:30:00.000Z", "2025-09-27T18:30:00.000Z", "2025-10-04T18:30:00.000Z", "2025-10-11T18:30:00.000Z", "2025-10-18T18:30:00.000Z", "2025-10-25T18:30:00.000Z", "2025-11-01T18:30:00.000Z", "2025-11-08T18:30:00.000Z", "2025-11-15T18:30:00.000Z", "2025-11-22T18:30:00.000Z", "2025-11-29T18:30:00.000Z", "2025-12-06T18:30:00.000Z", "2025-12-13T18:30:00.000Z", "2025-12-20T18:30:00.000Z", "2025-12-27T18:30:00.000Z", "2026-01-03T18:30:00.000Z", "2026-01-10T18:30:00.000Z", "2026-01-17T18:30:00.000Z", "2026-01-24T18:30:00.000Z", "2026-01-31T18:30:00.000Z", "2026-02-07T18:30:00.000Z", "2026-02-14T18:30:00.000Z", "2026-02-21T18:30:00.000Z", "2026-02-28T18:30:00.000Z", "2026-03-07T18:30:00.000Z", "2026-03-14T18:30:00.000Z", "2026-03-21T18:30:00.000Z", "2026-03-28T18:30:00.000Z", "2026-04-04T18:30:00.000Z", "2026-04-11T18:30:00.000Z", "2026-04-18T18:30:00.000Z", "2026-04-25T18:30:00.000Z", "2026-05-02T18:30:00.000Z", "2026-05-09T18:30:00.000Z", "2026-05-16T18:30:00.000Z", "2026-05-23T18:30:00.000Z", "2026-05-30T18:30:00.000Z", "2026-06-06T18:30:00.000Z", "2026-06-13T18:30:00.000Z", "2026-06-20T18:30:00.000Z", "2026-06-27T18:30:00.000Z", "2026-07-04T18:30:00.000Z", "2026-07-11T18:30:00.000Z", "2026-07-18T18:30:00.000Z", "2026-07-25T18:30:00.000Z", "2026-08-01T18:30:00.000Z", "2026-08-08T18:30:00.000Z", "2026-08-15T18:30:00.000Z", "2026-08-22T18:30:00.000Z", "2026-08-29T18:30:00.000Z", "2026-09-05T18:30:00.000Z", "2026-09-12T18:30:00.000Z", "2026-09-19T18:30:00.000Z", "2026-09-26T18:30:00.000Z", "2026-10-03T18:30:00.000Z", "2026-10-10T18:30:00.000Z", "2026-10-17T18:30:00.000Z", "2026-10-24T18:30:00.000Z", "2026-10-31T18:30:00.000Z", "2026-11-07T18:30:00.000Z", "2026-11-14T18:30:00.000Z", "2026-11-21T18:30:00.000Z", "2026-11-28T18:30:00.000Z", "2026-12-05T18:30:00.000Z", "2026-12-12T18:30:00.000Z", "2026-12-19T18:30:00.000Z", "2026-12-26T18:30:00.000Z"], "applyFridays": true, "applySundays": true, "applySaturdays": true}	["2025-06-07T18:30:00.000Z", "2025-06-08T18:30:00.000Z", "2025-06-09T18:30:00.000Z", "2025-06-10T18:30:00.000Z", "2025-06-11T18:30:00.000Z", "2025-06-12T18:30:00.000Z", "2025-06-13T18:30:00.000Z"]	2025-06-13 04:54:44.802	2025-06-13 04:54:44.802
cmbrm181r0000ase55rqwh25o	testing-33	Chennai, TN	4	10	TAMILNADU	chennai,indra	9876543219	testing	testing	cm9c3moo60000e5xswx1exyvx	{"dates": ["2025-01-02T18:30:00.000Z", "2025-01-09T18:30:00.000Z", "2025-01-16T18:30:00.000Z", "2025-01-23T18:30:00.000Z", "2025-01-30T18:30:00.000Z", "2025-02-06T18:30:00.000Z", "2025-02-13T18:30:00.000Z", "2025-02-20T18:30:00.000Z", "2025-02-27T18:30:00.000Z", "2025-03-06T18:30:00.000Z", "2025-03-13T18:30:00.000Z", "2025-03-20T18:30:00.000Z", "2025-03-27T18:30:00.000Z", "2025-04-03T18:30:00.000Z", "2025-04-10T18:30:00.000Z", "2025-04-17T18:30:00.000Z", "2025-04-24T18:30:00.000Z", "2025-05-01T18:30:00.000Z", "2025-05-08T18:30:00.000Z", "2025-05-15T18:30:00.000Z", "2025-05-22T18:30:00.000Z", "2025-05-29T18:30:00.000Z", "2025-06-05T18:30:00.000Z", "2025-06-12T18:30:00.000Z", "2025-06-19T18:30:00.000Z", "2025-06-26T18:30:00.000Z", "2025-07-03T18:30:00.000Z", "2025-07-10T18:30:00.000Z", "2025-07-17T18:30:00.000Z", "2025-07-24T18:30:00.000Z", "2025-07-31T18:30:00.000Z", "2025-08-07T18:30:00.000Z", "2025-08-14T18:30:00.000Z", "2025-08-21T18:30:00.000Z", "2025-08-28T18:30:00.000Z", "2025-09-04T18:30:00.000Z", "2025-09-11T18:30:00.000Z", "2025-09-18T18:30:00.000Z", "2025-09-25T18:30:00.000Z", "2025-10-02T18:30:00.000Z", "2025-10-09T18:30:00.000Z", "2025-10-16T18:30:00.000Z", "2025-10-23T18:30:00.000Z", "2025-10-30T18:30:00.000Z", "2025-11-06T18:30:00.000Z", "2025-11-13T18:30:00.000Z", "2025-11-20T18:30:00.000Z", "2025-11-27T18:30:00.000Z", "2025-12-04T18:30:00.000Z", "2025-12-11T18:30:00.000Z", "2025-12-18T18:30:00.000Z", "2025-12-25T18:30:00.000Z", "2026-01-01T18:30:00.000Z", "2026-01-08T18:30:00.000Z", "2026-01-15T18:30:00.000Z", "2026-01-22T18:30:00.000Z", "2026-01-29T18:30:00.000Z", "2026-02-05T18:30:00.000Z", "2026-02-12T18:30:00.000Z", "2026-02-19T18:30:00.000Z", "2026-02-26T18:30:00.000Z", "2026-03-05T18:30:00.000Z", "2026-03-12T18:30:00.000Z", "2026-03-19T18:30:00.000Z", "2026-03-26T18:30:00.000Z", "2026-04-02T18:30:00.000Z", "2026-04-09T18:30:00.000Z", "2026-04-16T18:30:00.000Z", "2026-04-23T18:30:00.000Z", "2026-04-30T18:30:00.000Z", "2026-05-07T18:30:00.000Z", "2026-05-14T18:30:00.000Z", "2026-05-21T18:30:00.000Z", "2026-05-28T18:30:00.000Z", "2026-06-04T18:30:00.000Z", "2026-06-11T18:30:00.000Z", "2026-06-18T18:30:00.000Z", "2026-06-25T18:30:00.000Z", "2026-07-02T18:30:00.000Z", "2026-07-09T18:30:00.000Z", "2026-07-16T18:30:00.000Z", "2026-07-23T18:30:00.000Z", "2026-07-30T18:30:00.000Z", "2026-08-06T18:30:00.000Z", "2026-08-13T18:30:00.000Z", "2026-08-20T18:30:00.000Z", "2026-08-27T18:30:00.000Z", "2026-09-03T18:30:00.000Z", "2026-09-10T18:30:00.000Z", "2026-09-17T18:30:00.000Z", "2026-09-24T18:30:00.000Z", "2026-10-01T18:30:00.000Z", "2026-10-08T18:30:00.000Z", "2026-10-15T18:30:00.000Z", "2026-10-22T18:30:00.000Z", "2026-10-29T18:30:00.000Z", "2026-11-05T18:30:00.000Z", "2026-11-12T18:30:00.000Z", "2026-11-19T18:30:00.000Z", "2026-11-26T18:30:00.000Z", "2026-12-03T18:30:00.000Z", "2026-12-10T18:30:00.000Z", "2026-12-17T18:30:00.000Z", "2026-12-24T18:30:00.000Z", "2025-01-03T18:30:00.000Z", "2025-01-10T18:30:00.000Z", "2025-01-17T18:30:00.000Z", "2025-01-24T18:30:00.000Z", "2025-01-31T18:30:00.000Z", "2025-02-07T18:30:00.000Z", "2025-02-14T18:30:00.000Z", "2025-02-21T18:30:00.000Z", "2025-02-28T18:30:00.000Z", "2025-03-07T18:30:00.000Z", "2025-03-14T18:30:00.000Z", "2025-03-21T18:30:00.000Z", "2025-03-28T18:30:00.000Z", "2025-04-04T18:30:00.000Z", "2025-04-11T18:30:00.000Z", "2025-04-18T18:30:00.000Z", "2025-04-25T18:30:00.000Z", "2025-05-02T18:30:00.000Z", "2025-05-09T18:30:00.000Z", "2025-05-16T18:30:00.000Z", "2025-05-23T18:30:00.000Z", "2025-05-30T18:30:00.000Z", "2025-06-06T18:30:00.000Z", "2025-06-13T18:30:00.000Z", "2025-06-20T18:30:00.000Z", "2025-06-27T18:30:00.000Z", "2025-07-04T18:30:00.000Z", "2025-07-11T18:30:00.000Z", "2025-07-18T18:30:00.000Z", "2025-07-25T18:30:00.000Z", "2025-08-01T18:30:00.000Z", "2025-08-08T18:30:00.000Z", "2025-08-15T18:30:00.000Z", "2025-08-22T18:30:00.000Z", "2025-08-29T18:30:00.000Z", "2025-09-05T18:30:00.000Z", "2025-09-12T18:30:00.000Z", "2025-09-19T18:30:00.000Z", "2025-09-26T18:30:00.000Z", "2025-10-03T18:30:00.000Z", "2025-10-10T18:30:00.000Z", "2025-10-17T18:30:00.000Z", "2025-10-24T18:30:00.000Z", "2025-10-31T18:30:00.000Z", "2025-11-07T18:30:00.000Z", "2025-11-14T18:30:00.000Z", "2025-11-21T18:30:00.000Z", "2025-11-28T18:30:00.000Z", "2025-12-05T18:30:00.000Z", "2025-12-12T18:30:00.000Z", "2025-12-19T18:30:00.000Z", "2025-12-26T18:30:00.000Z", "2026-01-02T18:30:00.000Z", "2026-01-09T18:30:00.000Z", "2026-01-16T18:30:00.000Z", "2026-01-23T18:30:00.000Z", "2026-01-30T18:30:00.000Z", "2026-02-06T18:30:00.000Z", "2026-02-13T18:30:00.000Z", "2026-02-20T18:30:00.000Z", "2026-02-27T18:30:00.000Z", "2026-03-06T18:30:00.000Z", "2026-03-13T18:30:00.000Z", "2026-03-20T18:30:00.000Z", "2026-03-27T18:30:00.000Z", "2026-04-03T18:30:00.000Z", "2026-04-10T18:30:00.000Z", "2026-04-17T18:30:00.000Z", "2026-04-24T18:30:00.000Z", "2026-05-01T18:30:00.000Z", "2026-05-08T18:30:00.000Z", "2026-05-15T18:30:00.000Z", "2026-05-22T18:30:00.000Z", "2026-05-29T18:30:00.000Z", "2026-06-05T18:30:00.000Z", "2026-06-12T18:30:00.000Z", "2026-06-19T18:30:00.000Z", "2026-06-26T18:30:00.000Z", "2026-07-03T18:30:00.000Z", "2026-07-10T18:30:00.000Z", "2026-07-17T18:30:00.000Z", "2026-07-24T18:30:00.000Z", "2026-07-31T18:30:00.000Z", "2026-08-07T18:30:00.000Z", "2026-08-14T18:30:00.000Z", "2026-08-21T18:30:00.000Z", "2026-08-28T18:30:00.000Z", "2026-09-04T18:30:00.000Z", "2026-09-11T18:30:00.000Z", "2026-09-18T18:30:00.000Z", "2026-09-25T18:30:00.000Z", "2026-10-02T18:30:00.000Z", "2026-10-09T18:30:00.000Z", "2026-10-16T18:30:00.000Z", "2026-10-23T18:30:00.000Z", "2026-10-30T18:30:00.000Z", "2026-11-06T18:30:00.000Z", "2026-11-13T18:30:00.000Z", "2026-11-20T18:30:00.000Z", "2026-11-27T18:30:00.000Z", "2026-12-04T18:30:00.000Z", "2026-12-11T18:30:00.000Z", "2026-12-18T18:30:00.000Z", "2026-12-25T18:30:00.000Z", "2025-01-04T18:30:00.000Z", "2025-01-11T18:30:00.000Z", "2025-01-18T18:30:00.000Z", "2025-01-25T18:30:00.000Z", "2025-02-01T18:30:00.000Z", "2025-02-08T18:30:00.000Z", "2025-02-15T18:30:00.000Z", "2025-02-22T18:30:00.000Z", "2025-03-01T18:30:00.000Z", "2025-03-08T18:30:00.000Z", "2025-03-15T18:30:00.000Z", "2025-03-22T18:30:00.000Z", "2025-03-29T18:30:00.000Z", "2025-04-05T18:30:00.000Z", "2025-04-12T18:30:00.000Z", "2025-04-19T18:30:00.000Z", "2025-04-26T18:30:00.000Z", "2025-05-03T18:30:00.000Z", "2025-05-10T18:30:00.000Z", "2025-05-17T18:30:00.000Z", "2025-05-24T18:30:00.000Z", "2025-05-31T18:30:00.000Z", "2025-06-07T18:30:00.000Z", "2025-06-14T18:30:00.000Z", "2025-06-21T18:30:00.000Z", "2025-06-28T18:30:00.000Z", "2025-07-05T18:30:00.000Z", "2025-07-12T18:30:00.000Z", "2025-07-19T18:30:00.000Z", "2025-07-26T18:30:00.000Z", "2025-08-02T18:30:00.000Z", "2025-08-09T18:30:00.000Z", "2025-08-16T18:30:00.000Z", "2025-08-23T18:30:00.000Z", "2025-08-30T18:30:00.000Z", "2025-09-06T18:30:00.000Z", "2025-09-13T18:30:00.000Z", "2025-09-20T18:30:00.000Z", "2025-09-27T18:30:00.000Z", "2025-10-04T18:30:00.000Z", "2025-10-11T18:30:00.000Z", "2025-10-18T18:30:00.000Z", "2025-10-25T18:30:00.000Z", "2025-11-01T18:30:00.000Z", "2025-11-08T18:30:00.000Z", "2025-11-15T18:30:00.000Z", "2025-11-22T18:30:00.000Z", "2025-11-29T18:30:00.000Z", "2025-12-06T18:30:00.000Z", "2025-12-13T18:30:00.000Z", "2025-12-20T18:30:00.000Z", "2025-12-27T18:30:00.000Z", "2026-01-03T18:30:00.000Z", "2026-01-10T18:30:00.000Z", "2026-01-17T18:30:00.000Z", "2026-01-24T18:30:00.000Z", "2026-01-31T18:30:00.000Z", "2026-02-07T18:30:00.000Z", "2026-02-14T18:30:00.000Z", "2026-02-21T18:30:00.000Z", "2026-02-28T18:30:00.000Z", "2026-03-07T18:30:00.000Z", "2026-03-14T18:30:00.000Z", "2026-03-21T18:30:00.000Z", "2026-03-28T18:30:00.000Z", "2026-04-04T18:30:00.000Z", "2026-04-11T18:30:00.000Z", "2026-04-18T18:30:00.000Z", "2026-04-25T18:30:00.000Z", "2026-05-02T18:30:00.000Z", "2026-05-09T18:30:00.000Z", "2026-05-16T18:30:00.000Z", "2026-05-23T18:30:00.000Z", "2026-05-30T18:30:00.000Z", "2026-06-06T18:30:00.000Z", "2026-06-13T18:30:00.000Z", "2026-06-20T18:30:00.000Z", "2026-06-27T18:30:00.000Z", "2026-07-04T18:30:00.000Z", "2026-07-11T18:30:00.000Z", "2026-07-18T18:30:00.000Z", "2026-07-25T18:30:00.000Z", "2026-08-01T18:30:00.000Z", "2026-08-08T18:30:00.000Z", "2026-08-15T18:30:00.000Z", "2026-08-22T18:30:00.000Z", "2026-08-29T18:30:00.000Z", "2026-09-05T18:30:00.000Z", "2026-09-12T18:30:00.000Z", "2026-09-19T18:30:00.000Z", "2026-09-26T18:30:00.000Z", "2026-10-03T18:30:00.000Z", "2026-10-10T18:30:00.000Z", "2026-10-17T18:30:00.000Z", "2026-10-24T18:30:00.000Z", "2026-10-31T18:30:00.000Z", "2026-11-07T18:30:00.000Z", "2026-11-14T18:30:00.000Z", "2026-11-21T18:30:00.000Z", "2026-11-28T18:30:00.000Z", "2026-12-05T18:30:00.000Z", "2026-12-12T18:30:00.000Z", "2026-12-19T18:30:00.000Z", "2026-12-26T18:30:00.000Z", "2025-07-14T18:30:00.000Z", "2025-07-15T18:30:00.000Z", "2025-08-12T18:30:00.000Z", "2025-08-13T18:30:00.000Z", "2025-09-23T18:30:00.000Z", "2025-07-22T18:30:00.000Z", "2025-07-29T18:30:00.000Z"], "applyFridays": true, "applySundays": true, "applySaturdays": true}	["2025-07-22T18:30:00.000Z", "2025-07-29T18:30:00.000Z"]	2025-06-11 07:10:11.201	2025-06-16 08:32:30.087
cmc08eum70000oknn2vok6es6	Arena Starr	Kuala Lumpur	3	10		49-51, Jalan Hang Lekiu, City Centre, 50100 Kuala Lumpur, Wilayah Persekutuan Kuala Lumpur	03-2078 6988			iEb5T0NL48nrO69NLubtmkN4	{"dates": ["2025-07-21T16:00:00.000Z", "2025-07-22T16:00:00.000Z", "2025-07-23T16:00:00.000Z", "2025-07-24T16:00:00.000Z", "2025-07-25T16:00:00.000Z", "2025-01-02T16:00:00.000Z", "2025-01-09T16:00:00.000Z", "2025-01-16T16:00:00.000Z", "2025-01-23T16:00:00.000Z", "2025-01-30T16:00:00.000Z", "2025-02-06T16:00:00.000Z", "2025-02-13T16:00:00.000Z", "2025-02-20T16:00:00.000Z", "2025-02-27T16:00:00.000Z", "2025-03-06T16:00:00.000Z", "2025-03-13T16:00:00.000Z", "2025-03-20T16:00:00.000Z", "2025-03-27T16:00:00.000Z", "2025-04-03T16:00:00.000Z", "2025-04-10T16:00:00.000Z", "2025-04-17T16:00:00.000Z", "2025-04-24T16:00:00.000Z", "2025-05-01T16:00:00.000Z", "2025-05-08T16:00:00.000Z", "2025-05-15T16:00:00.000Z", "2025-05-22T16:00:00.000Z", "2025-05-29T16:00:00.000Z", "2025-06-05T16:00:00.000Z", "2025-06-12T16:00:00.000Z", "2025-06-19T16:00:00.000Z", "2025-06-26T16:00:00.000Z", "2025-07-03T16:00:00.000Z", "2025-07-10T16:00:00.000Z", "2025-07-17T16:00:00.000Z", "2025-07-31T16:00:00.000Z", "2025-08-07T16:00:00.000Z", "2025-08-14T16:00:00.000Z", "2025-08-21T16:00:00.000Z", "2025-08-28T16:00:00.000Z", "2025-09-04T16:00:00.000Z", "2025-09-11T16:00:00.000Z", "2025-09-18T16:00:00.000Z", "2025-09-25T16:00:00.000Z", "2025-10-02T16:00:00.000Z", "2025-10-09T16:00:00.000Z", "2025-10-16T16:00:00.000Z", "2025-10-23T16:00:00.000Z", "2025-10-30T16:00:00.000Z", "2025-11-06T16:00:00.000Z", "2025-11-13T16:00:00.000Z", "2025-11-20T16:00:00.000Z", "2025-11-27T16:00:00.000Z", "2025-12-04T16:00:00.000Z", "2025-12-11T16:00:00.000Z", "2025-12-18T16:00:00.000Z", "2025-12-25T16:00:00.000Z", "2026-01-01T16:00:00.000Z", "2026-01-08T16:00:00.000Z", "2026-01-15T16:00:00.000Z", "2026-01-22T16:00:00.000Z", "2026-01-29T16:00:00.000Z", "2026-02-05T16:00:00.000Z", "2026-02-12T16:00:00.000Z", "2026-02-19T16:00:00.000Z", "2026-02-26T16:00:00.000Z", "2026-03-05T16:00:00.000Z", "2026-03-12T16:00:00.000Z", "2026-03-19T16:00:00.000Z", "2026-03-26T16:00:00.000Z", "2026-04-02T16:00:00.000Z", "2026-04-09T16:00:00.000Z", "2026-04-16T16:00:00.000Z", "2026-04-23T16:00:00.000Z", "2026-04-30T16:00:00.000Z", "2026-05-07T16:00:00.000Z", "2026-05-14T16:00:00.000Z", "2026-05-21T16:00:00.000Z", "2026-05-28T16:00:00.000Z", "2026-06-04T16:00:00.000Z", "2026-06-11T16:00:00.000Z", "2026-06-18T16:00:00.000Z", "2026-06-25T16:00:00.000Z", "2026-07-02T16:00:00.000Z", "2026-07-09T16:00:00.000Z", "2026-07-16T16:00:00.000Z", "2026-07-23T16:00:00.000Z", "2026-07-30T16:00:00.000Z", "2026-08-06T16:00:00.000Z", "2026-08-13T16:00:00.000Z", "2026-08-20T16:00:00.000Z", "2026-08-27T16:00:00.000Z", "2026-09-03T16:00:00.000Z", "2026-09-10T16:00:00.000Z", "2026-09-17T16:00:00.000Z", "2026-09-24T16:00:00.000Z", "2026-10-01T16:00:00.000Z", "2026-10-08T16:00:00.000Z", "2026-10-15T16:00:00.000Z", "2026-10-22T16:00:00.000Z", "2026-10-29T16:00:00.000Z", "2026-11-05T16:00:00.000Z", "2026-11-12T16:00:00.000Z", "2026-11-19T16:00:00.000Z", "2026-11-26T16:00:00.000Z", "2026-12-03T16:00:00.000Z", "2026-12-10T16:00:00.000Z", "2026-12-17T16:00:00.000Z", "2026-12-24T16:00:00.000Z", "2025-01-03T16:00:00.000Z", "2025-01-10T16:00:00.000Z", "2025-01-17T16:00:00.000Z", "2025-01-24T16:00:00.000Z", "2025-01-31T16:00:00.000Z", "2025-02-07T16:00:00.000Z", "2025-02-14T16:00:00.000Z", "2025-02-21T16:00:00.000Z", "2025-02-28T16:00:00.000Z", "2025-03-07T16:00:00.000Z", "2025-03-14T16:00:00.000Z", "2025-03-21T16:00:00.000Z", "2025-03-28T16:00:00.000Z", "2025-04-04T16:00:00.000Z", "2025-04-11T16:00:00.000Z", "2025-04-18T16:00:00.000Z", "2025-04-25T16:00:00.000Z", "2025-05-02T16:00:00.000Z", "2025-05-09T16:00:00.000Z", "2025-05-16T16:00:00.000Z", "2025-05-23T16:00:00.000Z", "2025-05-30T16:00:00.000Z", "2025-06-06T16:00:00.000Z", "2025-06-13T16:00:00.000Z", "2025-06-20T16:00:00.000Z", "2025-06-27T16:00:00.000Z", "2025-07-04T16:00:00.000Z", "2025-07-11T16:00:00.000Z", "2025-07-18T16:00:00.000Z", "2025-08-01T16:00:00.000Z", "2025-08-08T16:00:00.000Z", "2025-08-15T16:00:00.000Z", "2025-08-22T16:00:00.000Z", "2025-08-29T16:00:00.000Z", "2025-09-05T16:00:00.000Z", "2025-09-12T16:00:00.000Z", "2025-09-19T16:00:00.000Z", "2025-09-26T16:00:00.000Z", "2025-10-03T16:00:00.000Z", "2025-10-10T16:00:00.000Z", "2025-10-17T16:00:00.000Z", "2025-10-24T16:00:00.000Z", "2025-10-31T16:00:00.000Z", "2025-11-07T16:00:00.000Z", "2025-11-14T16:00:00.000Z", "2025-11-21T16:00:00.000Z", "2025-11-28T16:00:00.000Z", "2025-12-05T16:00:00.000Z", "2025-12-12T16:00:00.000Z", "2025-12-19T16:00:00.000Z", "2025-12-26T16:00:00.000Z", "2026-01-02T16:00:00.000Z", "2026-01-09T16:00:00.000Z", "2026-01-16T16:00:00.000Z", "2026-01-23T16:00:00.000Z", "2026-01-30T16:00:00.000Z", "2026-02-06T16:00:00.000Z", "2026-02-13T16:00:00.000Z", "2026-02-20T16:00:00.000Z", "2026-02-27T16:00:00.000Z", "2026-03-06T16:00:00.000Z", "2026-03-13T16:00:00.000Z", "2026-03-20T16:00:00.000Z", "2026-03-27T16:00:00.000Z", "2026-04-03T16:00:00.000Z", "2026-04-10T16:00:00.000Z", "2026-04-17T16:00:00.000Z", "2026-04-24T16:00:00.000Z", "2026-05-01T16:00:00.000Z", "2026-05-08T16:00:00.000Z", "2026-05-15T16:00:00.000Z", "2026-05-22T16:00:00.000Z", "2026-05-29T16:00:00.000Z", "2026-06-05T16:00:00.000Z", "2026-06-12T16:00:00.000Z", "2026-06-19T16:00:00.000Z", "2026-06-26T16:00:00.000Z", "2026-07-03T16:00:00.000Z", "2026-07-10T16:00:00.000Z", "2026-07-17T16:00:00.000Z", "2026-07-24T16:00:00.000Z", "2026-07-31T16:00:00.000Z", "2026-08-07T16:00:00.000Z", "2026-08-14T16:00:00.000Z", "2026-08-21T16:00:00.000Z", "2026-08-28T16:00:00.000Z", "2026-09-04T16:00:00.000Z", "2026-09-11T16:00:00.000Z", "2026-09-18T16:00:00.000Z", "2026-09-25T16:00:00.000Z", "2026-10-02T16:00:00.000Z", "2026-10-09T16:00:00.000Z", "2026-10-16T16:00:00.000Z", "2026-10-23T16:00:00.000Z", "2026-10-30T16:00:00.000Z", "2026-11-06T16:00:00.000Z", "2026-11-13T16:00:00.000Z", "2026-11-20T16:00:00.000Z", "2026-11-27T16:00:00.000Z", "2026-12-04T16:00:00.000Z", "2026-12-11T16:00:00.000Z", "2026-12-18T16:00:00.000Z", "2026-12-25T16:00:00.000Z", "2026-01-03T16:00:00.000Z", "2026-01-10T16:00:00.000Z", "2026-01-17T16:00:00.000Z", "2026-01-24T16:00:00.000Z", "2026-01-31T16:00:00.000Z", "2026-02-07T16:00:00.000Z", "2026-02-14T16:00:00.000Z", "2026-02-21T16:00:00.000Z", "2026-02-28T16:00:00.000Z", "2026-03-07T16:00:00.000Z", "2026-03-14T16:00:00.000Z", "2026-03-21T16:00:00.000Z", "2026-03-28T16:00:00.000Z", "2026-04-04T16:00:00.000Z", "2026-04-11T16:00:00.000Z", "2026-04-18T16:00:00.000Z", "2026-04-25T16:00:00.000Z", "2026-05-02T16:00:00.000Z", "2026-05-09T16:00:00.000Z", "2026-05-16T16:00:00.000Z", "2026-05-23T16:00:00.000Z", "2026-05-30T16:00:00.000Z", "2026-06-06T16:00:00.000Z", "2026-06-13T16:00:00.000Z", "2026-06-20T16:00:00.000Z", "2026-06-27T16:00:00.000Z", "2026-07-04T16:00:00.000Z", "2026-07-11T16:00:00.000Z", "2026-07-18T16:00:00.000Z", "2026-07-25T16:00:00.000Z", "2026-08-01T16:00:00.000Z", "2026-08-08T16:00:00.000Z", "2026-08-15T16:00:00.000Z", "2026-08-22T16:00:00.000Z", "2026-08-29T16:00:00.000Z", "2026-09-05T16:00:00.000Z", "2026-09-12T16:00:00.000Z", "2026-09-19T16:00:00.000Z", "2026-09-26T16:00:00.000Z", "2026-10-03T16:00:00.000Z", "2026-10-10T16:00:00.000Z", "2026-10-17T16:00:00.000Z", "2026-10-24T16:00:00.000Z", "2026-10-31T16:00:00.000Z", "2026-11-07T16:00:00.000Z", "2026-11-14T16:00:00.000Z", "2026-11-21T16:00:00.000Z", "2026-11-28T16:00:00.000Z", "2026-12-05T16:00:00.000Z", "2026-12-12T16:00:00.000Z", "2026-12-19T16:00:00.000Z", "2026-12-26T16:00:00.000Z", "2027-01-02T16:00:00.000Z", "2027-01-09T16:00:00.000Z", "2027-01-16T16:00:00.000Z", "2027-01-23T16:00:00.000Z", "2027-01-30T16:00:00.000Z", "2027-02-06T16:00:00.000Z", "2027-02-13T16:00:00.000Z", "2027-02-20T16:00:00.000Z", "2027-02-27T16:00:00.000Z", "2027-03-06T16:00:00.000Z", "2027-03-13T16:00:00.000Z", "2027-03-20T16:00:00.000Z", "2027-03-27T16:00:00.000Z", "2027-04-03T16:00:00.000Z", "2027-04-10T16:00:00.000Z", "2027-04-17T16:00:00.000Z", "2027-04-24T16:00:00.000Z", "2027-05-01T16:00:00.000Z", "2027-05-08T16:00:00.000Z", "2027-05-15T16:00:00.000Z", "2027-05-22T16:00:00.000Z", "2027-05-29T16:00:00.000Z", "2027-06-05T16:00:00.000Z", "2027-06-12T16:00:00.000Z", "2027-06-19T16:00:00.000Z", "2027-06-26T16:00:00.000Z", "2027-07-03T16:00:00.000Z", "2027-07-10T16:00:00.000Z", "2027-07-17T16:00:00.000Z", "2027-07-24T16:00:00.000Z", "2027-07-31T16:00:00.000Z", "2027-08-07T16:00:00.000Z", "2027-08-14T16:00:00.000Z", "2027-08-21T16:00:00.000Z", "2027-08-28T16:00:00.000Z", "2027-09-04T16:00:00.000Z", "2027-09-11T16:00:00.000Z", "2027-09-18T16:00:00.000Z", "2027-09-25T16:00:00.000Z", "2027-10-02T16:00:00.000Z", "2027-10-09T16:00:00.000Z", "2027-10-16T16:00:00.000Z", "2027-10-23T16:00:00.000Z", "2027-10-30T16:00:00.000Z", "2027-11-06T16:00:00.000Z", "2027-11-13T16:00:00.000Z", "2027-11-20T16:00:00.000Z", "2027-11-27T16:00:00.000Z", "2027-12-04T16:00:00.000Z", "2027-12-11T16:00:00.000Z", "2027-12-18T16:00:00.000Z", "2027-12-25T16:00:00.000Z"], "applyFridays": true, "applySundays": true, "applySaturdays": true}	["2025-06-23T16:00:00.000Z", "2025-06-24T16:00:00.000Z", "2025-06-25T16:00:00.000Z", "2025-06-26T16:00:00.000Z", "2025-06-27T16:00:00.000Z", "2025-07-14T16:00:00.000Z", "2025-07-15T16:00:00.000Z", "2025-07-16T16:00:00.000Z", "2025-07-17T16:00:00.000Z", "2025-07-18T16:00:00.000Z"]	2025-06-17 07:58:47.936	2025-06-23 07:38:47.227
\.


--
