--
--



--
-- Name: public; Type: SCHEMA; Schema: -; Owner: postgres
--

-- *not* creating schema, since initdb creates it


ALTER SCHEMA public OWNER TO postgres;

--
-- Name: SCHEMA public; Type: COMMENT; Schema: -; Owner: postgres
--

COMMENT ON SCHEMA public IS '';


--
-- Name: LeadStage; Type: TYPE; Schema: public; Owner: postgres
--

CREATE TYPE public."LeadStage" AS ENUM (
    'new_lead',
    'quotation_created',
    'quotation_sent',
    'quotation_accepted',
    'quotation_revised',
    'assigned_to_operations',
    'advance_payment',
    'hotel_booked',
    'flight_booked',
    'itinerary_finalized',
    'docs_shared',
    'final_payment',
    'trip_started',
    'trip_completed',
    'feedback_collected',
    'canceled',
    'quotation_duplicated',
    'assigned_to_assessment'
);


ALTER TYPE public."LeadStage" OWNER TO postgres;

--
-- Name: LeadStatus; Type: TYPE; Schema: public; Owner: postgres
--

CREATE TYPE public."LeadStatus" AS ENUM (
    'active',
    'closed'
);


ALTER TYPE public."LeadStatus" OWNER TO postgres;

--
-- Name: ModeOfPayment; Type: TYPE; Schema: public; Owner: postgres
--

CREATE TYPE public."ModeOfPayment" AS ENUM (
    'BANK_TRANSFER',
    'CREDIT_CARD',
    'CASH',
    'ONLINE_GATEWAY',
    'OTHER'
);


ALTER TYPE public."ModeOfPayment" OWNER TO postgres;

--
-- Name: PayableSourceType; Type: TYPE; Schema: public; Owner: postgres
--

CREATE TYPE public."PayableSourceType" AS ENUM (
    'ACCOMMODATION',
    'ITINERARY'
);


ALTER TYPE public."PayableSourceType" OWNER TO postgres;

--
-- Name: PaymentStatus; Type: TYPE; Schema: public; Owner: postgres
--

CREATE TYPE public."PaymentStatus" AS ENUM (
    'DRAFT',
    'SENT',
    'PAID',
    'PARTIALLY_PAID',
    'OVERDUE'
);


ALTER TYPE public."PaymentStatus" OWNER TO postgres;

--
-- Name: QuotationStatus; Type: TYPE; Schema: public; Owner: postgres
--

CREATE TYPE public."QuotationStatus" AS ENUM (
    'Draft',
    'Sent',
    'Accepted',
    'Rejected',
    'Cancelled'
);


ALTER TYPE public."QuotationStatus" OWNER TO postgres;

--
-- Name: ServiceType; Type: TYPE; Schema: public; Owner: postgres
--

CREATE TYPE public."ServiceType" AS ENUM (
    'HOTEL',
    'ATTRACTION',
    'VEHICLE',
    'GUIDE'
);


ALTER TYPE public."ServiceType" OWNER TO postgres;

--
-- Name: SupplierPayableStatus; Type: TYPE; Schema: public; Owner: postgres
--

CREATE TYPE public."SupplierPayableStatus" AS ENUM (
    'PENDING',
    'PAID',
    'OVERDUE',
    'PARTIALLY_PAID'
);


ALTER TYPE public."SupplierPayableStatus" OWNER TO postgres;



--
-- Name: Accommodation; Type: TABLE; Schema: public; Owner: postgres
--

CREATE TABLE public."Accommodation" (
    id text NOT NULL,
    "quotationId" text NOT NULL,
    hotel text,
    room text,
    "travelDate" timestamp(3) without time zone,
    "endDate" timestamp(3) without time zone,
    nights integer,
    quantity integer,
    "totalPrice" numeric(65,30),
    "createdAt" timestamp(3) without time zone DEFAULT CURRENT_TIMESTAMP NOT NULL,
    "priceDetails" jsonb,
    "updatedAt" timestamp(3) without time zone NOT NULL,
    "totalPriceAfterMarkup" numeric(65,30),
    "surchargeNights" integer,
    "supplierContact" text,
    "supplierId" text,
    "supplierName" text,
    "hotelAddress" text,
    "accMarkup" double precision
);


ALTER TABLE public."Accommodation" OWNER TO postgres;

--
-- Name: Admin_id_seq; Type: SEQUENCE; Schema: public; Owner: postgres
--

CREATE SEQUENCE public."Admin_id_seq"
    AS integer
    START WITH 1
    INCREMENT BY 1
    NO MINVALUE
    NO MAXVALUE
    CACHE 1;


ALTER TABLE public."Admin_id_seq" OWNER TO postgres;

--
-- Name: Admin_id_seq; Type: SEQUENCE OWNED BY; Schema: public; Owner: postgres
--

ALTER SEQUENCE public."Admin_id_seq" OWNED BY public."Admin".id;

--
-- Name: Attraction; Type: TABLE; Schema: public; Owner: postgres
--

CREATE TABLE public."Attraction" (
    id text NOT NULL,
    "supplierId" text,
    name text,
    location text,
    description text,
    terms text,
    "surchargeDates" timestamp(3) without time zone[],
    "closedDates" timestamp(3) without time zone[],
    "applyFridays" boolean,
    "applySaturdays" boolean,
    "applySundays" boolean,
    "updatedAt" timestamp(3) without time zone DEFAULT CURRENT_TIMESTAMP NOT NULL
);


ALTER TABLE public."Attraction" OWNER TO postgres;

--
-- Name: AttractionPrice; Type: TABLE; Schema: public; Owner: postgres
--

CREATE TABLE public."AttractionPrice" (
    id text NOT NULL,
    category text,
    "paxType" text,
    "costPrice" numeric(65,30),
    "optionalPrice" numeric(65,30),
    "attractionId" text
);


ALTER TABLE public."AttractionPrice" OWNER TO postgres;

--
-- Name: Booking; Type: TABLE; Schema: public; Owner: postgres
--

CREATE TABLE public."Booking" (
    id text NOT NULL,
    reference text NOT NULL,
    agent text NOT NULL,
    "quotePrice" double precision NOT NULL,
    "actualCost" double precision NOT NULL,
    "actualPrice" double precision NOT NULL,
    profit double precision NOT NULL,
    "createdAt" timestamp(3) without time zone DEFAULT CURRENT_TIMESTAMP NOT NULL,
    "updatedAt" timestamp(3) without time zone NOT NULL,
    "quotationId" text NOT NULL,
    "travelDates" text NOT NULL,
    "leadNo" text,
    currency text,
    "currencyRate" double precision,
    "termsAndConditions" text,
    "importantNotes" text,
    "guestName" text,
    "totalActualExpense" double precision,
    "assignedFinanceId" text
);


ALTER TABLE public."Booking" OWNER TO postgres;

--
-- Name: BookingAccommodation; Type: TABLE; Schema: public; Owner: postgres
--

CREATE TABLE public."BookingAccommodation" (
    id text NOT NULL,
    "bookingId" text,
    quantity integer,
    "createdAt" timestamp(3) without time zone DEFAULT CURRENT_TIMESTAMP NOT NULL,
    "endDate" timestamp(3) without time zone,
    hotel text,
    nights integer,
    "priceDetails" jsonb,
    "quotationId" text NOT NULL,
    room text,
    "surchargeNights" integer,
    "travelDate" timestamp(3) without time zone,
    "updatedAt" timestamp(3) without time zone NOT NULL,
    profit numeric(65,30),
    "quotePrice" numeric(65,30),
    "supplierContact" text,
    "supplierId" text,
    "supplierName" text,
    "confirmationNo" text,
    details text,
    "actualPrice" numeric(65,30),
    "hotelAddress" text
);


ALTER TABLE public."BookingAccommodation" OWNER TO postgres;

--
-- Name: BookingItinerary; Type: TABLE; Schema: public; Owner: postgres
--

CREATE TABLE public."BookingItinerary" (
    id text NOT NULL,
    date timestamp(3) without time zone,
    category text,
    "bookingId" text,
    "guideId" text,
    label text,
    "priceDetails" jsonb,
    "quotationId" text NOT NULL,
    "actualPrice" numeric(65,30),
    details text,
    profit numeric(65,30),
    "supplierContact" text,
    "supplierId" text,
    "supplierName" text,
    "quotePrice" numeric(65,30),
    "confirmationNo" text
);


ALTER TABLE public."BookingItinerary" OWNER TO postgres;

--
-- Name: BookingPriceDetailItinerary; Type: TABLE; Schema: public; Owner: postgres
--

CREATE TABLE public."BookingPriceDetailItinerary" (
    id text NOT NULL,
    "itineraryId" text,
    category text,
    price numeric(65,30),
    quantity integer,
    "totalPrice" numeric(65,30),
    "totalPriceAfterMarkup" numeric(65,30),
    "quotePrice" numeric(65,30)
);


ALTER TABLE public."BookingPriceDetailItinerary" OWNER TO postgres;

--
-- Name: BookingPriceDetailsAccommodation; Type: TABLE; Schema: public; Owner: postgres
--

CREATE TABLE public."BookingPriceDetailsAccommodation" (
    id text NOT NULL,
    "accommodationId" text,
    "roomId" text,
    pax text,
    price numeric(65,30),
    "costPrice" numeric(65,30),
    "optionalPrice" numeric(65,30),
    quantity integer,
    "totalPrice" numeric(65,30),
    "totalPriceAfterMarkup" numeric(65,30),
    "quotePrice" numeric(65,30),
    category text
);


ALTER TABLE public."BookingPriceDetailsAccommodation" OWNER TO postgres;

--
-- Name: Document; Type: TABLE; Schema: public; Owner: postgres
--

CREATE TABLE public."Document" (
    id text NOT NULL,
    name text NOT NULL,
    type text NOT NULL,
    "fileUrl" text NOT NULL,
    "fileType" text NOT NULL,
    size text NOT NULL,
    "uploadedOn" timestamp(3) without time zone DEFAULT CURRENT_TIMESTAMP NOT NULL,
    "uploadedBy" text NOT NULL,
    "leadId" text NOT NULL,
    "createdAt" timestamp(3) without time zone DEFAULT CURRENT_TIMESTAMP NOT NULL,
    "updatedAt" timestamp(3) without time zone NOT NULL,
    "bookingId" text
);


ALTER TABLE public."Document" OWNER TO postgres;

--
-- Name: FinalItineraryItem; Type: TABLE; Schema: public; Owner: postgres
--

CREATE TABLE public."FinalItineraryItem" (
    id text NOT NULL,
    "bookingId" text,
    day integer NOT NULL,
    activity text NOT NULL,
    location text,
    "time" text,
    "createdAt" timestamp(3) without time zone DEFAULT CURRENT_TIMESTAMP NOT NULL,
    "updatedAt" timestamp(3) without time zone NOT NULL,
    notes text,
    "sourceId" text,
    "sourceType" text
);


ALTER TABLE public."FinalItineraryItem" OWNER TO postgres;

--
-- Name: FollowUp; Type: TABLE; Schema: public; Owner: postgres
--

CREATE TABLE public."FollowUp" (
    id text NOT NULL,
    date timestamp(3) without time zone DEFAULT CURRENT_TIMESTAMP NOT NULL,
    "oldStage" public."LeadStage" NOT NULL,
    "newStage" public."LeadStage" NOT NULL,
    notes text,
    "leadId" text NOT NULL,
    "userName" text
);


ALTER TABLE public."FollowUp" OWNER TO postgres;

--
-- Name: Guide; Type: TABLE; Schema: public; Owner: postgres
--

CREATE TABLE public."Guide" (
    id text NOT NULL,
    name text NOT NULL,
    phone text,
    email text,
    description text,
    "termsAndConditions" text,
    "createdAt" timestamp(3) without time zone DEFAULT CURRENT_TIMESTAMP NOT NULL,
    "supplierId" text,
    "updatedAt" timestamp(3) without time zone
);


ALTER TABLE public."Guide" OWNER TO postgres;

--
-- Name: GuidePrice; Type: TABLE; Schema: public; Owner: postgres
--

CREATE TABLE public."GuidePrice" (
    id text NOT NULL,
    "guideId" text NOT NULL,
    "costPrice" numeric(65,30),
    "optionalPrice" numeric(65,30),
    category text,
    "paxType" text
);


ALTER TABLE public."GuidePrice" OWNER TO postgres;

--
-- Name: HotelPrice; Type: TABLE; Schema: public; Owner: postgres
--

CREATE TABLE public."HotelPrice" (
    id text NOT NULL,
    "hotelId" text NOT NULL,
    category text,
    pax text,
    "costPrice" double precision,
    "optionalPrice" double precision
);


ALTER TABLE public."HotelPrice" OWNER TO postgres;

--
-- Name: HotelVoucher; Type: TABLE; Schema: public; Owner: postgres
--

CREATE TABLE public."HotelVoucher" (
    id text NOT NULL,
    "voucherNo" text NOT NULL,
    "accommodationId" text NOT NULL,
    "totalAdults" integer,
    "hotelName" text NOT NULL,
    "hotelAddress" text,
    "hotelPhone" text,
    "checkInDate" timestamp(3) without time zone NOT NULL,
    "checkOutDate" timestamp(3) without time zone NOT NULL,
    "roomDetails" text NOT NULL,
    "mealPlan" text,
    "confirmationNumber" text,
    "specialInclusions" text,
    "termsAndConditions" text,
    "issuedAt" timestamp(3) without time zone DEFAULT CURRENT_TIMESTAMP NOT NULL,
    "customerName" text,
    "bookingId" text,
    "totalKids" integer
);


ALTER TABLE public."HotelVoucher" OWNER TO postgres;

--
-- Name: Hotels; Type: TABLE; Schema: public; Owner: postgres
--

CREATE TABLE public."Hotels" (
    id text NOT NULL,
    name text NOT NULL,
    location text,
    "starRating" text,
    "tourismTax" text,
    "stateTax" text,
    address text,
    phone text,
    description text,
    "termsAndConditions" text,
    "supplierId" text,
    surcharge jsonb,
    "closedDates" jsonb,
    "createdAt" timestamp(3) without time zone DEFAULT CURRENT_TIMESTAMP NOT NULL,
    "updatedAt" timestamp(3) without time zone
);


ALTER TABLE public."Hotels" OWNER TO postgres;

--
-- Name: InvoiceLineItem; Type: TABLE; Schema: public; Owner: postgres
--

CREATE TABLE public."InvoiceLineItem" (
    id text NOT NULL,
    "invoiceId" text NOT NULL,
    description text NOT NULL,
    amount double precision NOT NULL
);


ALTER TABLE public."InvoiceLineItem" OWNER TO postgres;

--
-- Name: Itinerary; Type: TABLE; Schema: public; Owner: postgres
--

CREATE TABLE public."Itinerary" (
    id text NOT NULL,
    "quotationId" text NOT NULL,
    date timestamp(3) without time zone,
    label text,
    category text,
    "priceDetails" jsonb,
    "guideId" text,
    "supplierContact" text,
    "supplierId" text,
    "supplierName" text,
    "totalPriceAfterMarkup" numeric(65,30),
    "itinMarkup" double precision,
    "totalBeforeMarkup" numeric(65,30)
);


ALTER TABLE public."Itinerary" OWNER TO postgres;

--
-- Name: Lead; Type: TABLE; Schema: public; Owner: postgres
--

CREATE TABLE public."Lead" (
    id text NOT NULL,
    "empCode" text,
    "agentName" text,
    "agentCode" text,
    "leadNo" text NOT NULL,
    "travelDateFrom" timestamp(3) without time zone,
    "travelDateTo" timestamp(3) without time zone,
    "totalPax" integer,
    "createdOn" timestamp(3) without time zone DEFAULT CURRENT_TIMESTAMP NOT NULL,
    description text,
    "customerName" text,
    email text,
    phone text,
    adults integer,
    kids integer,
    infants integer,
    remarks text,
    "agentId" text,
    stage public."LeadStage" DEFAULT 'new_lead'::public."LeadStage" NOT NULL,
    status public."LeadStatus" DEFAULT 'active'::public."LeadStatus" NOT NULL,
    "statusUpdated" timestamp(3) without time zone,
    "updatedAt" timestamp(3) without time zone,
    "assignedToId" text,
    "userId" text,
    "assignedOperationId" text,
    "assignedAssessmentId" text,
    "assignedAssessmentOn" timestamp(3) without time zone,
    "assignedOperationOn" timestamp(3) without time zone
);


ALTER TABLE public."Lead" OWNER TO postgres;

--
-- Name: MealPrice; Type: TABLE; Schema: public; Owner: postgres
--

CREATE TABLE public."MealPrice" (
    id text NOT NULL,
    category text,
    pax text,
    "costPrice" double precision,
    "optionalPrice" double precision,
    "restaurantId" text
);


ALTER TABLE public."MealPrice" OWNER TO postgres;

--
-- Name: Notification; Type: TABLE; Schema: public; Owner: postgres
--

CREATE TABLE public."Notification" (
    id text NOT NULL,
    type text NOT NULL,
    title text NOT NULL,
    message text NOT NULL,
    "entityType" text NOT NULL,
    "entityId" text NOT NULL,
    "recipientId" text NOT NULL,
    "isRead" boolean DEFAULT false NOT NULL,
    "createdAt" timestamp(3) without time zone DEFAULT CURRENT_TIMESTAMP NOT NULL
);


ALTER TABLE public."Notification" OWNER TO postgres;

--
-- Name: OTP_id_seq; Type: SEQUENCE; Schema: public; Owner: postgres
--

CREATE SEQUENCE public."OTP_id_seq"
    AS integer
    START WITH 1
    INCREMENT BY 1
    NO MINVALUE
    NO MAXVALUE
    CACHE 1;


ALTER TABLE public."OTP_id_seq" OWNER TO postgres;

--
-- Name: OTP_id_seq; Type: SEQUENCE OWNED BY; Schema: public; Owner: postgres
--

ALTER SEQUENCE public."OTP_id_seq" OWNED BY public."OTP".id;


--
-- Name: Package; Type: TABLE; Schema: public; Owner: postgres
--

CREATE TABLE public."Package" (
    id integer NOT NULL,
    "packageName" text NOT NULL,
    "tagLine" text NOT NULL,
    "briefDescription" text NOT NULL,
    "detailedDescription" text NOT NULL,
    terms text NOT NULL,
    notes text NOT NULL,
    remarks text,
    "imageUrl" text,
    "starRating" integer NOT NULL,
    price text NOT NULL,
    hotel text NOT NULL,
    "daysNights" text,
    members text,
    deleted boolean DEFAULT false,
    "createdAt" timestamp(3) without time zone DEFAULT CURRENT_TIMESTAMP NOT NULL,
    "updatedAt" timestamp(3) without time zone,
    "hotelId" text NOT NULL
);


ALTER TABLE public."Package" OWNER TO postgres;

--
-- Name: Package_id_seq; Type: SEQUENCE; Schema: public; Owner: postgres
--

CREATE SEQUENCE public."Package_id_seq"
    AS integer
    START WITH 1
    INCREMENT BY 1
    NO MINVALUE
    NO MAXVALUE
    CACHE 1;


ALTER TABLE public."Package_id_seq" OWNER TO postgres;

--
-- Name: Package_id_seq; Type: SEQUENCE OWNED BY; Schema: public; Owner: postgres
--

ALTER SEQUENCE public."Package_id_seq" OWNED BY public."Package".id;


--
-- Name: PaymentImage; Type: TABLE; Schema: public; Owner: postgres
--

CREATE TABLE public."PaymentImage" (
    id text NOT NULL,
    "supplierPaymentId" text NOT NULL,
    "imageUrl" text NOT NULL,
    "imageKey" text,
    "createdAt" timestamp(3) without time zone DEFAULT CURRENT_TIMESTAMP NOT NULL,
    "updatedAt" timestamp(3) without time zone NOT NULL
);


ALTER TABLE public."PaymentImage" OWNER TO postgres;

--
-- Name: PaymentInvoice; Type: TABLE; Schema: public; Owner: postgres
--

CREATE TABLE public."PaymentInvoice" (
    id text NOT NULL,
    "quotationId" text NOT NULL,
    "bookingId" text,
    "issuedDate" timestamp(3) without time zone NOT NULL,
    "dueDate" timestamp(3) without time zone,
    "createdAt" timestamp(3) without time zone DEFAULT CURRENT_TIMESTAMP NOT NULL,
    "updatedAt" timestamp(3) without time zone NOT NULL,
    adults integer,
    "agentName" text,
    "balanceDue" double precision NOT NULL,
    currency text NOT NULL,
    "guestName" text,
    "hotelDetails" jsonb DEFAULT '[]'::jsonb NOT NULL,
    inclusions text[],
    "invoiceNumber" text NOT NULL,
    "itinDetails" text,
    kids integer,
    notes text,
    "paidAmount" double precision DEFAULT 0 NOT NULL,
    "pdfUrl" text,
    "referenceNumber" text,
    subtotal double precision NOT NULL,
    terms text,
    status public."PaymentStatus" DEFAULT 'DRAFT'::public."PaymentStatus" NOT NULL,
    "bankCharges" double precision DEFAULT 0 NOT NULL,
    "invoiceCurrencyRate" double precision DEFAULT 1,
    "modeOfPayment" public."ModeOfPayment",
    "travelDates" text,
    "paidAmountInMYR" double precision DEFAULT 0 NOT NULL
);


ALTER TABLE public."PaymentInvoice" OWNER TO postgres;

--
-- Name: PaymentRecord; Type: TABLE; Schema: public; Owner: postgres
--

CREATE TABLE public."PaymentRecord" (
    id text NOT NULL,
    "invoiceId" text NOT NULL,
    "amountPaid" double precision NOT NULL,
    "paymentDate" timestamp(3) without time zone NOT NULL,
    "paymentMethod" text NOT NULL,
    "transactionId" text,
    notes text,
    "amountPaidInInvoiceCurrency" double precision DEFAULT 0 NOT NULL,
    "conversionRate" double precision DEFAULT 1 NOT NULL,
    "paymentCurrency" text DEFAULT 'MYR'::text NOT NULL
);


ALTER TABLE public."PaymentRecord" OWNER TO postgres;

--
-- Name: PriceDetailItinerary; Type: TABLE; Schema: public; Owner: postgres
--

CREATE TABLE public."PriceDetailItinerary" (
    id text NOT NULL,
    "itineraryId" text,
    category text,
    price numeric(65,30),
    "priceAfterMarkup" numeric(65,30),
    quantity integer,
    "totalPrice" numeric(65,30),
    "totalPriceAfterMarkup" numeric(65,30)
);


ALTER TABLE public."PriceDetailItinerary" OWNER TO postgres;

--
-- Name: PriceDetailsAccommodation; Type: TABLE; Schema: public; Owner: postgres
--

CREATE TABLE public."PriceDetailsAccommodation" (
    id text NOT NULL,
    "accommodationId" text,
    "roomId" text,
    pax text,
    price numeric(65,30),
    "priceAfterMarkup" numeric(65,30),
    "costPrice" numeric(65,30),
    "optionalPrice" numeric(65,30),
    quantity integer,
    "totalPrice" numeric(65,30),
    "totalPriceAfterMarkup" numeric(65,30),
    category text
);


ALTER TABLE public."PriceDetailsAccommodation" OWNER TO postgres;

--
-- Name: Quotation; Type: TABLE; Schema: public; Owner: postgres
--

CREATE TABLE public."Quotation" (
    id text NOT NULL,
    "refNo" text NOT NULL,
    "leadAgent" text NOT NULL,
    "guestName" text,
    remarks text,
    currency text,
    "totalPax" integer,
    "travelDates" text NOT NULL,
    "updatedAt" timestamp(3) without time zone NOT NULL,
    "leadRefNo" text NOT NULL,
    "totalAfterMarkup" numeric(65,30),
    "totalBeforeMarkup" numeric(65,30),
    userid text,
    "agentId" text,
    status public."QuotationStatus" DEFAULT 'Draft'::public."QuotationStatus" NOT NULL,
    "currencyRate" double precision,
    "termsAndConditions" text,
    "importantNotes" text
);


ALTER TABLE public."Quotation" OWNER TO postgres;

--
-- Name: Reminder; Type: TABLE; Schema: public; Owner: postgres
--

CREATE TABLE public."Reminder" (
    id integer NOT NULL,
    title text NOT NULL,
    description text,
    "recipientEmail" text NOT NULL,
    "remindAt" timestamp(3) with time zone NOT NULL,
    "isSent" boolean DEFAULT false NOT NULL,
    "createdAt" timestamp(3) without time zone DEFAULT CURRENT_TIMESTAMP NOT NULL,
    "updatedAt" timestamp(3) without time zone NOT NULL
);


ALTER TABLE public."Reminder" OWNER TO postgres;

--
-- Name: Reminder_id_seq; Type: SEQUENCE; Schema: public; Owner: postgres
--

CREATE SEQUENCE public."Reminder_id_seq"
    AS integer
    START WITH 1
    INCREMENT BY 1
    NO MINVALUE
    NO MAXVALUE
    CACHE 1;


ALTER TABLE public."Reminder_id_seq" OWNER TO postgres;

--
-- Name: Reminder_id_seq; Type: SEQUENCE OWNED BY; Schema: public; Owner: postgres
--

ALTER SEQUENCE public."Reminder_id_seq" OWNED BY public."Reminder".id;


--
-- Name: Restaurant; Type: TABLE; Schema: public; Owner: postgres
--

CREATE TABLE public."Restaurant" (
    id text NOT NULL,
    name text,
    location text,
    "targetMarket" text,
    description text NOT NULL,
    "termsAndConditions" text,
    "updatedAt" timestamp(3) without time zone,
    "supplierId" text
);


ALTER TABLE public."Restaurant" OWNER TO postgres;

--
-- Name: Room; Type: TABLE; Schema: public; Owner: postgres
--

CREATE TABLE public."Room" (
    id text NOT NULL,
    "hotelId" text NOT NULL,
    "maxPax" integer,
    "extraBeds" integer,
    name text NOT NULL
);


ALTER TABLE public."Room" OWNER TO postgres;

--
-- Name: RoomPrice; Type: TABLE; Schema: public; Owner: postgres
--

CREATE TABLE public."RoomPrice" (
    id text NOT NULL,
    "roomId" text NOT NULL,
    category text NOT NULL,
    pax text NOT NULL,
    "costPrice" double precision,
    "optionalPrice" double precision
);


ALTER TABLE public."RoomPrice" OWNER TO postgres;

--
-- Name: Service; Type: TABLE; Schema: public; Owner: postgres
--

CREATE TABLE public."Service" (
    id text NOT NULL,
    "bookingId" text,
    "tourDetailId" text,
    type public."ServiceType" NOT NULL,
    name text NOT NULL,
    "quotedPrice" double precision NOT NULL,
    "actualPrice" double precision,
    "supplierName" text,
    "supplierContact" text,
    "confirmationNo" text,
    "additionalDetails" text,
    "createdAt" timestamp(3) without time zone DEFAULT CURRENT_TIMESTAMP NOT NULL,
    "updatedAt" timestamp(3) without time zone NOT NULL
);


ALTER TABLE public."Service" OWNER TO postgres;

--
-- Name: SupplierPayment; Type: TABLE; Schema: public; Owner: postgres
--

CREATE TABLE public."SupplierPayment" (
    id text NOT NULL,
    "invoiceNumber" text,
    "serviceDescription" text NOT NULL,
    "invoiceDate" timestamp(3) without time zone NOT NULL,
    "dueDate" timestamp(3) without time zone NOT NULL,
    "amountDue" numeric(65,30) NOT NULL,
    "amountPaid" numeric(65,30) DEFAULT 0 NOT NULL,
    status public."SupplierPayableStatus" DEFAULT 'PENDING'::public."SupplierPayableStatus" NOT NULL,
    "paymentDate" timestamp(3) without time zone,
    notes text,
    "bookingId" text NOT NULL,
    "supplierId" text,
    "supplierName" text NOT NULL,
    "sourceType" public."PayableSourceType" NOT NULL,
    "sourceId" text NOT NULL,
    "createdAt" timestamp(3) without time zone DEFAULT CURRENT_TIMESTAMP NOT NULL,
    "updatedAt" timestamp(3) without time zone NOT NULL,
    "confirmationNumber" text,
    "invoiceDocument" text,
    "isConfirmed" boolean DEFAULT false NOT NULL,
    "paymentDocument" text
);


ALTER TABLE public."SupplierPayment" OWNER TO postgres;

--
-- Name: Suppliers; Type: TABLE; Schema: public; Owner: postgres
--

CREATE TABLE public."Suppliers" (
    id text NOT NULL,
    "companyName" text,
    category text,
    "contactPerson" text,
    designation text,
    email text,
    "contactNo" text,
    "companyAddress" text
);


ALTER TABLE public."Suppliers" OWNER TO postgres;

--
-- Name: Team; Type: TABLE; Schema: public; Owner: postgres
--

CREATE TABLE public."Team" (
    id text NOT NULL,
    name text NOT NULL
);


ALTER TABLE public."Team" OWNER TO postgres;

--
-- Name: Tour; Type: TABLE; Schema: public; Owner: postgres
--

CREATE TABLE public."Tour" (
    id text NOT NULL,
    name text NOT NULL,
    location text,
    description text,
    "termsAndConditions" text,
    "supplierId" text
);


ALTER TABLE public."Tour" OWNER TO postgres;

--
-- Name: TourDetail; Type: TABLE; Schema: public; Owner: postgres
--

CREATE TABLE public."TourDetail" (
    id text NOT NULL,
    "quotationId" text NOT NULL,
    name text NOT NULL,
    destination text NOT NULL,
    "startDate" timestamp(3) without time zone NOT NULL,
    "endDate" timestamp(3) without time zone NOT NULL,
    pax integer NOT NULL,
    "profitPercent" double precision NOT NULL,
    "netSellingPrice" double precision NOT NULL,
    "totalCost" double precision NOT NULL,
    "profitAmount" double precision NOT NULL,
    "bookingId" text,
    "createdAt" timestamp(3) without time zone DEFAULT CURRENT_TIMESTAMP NOT NULL,
    "updatedAt" timestamp(3) without time zone NOT NULL
);


ALTER TABLE public."TourDetail" OWNER TO postgres;

--
-- Name: TourPrice; Type: TABLE; Schema: public; Owner: postgres
--

CREATE TABLE public."TourPrice" (
    id text NOT NULL,
    "tourId" text NOT NULL,
    "minNoOfPax" integer,
    "maxNoOfPax" integer,
    "paxType" text,
    "costPrice" numeric(65,30),
    vehicle text,
    "optionalPrice" text
);


ALTER TABLE public."TourPrice" OWNER TO postgres;

--
-- Name: Transfer; Type: TABLE; Schema: public; Owner: postgres
--

CREATE TABLE public."Transfer" (
    id text NOT NULL,
    name text NOT NULL,
    "from" text,
    "to" text,
    "supplierId" text,
    terms text,
    "updatedAt" timestamp(3) without time zone
);


ALTER TABLE public."Transfer" OWNER TO postgres;

--
-- Name: Vehicle; Type: TABLE; Schema: public; Owner: postgres
--

CREATE TABLE public."Vehicle" (
    id text NOT NULL,
    "transferId" text NOT NULL,
    vehicle text,
    pax text,
    price double precision,
    "optionalPrice" double precision,
    "minPax" integer,
    "maxPax" integer
);


ALTER TABLE public."Vehicle" OWNER TO postgres;

--
-- Name: _BookingToPaymentInvoiceById; Type: TABLE; Schema: public; Owner: postgres
--

CREATE TABLE public."_BookingToPaymentInvoiceById" (
    "A" text NOT NULL,
    "B" text NOT NULL
);


ALTER TABLE public."_BookingToPaymentInvoiceById" OWNER TO postgres;

--
-- Name: _QuotationToTour; Type: TABLE; Schema: public; Owner: postgres
--

CREATE TABLE public."_QuotationToTour" (
    "A" text NOT NULL,
    "B" text NOT NULL
);


ALTER TABLE public."_QuotationToTour" OWNER TO postgres;

--
-- Name: security_instructions; Type: TABLE; Schema: public; Owner: postgres
--

CREATE TABLE public.security_instructions (
    important_note text
);


ALTER TABLE public.security_instructions OWNER TO postgres;


--
-- Name: Package id; Type: DEFAULT; Schema: public; Owner: postgres
--

ALTER TABLE ONLY public."Package" ALTER COLUMN id SET DEFAULT nextval('public."Package_id_seq"'::regclass);


--
-- Name: Reminder id; Type: DEFAULT; Schema: public; Owner: postgres
--

ALTER TABLE ONLY public."Reminder" ALTER COLUMN id SET DEFAULT nextval('public."Reminder_id_seq"'::regclass);


--
-- Data for Name: Accommodation; Type: TABLE DATA; Schema: public; Owner: postgres
--

COPY public."Accommodation" (id, "quotationId", hotel, room, "travelDate", "endDate", nights, quantity, "totalPrice", "createdAt", "priceDetails", "updatedAt", "totalPriceAfterMarkup", "surchargeNights", "supplierContact", "supplierId", "supplierName", "hotelAddress", "accMarkup") FROM stdin;
cmeji0ejg0003e54wzn2qtqex	cmeji0ejg0002e54w1afl7831	PARKROYAL A'Famosa Melaka Resort	Superior Room (King / Twin) - (Sun - Thurs)	2025-08-19 18:30:00	2025-08-21 18:30:00	2	3	896.000000000000000000000000000000	2025-08-20 04:54:32.092	\N	2025-08-20 04:54:32.092	940.800000000000000000000000000000	0	06-908 8888	bWmDSnXOKsVu1ntWa52Lm7by	A'Famosa Resort Hotel Sdn Bhd	Jalan Kemus, Simpang Ampat, Alor Gajah, 78000 Melaka	5
cmeji0ejh0007e54wb8hrkfoe	cmeji0ejg0002e54w1afl7831	Fives Hotel JBCC (N)	Deluxe Twin - 1 King Bed (Sun - Thu)	2025-08-22 18:30:00	2025-08-23 18:30:00	1	2	280.000000000000000000000000000000	2025-08-20 04:54:32.092	\N	2025-08-20 04:54:32.092	294.000000000000000000000000000000	0	 07-219 7777	VmL0d4-Qyoaia39zu2h1jenO	SKS GROUP	45, Jalan Wong Ah Fook, Bandar Johor Bahru, 80000 Johor Bahru, Johor Darul Ta'zim	5
cmejvdkdh0003e57sc5v1nnyd	cmejvdkdh0002e57sef54hz1i	PARKROYAL A'Famosa Melaka Resort	Superior Room (King / Twin) - (Sun - Thurs)	2025-08-19 18:30:00	2025-08-21 18:30:00	2	2	812.000000000000000000000000000000	2025-08-20 11:08:41.189	\N	2025-08-20 11:08:41.189	852.600000000000000000000000000000	0	06-908 8888	bWmDSnXOKsVu1ntWa52Lm7by	A'Famosa Resort Hotel Sdn Bhd	Jalan Kemus, Simpang Ampat, Alor Gajah, 78000 Melaka	5
cmeky0rze0003nng1uinj2pam	cmeky0rze0002nng19qwqtnjv	The Banjaran Hotsprings Retreat, Ipoh	Water Villa (Sun - Thurs)	2025-08-27 18:30:00	2025-08-29 18:30:00	2	1	3282.000000000000000000000000000000	2025-08-21 05:10:29.546	\N	2025-08-21 05:10:29.546	3446.100000000000000000000000000000	0	+6052107777	QKM79ucuOfMR838QvRcVMjYr	Kinta Sunway Resort Sdn Bhd	1, Persiaran Lagoon, Sunway 3, 31150 Ipoh, Perak	5
cmeky0rze0005nng1ls1m50vs	cmeky0rze0002nng19qwqtnjv	Century Pines Resort Cameron Highlands	Deluxe Room (2A 2C)	2025-08-29 18:30:00	2025-08-30 18:30:00	1	1	268.000000000000000000000000000000	2025-08-21 05:10:29.546	\N	2025-08-21 05:10:29.546	281.400000000000000000000000000000	0	05-4915115	0-ZMpEY12nidalGCx9QbeKZr	Century Pines Resort Cameron Highlands	Jalan Masjid, Tanah Rata, 39000 Tanah Rata, Pahang	5
cmel9iexv0003e6j4y34tg1mo	cmel9iexu0002e6j4ujavqm5g	PARKROYAL A'Famosa Melaka Resort	Superior Room (King / Twin) - (Sun - Thurs)	2025-08-20 18:30:00	2025-08-22 18:30:00	2	4	1624.000000000000000000000000000000	2025-08-21 10:32:08.226	\N	2025-08-21 10:32:08.226	1705.200000000000000000000000000000	0	06-908 8888	bWmDSnXOKsVu1ntWa52Lm7by	A'Famosa Resort Hotel Sdn Bhd	Jalan Kemus, Simpang Ampat, Alor Gajah, 78000 Melaka	5
cmelacps10003e6os7cwgb40c	cmelacps10002e6osa2e4ll7e	The Banjaran Hotsprings Retreat, Ipoh	Water Villa (Sun - Thurs)	2025-08-20 18:30:00	2025-08-25 18:30:00	5	3	12085.000000000000000000000000000000	2025-08-21 10:55:41.953	\N	2025-08-21 10:55:41.953	12689.250000000000000000000000000000	0	+6052107777	QKM79ucuOfMR838QvRcVMjYr	Kinta Sunway Resort Sdn Bhd	1, Persiaran Lagoon, Sunway 3, 31150 Ipoh, Perak	5
cmelb0yx00003e6t8xq01t3m1	cmelb0ywz0002e6t8nutlmui8	PARKROYAL A'Famosa Melaka Resort	Superior Room (King / Twin) - (Fri - Sat)\t	2025-08-20 18:30:00	2025-08-22 18:30:00	2	3	2400.000000000000000000000000000000	2025-08-21 11:14:33.539	\N	2025-08-21 11:14:33.539	2520.000000000000000000000000000000	0	06-908 8888	bWmDSnXOKsVu1ntWa52Lm7by	A'Famosa Resort Hotel Sdn Bhd	Jalan Kemus, Simpang Ampat, Alor Gajah, 78000 Melaka	5
cmelbjk1r0003e6p8grocaho9	cmelbjk1r0002e6p8aoc3f5tv	The Banjaran Hotsprings Retreat, Ipoh	Garden Villa (Sun - Thurs)	2025-08-20 18:30:00	2025-08-22 18:30:00	2	4	8932.000000000000000000000000000000	2025-08-21 11:29:00.735	\N	2025-08-21 11:29:00.735	9378.600000000000000000000000000000	0	+6052107777	QKM79ucuOfMR838QvRcVMjYr	Kinta Sunway Resort Sdn Bhd	1, Persiaran Lagoon, Sunway 3, 31150 Ipoh, Perak	5
cmemklf510010nng189g46mwu	cmemklf50000znng1lztzudvk	Kingston Hotel 08 @ Bukit Bintang	Deluxe Room	2025-09-03 16:00:00	2025-09-05 16:00:00	2	1	60.000000000000000000000000000000	2025-08-22 08:30:10.405	\N	2025-08-22 08:30:10.405	69.000000000000000000000000000000	0					9
cmf7t766u0005nnxbrrn5crir	cmf7t766t0004nnxbon3n0x1c	Arena Starr	Deluxe Triple Room	2025-09-07 18:30:00	2025-09-28 18:30:00	21	1	2919.000000000000000000000000000000	2025-09-06 05:14:11.862	\N	2025-09-06 05:14:11.862	3210.900000000000000000000000000000	0	03-2078 6988	iEb5T0NL48nrO69NLubtmkN4	TBO	49-51, Jalan Hang Lekiu, City Centre, 50100 Kuala Lumpur, Wilayah Persekutuan Kuala Lumpur	10
cmfdn1wpg000re6r89prjxewx	cmfdmtvk70002e6r8nb0i6ks1	PARKROYAL A'Famosa Melaka Resort	Superior Room (King / Twin) - (Sun - Thurs)	2025-09-09 18:30:00	2025-09-11 18:30:00	2	4	1624.000000000000000000000000000000	2025-09-10 07:08:45.652	\N	2025-09-10 07:08:45.652	1705.200000000000000000000000000000	0	06-908 8888	bWmDSnXOKsVu1ntWa52Lm7by	A'Famosa Resort Hotel Sdn Bhd	Jalan Kemus, Simpang Ampat, Alor Gajah, 78000 Melaka	5
cmfdn1wpg000ue6r8crekq1tk	cmfdmtvk70002e6r8nb0i6ks1	PARKROYAL A'Famosa Melaka Resort	Superior Room (King / Twin) - (Fri - Sat)\t	2025-09-12 18:30:00	2025-09-14 18:30:00	2	3	1712.000000000000000000000000000000	2025-09-10 07:08:45.652	\N	2025-09-10 07:08:45.652	1712.000000000000000000000000000000	0	06-908 8888	bWmDSnXOKsVu1ntWa52Lm7by	A'Famosa Resort Hotel Sdn Bhd	Jalan Kemus, Simpang Ampat, Alor Gajah, 78000 Melaka	0
cmfdn396l001me6r8gcstgpzq	cmf7tc0ms000gnnxbz4vfcc1w	Arena Starr	Deluxe Triple Room	2025-09-07 18:30:00	2025-09-28 18:30:00	21	1	2919.000000000000000000000000000000	2025-09-10 07:09:48.477	\N	2025-09-10 07:09:48.477	3210.900000000000000000000000000000	0	03-2078 6988	iEb5T0NL48nrO69NLubtmkN4	TBO	49-51, Jalan Hang Lekiu, City Centre, 50100 Kuala Lumpur, Wilayah Persekutuan Kuala Lumpur	10
cmfdnj9ao001ze6r872l1dboj	cmfdnj9ao001ye6r8f0kt1q0f	PARKROYAL A'Famosa Melaka Resort	Superior Room (King / Twin) - (Sun - Thurs)	2025-09-09 18:30:00	2025-09-11 18:30:00	2	2	1400.000000000000000000000000000000	2025-09-10 07:22:15.121	\N	2025-09-10 07:22:15.121	1470.000000000000000000000000000000	0	06-908 8888	bWmDSnXOKsVu1ntWa52Lm7by	A'Famosa Resort Hotel Sdn Bhd	Jalan Kemus, Simpang Ampat, Alor Gajah, 78000 Melaka	5
cmfdnnqrl002be6r8czq1a2mm	cmfdnnqrl002ae6r8mxs6q7zq	Bertam Resort Penang	Deluxe King/Twin Room (Sun - Thu)	2025-09-09 18:30:00	2025-09-10 18:30:00	1	2	838.000000000000000000000000000000	2025-09-10 07:25:44.385	\N	2025-09-10 07:25:44.385	879.900000000000000000000000000000	0	04 577 8000	p3DIZdFJ0sav83rIrLUjxA99	Maritime Waterfront Suites Sdn Bhd	PMT 2200, Bertam Resort,  Persiaran Bertam 8,  13200 Kepala Batas,  Pulau Pinang, Malaysia.	5
cmfqsvv640003nn9v464zez9s	cmfqsvv640002nn9vd7l83vk7	PARKROYAL A'Famosa Melaka Resort	Superior Room (King / Twin) - (Sun - Thurs)	2025-09-18 18:30:00	2025-09-20 18:30:00	2	4	1624.000000000000000000000000000000	2025-09-19 12:13:01.708	\N	2025-09-19 12:13:01.708	1705.200000000000000000000000000000	0	06-908 8888	bWmDSnXOKsVu1ntWa52Lm7by	A'Famosa Resort Hotel Sdn Bhd	Jalan Kemus, Simpang Ampat, Alor Gajah, 78000 Melaka	5
cmj9tgwmt000efz2atax7b2mm	cmj9tgwmt000dfz2a99h2m405	The Banjaran Hotsprings Retreat, Ipoh	Water Villa (Sun - Thurs)	2025-12-21 18:30:00	2025-12-22 18:30:00	1	5	5926.960000000000000000000000000000	2025-12-17 09:36:07.733	\N	2025-12-17 09:36:07.733	5986.230000000000000000000000000000	0				\N	\N
\.


--
-- Data for Name: Attraction; Type: TABLE DATA; Schema: public; Owner: postgres
--

COPY public."Attraction" (id, "supplierId", name, location, description, terms, "surchargeDates", "closedDates", "applyFridays", "applySaturdays", "applySundays", "updatedAt") FROM stdin;
cm8400yej3hxh101y1210qb0l	clywdj95s00liiq9xphh3wo2v	Langkawi - Kuala Kedah Ferry Ticket	Langkawi	\N	\N	\N	\N	\N	\N	\N	2025-03-26 11:05:46.635
cm7svny1u2y14101y4aagb49h	clywdj95s00liiq9xphh3wo2v	KL - Singapore Coach Station 	Kuala Lumpur	\N	\N	\N	\N	\N	\N	\N	2025-03-26 11:05:46.635
cm7eabfug2fc7101yogoevn5d	clywdj95s00liiq9xphh3wo2v	Gunung Raya Tour Langkawi Entrance Ticket	Langkawi	\N	\N	\N	\N	\N	\N	\N	2025-03-26 11:05:46.635
cm7a8lvhp27cu101ydopusayu	clywdj95s00liiq9xphh3wo2v	02 Way Genting Glass Floor Gondola Entrance Ticket	Genting Highlands	\N	\N	\N	\N	\N	\N	\N	2025-03-26 11:05:46.635
cm3sg9f580fkju9cgar2qnoqv	clywdj95s00liiq9xphh3wo2v	Splashmania 1-Day Entry Ticket	Kuala Lumpur	\N	1) Guest must follow the general park rules and regulations for SplashMania, Gamuda Cove. \n2) FREE park admission applies only to children aged below 3 years with paying adult.\n3) Child: Guest aged 3 – 12 years\n4) Adult: Guest aged 13 - 59 years\n5) Senior Citizen: Guests aged 60 years or above.	\N	\N	\N	\N	\N	2025-03-26 11:05:46.635
cm6q45u3b0ymk101yyd3xulqz	clywdj95s00liiq9xphh3wo2v	Cameron Highlands Rose Valley Entrance Ticket	Cameron Highlands	\N	\N	\N	\N	\N	\N	\N	2025-03-26 11:05:46.635
cm6q4517s0ymd101yc45vakid	clywdj95s00liiq9xphh3wo2v	Cameron Highlands Butterfly Park Entrance Ticket	Cameron Highlands	\N	\N	\N	\N	\N	\N	\N	2025-03-26 11:05:46.635
cm6f06mpl0b5e101y4if1za8a	clywdj95s00liiq9xphh3wo2v	Colmare Tropicale Entrance Tickets	Pahang	\N	\N	\N	\N	\N	\N	\N	2025-03-26 11:05:46.635
cm5uue5px1dkjhemd4d46nkj7	clywdj95s00liiq9xphh3wo2v	Singapore Coach Station - KL Coach Station 	Kuala Lumpur	\N	\N	\N	\N	\N	\N	\N	2025-03-26 11:05:46.635
cm5uhxu2g1cyehemd9njyrif7	clywdj95s00liiq9xphh3wo2v	Lunch By Own	Tour	\N	\N	\N	\N	\N	\N	\N	2025-03-26 11:05:46.635
clyvy5xtp0025iq9xy6qzb0kq	clypb9dc000019xv4fb7mr8u2	Petronas Twin Tower Entry Ticket 	Kuala Lumpur	\N		{}	{}	\N	\N	\N	2025-05-12 03:30:59.693
cm2iv5c4x0mazp4z68js2omrc	clypb9dc000019xv4fb7mr8u2	Genting Skyworld Outdoor Theme Park 	Genting	\N		{}	{}	\N	\N	\N	2025-05-12 03:35:22.893
clyvye07x003uiq9xg7halfdq	clypb9dc000019xv4fb7mr8u2	Genting Skytropolis (Indoor)  Entry Ticket	Genting	Operation Hours: 12pm (noon) - 10pm daily - Including Public Holidays and Malaysian School Holidays\nChanges effective 1st Oct 2024		{}	{}	\N	\N	\N	2025-05-12 03:42:20.282
clyvyexkh0041iq9xqy9jzt99	clypb9dc000019xv4fb7mr8u2	Genting Cable Car 2 Way  Entry Ticket	Genting	\N		{}	{}	\N	\N	\N	2025-05-12 03:43:11.315
cm6szwfi617w7101ypkt90pv1	clypb9dc000019xv4fb7mr8u2	Legoland 1 Day Waterpark Entrance Ticket	Johor	\N		{}	{}	\N	\N	\N	2025-05-12 06:52:11.117
cm6sygqog17ie101y786gljvb	clypb9dc000019xv4fb7mr8u2	Sunway Lagoon 6 Parks Entry Ticket	Kuala Lumpur	\N		{}	{}	\N	\N	\N	2025-05-12 04:32:13.121
cm6szxdkd17zo101yxsa36g06	clypb9dc000019xv4fb7mr8u2	Legoland 1 Day Sealife Entrance Ticket	Johor	\N		{}	{}	\N	\N	\N	2025-05-12 06:52:41.137
cm6szzbiu183d101ym7saz6zy	clypb9dc000019xv4fb7mr8u2	Legoland 1 Day (Themepark + Sealife) Entrance Ticket	Johor	\N		{}	{}	\N	\N	\N	2025-05-12 07:00:21.478
clyvyx0ss006oiq9xjno9u6aq	clypb9dc000019xv4fb7mr8u2	Langkawi SkyCab + SkyDome + Skyrex & 3D Art Museum + Skybridge By Glade	Langkawi	\N		{}	{}	\N	\N	\N	2025-05-12 07:01:49.542
cm17njqkh06x2r9f62g41qjr7	clypb9dc000019xv4fb7mr8u2	Underwater World Langkawi Entry Ticket	Langkawi	\N	Adult (aged 13 years and above)\nChild (aged 3 years - 12 years)\nFree entrance (0 - 23 months)	{}	{}	\N	\N	\N	2025-05-12 07:02:38.758
cm4nsz37e1260y65z56bmd3xg	clywdj95s00liiq9xphh3wo2v	Langkawi Wildlife Park & Bird Paradise Entrance Ticket	Langkawi	\N		{}	{}	\N	\N	\N	2025-05-12 07:03:03.25
clyvzgcbc00auiq9xg7ovdm2c	clypb9dc000019xv4fb7mr8u2	Melaka River Cruise Entry Ticket	Melaka	\N		{}	{}	\N	\N	\N	2025-05-12 07:21:29.408
cm195ecta07hfr9f6dx1lugec	clypb9dc000019xv4fb7mr8u2	Kuala Selangor Sky Mirror Entry Ticket	Kuala Lumpur	\N		{}	{}	\N	\N	\N	2025-05-13 03:19:36.531
cm3i59qjv12i4w3vseghte6vt	clywdj95s00liiq9xphh3wo2v	Safari Wonderland Malacca Entry Ticket + Local Meal with Drinking Water	Malacca	\N		{}	{}	\N	\N	\N	2025-05-13 03:29:21.067
cm6lwk8170s8c101yzkh3o2m2	clypb9dc000019xv4fb7mr8u2	Entopia by Penang Butterfly Farm Entrance Tickets	Penang	\N		{}	{}	\N	\N	\N	2025-05-16 03:26:53.485
cm2u3osi209vew3vsk7qizk9b	clywdj95s00liiq9xphh3wo2v	Free and Easy @ Hotel	( Without Transportation Arrangements )	\N	\N	\N	\N	\N	\N	\N	2025-03-26 11:05:46.635
yoFtgPh9_XJZQT1BBmO8dB9c	clypb9dc000019xv4fb7mr8u2	Legoland Sealife + Waterpark + Themepark (International)	Johor			{}	{}	f	f	f	2025-05-12 07:00:55.343
WVGHU1Omtgqx7uLwxqw-0uwr	clypb9dc000019xv4fb7mr8u2	ATTRACTIONtest	ATTRACTIONtest	ATTRACTIONtest	ATTRACTIONtest	{"2025-04-09 18:30:00","2025-04-16 18:30:00"}	{"2025-04-09 18:30:00"}	f	f	f	2025-04-03 11:23:54.154
FKEUHHcsRoB5pfo4f9JJxPPy	clyquw7uv0000jb69yvt17gqa	TOPs	TOP	TOP	TOP	{"2025-04-10 18:30:00"}	{"2025-04-15 18:30:00"}	f	f	f	2025-04-03 13:36:17.717
4_cNEw8eTY7G6AQkQoA0FBXn	clypb9dc000019xv4fb7mr8u2	Crocodile Adventureland - Adventure Combo	Langkawi			{}	{}	f	f	f	2025-05-12 07:04:03.942
qQlS_xFFxmYsDnzUu0r59KhW	clypb9dc000019xv4fb7mr8u2	pugazhh	attur	helohmghmg	hello	{"2025-05-01 18:30:00","2025-05-08 18:30:00","2025-05-15 18:30:00","2025-05-22 18:30:00","2025-05-29 18:30:00","2025-05-14 18:30:00"}	{"2025-05-15 18:30:00","2025-05-16 18:30:00"}	t	f	f	2025-05-09 04:17:14.336
p_0MwgyUZgMWihev-fJ1bfJ5	cm9ca9qzp0000nnl5hgs1pi5x	ranjith	hii	ggghhggh	g,ghhhg	{"2025-04-15 18:30:00","2025-04-03 18:30:00","2025-04-10 18:30:00","2025-04-17 18:30:00","2025-04-24 18:30:00","2025-04-14 18:30:00"}	{}	t	f	f	2025-05-09 04:45:33.587
NWfHHINk097jERk_-AKhckxI	p719HH2WgsmEDixn0iTIzHDM	bullet train station	testlocation	test	ben	{"2025-04-15 18:30:00"}	{"2025-04-16 18:30:00"}	f	f	f	2025-05-09 07:03:19.292
clyvy3pdu001kiq9xyjgqlm7r	clypb9dc000019xv4fb7mr8u2	KL Tower Observation Deck Entrance Ticket	Kuala Lumpur			{}	{}	\N	\N	\N	2025-05-12 03:30:06.266
GmooFVk0IML4xJ3xWwejDNqZ	clypb9dc000019xv4fb7mr8u2	Genting Skyworld Outdoor Theme Park (Promo)	Genting Highlands			{}	{}	f	f	f	2025-05-12 03:41:33.076
q7kxhqTUxVw8me8-HNoDymU-	clypb9dc000019xv4fb7mr8u2	Sunway Lagoon Night Park	Kuala Lumpur			{}	{}	f	f	f	2025-05-12 04:38:11.812
hooWxv7kdl-p5PSDo1B8bPVC	cm9c3nddm0001e5xsj6ayzy4i	abc holydays	abc holydays	abc holydays	abc holydays	{}	{}	f	f	f	2025-04-11 01:24:50.97
Sf5VanK15R9U-tKsxD9ePSpB	cm9c3nddm0001e5xsj6ayzy4i	NEW	NEW	NEW	NEW	{}	{}	f	f	f	2025-04-11 01:25:32.138
clyvymq020059iq9xd95vlpco	clypb9dc000019xv4fb7mr8u2	Aquaria KLCC Entrance Ticket (Weekdays - International)	Kuala Lumpur	\N		{}	{}	\N	\N	\N	2025-05-12 04:39:15.177
kZu3NsfL6AVSmNxnRwyh1GrS	clypb9dc000019xv4fb7mr8u2	Aquaria KLCC Entrance Ticket (Weekends - International)	Kuala Lumpur			{}	{}	f	f	f	2025-05-12 04:40:32.183
5eoDwQ2cE9Nf3tcAaf2g1Q_K	clypb9dc000019xv4fb7mr8u2	Dream Forest Langkawi Entrance Ticket	Langkawi			{}	{}	f	f	f	2025-05-12 07:04:49.725
Uvjocz-GDDZTQrKhenSH7aXZ	clypb9dc000019xv4fb7mr8u2	Penang Hill Train Upper Station - Normal Lane	Penang			{}	{}	f	f	f	2025-05-12 07:16:48.257
O9rK4KoRkWKzfFJ3aWk_2uVp	clypb9dc000019xv4fb7mr8u2	Penang Hill Funicular Railway Ticket-Fast Lane	Penang			{}	{}	f	f	f	2025-05-12 07:17:17.585
-NkpO2F_miQibsax9Kom6fqf	clypb9dc000019xv4fb7mr8u2	Putrajaya Sightseeing Cruise Entry Ticket	Putrajaya			{}	{}	f	f	f	2025-05-12 04:41:20.785
quzYo4FLJufNCNw-YNY7wccK	clypb9dc000019xv4fb7mr8u2	Berjaya Times Square Theme Park (Non MyKad)	Kuala Lumpur			{}	{}	f	f	f	2025-05-12 04:42:51.024
CqZDNVLumhVVoiM6j85uQ44z	clypb9dc000019xv4fb7mr8u2	Zoo Negara Malaysia Admission Ticket & Panda Centre	Kuala Lumpur			{}	{}	f	f	f	2025-05-12 04:47:09.402
Vlivz3-sYlxFemsc9UXbAT8L	clypb9dc000019xv4fb7mr8u2	Kuala Selangor Eagle Feeding + Fireflies Show Entrance Tickets	Kuala Selangor			{}	{}	f	f	f	2025-05-12 04:50:21.076
oCHXB-RLxeMTw46VS0j7hiqv	clypb9dc000019xv4fb7mr8u2	Kuala Selangor Blue Tears Entrance Tickets	Kuala Selangor			{}	{}	f	f	f	2025-05-12 04:50:31.008
IztxAR9eMDGWm5g-kFpk4A5A	clypb9dc000019xv4fb7mr8u2	Kuala Selangor Fireflies Entrance Tickets	Kuala Selangor			{}	{}	f	f	f	2025-05-12 04:50:41.495
wNiqbrCd8k2uJV02Etd2TAoz	clypb9dc000019xv4fb7mr8u2	Kuala Selangor Eagle Watching Entrance Tickets	Kuala Selangor			{}	{}	f	f	f	2025-05-12 04:50:53.295
KwB7p0Y7vhM4HrW1ZD_3cggG	clypb9dc000019xv4fb7mr8u2	Kuala Selangor Fireflies Show + Blue Tears Entrance Tickets	Kuala Selangor			{}	{}	f	f	f	2025-05-12 04:51:50.324
cm2383ve603zsp4z6qjjys6id	clypb9dc000019xv4fb7mr8u2	Lost World of Tambun Entry Ticket	Ipoh	\N		{}	{}	\N	\N	\N	2025-05-12 04:52:39.338
DjgmCiwIa80oRXK56-nuGkR7	clypb9dc000019xv4fb7mr8u2	Lost World of Tambun Night Park Ticket	Ipoh			{}	{}	f	f	f	2025-05-12 05:01:05.779
XcbYeWwU56a-9-hm8be-jeb3	clypb9dc000019xv4fb7mr8u2	Legoland 1 Day Themepark Entrance Ticket\t	Johor			{}	{}	f	f	f	2025-05-12 06:51:12.182
nFZE9lVrBy5YAmFcQE9cF_4M	clypb9dc000019xv4fb7mr8u2	The Habitat Penang Hill	Penang			{}	{}	f	f	f	2025-05-12 07:17:59.38
almqCNk3HogKh33VAija-EIL	clypb9dc000019xv4fb7mr8u2	The Top Penang - Rainbow Skywalk + Observatory Deck (International)	Penang			{}	{}	f	f	f	2025-05-12 07:18:39.622
a2UyPfngqqehTST8FqGUfREi	clypb9dc000019xv4fb7mr8u2	Penang 3D Trick Art Museum Entrance Tickets	Penang			{}	{}	f	f	f	2025-05-12 07:19:46.418
VlUGeLKQsnVXYNQv3WYttBZZ	clypb9dc000019xv4fb7mr8u2	Upside Down House Melaka	Malacca			{}	{}	f	f	f	2025-05-12 07:20:27.123
__0lKHk1glihpNK8fvS6Dj_O	clypb9dc000019xv4fb7mr8u2	Menara Taming Sari, Melaka	Malacca			{}	{}	f	f	f	2025-05-12 07:21:01.605
wO620RmHzgGwSeEtS44QdWJm	clypb9dc000019xv4fb7mr8u2	Zoo Melaka Entrance Tickets	Malacca			{}	{}	f	f	f	2025-05-12 07:22:03.052
Z0QfHMRWyi0IpnJyhbvINS7-	gKgjqgV4yXe3nLBgAt_7uJ3-	Sunset Dinner Cruise - With Return Transfers (SIC)	Langkawi			{}	{}	f	f	f	2025-05-22 11:08:41.775
cm2mt4c1d01prw3vsd2f4tuao	clywdj95s00liiq9xphh3wo2v	Maha Tower Langkawi (Sunset)  Entrance Tickets	Langkawi	\N		{}	{}	\N	\N	\N	2025-05-13 03:14:25.162
cm0z24wox03gxrdhpv6d8afkm	clypb9dc000019xv4fb7mr8u2	KL Bird Park Entrance Tickets	Kuala Lumpur	\N		{}	{}	\N	\N	\N	2025-05-13 03:15:57.368
bWK6wzyFq60B-L-p2RIhYwXu	clyquw7uv0000jb69yvt17gqa	New-testing	test-place	fdg	fdgfdg	{}	{}	f	f	f	2025-05-16 08:41:57.04
qnWzrIrUhW-5aGT9QZsjRwIB	gKgjqgV4yXe3nLBgAt_7uJ3-	Mangrove & Cave Exploring ( SIC ) - 4 Hours	Langkawi			{}	{}	f	f	f	2025-05-22 11:06:59.804
cm230o6yf02kip4z64qld6hh1	clypb9dc000019xv4fb7mr8u2	Sunset Dinner Cruise Entrance Ticket  	Langkawi	\N		{}	{}	\N	\N	\N	2025-05-22 11:07:34.668
flURG3CkFsAl4OMpE1n6eGd_	gKgjqgV4yXe3nLBgAt_7uJ3-	Langkawi Island Hopping ( SIC ) - 4 Hours	Langkawi			{}	{}	f	f	f	2025-05-22 11:06:01.943
\.


--
-- Data for Name: AttractionPrice; Type: TABLE DATA; Schema: public; Owner: postgres
--

COPY public."AttractionPrice" (id, category, "paxType", "costPrice", "optionalPrice", "attractionId") FROM stdin;
cm919pq9y0000e5tgdx621njb	SIC - Sharing Basis	Adult	2.000000000000000000000000000000	3.000000000000000000000000000000	WVGHU1Omtgqx7uLwxqw-0uwr
cm91efzj6000ae5fwjqsrr5v3	SIC - Sharing Basis	Adult	20.000000000000000000000000000000	20.000000000000000000000000000000	FKEUHHcsRoB5pfo4f9JJxPPy
cm9c3u5nx0002e5xs8xyzbacr	Private	Child	42.000000000000000000000000000000	10.000000000000000000000000000000	hooWxv7kdl-p5PSDo1B8bPVC
cm9c3v1eb0003e5xs0ggxpj3o	SIC - Sharing Basis	Adult	12.000000000000000000000000000000	12.000000000000000000000000000000	Sf5VanK15R9U-tKsxD9ePSpB
cmagabp2a0006nnruzqy7mub1	Private	Adult	500.000000000000000000000000000000	450.000000000000000000000000000000	qQlS_xFFxmYsDnzUu0r59KhW
cmagabp2a0007nnrum6dopope	SIC - Sharing Basis	Adult	800000.000000000000000000000000000000	0.000000000000000000000000000000	qQlS_xFFxmYsDnzUu0r59KhW
cmagabp2a0008nnru34zp5dxx	SIC - Sharing Basis	Adult	16.000000000000000000000000000000	45.000000000000000000000000000000	qQlS_xFFxmYsDnzUu0r59KhW
cmagbc419000fnnrufy73k4v9	SIC - Sharing Basis	Adult	67.000000000000000000000000000000	757.000000000000000000000000000000	p_0MwgyUZgMWihev-fJ1bfJ5
cmagbc419000gnnru2o7uqony	Private	Adult	678.000000000000000000000000000000	88.000000000000000000000000000000	p_0MwgyUZgMWihev-fJ1bfJ5
cmagg9a1w000znnru7ju7q7rp	Private	Adult	89.000000000000000000000000000000	99.000000000000000000000000000000	NWfHHINk097jERk_-AKhckxI
cmakiyn1c0009nnb1s0b0ep4b	Private	Adult	64.000000000000000000000000000000	64.000000000000000000000000000000	clyvy3pdu001kiq9xyjgqlm7r
cmakiyn1c000annb1eq8im1fw	Private	Child	40.000000000000000000000000000000	40.000000000000000000000000000000	clyvy3pdu001kiq9xyjgqlm7r
cmakizs94000bnnb1czyeiloq	Private	Adult	98.000000000000000000000000000000	98.000000000000000000000000000000	clyvy5xtp0025iq9xy6qzb0kq
cmakizs94000cnnb190wn7jgz	Private	Child	50.000000000000000000000000000000	50.000000000000000000000000000000	clyvy5xtp0025iq9xy6qzb0kq
cmakj5fcs000dnnb1dgbxrg3d	Private	Adult	150.500000000000000000000000000000	150.500000000000000000000000000000	cm2iv5c4x0mazp4z68js2omrc
cmakj5fcs000ennb13lw6okpy	Private	Child	123.000000000000000000000000000000	123.000000000000000000000000000000	cm2iv5c4x0mazp4z68js2omrc
cmakjdd19000fnnb16yn9c25o	Private	Adult	110.000000000000000000000000000000	110.000000000000000000000000000000	GmooFVk0IML4xJ3xWwejDNqZ
cmakjdd19000gnnb17uuxzqm5	Private	Child	123.000000000000000000000000000000	123.000000000000000000000000000000	GmooFVk0IML4xJ3xWwejDNqZ
cmakjedfe000hnnb1c3i7oxfh	Private	Adult	76.000000000000000000000000000000	76.000000000000000000000000000000	clyvye07x003uiq9xg7halfdq
cmakjedfe000innb1i08eatvd	Private	Child	76.000000000000000000000000000000	76.000000000000000000000000000000	clyvye07x003uiq9xg7halfdq
cmakjfgsz000jnnb1yln2i89g	Private	Adult	19.000000000000000000000000000000	19.000000000000000000000000000000	clyvyexkh0041iq9xqy9jzt99
cmakjfgsz000knnb1uc5l1546	Private	Child	19.000000000000000000000000000000	19.000000000000000000000000000000	clyvyexkh0041iq9xqy9jzt99
cmakl6ilu0040nnb1jlfs7b1k	Private	Adult	150.000000000000000000000000000000	150.000000000000000000000000000000	cm6sygqog17ie101y786gljvb
cmakl6ilu0041nnb1hjm7kj9d	Private	Child	115.000000000000000000000000000000	115.000000000000000000000000000000	cm6sygqog17ie101y786gljvb
cmakle7lr0042nnb123wvlybj	Private	Adult	62.000000000000000000000000000000	62.000000000000000000000000000000	q7kxhqTUxVw8me8-HNoDymU-
cmakle7lr0043nnb1yp8c8oab	Private	Child	56.000000000000000000000000000000	56.000000000000000000000000000000	q7kxhqTUxVw8me8-HNoDymU-
cmaklfkh7004fnnb1t3apmmk0	Private	Adult	55.000000000000000000000000000000	55.000000000000000000000000000000	clyvymq020059iq9xd95vlpco
cmaklfkh7004gnnb1uxn5crrj	Private	Child	49.000000000000000000000000000000	49.000000000000000000000000000000	clyvymq020059iq9xd95vlpco
cmaklh7wa004mnnb1vtcyj4j0	Private	Adult	61.000000000000000000000000000000	61.000000000000000000000000000000	kZu3NsfL6AVSmNxnRwyh1GrS
cmaklh7wa004nnnb1ydkrkxjs	Private	Child	52.000000000000000000000000000000	52.000000000000000000000000000000	kZu3NsfL6AVSmNxnRwyh1GrS
cmakli9ea004tnnb1hipefkg4	Private	Adult	30.000000000000000000000000000000	30.000000000000000000000000000000	-NkpO2F_miQibsax9Kom6fqf
cmakli9ea004unnb1qjtfz3wk	Private	Child	30.000000000000000000000000000000	30.000000000000000000000000000000	-NkpO2F_miQibsax9Kom6fqf
cmaklk70h0050nnb10u09xxwk	Private	Adult	80.000000000000000000000000000000	80.000000000000000000000000000000	quzYo4FLJufNCNw-YNY7wccK
cmaklk70h0051nnb1wtkjyk0x	Private	Child	72.000000000000000000000000000000	72.000000000000000000000000000000	quzYo4FLJufNCNw-YNY7wccK
cmaklpqeh005mnnb144k0iytw	Private	Adult	69.500000000000000000000000000000	69.500000000000000000000000000000	CqZDNVLumhVVoiM6j85uQ44z
cmaklpqeh005nnnb1vu6r0v0a	Private	Child	35.750000000000000000000000000000	35.750000000000000000000000000000	CqZDNVLumhVVoiM6j85uQ44z
cmakltubl005unnb1romfpx5z	Private	Adult	42.000000000000000000000000000000	42.000000000000000000000000000000	Vlivz3-sYlxFemsc9UXbAT8L
cmakltubl005vnnb1t4sldkhf	Private	Child	37.000000000000000000000000000000	37.000000000000000000000000000000	Vlivz3-sYlxFemsc9UXbAT8L
cmaklu1ug005wnnb1pp81yzzj	Private	Adult	21.000000000000000000000000000000	21.000000000000000000000000000000	oCHXB-RLxeMTw46VS0j7hiqv
cmaklu1ug005xnnb1oazh06rn	Private	Child	16.000000000000000000000000000000	16.000000000000000000000000000000	oCHXB-RLxeMTw46VS0j7hiqv
cmaklu9xm005ynnb13inpdm5e	Private	Adult	16.000000000000000000000000000000	16.000000000000000000000000000000	IztxAR9eMDGWm5g-kFpk4A5A
cmaklu9xm005znnb1a665104x	Private	Child	16.000000000000000000000000000000	16.000000000000000000000000000000	IztxAR9eMDGWm5g-kFpk4A5A
cmakluj1o0060nnb1j8p1oweb	Private	Adult	21.000000000000000000000000000000	21.000000000000000000000000000000	wNiqbrCd8k2uJV02Etd2TAoz
cmakluj1o0061nnb100kjf907	Private	Child	16.000000000000000000000000000000	16.000000000000000000000000000000	wNiqbrCd8k2uJV02Etd2TAoz
cmaklvr6d0062nnb1rgeahecv	Private	Adult	42.000000000000000000000000000000	42.000000000000000000000000000000	KwB7p0Y7vhM4HrW1ZD_3cggG
cmaklvr6d0063nnb161dtclk7	Private	Child	37.000000000000000000000000000000	37.000000000000000000000000000000	KwB7p0Y7vhM4HrW1ZD_3cggG
cmaklwt1o0066nnb12qhy2zo8	Private	Adult	86.000000000000000000000000000000	86.000000000000000000000000000000	cm2383ve603zsp4z6qjjys6id
cmaklwt1o0067nnb1t9r25tu4	Private	Child	81.000000000000000000000000000000	81.000000000000000000000000000000	cm2383ve603zsp4z6qjjys6id
cmakm7nye006fnnb1e0xwq4h9	Private	Adult	57.000000000000000000000000000000	57.000000000000000000000000000000	DjgmCiwIa80oRXK56-nuGkR7
cmakm7nye006gnnb17u3mptky	Private	Child	50.000000000000000000000000000000	50.000000000000000000000000000000	DjgmCiwIa80oRXK56-nuGkR7
cmakq592d007xnnb14j03zlu2	Private	Adult	188.000000000000000000000000000000	188.000000000000000000000000000000	XcbYeWwU56a-9-hm8be-jeb3
cmakq592d007ynnb12ckuf9tt	Private	Child	151.000000000000000000000000000000	151.000000000000000000000000000000	XcbYeWwU56a-9-hm8be-jeb3
cmakq6igu007znnb1j96wu7dd	Private	Adult	129.000000000000000000000000000000	129.000000000000000000000000000000	cm6szwfi617w7101ypkt90pv1
cmakq6igu0080nnb1aluwudla	Private	Child	110.000000000000000000000000000000	110.000000000000000000000000000000	cm6szwfi617w7101ypkt90pv1
cmakq75n20081nnb1r7s2yz6d	Private	Adult	79.000000000000000000000000000000	79.000000000000000000000000000000	cm6szxdkd17zo101yxsa36g06
cmakq75n20082nnb12e8t9ktr	Private	Child	64.000000000000000000000000000000	64.000000000000000000000000000000	cm6szxdkd17zo101yxsa36g06
cmakqh0uz008rnnb1dh1j4vim	Private	Adult	214.000000000000000000000000000000	214.000000000000000000000000000000	cm6szzbiu183d101ym7saz6zy
cmakqh0uz008snnb1khe0eicr	Private	Child	176.000000000000000000000000000000	176.000000000000000000000000000000	cm6szzbiu183d101ym7saz6zy
cmakqhqze008tnnb1ezu8be2i	Private	Adult	271.000000000000000000000000000000	271.000000000000000000000000000000	yoFtgPh9_XJZQT1BBmO8dB9c
cmakqhqze008unnb1x1hxtkkq	Private	Child	225.000000000000000000000000000000	225.000000000000000000000000000000	yoFtgPh9_XJZQT1BBmO8dB9c
cmakqiwsk008vnnb148ife6ai	Private	Adult	95.000000000000000000000000000000	95.000000000000000000000000000000	clyvyx0ss006oiq9xjno9u6aq
cmakqiwsk008wnnb1ekgd9g0u	Private	Child	76.000000000000000000000000000000	76.000000000000000000000000000000	clyvyx0ss006oiq9xjno9u6aq
cmakqjyrl0094nnb1r8mexev8	Private	Adult	57.000000000000000000000000000000	57.000000000000000000000000000000	cm17njqkh06x2r9f62g41qjr7
cmakqjyrl0095nnb1670nucru	Private	Child	48.000000000000000000000000000000	48.000000000000000000000000000000	cm17njqkh06x2r9f62g41qjr7
cmakqkho80096nnb1mbrhogez	Private	Adult	57.000000000000000000000000000000	57.000000000000000000000000000000	cm4nsz37e1260y65z56bmd3xg
cmakqkho80097nnb1z3h6i0ms	Private	Child	38.000000000000000000000000000000	38.000000000000000000000000000000	cm4nsz37e1260y65z56bmd3xg
cmakqlsi8009fnnb1w1ajjfm3	Private	Adult	38.000000000000000000000000000000	38.000000000000000000000000000000	4_cNEw8eTY7G6AQkQoA0FBXn
cmakqlsi8009gnnb1uvjwfj4z	Private	Child	31.000000000000000000000000000000	31.000000000000000000000000000000	4_cNEw8eTY7G6AQkQoA0FBXn
cmakqmru0009hnnb17wu1voss	Private	Adult	86.000000000000000000000000000000	86.000000000000000000000000000000	5eoDwQ2cE9Nf3tcAaf2g1Q_K
cmakqmru0009innb11t2za5z4	Private	Child	81.000000000000000000000000000000	81.000000000000000000000000000000	5eoDwQ2cE9Nf3tcAaf2g1Q_K
cmakr26a500abnnb1mz7898le	Private	Adult	28.000000000000000000000000000000	28.000000000000000000000000000000	Uvjocz-GDDZTQrKhenSH7aXZ
cmakr26a500acnnb1ojpxstoc	Private	Child	14.000000000000000000000000000000	14.000000000000000000000000000000	Uvjocz-GDDZTQrKhenSH7aXZ
cmakr2svw00agnnb1jetoiutd	Private	Adult	60.000000000000000000000000000000	60.000000000000000000000000000000	O9rK4KoRkWKzfFJ3aWk_2uVp
cmakr2svw00ahnnb1272q2w79	Private	Child	30.000000000000000000000000000000	30.000000000000000000000000000000	O9rK4KoRkWKzfFJ3aWk_2uVp
cmakr3p5j00aonnb1mp5qvqtt	Private	Adult	45.000000000000000000000000000000	45.000000000000000000000000000000	nFZE9lVrBy5YAmFcQE9cF_4M
cmakr3p5j00apnnb1nb7duea8	Private	Child	31.000000000000000000000000000000	31.000000000000000000000000000000	nFZE9lVrBy5YAmFcQE9cF_4M
cmakr4k7600aqnnb1eln2ajdl	Private	Adult	65.000000000000000000000000000000	65.000000000000000000000000000000	almqCNk3HogKh33VAija-EIL
cmakr4k7600arnnb1yntptsqe	Private	Child	48.000000000000000000000000000000	48.000000000000000000000000000000	almqCNk3HogKh33VAija-EIL
cmakr5zqm00aunnb1zjf0f5g4	Private	Adult	18.000000000000000000000000000000	18.000000000000000000000000000000	a2UyPfngqqehTST8FqGUfREi
cmakr5zqm00avnnb1z7vwnzoh	Private	Child	15.000000000000000000000000000000	15.000000000000000000000000000000	a2UyPfngqqehTST8FqGUfREi
cmakr6v5400awnnb1bt0vltvh	Private	Adult	13.000000000000000000000000000000	13.000000000000000000000000000000	VlUGeLKQsnVXYNQv3WYttBZZ
cmakr6v5400axnnb1e9zefs1y	Private	Child	9.000000000000000000000000000000	9.000000000000000000000000000000	VlUGeLKQsnVXYNQv3WYttBZZ
cmakr7lrb00aynnb1a2e1l02f	Private	Adult	20.000000000000000000000000000000	20.000000000000000000000000000000	__0lKHk1glihpNK8fvS6Dj_O
cmakr7lrb00aznnb1cinh3m2b	Private	Child	14.000000000000000000000000000000	14.000000000000000000000000000000	__0lKHk1glihpNK8fvS6Dj_O
cmakr87gs00b0nnb1mo2v2zwn	Private	Adult	37.000000000000000000000000000000	37.000000000000000000000000000000	clyvzgcbc00auiq9xg7ovdm2c
cmakr87gs00b1nnb1aih78crt	Private	Child	32.500000000000000000000000000000	32.500000000000000000000000000000	clyvzgcbc00auiq9xg7ovdm2c
cmakr8x7000b2nnb1kt4zgby7	Private	Adult	86.000000000000000000000000000000	86.000000000000000000000000000000	wO620RmHzgGwSeEtS44QdWJm
cmakr8x7000b3nnb1svcf4d4d	Private	Child	64.000000000000000000000000000000	64.000000000000000000000000000000	wO620RmHzgGwSeEtS44QdWJm
cmalxubon0012nnut42gsuddi	Private	Adult	82.000000000000000000000000000000	82.000000000000000000000000000000	cm2mt4c1d01prw3vsd2f4tuao
cmalxubon0013nnut4ryg0cin	Private	Child	50.000000000000000000000000000000	50.000000000000000000000000000000	cm2mt4c1d01prw3vsd2f4tuao
cmalxwaet0014nnuthuz0ok9x	Private	Adult	80.000000000000000000000000000000	80.000000000000000000000000000000	cm0z24wox03gxrdhpv6d8afkm
cmalxwaet0015nnutii6z5j3z	Private	Child	57.000000000000000000000000000000	57.000000000000000000000000000000	cm0z24wox03gxrdhpv6d8afkm
cmaly0zdy0018nnut8o9z67ek	Private	Adult	68.000000000000000000000000000000	68.000000000000000000000000000000	cm195ecta07hfr9f6dx1lugec
cmaly0zdy0019nnut2z3lxt1d	Private	Child	58.000000000000000000000000000000	58.000000000000000000000000000000	cm195ecta07hfr9f6dx1lugec
cmalydin7001annut3ctp2h5t	Private	Adult	85.000000000000000000000000000000	85.000000000000000000000000000000	cm3i59qjv12i4w3vseghte6vt
cmalydin7001bnnutl7rzo00u	Private	Child	76.000000000000000000000000000000	76.000000000000000000000000000000	cm3i59qjv12i4w3vseghte6vt
cmaq8lwkh0076nnqrfwtyk60s	Private	Adult	62.750000000000000000000000000000	62.750000000000000000000000000000	cm6lwk8170s8c101yzkh3o2m2
cmaq8lwkh0077nnqrkar9h2c0	Private	Child	46.750000000000000000000000000000	46.750000000000000000000000000000	cm6lwk8170s8c101yzkh3o2m2
cmaqjv2uc0000nnzbjj97idlf	Private	Adult	156.000000000000000000000000000000	1556.000000000000000000000000000000	bWK6wzyFq60B-L-p2RIhYwXu
cmaz9nhpa00dnnnwpl92g8y8i	SIC - Sharing Basis	Adult	65.000000000000000000000000000000	65.000000000000000000000000000000	flURG3CkFsAl4OMpE1n6eGd_
cmaz9nhpa00donnwp2sj41cbm	SIC - Sharing Basis	Child	40.000000000000000000000000000000	40.000000000000000000000000000000	flURG3CkFsAl4OMpE1n6eGd_
cmaz9oqde00dpnnwpg4ll2ryf	SIC - Sharing Basis	Adult	90.000000000000000000000000000000	90.000000000000000000000000000000	qnWzrIrUhW-5aGT9QZsjRwIB
cmaz9oqde00dqnnwp65hqunk9	SIC - Sharing Basis	Child	70.000000000000000000000000000000	70.000000000000000000000000000000	qnWzrIrUhW-5aGT9QZsjRwIB
cmaz9ph9m00drnnwprqcjafwd	Private	Adult	180.000000000000000000000000000000	180.000000000000000000000000000000	cm230o6yf02kip4z64qld6hh1
cmaz9ph9m00dsnnwpr942xnhx	Private	Child	95.000000000000000000000000000000	95.000000000000000000000000000000	cm230o6yf02kip4z64qld6hh1
cmaz9qx8k00dtnnwph03v6exd	SIC - Sharing Basis	Adult	250.000000000000000000000000000000	250.000000000000000000000000000000	Z0QfHMRWyi0IpnJyhbvINS7-
cmaz9qx8k00dunnwpa4f9k593	SIC - Sharing Basis	Child	150.000000000000000000000000000000	150.000000000000000000000000000000	Z0QfHMRWyi0IpnJyhbvINS7-
\.


--
-- Data for Name: Booking; Type: TABLE DATA; Schema: public; Owner: postgres
--

COPY public."Booking" (id, reference, agent, "quotePrice", "actualCost", "actualPrice", profit, "createdAt", "updatedAt", "quotationId", "travelDates", "leadNo", currency, "currencyRate", "termsAndConditions", "importantNotes", "guestName", "totalActualExpense", "assignedFinanceId") FROM stdin;
cmelb16c6000de6t8fux02qrr	BK-301812-TPCL	Tripoclan Travel Private Limited	3318	3160	0	158	2025-08-21 11:14:43.159	2025-08-21 11:14:43.159	cmelb0ywz0002e6t8nutlmui8	21/08/25 - 30/08/25	LD-301812-TPCL	MYR	1	\N	\N	vignesh	\N	\N
cmelbk2t2000ee6p8xjde37m2	BK-361821-RNZIT101	RNZIT1001	9882.6	9412	0	470.6000000000004	2025-08-21 11:29:25.046	2025-08-21 11:29:25.046	cmelbjk1r0002e6p8aoc3f5tv	21/08/25 - 27/08/25	LD-361821-RNZIT101	MYR	1	\N	\N	vigneshwaran 	\N	\N
cmejihl2m000le54wz5e9vb0i	BK-831554-RNZIT101	RNZIT1001	1675.8	1596	1596	79.79999999999995	2025-08-20 05:07:53.71	2025-08-20 05:33:51.666	cmeji0ejg0002e54w1afl7831	20/08/25 - 27/08/25	LD-831554-RNZIT101	MYR	1	\N	\N	test	\N	\N
cmemkvxv3002znng1iftreiyj	BK-428984-RVTT-R2	Ravi Tours and Travels	747.48	0	0	747.48	2025-08-22 08:38:21.231	2025-08-22 08:38:21.231	cmemkvgss002mnng15frvpxgh	04/09/25 - 06/09/25	LD-428984-RVTT	MYR	1	\N	\N	Vagu Lakshmi	\N	\N
cmejvej7a000he57s2a36avwp	BK-393999-RNZIT101	RNZIT1001	1062.6	1012	1012	50.59999999999991	2025-08-20 11:09:26.326	2025-08-20 11:10:23.792	cmejvdkdh0002e57sef54hz1i	20/08/25 - 27/08/25	LD-393999-RNZIT101	MYR	1	\N	\N	test	\N	\N
cmeky3hb8000cnng1znj43a2y	BK-937787-SS-1310	SixthStar	3727.5	3550	3700	27.5	2025-08-21 05:12:35.684	2025-08-21 05:21:09.999	cmeky0rze0002nng19qwqtnjv	28/08/25 - 31/08/25	LD-937787-SS-1310	MYR	1	\N	\N	Neeraj Nandagopal	\N	\N
cmel9il7g000ee6j4zt1kpl8i	BK-934338-RNZIT101	RNZIT1001	2146.2	2044	0	102.1999999999998	2025-08-21 10:32:16.348	2025-08-21 10:32:16.348	cmel9iexu0002e6j4ujavqm5g	21/08/25 - 26/08/25	LD-934338-RNZIT101	MYR	1	\N	\N	viky	\N	\N
cmelacvw7000je6osnnlaov20	BK-853097-TPCL	Tripoclan Travel Private Limited	13266.75	12635	0	631.75	2025-08-21 10:55:49.88	2025-08-21 10:55:49.88	cmelacps10002e6osa2e4ll7e	21/08/25 - 27/08/25	LD-853097-TPCL	MYR	1	\N	\N	test	\N	\N
cmemkrqi7001tnng14o86mj6z	BK-428984-RVTT	Ravi Tours and Travels	1892.92	5864	1646	246.9200000000001	2025-08-22 08:35:05.071	2025-08-22 13:09:43.752	cmemklf50000znng1lztzudvk	04/09/25 - 06/09/25	LD-428984-RVTT	MYR	1	\N	\N	Vagu Lakshmi	\N	\N
cmf7tfnjs000znnxbl1l7nd92	BK-994292-RNZIT101-D1	RNZIT1001	3617.9	2919	2980	637.9000000000001	2025-09-06 05:20:47.608	2025-09-06 05:32:28.721	cmf7tc0ms000gnnxbz4vfcc1w	08/09/25 - 29/09/25	LD-994292-RNZIT101	MYR	1	\N	\N	Gopi	\N	\N
cmfdn2jat0017e6r83kycoz5i	BK-561716-RNZIT101	RNZIT1001	4666.7	3336	3336	1330.7	2025-09-10 07:09:14.933	2025-09-10 07:09:14.933	cmfdmtvk70002e6r8nb0i6ks1	10/09/25 - 16/09/25	LD-561716-RNZIT101	MYR	1	\N	\N	test	\N	\N
cmfdno3fi002ie6r8dsvr82pt	BK-364482-RNZIT101-R2	RNZIT1001	879.9	838	838	41.89999999999998	2025-09-10 07:26:00.798	2025-09-10 07:26:00.798	cmfdnnqrl002ae6r8mxs6q7zq	10/09/25 - 13/09/25	LD-364482-RNZIT101	MYR	1	\N	\N	Vignesh Waran	\N	\N
\.


--
-- Data for Name: BookingAccommodation; Type: TABLE DATA; Schema: public; Owner: postgres
--

COPY public."BookingAccommodation" (id, "bookingId", quantity, "createdAt", "endDate", hotel, nights, "priceDetails", "quotationId", room, "surchargeNights", "travelDate", "updatedAt", profit, "quotePrice", "supplierContact", "supplierId", "supplierName", "confirmationNo", details, "actualPrice", "hotelAddress") FROM stdin;
cmejihl2m000me54wbxtb0cba	cmejihl2m000le54wz5e9vb0i	3	2025-08-20 05:07:53.71	2025-08-21 18:30:00	PARKROYAL A'Famosa Melaka Resort	2	\N	cmeji0ejg0002e54w1afl7831	Superior Room (King / Twin) - (Sun - Thurs)	0	2025-08-19 18:30:00	2025-08-20 05:31:01.822	\N	940.800000000000000000000000000000	06-908 8888	bWmDSnXOKsVu1ntWa52Lm7by	A'Famosa Resort Hotel Sdn Bhd	#Booked_101 	Booked the number new testing ?	896.000000000000000000000000000000	Jalan Kemus, Simpang Ampat, Alor Gajah, 78000 Melaka
cmejihl2m000qe54wxfuen99p	cmejihl2m000le54wz5e9vb0i	2	2025-08-20 05:07:53.71	2025-08-23 18:30:00	Fives Hotel JBCC (N)	1	\N	cmeji0ejg0002e54w1afl7831	Deluxe Twin - 1 King Bed (Sun - Thu)	0	2025-08-22 18:30:00	2025-08-20 05:32:36.879	\N	294.000000000000000000000000000000	 07-219 7777	VmL0d4-Qyoaia39zu2h1jenO	SKS GROUP	Book101	test@details\n	280.000000000000000000000000000000	45, Jalan Wong Ah Fook, Bandar Johor Bahru, 80000 Johor Bahru, Johor Darul Ta'zim
cmelbk2t2000fe6p883d0ucpz	cmelbk2t2000ee6p8xjde37m2	4	2025-08-21 11:29:25.046	2025-08-22 18:30:00	The Banjaran Hotsprings Retreat, Ipoh	2	\N	cmelbjk1r0002e6p8aoc3f5tv	Garden Villa (Sun - Thurs)	0	2025-08-20 18:30:00	2025-08-21 11:29:25.046	\N	9378.600000000000000000000000000000	+6052107777	QKM79ucuOfMR838QvRcVMjYr	Kinta Sunway Resort Sdn Bhd	\N	\N	8932.000000000000000000000000000000	1, Persiaran Lagoon, Sunway 3, 31150 Ipoh, Perak
cmejvej7a000ie57sqidcwst7	cmejvej7a000he57s2a36avwp	2	2025-08-20 11:09:26.326	2025-08-21 18:30:00	PARKROYAL A'Famosa Melaka Resort	2	\N	cmejvdkdh0002e57sef54hz1i	Superior Room (King / Twin) - (Sun - Thurs)	0	2025-08-19 18:30:00	2025-08-20 11:10:22.176	\N	852.600000000000000000000000000000	06-908 8888	bWmDSnXOKsVu1ntWa52Lm7by	A'Famosa Resort Hotel Sdn Bhd	confimr101	\N	812.000000000000000000000000000000	Jalan Kemus, Simpang Ampat, Alor Gajah, 78000 Melaka
cmemkrqi7001unng1p50rw5in	cmemkrqi7001tnng14o86mj6z	1	2025-08-22 08:35:05.071	2025-09-05 16:00:00	Kingston Hotel 08 @ Bukit Bintang	2	\N	cmemklf50000znng1lztzudvk	Deluxe Room	0	2025-09-03 16:00:00	2025-08-22 12:10:48.121	\N	276.000000000000000000000000000000				22753	\N	240.000000000000000000000000000000	
cmeky3hb9000fnng1thr2bcqg	cmeky3hb8000cnng1znj43a2y	1	2025-08-21 05:12:35.684	2025-08-30 18:30:00	Century Pines Resort Cameron Highlands	1	\N	cmeky0rze0002nng19qwqtnjv	Deluxe Room (2A 2C)	0	2025-08-29 18:30:00	2025-08-21 05:16:04.227	\N	281.400000000000000000000000000000	05-4915115	0-ZMpEY12nidalGCx9QbeKZr	Century Pines Resort Cameron Highlands	bgh678	\N	260.000000000000000000000000000000	Jalan Masjid, Tanah Rata, 39000 Tanah Rata, Pahang
cmeky3hb8000dnng1bodulqth	cmeky3hb8000cnng1znj43a2y	1	2025-08-21 05:12:35.684	2025-08-29 18:30:00	The Banjaran Hotsprings Retreat, Ipoh	2	\N	cmeky0rze0002nng19qwqtnjv	Water Villa (Sun - Thurs)	0	2025-08-27 18:30:00	2025-08-21 05:21:09.96	\N	3446.100000000000000000000000000000	+6052107777	QKM79ucuOfMR838QvRcVMjYr	Kinta Sunway Resort Sdn Bhd	kjhkj676	\N	3440.000000000000000000000000000000	1, Persiaran Lagoon, Sunway 3, 31150 Ipoh, Perak
cmel9il7g000fe6j43jbu06o2	cmel9il7g000ee6j4zt1kpl8i	4	2025-08-21 10:32:16.348	2025-08-22 18:30:00	PARKROYAL A'Famosa Melaka Resort	2	\N	cmel9iexu0002e6j4ujavqm5g	Superior Room (King / Twin) - (Sun - Thurs)	0	2025-08-20 18:30:00	2025-08-21 10:32:16.348	\N	1705.200000000000000000000000000000	06-908 8888	bWmDSnXOKsVu1ntWa52Lm7by	A'Famosa Resort Hotel Sdn Bhd	\N	\N	1624.000000000000000000000000000000	Jalan Kemus, Simpang Ampat, Alor Gajah, 78000 Melaka
cmelacvw7000ke6osygwro52d	cmelacvw7000je6osnnlaov20	3	2025-08-21 10:55:49.88	2025-08-25 18:30:00	The Banjaran Hotsprings Retreat, Ipoh	5	\N	cmelacps10002e6osa2e4ll7e	Water Villa (Sun - Thurs)	0	2025-08-20 18:30:00	2025-08-21 10:55:49.88	\N	12689.250000000000000000000000000000	+6052107777	QKM79ucuOfMR838QvRcVMjYr	Kinta Sunway Resort Sdn Bhd	\N	\N	12085.000000000000000000000000000000	1, Persiaran Lagoon, Sunway 3, 31150 Ipoh, Perak
cmelb16c6000ee6t87q2m2gh7	cmelb16c6000de6t8fux02qrr	3	2025-08-21 11:14:43.159	2025-08-22 18:30:00	PARKROYAL A'Famosa Melaka Resort	2	\N	cmelb0ywz0002e6t8nutlmui8	Superior Room (King / Twin) - (Fri - Sat)\t	0	2025-08-20 18:30:00	2025-08-21 11:14:43.159	\N	2520.000000000000000000000000000000	06-908 8888	bWmDSnXOKsVu1ntWa52Lm7by	A'Famosa Resort Hotel Sdn Bhd	\N	\N	2400.000000000000000000000000000000	Jalan Kemus, Simpang Ampat, Alor Gajah, 78000 Melaka
cmf7tfnjs0010nnxbrmd7xl4v	cmf7tfnjs000znnxbl1l7nd92	1	2025-09-06 05:20:47.608	2025-09-28 18:30:00	Arena Starr	21	\N	cmf7tc0ms000gnnxbz4vfcc1w	Deluxe Triple Room	0	2025-09-07 18:30:00	2025-09-06 05:32:28.698	\N	3210.900000000000000000000000000000	03-2078 6988	iEb5T0NL48nrO69NLubtmkN4	TBO	134526	spoken to sales and negotiated	2800.000000000000000000000000000000	49-51, Jalan Hang Lekiu, City Centre, 50100 Kuala Lumpur, Wilayah Persekutuan Kuala Lumpur
cmfdn2jat0018e6r892yu17df	cmfdn2jat0017e6r83kycoz5i	4	2025-09-10 07:09:14.933	2025-09-11 18:30:00	PARKROYAL A'Famosa Melaka Resort	2	\N	cmfdmtvk70002e6r8nb0i6ks1	Superior Room (King / Twin) - (Sun - Thurs)	0	2025-09-09 18:30:00	2025-09-10 07:09:14.933	\N	1705.200000000000000000000000000000	06-908 8888	bWmDSnXOKsVu1ntWa52Lm7by	A'Famosa Resort Hotel Sdn Bhd	\N	\N	1624.000000000000000000000000000000	Jalan Kemus, Simpang Ampat, Alor Gajah, 78000 Melaka
cmfdn2jat001be6r8v3xzszwm	cmfdn2jat0017e6r83kycoz5i	3	2025-09-10 07:09:14.933	2025-09-14 18:30:00	PARKROYAL A'Famosa Melaka Resort	2	\N	cmfdmtvk70002e6r8nb0i6ks1	Superior Room (King / Twin) - (Fri - Sat)\t	0	2025-09-12 18:30:00	2025-09-10 07:09:14.933	\N	1712.000000000000000000000000000000	06-908 8888	bWmDSnXOKsVu1ntWa52Lm7by	A'Famosa Resort Hotel Sdn Bhd	\N	\N	1712.000000000000000000000000000000	Jalan Kemus, Simpang Ampat, Alor Gajah, 78000 Melaka
cmfdno3fi002je6r89d7stwe5	cmfdno3fi002ie6r8dsvr82pt	2	2025-09-10 07:26:00.798	2025-09-10 18:30:00	Bertam Resort Penang	1	\N	cmfdnnqrl002ae6r8mxs6q7zq	Deluxe King/Twin Room (Sun - Thu)	0	2025-09-09 18:30:00	2025-09-10 07:26:00.798	\N	879.900000000000000000000000000000	04 577 8000	p3DIZdFJ0sav83rIrLUjxA99	Maritime Waterfront Suites Sdn Bhd	\N	\N	838.000000000000000000000000000000	PMT 2200, Bertam Resort,  Persiaran Bertam 8,  13200 Kepala Batas,  Pulau Pinang, Malaysia.
\.


--
-- Data for Name: BookingItinerary; Type: TABLE DATA; Schema: public; Owner: postgres
--

COPY public."BookingItinerary" (id, date, category, "bookingId", "guideId", label, "priceDetails", "quotationId", "actualPrice", details, profit, "supplierContact", "supplierId", "supplierName", "quotePrice", "confirmationNo") FROM stdin;
cmejihl2m000ue54wx1tb81g1	2025-08-20 00:00:00	Guide	cmejihl2m000le54wz5e9vb0i	\N	One Way Airport Transfer Guide Service @ Penang	null	cmeji0ejg0002e54w1afl7831	120.000000000000000000000000000000	confirm141	\N	+60124309136	BKBq6nFFba1jXYDDGViJHlrT	Pesona Holidays (M) Sdn Bhd	126.000000000000000000000000000000	confirm141
cmejihl2n000we54woqiuu0zl	2025-08-21 00:00:00	Guide	cmejihl2m000le54wz5e9vb0i	\N	Full Day Guide Service @ Kuala Lumpur	null	cmeji0ejg0002e54w1afl7831	300.000000000000000000000000000000	tested 1414	\N	+60124309136	BKBq6nFFba1jXYDDGViJHlrT	Pesona Holidays (M) Sdn Bhd	315.000000000000000000000000000000	confirm1414
cmejvej7a000me57ssuu976l9	2025-08-20 00:00:00	Transfers	cmejvej7a000he57s2a36avwp	\N	One Way Transfer from Langkawi Airport - Langkawi Hotel ( from North Hotel )	null	cmejvdkdh0002e57sef54hz1i	200.000000000000000000000000000000	\N	\N				210.000000000000000000000000000000	\N
cmel9il7h000je6j47wfi19ee	2025-08-21 00:00:00	Transfers	cmel9il7g000ee6j4zt1kpl8i	\N	02 Way Gunung Raya Transfer from Langkawi Beach Hotel	null	cmel9iexu0002e6j4ujavqm5g	420.000000000000000000000000000000	\N	\N				441.000000000000000000000000000000	\N
cmelacvw8000oe6ospnzky0d3	2025-08-21 00:00:00	Attractions	cmelacvw7000je6osnnlaov20	\N	Penang Hill Train Upper Station - Normal Lane	null	cmelacps10002e6osa2e4ll7e	84.000000000000000000000000000000	\N	\N	60162200647	clypb9dc000019xv4fb7mr8u2	TVG	88.200000000000000000000000000000	\N
cmelacvw8000re6ost6o3wdve	2025-08-22 00:00:00	Attractions	cmelacvw7000je6osnnlaov20	\N	Genting Skyworld Outdoor Theme Park (Promo)	null	cmelacps10002e6osa2e4ll7e	466.000000000000000000000000000000	\N	\N	60162200647	clypb9dc000019xv4fb7mr8u2	TVG	489.300000000000000000000000000000	\N
cmelb16c7000he6t8gqqvcmkj	2025-08-21 00:00:00	Transfers	cmelb16c6000de6t8fux02qrr	\N	One Way Transfer from Genting Hotel - Kuala Lumpur Hotel + Enroute Batu Caves (30 Mins)	null	cmelb0ywz0002e6t8nutlmui8	760.000000000000000000000000000000	\N	\N				798.000000000000000000000000000000	\N
cmelbk2t3000je6p8q8ngn7jp	2025-08-21 00:00:00	Transfers	cmelbk2t2000ee6p8xjde37m2	\N	One Way Transfer from Genting Hotel - Kuala Lumpur Hotel + Enroute Batu Caves (30 Mins)	null	cmelbjk1r0002e6p8aoc3f5tv	480.000000000000000000000000000000	\N	\N				504.000000000000000000000000000000	\N
cmemkvxv30031nng1tc5rduc0	2025-09-04 00:00:00	Tours	cmemkvxv3002znng1iftreiyj	\N	Full Day Cameron Highlands Tour ( 8 Hours ) - (Pvt Basis)	null	cmemkvgss002mnng15frvpxgh	0.000000000000000000000000000000	\N	\N				747.500000000000000000000000000000	\N
cmemkrqi8001znng1xek1ze7h	2025-09-04 00:00:00	Tours	cmemkrqi7001tnng14o86mj6z	\N	Full Day Genting Tour ( 8 Hours ) + Enroute Batu Caves ( 30Mins ) (Pvt Basis)	null	cmemklf50000znng1lztzudvk	320.000000000000000000000000000000	\N	\N				368.000000000000000000000000000000	\N
cmemkrqi9002dnng1e3y7xy4o	2025-09-06 00:00:00	Tours	cmemkrqi7001tnng14o86mj6z	\N	KL Half Day Country Side Tour ( 3 Hours ) (Pvt Basis)	null	cmemklf50000znng1lztzudvk	120.000000000000000000000000000000	\N	\N				138.000000000000000000000000000000	\N
cmemkrqi9002fnng1f7awf04d	2025-09-06 00:00:00	Transfers	cmemkrqi7001tnng14o86mj6z	\N	One Way Transfer from Kuala Lumpur Hotel - Kuala Lumpur Airport + Enroute Putrajaya ( 30Mins )	null	cmemklf50000znng1lztzudvk	140.000000000000000000000000000000	\N	\N				161.000000000000000000000000000000	\N
cmemkrqi80021nng1fa1xswvp	2025-09-04 00:00:00	Transfers	cmemkrqi7001tnng14o86mj6z	\N	02 Way Dinner Transfer at KL - Pvt Basis	null	cmemklf50000znng1lztzudvk	130.000000000000000000000000000000	\N	\N				149.500000000000000000000000000000	\N
cmemkrqi80023nng1t88gwbc0	2025-09-04 00:00:00	Restaurants	cmemkrqi7001tnng14o86mj6z	\N	Dinner at Indian Restaurant KL	null	cmemklf50000znng1lztzudvk	60.000000000000000000000000000000	\N	\N		clywdj95s00liiq9xphh3wo2v	KEY TERM HOLIDAYS SDN BHD	69.000000000000000000000000000000	\N
cmemkrqi80025nng1dr5a0z3k	2025-09-05 00:00:00	Tours	cmemkrqi7001tnng14o86mj6z	\N	KL Half Day City Tour ( 4 Hours ) (Pvt Basis)	null	cmemklf50000znng1lztzudvk	140.000000000000000000000000000000	\N	\N				161.000000000000000000000000000000	\N
cmemkrqi80027nng15jw3il8w	2025-09-05 00:00:00	Attractions	cmemkrqi7001tnng14o86mj6z	\N	Petronas Twin Tower Entry Ticket 	null	cmemklf50000znng1lztzudvk	196.000000000000000000000000000000	\N	\N	60162200647	clypb9dc000019xv4fb7mr8u2	TVG	225.399999999999900000000000000000	\N
cmemkrqi80029nng1u97a3mpd	2025-09-05 00:00:00	Transfers	cmemkrqi7001tnng14o86mj6z	\N	02 Way Dinner Transfer at KL - Pvt Basis	null	cmemklf50000znng1lztzudvk	130.000000000000000000000000000000	\N	\N				149.500000000000000000000000000000	\N
cmemkrqi9002bnng1scu3iopx	2025-09-05 00:00:00	Restaurants	cmemkrqi7001tnng14o86mj6z	\N	Dinner at Indian Restaurant KL	null	cmemklf50000znng1lztzudvk	60.000000000000000000000000000000	\N	\N		clywdj95s00liiq9xphh3wo2v	KEY TERM HOLIDAYS SDN BHD	69.000000000000000000000000000000	\N
cmemkrqi8001xnng1zpttn15f	2025-09-04 00:00:00	Transfers	cmemkrqi7001tnng14o86mj6z	\N	One Way Transfer from Kuala Lumpur Airport - Kuala Lumpur Hotel	null	cmemklf50000znng1lztzudvk	110.000000000000000000000000000000	test	\N	1.06352E+13	cm20bpg8z04o6qbbujmsq0n4o	Winland Trans and Tours	126.500000000000000000000000000000	HFDFRGHG#566
cmf7tfnjt0015nnxbp2skd5o7	2025-09-29 00:00:00	Transfers	cmf7tfnjs000znnxbl1l7nd92	\N	One Way Transfer from Kuala Lumpur Airport - Kuala Lumpur Hotel	null	cmf7tc0ms000gnnxbz4vfcc1w	0.000000000000000000000000000000	\N	\N				203.500000000000000000000000000000	\N
cmf7tfnjs0013nnxbo3eeu4cn	2025-09-08 00:00:00	Transfers	cmf7tfnjs000znnxbl1l7nd92	\N	One Way Transfer from Kuala Lumpur Airport - Kuala Lumpur Hotel	null	cmf7tc0ms000gnnxbz4vfcc1w	180.000000000000000000000000000000	NA	\N	1.54545E+14	cm20bw3ws04pdqbbuwr408fkq	Dlassh	203.500000000000000000000000000000	NA
cmfdn2jat001fe6r857wcninc	2025-09-10 00:00:00	Transfers	cmfdn2jat0017e6r83kycoz5i	\N	One Way Transfer from Genting Hotel - Kuala Lumpur Hotel + Enroute Batu Caves (30 Mins)	null	cmfdmtvk70002e6r8nb0i6ks1	0.000000000000000000000000000000	\N	\N				850.500000000000000000000000000000	\N
cmfdn2jat001ie6r8d1ar4sts	2025-09-10 00:00:00	Transfers	cmfdn2jat0017e6r83kycoz5i	\N	One Way Transfer from Genting Hotel - Kuala Lumpur Hotel + Enroute Batu Caves (30 Mins)	null	cmfdmtvk70002e6r8nb0i6ks1	0.000000000000000000000000000000	\N	\N				399.000000000000000000000000000000	\N
\.


--
-- Data for Name: BookingPriceDetailItinerary; Type: TABLE DATA; Schema: public; Owner: postgres
--

COPY public."BookingPriceDetailItinerary" (id, "itineraryId", category, price, quantity, "totalPrice", "totalPriceAfterMarkup", "quotePrice") FROM stdin;
cmejihl2m000ve54w7spgbnc7	cmejihl2m000ue54wx1tb81g1	Within City Limit	120.000000000000000000000000000000	1	120.000000000000000000000000000000	126.000000000000000000000000000000	126.000000000000000000000000000000
cmejihl2n000xe54wxpbej0jl	cmejihl2n000we54woqiuu0zl	Within City Limit	300.000000000000000000000000000000	1	300.000000000000000000000000000000	315.000000000000000000000000000000	315.000000000000000000000000000000
cmejvej7a000ne57s3r6mgl64	cmejvej7a000me57ssuu976l9	Sedan	70.000000000000000000000000000000	1	70.000000000000000000000000000000	73.500000000000000000000000000000	73.500000000000000000000000000000
cmejvej7a000oe57sx124lnfp	cmejvej7a000me57ssuu976l9	10 Seater	130.000000000000000000000000000000	1	130.000000000000000000000000000000	136.500000000000000000000000000000	136.500000000000000000000000000000
cmel9il7h000ke6j45grrakau	cmel9il7h000je6j47wfi19ee	Sedan	140.000000000000000000000000000000	3	420.000000000000000000000000000000	441.000000000000000000000000000000	441.000000000000000000000000000000
cmelacvw8000pe6osffpak5eg	cmelacvw8000oe6ospnzky0d3	Private	28.000000000000000000000000000000	2	56.000000000000000000000000000000	58.800000000000000000000000000000	58.800000000000000000000000000000
cmelacvw8000qe6osev54b3p0	cmelacvw8000oe6ospnzky0d3	Private	14.000000000000000000000000000000	2	28.000000000000000000000000000000	29.400000000000000000000000000000	29.400000000000000000000000000000
cmelacvw8000se6osusw90bxn	cmelacvw8000re6ost6o3wdve	Private	110.000000000000000000000000000000	2	220.000000000000000000000000000000	231.000000000000000000000000000000	231.000000000000000000000000000000
cmelacvw8000te6osyy9y591u	cmelacvw8000re6ost6o3wdve	Private	123.000000000000000000000000000000	2	246.000000000000000000000000000000	258.300000000000000000000000000000	258.300000000000000000000000000000
cmelb16c7000ie6t8qgbdg6ku	cmelb16c7000he6t8gqqvcmkj	Sedan	190.000000000000000000000000000000	4	760.000000000000000000000000000000	798.000000000000000000000000000000	798.000000000000000000000000000000
cmelbk2t3000ke6p8pxqahdh5	cmelbk2t3000je6p8q8ngn7jp	10 Seater	240.000000000000000000000000000000	2	480.000000000000000000000000000000	504.000000000000000000000000000000	504.000000000000000000000000000000
cmemkrqi80020nng1t1s2y24k	cmemkrqi8001znng1xek1ze7h	SEDAN	320.000000000000000000000000000000	1	320.000000000000000000000000000000	368.000000000000000000000000000000	368.000000000000000000000000000000
cmemkrqi80022nng1hxuc0a36	cmemkrqi80021nng1fa1xswvp	Sedan	130.000000000000000000000000000000	1	130.000000000000000000000000000000	149.520000000000000000000000000000	149.520000000000000000000000000000
cmemkrqi80026nng1ovacxlku	cmemkrqi80025nng1dr5a0z3k	SEDAN	140.000000000000000000000000000000	1	140.000000000000000000000000000000	161.000000000000000000000000000000	161.000000000000000000000000000000
cmemkrqi8002anng1mppns47c	cmemkrqi80029nng1u97a3mpd	Sedan	130.000000000000000000000000000000	1	130.000000000000000000000000000000	149.520000000000000000000000000000	149.520000000000000000000000000000
cmemkrqi9002enng12w1jdd28	cmemkrqi9002dnng1e3y7xy4o	SEDAN	120.000000000000000000000000000000	1	120.000000000000000000000000000000	138.000000000000000000000000000000	138.000000000000000000000000000000
cmemkrqi9002gnng1lynv4ck5	cmemkrqi9002fnng1f7awf04d	SEDAN	140.000000000000000000000000000000	1	140.000000000000000000000000000000	161.000000000000000000000000000000	161.000000000000000000000000000000
cmemkvxv30032nng1ui8asoxp	cmemkvxv30031nng1tc5rduc0	SEDAN	650.000000000000000000000000000000	1	650.000000000000000000000000000000	747.480000000000000000000000000000	747.480000000000000000000000000000
cmemkrqi80024nng1odx6k1kz	cmemkrqi80023nng1t88gwbc0	Dinner	30.000000000000000000000000000000	2	60.000000000000000000000000000000	69.000000000000000000000000000000	69.000000000000000000000000000000
cmemkrqi80028nng1wp3ruutk	cmemkrqi80027nng15jw3il8w	Private	98.000000000000000000000000000000	2	196.000000000000000000000000000000	225.400000000000000000000000000000	225.400000000000000000000000000000
cmemkrqi9002cnng19fnrrzx0	cmemkrqi9002bnng1scu3iopx	Dinner	30.000000000000000000000000000000	2	60.000000000000000000000000000000	69.000000000000000000000000000000	69.000000000000000000000000000000
cmemkrqi8001ynng1fyqbt2zr	cmemkrqi8001xnng1zpttn15f	SEDAN	110.000000000000000000000000000000	1	110.000000000000000000000000000000	126.480000000000000000000000000000	126.480000000000000000000000000000
cmf7tfnjt0016nnxb7uhy4f2x	cmf7tfnjt0015nnxbp2skd5o7	STAREX	185.000000000000000000000000000000	1	185.000000000000000000000000000000	203.500000000000000000000000000000	203.500000000000000000000000000000
cmf7tfnjt0014nnxbr9ucsyif	cmf7tfnjs0013nnxbo3eeu4cn	STAREX	185.000000000000000000000000000000	1	185.000000000000000000000000000000	203.500000000000000000000000000000	203.500000000000000000000000000000
cmfdn2jat001ge6r8tptlu185	cmfdn2jat001fe6r857wcninc	Sedan	190.000000000000000000000000000000	3	570.000000000000000000000000000000	598.500000000000000000000000000000	598.500000000000000000000000000000
cmfdn2jat001he6r8nyhcztav	cmfdn2jat001fe6r857wcninc	10 Seater	240.000000000000000000000000000000	1	240.000000000000000000000000000000	252.000000000000000000000000000000	252.000000000000000000000000000000
cmfdn2jat001je6r8ayz6wjnl	cmfdn2jat001ie6r8d1ar4sts	Sedan	190.000000000000000000000000000000	2	380.000000000000000000000000000000	399.000000000000000000000000000000	399.000000000000000000000000000000
\.


--
-- Data for Name: BookingPriceDetailsAccommodation; Type: TABLE DATA; Schema: public; Owner: postgres
--

COPY public."BookingPriceDetailsAccommodation" (id, "accommodationId", "roomId", pax, price, "costPrice", "optionalPrice", quantity, "totalPrice", "totalPriceAfterMarkup", "quotePrice", category) FROM stdin;
cmejihl2m000ne54whv976tit	cmejihl2m000me54wbxtb0cba	cmbrkzh0a00dtnn75c4j91h9s	Adult	350.000000000000000000000000000000	350.000000000000000000000000000000	350.000000000000000000000000000000	1	700.000000000000000000000000000000	735.000000000000000000000000000000	367.500000000000000000000000000000	Per Room Per Night
cmejihl2m000oe54wg3kjpdh0	cmejihl2m000me54wbxtb0cba	cmbrkzh0a00dtnn75c4j91h9s	Adult	56.000000000000000000000000000000	56.000000000000000000000000000000	56.000000000000000000000000000000	1	112.000000000000000000000000000000	117.600000000000000000000000000000	58.800000000000000000000000000000	Breakfast
cmejihl2m000pe54wx0pm73wx	cmejihl2m000me54wbxtb0cba	cmbrkzh0a00dtnn75c4j91h9s	Child	42.000000000000000000000000000000	42.000000000000000000000000000000	42.000000000000000000000000000000	1	84.000000000000000000000000000000	88.200000000000000000000000000000	44.100000000000000000000000000000	Child Breakfast
cmejihl2m000re54wxtlaj4ul	cmejihl2m000qe54wxfuen99p	cmaxky9tl002pnnwp4z4y6loa	Adult	180.000000000000000000000000000000	180.000000000000000000000000000000	180.000000000000000000000000000000	1	180.000000000000000000000000000000	189.000000000000000000000000000000	189.000000000000000000000000000000	Per Room Per Night
cmejihl2m000se54w5p6dbwso	cmejihl2m000qe54wxfuen99p	cmaxky9tl002pnnwp4z4y6loa	Adult	100.000000000000000000000000000000	100.000000000000000000000000000000	100.000000000000000000000000000000	1	100.000000000000000000000000000000	105.000000000000000000000000000000	105.000000000000000000000000000000	Extra Bed
cmejvej7a000je57s4drbnrvt	cmejvej7a000ie57sqidcwst7	cmbrkzh0a00dtnn75c4j91h9s	Adult	350.000000000000000000000000000000	350.000000000000000000000000000000	350.000000000000000000000000000000	1	700.000000000000000000000000000000	735.000000000000000000000000000000	367.500000000000000000000000000000	Per Room Per Night
cmejvej7a000ke57suwor57di	cmejvej7a000ie57sqidcwst7	cmbrkzh0a00dtnn75c4j91h9s	Adult	56.000000000000000000000000000000	56.000000000000000000000000000000	56.000000000000000000000000000000	1	112.000000000000000000000000000000	117.600000000000000000000000000000	58.800000000000000000000000000000	Breakfast
cmeky3hb9000gnng1tds1cb24	cmeky3hb9000fnng1thr2bcqg	cmaywd5wh009ynnwpz4nyn4bw	Adult	268.000000000000000000000000000000	268.000000000000000000000000000000	268.000000000000000000000000000000	1	268.000000000000000000000000000000	281.400000000000000000000000000000	281.400000000000000000000000000000	Per Room Per Night
cmeky3hb8000enng1hcsmvi7x	cmeky3hb8000dnng1bodulqth	cmbrlcwvz00e8nn75lf7zrs4l	Adult	1641.000000000000000000000000000000	1641.000000000000000000000000000000	1641.000000000000000000000000000000	1	3282.000000000000000000000000000000	3446.100000000000000000000000000000	1723.050000000000000000000000000000	Per Room Per Night
cmel9il7g000ge6j4x3bpjliq	cmel9il7g000fe6j43jbu06o2	cmbrkzh0a00dtnn75c4j91h9s	Adult	350.000000000000000000000000000000	350.000000000000000000000000000000	350.000000000000000000000000000000	2	1400.000000000000000000000000000000	1470.000000000000000000000000000000	367.500000000000000000000000000000	Per Room Per Night
cmel9il7g000he6j4916wd3lt	cmel9il7g000fe6j43jbu06o2	cmbrkzh0a00dtnn75c4j91h9s	Adult	56.000000000000000000000000000000	56.000000000000000000000000000000	56.000000000000000000000000000000	2	224.000000000000000000000000000000	235.200000000000000000000000000000	58.800000000000000000000000000000	Breakfast
cmelacvw7000le6osmphgihfx	cmelacvw7000ke6osygwro52d	cmbrlcwvz00e8nn75lf7zrs4l	Adult	1641.000000000000000000000000000000	1641.000000000000000000000000000000	1641.000000000000000000000000000000	1	8205.000000000000000000000000000000	8615.250000000000000000000000000000	1723.050000000000000000000000000000	Per Room Per Night
cmelacvw8000me6oslrfkdo7v	cmelacvw7000ke6osygwro52d	cmbrlcwvz00e8nn75lf7zrs4l	Adult	388.000000000000000000000000000000	388.000000000000000000000000000000	388.000000000000000000000000000000	2	3880.000000000000000000000000000000	4074.000000000000000000000000000000	407.400000000000000000000000000000	Extra Bed
cmelb16c7000fe6t8hnv8r6rn	cmelb16c6000ee6t87q2m2gh7	cmbrl0cni00dznn75cdk2ls6o	Adult	400.000000000000000000000000000000	400.000000000000000000000000000000	400.000000000000000000000000000000	3	2400.000000000000000000000000000000	2520.000000000000000000000000000000	420.000000000000000000000000000000	Per Room Per Night
cmelbk2t2000ge6p8cgcfist5	cmelbk2t2000fe6p883d0ucpz	cmbrldkk000ednn75973b8bsk	Adult	1845.000000000000000000000000000000	1845.000000000000000000000000000000	1845.000000000000000000000000000000	2	7380.000000000000000000000000000000	7749.000000000000000000000000000000	1937.250000000000000000000000000000	Per Room Per Night
cmelbk2t2000he6p8wp4twpde	cmelbk2t2000fe6p883d0ucpz	cmbrldkk000ednn75973b8bsk	Adult	388.000000000000000000000000000000	388.000000000000000000000000000000	388.000000000000000000000000000000	2	1552.000000000000000000000000000000	1629.600000000000000000000000000000	407.400000000000000000000000000000	Extra Bed
cmemkrqi7001vnng1d4kksq2c	cmemkrqi7001unng1p50rw5in	cm9wjntyd0063nnppgznlx2y5	Adult	120.000000000000000000000000000000	480.000000000000000000000000000000	480.000000000000000000000000000000	1	240.000000000000000000000000000000	276.000000000000000000000000000000	138.000000000000000000000000000000	Per Room Per Night
cmf7tfnjs0011nnxbtdhoh3fj	cmf7tfnjs0010nnxbrmd7xl4v	cmc08g87l0072nnok3apd9zp7	Adult	139.000000000000000000000000000000	139.000000000000000000000000000000	139.000000000000000000000000000000	1	2919.000000000000000000000000000000	3210.900000000000000000000000000000	152.900000000000000000000000000000	Per Room Per Night
cmfdn2jat0019e6r81wvkgp4b	cmfdn2jat0018e6r892yu17df	cmbrkzh0a00dtnn75c4j91h9s	Adult	350.000000000000000000000000000000	350.000000000000000000000000000000	350.000000000000000000000000000000	2	1400.000000000000000000000000000000	1470.000000000000000000000000000000	367.500000000000000000000000000000	Per Room Per Night
cmfdn2jat001ae6r852t8i7d5	cmfdn2jat0018e6r892yu17df	cmbrkzh0a00dtnn75c4j91h9s	Adult	56.000000000000000000000000000000	56.000000000000000000000000000000	56.000000000000000000000000000000	2	224.000000000000000000000000000000	235.200000000000000000000000000000	58.800000000000000000000000000000	Breakfast
cmfdn2jat001ce6r8u96vqhfg	cmfdn2jat001be6r8v3xzszwm	cmbrl0cni00dznn75cdk2ls6o	Adult	400.000000000000000000000000000000	\N	\N	2	1600.000000000000000000000000000000	1600.000000000000000000000000000000	400.000000000000000000000000000000	Per Room Per Night
cmfdn2jat001de6r870vn4ycc	cmfdn2jat001be6r8v3xzszwm	cmbrl0cni00dznn75cdk2ls6o	Adult	56.000000000000000000000000000000	\N	\N	1	112.000000000000000000000000000000	112.000000000000000000000000000000	56.000000000000000000000000000000	Breakfast
cmfdno3fi002ke6r8g76nf9oy	cmfdno3fi002je6r89d7stwe5	cmb7t25ag004lnn4a2z2ea14m	Adult	419.000000000000000000000000000000	419.000000000000000000000000000000	419.000000000000000000000000000000	2	838.000000000000000000000000000000	879.900000000000000000000000000000	439.950000000000000000000000000000	Per Room Per Night
\.


--
-- Data for Name: Document; Type: TABLE DATA; Schema: public; Owner: postgres
--

COPY public."Document" (id, name, type, "fileUrl", "fileType", size, "uploadedOn", "uploadedBy", "leadId", "createdAt", "updatedAt", "bookingId") FROM stdin;
lvwDFCabIahjZ_1LC4-qu	Screenshot 2025-02-26 150520.png	flight	https://sscloud.sixthstar.org/webim/customer-documents/document-1755668083928-406428836.png	png	0.25 MB	2025-08-20 05:34:46.151	Admin	AKDl_2wbcJw-_rKaR2DvK	2025-08-20 05:34:46.152	2025-08-20 05:34:46.151	\N
hJJoyORLCm4xAlnmLUcpE	Itinerary L5SBFL.pdf	flight	https://sscloud.sixthstar.org/webim/customer-documents/document-1755865523197-618714620.pdf	pdf	0.09 MB	2025-08-22 12:25:24.686	Admin	c3TuvbU6ccHcOjAfKLPz3	2025-08-22 12:25:24.688	2025-08-22 12:25:24.687	\N
\.


--
-- Data for Name: FinalItineraryItem; Type: TABLE DATA; Schema: public; Owner: postgres
--

COPY public."FinalItineraryItem" (id, "bookingId", day, activity, location, "time", "createdAt", "updatedAt", notes, "sourceId", "sourceType") FROM stdin;
cmekyabbx000mnng18i4l999k	cmeky3hb8000cnng1znj43a2y	1	ARRIVAL BY MH123 AT KLIA T1	KLIA	07:30	2025-08-21 05:17:54.505	2025-08-21 05:17:54.505	\N	\N	MANUAL
cmekyba8b000onng1giqstayh	cmeky3hb8000cnng1znj43a2y	1	OVERNIGHT AT KL	\N	20:00	2025-08-21 05:18:39.755	2025-08-21 05:18:39.755	\N	\N	MANUAL
cmemsvfi90043nng1dpfctgik	cmemkrqi7001tnng14o86mj6z	2	Petronas Twin Tower Entry Ticket 	Attractions	12:30	2025-08-22 12:21:54.368	2025-08-22 12:22:05.688	Slot: 12:30PM	cmemkrqi80027nng15jw3il8w	BOOKING_ITINERARY
cmemsvu6b0045nng1y78psfpk	cmemkrqi7001tnng14o86mj6z	2	02 Way Dinner Transfer at KL - Pvt Basis	Transfers	18:00	2025-08-22 12:22:13.378	2025-08-22 12:22:13.378	\N	cmemkrqi80029nng1u97a3mpd	BOOKING_ITINERARY
cmemsw72k0049nng1hlvdlo6p	cmemkrqi7001tnng14o86mj6z	3	One Way Transfer from Kuala Lumpur Hotel - Kuala Lumpur Airport + Enroute Putrajaya ( 30Mins )	Transfers	12:00	2025-08-22 12:22:30.092	2025-08-22 12:22:30.092	\N	cmemkrqi9002fnng1f7awf04d	BOOKING_ITINERARY
cmemswei4004bnng14y8i7psl	cmemkrqi7001tnng14o86mj6z	3	KL Half Day Country Side Tour ( 3 Hours ) (Pvt Basis)	Tours	12:30	2025-08-22 12:22:39.725	2025-08-22 12:22:39.725	\N	cmemkrqi9002dnng1e3y7xy4o	BOOKING_ITINERARY
cmemsvyfj0047nng1prxi0zvc	cmemkrqi7001tnng14o86mj6z	2	Dinner at Indian Restaurant KL	Restaurants	18:00	2025-08-22 12:22:18.896	2025-08-22 12:23:04.392	Dinner at Daawat KL	cmemkrqi9002bnng1scu3iopx	BOOKING_ITINERARY
cmemujifm0004e6i82pv474st	cmemkrqi7001tnng14o86mj6z	1	Full Day Genting Tour ( 8 Hours ) + Enroute Batu Caves ( 30Mins ) (Pvt Basis)	Tours	10:00	2025-08-22 13:08:37.402	2025-08-22 13:08:37.402	test	cmemkrqi8001znng1xek1ze7h	BOOKING_ITINERARY
cmemujuuf004vnng1fn0uto44	cmemkrqi7001tnng14o86mj6z	1	One Way Transfer from Kuala Lumpur Airport - Kuala Lumpur Hotel	Transfers	10:00	2025-08-22 13:08:53.608	2025-08-22 13:08:53.608	test	cmemkrqi8001xnng1zpttn15f	BOOKING_ITINERARY
cmf7to6a7001ennxbjto30qjv	cmf7tfnjs000znnxbl1l7nd92	1	MH123 - BOM to KUL	Terminal 1 KLIA	07:30	2025-09-06 05:27:25.135	2025-09-06 05:27:25.135	\N	\N	MANUAL
cmf7tojan001gnnxbvnqmf4y1	cmf7tfnjs000znnxbl1l7nd92	1	Check-in: Arena Starr	TBO	14:00	2025-09-06 05:27:41.999	2025-09-06 05:27:41.999	Conf #: 134526\nStandard Check in time 1500 hrs	cmf7tfnjs0010nnxbrmd7xl4v	ACCOMMODATION
cmf7tor6l001innxbug84izd0	cmf7tfnjs000znnxbl1l7nd92	22	One Way Transfer from Kuala Lumpur Airport - Kuala Lumpur Hotel	Transfers	17:00	2025-09-06 05:27:52.222	2025-09-06 05:28:14.538	MH321 Departing at 2100 hrs from KUL T1	cmf7tfnjt0015nnxbp2skd5o7	BOOKING_ITINERARY
\.


--
-- Data for Name: FollowUp; Type: TABLE DATA; Schema: public; Owner: postgres
--

COPY public."FollowUp" (id, date, "oldStage", "newStage", notes, "leadId", "userName") FROM stdin;
cmejhs03d0000e54w9341b6pe	2025-08-20 04:48:00.075	new_lead	new_lead	Lead created	AKDl_2wbcJw-_rKaR2DvK	Admin
cmeji0gf5000he54w0pqhskvb	2025-08-20 04:54:34.529	new_lead	quotation_created	Quotation created	AKDl_2wbcJw-_rKaR2DvK	Admin
cmeji0qab000ie54w75udh4zw	2025-08-20 04:54:47.315	quotation_created	quotation_sent	Quotation QT-831554-RNZIT101 sent to agent.	AKDl_2wbcJw-_rKaR2DvK	Admin
cmejihjc5000je54w01mzkc0o	2025-08-20 05:07:51.461	quotation_sent	quotation_accepted	Quotation QT-831554-RNZIT101 accepted by agent.	AKDl_2wbcJw-_rKaR2DvK	Admin
cmejuhpeo0000e50otainyq4h	2025-08-20 10:43:54.674	quotation_accepted	quotation_sent	Quotation QT-831554-RNZIT101 sent to agent.	AKDl_2wbcJw-_rKaR2DvK	Admin
cmejvcohn0000e57s9xkgnmbq	2025-08-20 11:07:59.827	new_lead	new_lead	Lead created	NQRPLBBAQcVqpw6-UyGp-	Admin
cmejvdl78000de57stko8g0go	2025-08-20 11:08:42.261	new_lead	quotation_created	Quotation created	NQRPLBBAQcVqpw6-UyGp-	Admin
cmejvdw24000ee57s6yddvqxa	2025-08-20 11:08:56.292	quotation_created	quotation_sent	Quotation QT-393999-RNZIT101 sent to agent.	NQRPLBBAQcVqpw6-UyGp-	Admin
cmejvei8r000fe57sngr8xmvo	2025-08-20 11:09:25.083	quotation_sent	quotation_accepted	Quotation QT-393999-RNZIT101 accepted by agent.	NQRPLBBAQcVqpw6-UyGp-	Admin
cmekxynvt0000nng1w3lt5xhv	2025-08-21 05:08:50.921	new_lead	new_lead	Lead created	gPZLMjo-jJCl_i6TXIizB	Admin
cmeky0rzu0008nng18p18wy20	2025-08-21 05:10:29.562	new_lead	quotation_created	Quotation created	gPZLMjo-jJCl_i6TXIizB	Admin
cmeky2ovu0009nng1dclx7aec	2025-08-21 05:11:58.842	quotation_created	quotation_sent	Quotation QT-937787-SS-1310 sent to agent.	gPZLMjo-jJCl_i6TXIizB	Admin
cmeky3hao000anng1tx7m8eqk	2025-08-21 05:12:35.665	quotation_sent	quotation_accepted	Quotation QT-937787-SS-1310 accepted by agent.	gPZLMjo-jJCl_i6TXIizB	Admin
cmel2aaml000unng10o3yuupo	2025-08-21 07:09:52.077	quotation_sent	quotation_accepted	Quotation QT-831554-RNZIT101 accepted by agent.	AKDl_2wbcJw-_rKaR2DvK	Admin
efad23af-354e-4c46-8ca6-8821665feca2	2025-08-21 07:10:58.077	quotation_accepted	assigned_to_operations	Assigned to sixthstaroperation, Operation Team	NQRPLBBAQcVqpw6-UyGp-	Admin
cmel9hsyj0000e6j4bnienoxg	2025-08-21 10:31:39.693	new_lead	new_lead	Lead created	dtYAavl4EUfgM_bpMWP0q	Admin
cmel9ih0i000be6j4t1kgimdq	2025-08-21 10:32:10.914	new_lead	quotation_created	Quotation created	dtYAavl4EUfgM_bpMWP0q	Admin
cmel9ikai000ce6j49how5zc0	2025-08-21 10:32:15.162	quotation_created	quotation_accepted	Quotation QT-934338-RNZIT101 accepted by agent.	dtYAavl4EUfgM_bpMWP0q	Admin
cmelabgeu0000e6os2t6en9qd	2025-08-21 10:54:43.111	new_lead	new_lead	Lead created	NndBhuhiBg9m0Un9o3vJn	Admin
cmelacrag000ge6oskl6u4ky7	2025-08-21 10:55:43.912	new_lead	quotation_created	Quotation created	NndBhuhiBg9m0Un9o3vJn	Admin
cmelacugg000he6oswh63m7mf	2025-08-21 10:55:48.016	quotation_created	quotation_accepted	Quotation QT-853097-TPCL accepted by agent.	NndBhuhiBg9m0Un9o3vJn	Admin
cmelb0ee70000e6t8y0qhfdwd	2025-08-21 11:14:06.893	new_lead	new_lead	Lead created	hWo4o8ieSawUH665eXKJn	Admin
cmelb105h000ae6t8rydmm9k8	2025-08-21 11:14:35.141	new_lead	quotation_created	Quotation created	hWo4o8ieSawUH665eXKJn	Admin
cmelb14zo000be6t84if06e8q	2025-08-21 11:14:41.412	quotation_created	quotation_accepted	Quotation QT-301812-TPCL accepted by agent.	hWo4o8ieSawUH665eXKJn	Admin
cmelbiqyv0000e6p855ez2n5q	2025-08-21 11:28:22.992	new_lead	new_lead	Lead created	z2UU7i792_XDW71dcSBZP	Admin
cmelbjl1k000be6p8fap9x7j7	2025-08-21 11:29:02.024	new_lead	quotation_created	Quotation created	z2UU7i792_XDW71dcSBZP	Admin
cmelbk0rl000ce6p8su358a9t	2025-08-21 11:29:22.401	quotation_created	quotation_accepted	Quotation QT-361821-RNZIT101 accepted by agent.	z2UU7i792_XDW71dcSBZP	Admin
cmemk7olu000xnng1glhgbbui	2025-08-22 08:19:29.488	new_lead	new_lead	Lead created	c3TuvbU6ccHcOjAfKLPz3	Admin
cmemklf5o001pnng1r9lg7yzd	2025-08-22 08:30:10.428	new_lead	quotation_created	Quotation created	c3TuvbU6ccHcOjAfKLPz3	Admin
cmemkqvcp001qnng1ru8rzstv	2025-08-22 08:34:24.697	quotation_created	quotation_sent	Quotation QT-428984-RVTT sent to agent.	c3TuvbU6ccHcOjAfKLPz3	Admin
cmemkrqhh001rnng12px21bdv	2025-08-22 08:35:05.045	quotation_sent	quotation_accepted	Quotation QT-428984-RVTT accepted by agent.	c3TuvbU6ccHcOjAfKLPz3	Admin
cmemkuph1002knng1em5owyfl	2025-08-22 08:37:23.701	quotation_accepted	quotation_sent		c3TuvbU6ccHcOjAfKLPz3	Admin
cmemkvgt8002snng13pf7rp36	2025-08-22 08:37:59.133	quotation_sent	quotation_created	Quotation created	c3TuvbU6ccHcOjAfKLPz3	Admin
cmemkvxul002xnng1iufhhugd	2025-08-22 08:38:21.213	quotation_created	quotation_accepted	Quotation QT-428984-RVTT-R2 accepted by agent.	c3TuvbU6ccHcOjAfKLPz3	Admin
cmemtg8v10000e6i8kt0esl9p	2025-08-22 12:38:05.526	assigned_to_operations	trip_started		NQRPLBBAQcVqpw6-UyGp-	Admin
cmemtgw720001e6i8dhy5ppwf	2025-08-22 12:38:35.774	trip_started	trip_completed		NQRPLBBAQcVqpw6-UyGp-	Admin
cmemti3oy0002e6i8k9n1dmrk	2025-08-22 12:39:32.146	trip_completed	feedback_collected		NQRPLBBAQcVqpw6-UyGp-	Admin
cmf7sy4f20002nnxbuu0ci1pn	2025-09-06 05:07:09.661	new_lead	new_lead	Lead created	BfImP3NGLljyzKzOwqMB-	Admin
cmf7t767c000ennxb1wm4gfu0	2025-09-06 05:14:11.88	new_lead	quotation_created	Quotation created	BfImP3NGLljyzKzOwqMB-	Admin
cmf7tfniw000xnnxbn4zmnb3s	2025-09-06 05:20:47.576	quotation_created	quotation_accepted	Quotation QT-994292-RNZIT101-D1 accepted by agent.	BfImP3NGLljyzKzOwqMB-	Admin
ee5e9ee3-9cb3-4eaf-a231-57a436122616	2025-09-06 05:52:49.424	quotation_accepted	assigned_to_operations	Assigned to sixthstaroperation, Operation Team	c3TuvbU6ccHcOjAfKLPz3	Admin
dd0082e0-8d4c-4db7-9ade-758d0677f372	2025-09-06 05:53:00.741	quotation_accepted	assigned_to_operations	Assigned to sixthstaroperation, Operation Team	hWo4o8ieSawUH665eXKJn	Admin
cmfayfzp40000e6lg7n043rq5	2025-09-08 10:04:19.919	quotation_accepted	quotation_sent	Quotation QT-994292-RNZIT101-D1 sent to agent.	BfImP3NGLljyzKzOwqMB-	Admin
cmfayh5nx0000e6a4bpaypwp3	2025-09-08 10:05:14.349	quotation_sent	quotation_sent	Quotation QT-994292-RNZIT101-D1 sent to agent.	BfImP3NGLljyzKzOwqMB-	Admin
cmfb0dgii0000e6igwoe1x4bm	2025-09-08 10:58:21.018	quotation_sent	quotation_sent	Quotation QT-994292-RNZIT101-D1 sent to agent.	BfImP3NGLljyzKzOwqMB-	Admin
c6bc521a-821e-4a9b-a850-61cc029abe52	2025-09-09 09:48:23.401	assigned_to_operations	assigned_to_assessment	Assigned to Test Assignment for assessment.	c3TuvbU6ccHcOjAfKLPz3	Admin
cmfcifgwe0000e6mgh93w0y94	2025-09-09 12:11:34.093	assigned_to_assessment	quotation_accepted	Quotation QT-428984-RVTT-R2 accepted by agent.	c3TuvbU6ccHcOjAfKLPz3	Admin
cmfdmt2t50000e6r8jxe5dpat	2025-09-10 07:01:53.614	new_lead	new_lead	Lead created	EKBs_mcBjAAR8M-rYT6NA	Admin
cmfdmtwoa000de6r8k1q6bx7v	2025-09-10 07:02:32.363	new_lead	quotation_created	Quotation created	EKBs_mcBjAAR8M-rYT6NA	Admin
cmfdn0sbh000qe6r8c1gjje2b	2025-09-10 07:07:53.31	quotation_created	quotation_sent	Quotation QT-561716-RNZIT101 sent to agent.	EKBs_mcBjAAR8M-rYT6NA	Admin
cmfdn2iki0015e6r8hmnaq1va	2025-09-10 07:09:13.986	quotation_sent	quotation_accepted	Quotation QT-561716-RNZIT101 accepted by agent.	EKBs_mcBjAAR8M-rYT6NA	Admin
70bbd72a-d785-4eed-9a41-8da49d67be48	2025-09-10 07:15:57.261	quotation_accepted	assigned_to_assessment	Assigned to Test Assignment for assessment.	EKBs_mcBjAAR8M-rYT6NA	Admin
cmfdncfjw001te6r8l61a9uhe	2025-09-10 07:16:56.637	assigned_to_assessment	quotation_sent	Quotation QT-561716-RNZIT101 sent to agent.	EKBs_mcBjAAR8M-rYT6NA	Admin
cmfdngc7y001ue6r86jeaokco	2025-09-10 07:19:58.942	quotation_sent	quotation_accepted	Quotation QT-994292-RNZIT101-D1 accepted by agent.	BfImP3NGLljyzKzOwqMB-	Admin
cmfdngg4k001ve6r8pbb9eibo	2025-09-10 07:20:04.004	quotation_sent	quotation_accepted	Quotation QT-561716-RNZIT101 accepted by agent.	EKBs_mcBjAAR8M-rYT6NA	Admin
cmfdniffc001we6r8cs86aeh2	2025-09-10 07:21:36.365	new_lead	new_lead	Lead created	5G3r-cNPWvHxv7d5JAdzh	Admin
cmfdnja1v0028e6r872d61dr8	2025-09-10 07:22:16.099	new_lead	quotation_created	Quotation created	5G3r-cNPWvHxv7d5JAdzh	Admin
cmfdnnrpz002ee6r8lvxjurur	2025-09-10 07:25:45.624	quotation_created	quotation_created	Quotation created	5G3r-cNPWvHxv7d5JAdzh	Admin
cmfdnnxp2002fe6r8u399c10q	2025-09-10 07:25:53.367	quotation_created	quotation_sent	Quotation QT-364482-RNZIT101-R2 sent to agent.	5G3r-cNPWvHxv7d5JAdzh	Admin
cmfdno2li002ge6r83xiaii65	2025-09-10 07:25:59.664	quotation_sent	quotation_accepted	Quotation QT-364482-RNZIT101-R2 accepted by agent.	5G3r-cNPWvHxv7d5JAdzh	Admin
7bfd489f-0f55-453d-b7d2-1c17e8ddd929	2025-09-10 07:26:46.862	quotation_accepted	assigned_to_assessment	Assigned to Test Assignment for assessment.	5G3r-cNPWvHxv7d5JAdzh	Admin
cmfqsu7w90000nn9v1jf1p4vr	2025-09-19 12:11:44.888	new_lead	new_lead	Lead created	HIIu9dpWu4c0mCyMrQjeV	Admin
cmfqsvv6j0007nn9vwbk3ai66	2025-09-19 12:13:01.724	new_lead	quotation_created	Quotation created	HIIu9dpWu4c0mCyMrQjeV	Admin
cmj8nc8y50000nnz92snlma4l	2025-12-16 13:56:46.541	new_lead	new_lead	Lead created	bDcKkgQ1XPeAMwJddt_GD	sales-team
cmj9tc78j000afz2a7w7rqr3x	2025-12-17 09:32:28.095	new_lead	new_lead	Lead created	cmj9tc78j0009fz2a5bf3pj8m	ssworld
cmj9tgyno000kfz2aqz32q4x5	2025-12-17 09:36:10.357	new_lead	quotation_created	Quotation QT-452133-AGT1891 created.	cmj9tc78j0009fz2a5bf3pj8m	ssworld
cmk2gox7h0001e5tgs7ywun30	2026-01-06 10:43:45.776	new_lead	new_lead	Lead created	8l6PZNUoVkIx38IX4qmvG	Admin
\.


--
-- Data for Name: Guide; Type: TABLE DATA; Schema: public; Owner: postgres
--

COPY public."Guide" (id, name, phone, email, description, "termsAndConditions", "createdAt", "supplierId", "updatedAt") FROM stdin;
32ERBkD2vA6IxLoX27TwN3h8	Full Day Guide Service @ Penang	0162200647	katir-ops@ktholidays.com			2025-06-17 09:46:24.586	BKBq6nFFba1jXYDDGViJHlrT	\N
FjXtbdKckKyh2F5MYetj9-bK	Vignesh Waran test	7889543567	testguide@gmail.com	heelo4	fhnfhfgx	2025-05-15 12:50:16.997	y0GyL5Q4z-KzW4XwKqvbTjem	2025-05-15 13:06:36.144
LBZOCMvARkfgByHtWoei1rnu	test-225	9595959595	admin@gmail.com	sdsf	dsfgh	2025-05-16 05:26:46.582	y0GyL5Q4z-KzW4XwKqvbTjem	\N
HareBfCISz4-dfygCx257sh_	guide 33-test	96520742851	admin@gmail.com	fdgs		2025-05-16 06:27:16.667	y0GyL5Q4z-KzW4XwKqvbTjem	\N
cmvzBAe_9VHJrbwjJdbmzN1C	One Way Airport Transfer Guide Service @ Penang					2025-06-12 08:55:45.914	BKBq6nFFba1jXYDDGViJHlrT	\N
f7AV3St8xRVxFfolrPS3xU1w	Full Day Guide Service @ Genting					2025-06-12 08:58:33.554	z_ZWpmGqxiy8C_TLlP0fdCta	\N
f5BL5ZrRZcOesITjuI9yeY8j	Full Day Guide Service @ Kuala Lumpur					2025-06-12 09:01:27.213	z_ZWpmGqxiy8C_TLlP0fdCta	\N
GdCj1K4KVuHkCR8GCfyf6yRr	Guide Service Overland					2025-06-12 09:37:05.42	z_ZWpmGqxiy8C_TLlP0fdCta	\N
1cDkXgMOJqSiTUkOWofxHJMo	trd-newtest	9595959569	trt@gmail.com			2025-06-16 06:23:34.123	BKBq6nFFba1jXYDDGViJHlrT	\N
yYVP0S4mgBtvrQiJIghHje_d	One Way Airport Transfer Guide Service @ Kuala Lumpur	0162200647	katir-ops@ktholidays.com			2025-06-17 08:08:34.667	z_ZWpmGqxiy8C_TLlP0fdCta	\N
WeklIMm4W_gVmf9d7X1jm4U-	One Way Airport Transfer Guide Service @ Langkawi (Beach Hotel)					2025-06-12 08:57:20.224	ZLLyWePS8e-RmVgyDUhlAVP3	\N
bNCLzhr4kMsrrrqkexdFTRCa	One Way Airport Transfer Guide Service @ Langkawi (North Hotel)	0162200647	katir-ops@ktholidays.com			2025-06-17 09:38:28.762	ZLLyWePS8e-RmVgyDUhlAVP3	\N
lzQe8s4yYNBwiY8TtbPQMmY5	Half Day Guide Service @ Langkawi (from North Hotel)	0162200647	katir-ops@ktholidays.com			2025-06-17 08:11:45.337	z_ZWpmGqxiy8C_TLlP0fdCta	\N
YcQWUqbjY-Di8DbzoBJ153NC	Half Day Guide Service @ Langkawi (from Beach Hotel)	0162200647	katir-ops@ktholidays.com			2025-06-17 08:10:56.117	z_ZWpmGqxiy8C_TLlP0fdCta	\N
K_aW8Kem9NHDop938J-vpb6y	Full Day Guide Service @ Langkawi (Beach Hotel)					2025-06-12 09:36:42.211	ZLLyWePS8e-RmVgyDUhlAVP3	\N
EwS-FJFJRdzf4AIDjBzDrlkB	Full Day Guide Service @ Langkawi (North Hotel)	0162200647	katir-ops@ktholidays.com			2025-06-17 09:40:05.99	ZLLyWePS8e-RmVgyDUhlAVP3	\N
6hYwtzqn9nPB7LYMrv997WD7	Full Day Guide Service @ Langkawi - 12 Hours (Beach Hotel)	0162200647	katir-ops@ktholidays.com			2025-06-17 09:42:02.962	ZLLyWePS8e-RmVgyDUhlAVP3	\N
MWoJjfNGWMdn6ojZYbe_xXQS	Full Day Guide Service @ Langkawi - 12 Hours (North Hotel)	0162200647	katir-ops@ktholidays.com			2025-06-17 09:42:30.89	ZLLyWePS8e-RmVgyDUhlAVP3	\N
U7kuKHZDytkII5VyOHRseu0x	Meal Transfer Guide Service @ Penang (2.5 Hrs)	0162200647	katir-ops@ktholidays.com			2025-06-17 09:44:39.362	BKBq6nFFba1jXYDDGViJHlrT	\N
H1wqZKSKdMWiI8TiR6neqzHG	Half Day Guide Service @ Penang	0162200647	katir-ops@ktholidays.com			2025-06-17 09:45:36.751	BKBq6nFFba1jXYDDGViJHlrT	\N
\.


--
-- Data for Name: GuidePrice; Type: TABLE DATA; Schema: public; Owner: postgres
--

COPY public."GuidePrice" (id, "guideId", "costPrice", "optionalPrice", category, "paxType") FROM stdin;
Ud77rV9SqvoMeWIrBFawYNe-	FjXtbdKckKyh2F5MYetj9-bK	67.000000000000000000000000000000	67.000000000000000000000000000000	Within City Limit	Adult
zejE0YKN657dT3JFarfLTzAU	FjXtbdKckKyh2F5MYetj9-bK	78.000000000000000000000000000000	791.000000000000000000000000000000	Genting	All
0vfUTXdmpr3HoznyNznm7WbW	FjXtbdKckKyh2F5MYetj9-bK	67.000000000000000000000000000000	46.000000000000000000000000000000	Others	Adult
yqGARpppa70mXO_LikAe--Vt	LBZOCMvARkfgByHtWoei1rnu	125.000000000000000000000000000000	120.000000000000000000000000000000	Genting	Adult
taKvY7qqE6hB-Nr9kvW1TMrP	HareBfCISz4-dfygCx257sh_	120.000000000000000000000000000000	120.000000000000000000000000000000	Within City Limit	Adult
UMH_G-g_ipjlBUrTFi23KKWj	cmvzBAe_9VHJrbwjJdbmzN1C	120.000000000000000000000000000000	120.000000000000000000000000000000	Within City Limit	All
VPqOkaOhiniJ5KzpkMl726yu	f7AV3St8xRVxFfolrPS3xU1w	350.000000000000000000000000000000	350.000000000000000000000000000000	Genting	All
8j0Trf2k6BZvDlomqpCZW_og	f5BL5ZrRZcOesITjuI9yeY8j	300.000000000000000000000000000000	300.000000000000000000000000000000	Within City Limit	All
7m80nMN8rvwZb7YRjb4FcBy-	GdCj1K4KVuHkCR8GCfyf6yRr	400.000000000000000000000000000000	400.000000000000000000000000000000	Others	All
0XR5WKsPKj_1zaRY3gwqkfRz	1cDkXgMOJqSiTUkOWofxHJMo	10.000000000000000000000000000000	15.000000000000000000000000000000	Genting	Adult
d1GPZevJ1K1bbi5kNFfjS2fo	yYVP0S4mgBtvrQiJIghHje_d	250.000000000000000000000000000000	250.000000000000000000000000000000	Others	All
exGL4pyChN3HZ50_jJluqTG7	WeklIMm4W_gVmf9d7X1jm4U-	70.000000000000000000000000000000	70.000000000000000000000000000000	Within City Limit	All
EFiJJ4vlsFe8Y7QjzX7mvsEB	bNCLzhr4kMsrrrqkexdFTRCa	110.000000000000000000000000000000	110.000000000000000000000000000000	Within City Limit	All
33TjJWyODNC7zGLmIWQkn9uF	lzQe8s4yYNBwiY8TtbPQMmY5	190.000000000000000000000000000000	190.000000000000000000000000000000	Within City Limit	All
_GIhC1yICN9om8Pu0LbpR_-x	YcQWUqbjY-Di8DbzoBJ153NC	150.000000000000000000000000000000	150.000000000000000000000000000000	Within City Limit	All
AWOIbJLNn6kRxWL8gMQUkV6D	K_aW8Kem9NHDop938J-vpb6y	250.000000000000000000000000000000	250.000000000000000000000000000000	Within City Limit	All
4phtqL7oQS84WWGjPFwpZqYf	EwS-FJFJRdzf4AIDjBzDrlkB	290.000000000000000000000000000000	290.000000000000000000000000000000	Within City Limit	All
wLrQ1j7OJiaf93M44MQIv9lh	6hYwtzqn9nPB7LYMrv997WD7	300.000000000000000000000000000000	300.000000000000000000000000000000	Within City Limit	All
BC8f_EoVAHfHcfi7NPSAvmK0	MWoJjfNGWMdn6ojZYbe_xXQS	320.000000000000000000000000000000	320.000000000000000000000000000000	Within City Limit	All
_92DguZi9cXqaMeyjkNb91SF	U7kuKHZDytkII5VyOHRseu0x	120.000000000000000000000000000000	120.000000000000000000000000000000	Within City Limit	All
9M6-e97f-yElI7-yC_kQLEFV	H1wqZKSKdMWiI8TiR6neqzHG	200.000000000000000000000000000000	200.000000000000000000000000000000	Within City Limit	All
7UtOJCDow6ekrj4eTNY1dNsE	32ERBkD2vA6IxLoX27TwN3h8	320.000000000000000000000000000000	320.000000000000000000000000000000	Within City Limit	All
\.


--
-- Data for Name: HotelPrice; Type: TABLE DATA; Schema: public; Owner: postgres
--

COPY public."HotelPrice" (id, "hotelId", category, pax, "costPrice", "optionalPrice") FROM stdin;
cm91ebhhv0008e5fw3uomkjap	cm91ebhgn0000fwe5dq9h5fmd	Breakfast - Adult	Adult	290	250
cmafiw5cz000wnnto7d3clv30	cmafiw5ck0000tonn7hipbw2w	Half Day Meeting Package (4 hours)	Child	100	0
cmaklxwyt0007e5lcbvg9o9cm	cmaklxwxc0004lce5gspp48ag	Breakfast - Adult	Adult	0	0
cmakm6mke0003e67821dshul1	cmakm6mj2000078e61abd3g2e	Breakfast - Adult	Adult	45	54
cmaxejnom0000nnwpgt8v6dto	cmaxejno00000wpnn6llidu7z	Breakfast - Adult	Adult	0	0
cmbuc2r1l0001e5vowwqrwg22	cmbuc2r0g0001voe58winb5gd	Breakfast - Adult	Adult	10	10
cmbrm18350000e5aswq1t76z5	cmbrm181r0000ase55rqwh25o	Breakfast - Adult	Adult	10	10
cmacgf54p0000e5jk102br0ib	cmacgf52z0000jke5fdcc7o2t	Breakfast - Adult	Adult	100	100
\.


--
-- Data for Name: HotelVoucher; Type: TABLE DATA; Schema: public; Owner: postgres
--

COPY public."HotelVoucher" (id, "voucherNo", "accommodationId", "totalAdults", "hotelName", "hotelAddress", "hotelPhone", "checkInDate", "checkOutDate", "roomDetails", "mealPlan", "confirmationNumber", "specialInclusions", "termsAndConditions", "issuedAt", "customerName", "bookingId", "totalKids") FROM stdin;
cmejjbczt0010e54wkhus198f	HV-831554-RNZIT101-0CBA	cmejihl2m000me54wbxtb0cba	5	PARKROYAL A'Famosa Melaka Resort	Jalan Kemus, Simpang Ampat, Alor Gajah, 78000 Melaka	06-908 8888	2025-08-19 18:30:00	2025-08-21 18:30:00	1 X Superior Room (King / Twin) - (Sun - Thurs) WITH Breakfast & Child Breakfast X 2 Nights	Breakfast & Child Breakfast	#Booked_101 	N/A	Standard hotel terms apply. Please refer to hotel policy.	2025-08-20 05:31:02.922	test	cmejihl2m000le54wz5e9vb0i	1
cmejjde0l0011e54wuyahh81q	HV-831554-RNZIT101-N99P	cmejihl2m000qe54wxfuen99p	5	Fives Hotel JBCC (N)	45, Jalan Wong Ah Fook, Bandar Johor Bahru, 80000 Johor Bahru, Johor Darul Ta'zim	 07-219 7777	2025-08-22 18:30:00	2025-08-23 18:30:00	1 X Deluxe Twin - 1 King Bed (Sun - Thu) WITH AI X 1 Nights	AI	Book101	1 X EXTRA BED (ADULT )	Standard hotel terms apply. Please refer to hotel policy.	2025-08-20 05:32:37.557	test	cmejihl2m000le54wz5e9vb0i	1
cmejvfp93000qe57sbobv2v5h	HV-393999-RNZIT101-WST7	cmejvej7a000ie57sqidcwst7	4	PARKROYAL A'Famosa Melaka Resort	Jalan Kemus, Simpang Ampat, Alor Gajah, 78000 Melaka	06-908 8888	2025-08-19 18:30:00	2025-08-21 18:30:00	1 X Superior Room (King / Twin) - (Sun - Thurs) WITH Breakfast X 2 Nights	Breakfast	confimr101	N/A	Standard hotel terms apply. Please refer to hotel policy.	2025-08-20 11:10:20.823	test	cmejvej7a000he57s2a36avwp	0
cmeky64qn000knng12phlv5tx	HV-937787-SS-1310-BCQG	cmeky3hb9000fnng1thr2bcqg	2	Century Pines Resort Cameron Highlands	Jalan Masjid, Tanah Rata, 39000 Tanah Rata, Pahang	05-4915115	2025-08-29 18:30:00	2025-08-30 18:30:00	1 X Deluxe Room (2A 2C) X 1 Nights	N/A	bgh678	N/A	Standard hotel terms apply. Please refer to hotel policy.	2025-08-21 05:14:39.359	Neeraj Nandagopal	cmeky3hb8000cnng1znj43a2y	0
cmeky5gz6000jnng1syn1ud2w	HV-937787-SS-1310-LQTH	cmeky3hb8000dnng1bodulqth	2	The Banjaran Hotsprings Retreat, Ipoh	1, Persiaran Lagoon, Sunway 3, 31150 Ipoh, Perak	+6052107777	2025-08-27 18:30:00	2025-08-29 18:30:00	1 X Water Villa (Sun - Thurs) X 2 Nights	N/A	kjhkj676	N/A	Standard hotel terms apply. Please refer to hotel policy.	2025-08-21 05:14:08.562	Neeraj Nandagopal	cmeky3hb8000cnng1znj43a2y	0
cmemsh5g00033nng1jgzq3bhc	HV-428984-RVTT-W5IN	cmemkrqi7001unng1p50rw5in	2	Kingston Hotel 08 @ Bukit Bintang	Hotel Address Not Provided	Hotel Phone Not Provided	2025-09-03 16:00:00	2025-09-05 16:00:00	1 X Deluxe Room X 2 Nights	N/A	22753	N/A	Standard hotel terms apply. Please refer to hotel policy.	2025-08-22 12:10:48.145	Vagu Lakshmi	cmemkrqi7001tnng14o86mj6z	0
cmf7tiypl0018nnxbtwdugifs	HV-994292-RNZIT101-D1-XL4V	cmf7tfnjs0010nnxbrmd7xl4v	2	Arena Starr	49-51, Jalan Hang Lekiu, City Centre, 50100 Kuala Lumpur, Wilayah Persekutuan Kuala Lumpur	03-2078 6988	2025-09-07 18:30:00	2025-09-28 18:30:00	1 X Deluxe Triple Room X 21 Nights	N/A	134526	N/A	Standard hotel terms apply. Please refer to hotel policy.	2025-09-06 05:23:22.041	Gopi	cmf7tfnjs000znnxbl1l7nd92	0
\.


--
-- Data for Name: Hotels; Type: TABLE DATA; Schema: public; Owner: postgres
--

COPY public."Hotels" (id, name, location, "starRating", "tourismTax", "stateTax", address, phone, description, "termsAndConditions", "supplierId", surcharge, "closedDates", "createdAt", "updatedAt") FROM stdin;
clyy7fgn700kzii6irwqhqs18	Metrostar Hotel	Kuala Lumpur	3	10	0	149 Jalan Masjid India, 50100 Kuala Lumpur, Federal Territory of Kuala Lumpur	+603-2262 2000	MetroStar Hotel Kuala Lumpur is set to become a popular tourist Sanctuary Downtown, with its modern and Contemporary Design. With 137 Guest rooms (Superior, Deluxe and Suite), the hotel offers accommodation for an extended stay.\n'No Rooms, Only Homes'	4. Extra Person Charges: Charges for additional guests may apply and vary based on the property's policy.\n5. Tourism and State Tax: A Tourism Tax of RM10 per room per night are not included in the room rate and must be paid at the counter during heck-in, unless otherwise stated.\nfor staying at the registered premises.\n6. Security Deposit: The hotel may require a security deposit during check-in, which will be communicated at that time.\n7. Additional Charges: Any additional charges incurred during your stay must be settled before checkout.\n8. Special Requests: Special requests are subject to availability at check-in and may incur additional charges. Please note that these requests cannot be guaranteed.\n9. Registered Guests Only: Only registered guests are permitted in the guestrooms. 	\N	\N	\N	2025-03-26 12:21:46.204	\N
cm2bma1u50di3p4z6uuu0321m	Swiss Garden & Residences Genting Highlands	Genting Highlands	4	10	3	Windmill Upon Hills, Genting Permai 69000 Genting Highlands Pahang	\N	\N	4. Extra Person Charges: Charges for additional guests may apply and vary based on the property's policy.\n5. Tourism and State Tax: A Tourism Tax of RM10 per room per night are not included in the room rate and must be paid at the counter during heck-in, unless otherwise stated.\n6. Pahang state government has introduced a mandatory sustainability tax of RM3.00 per occupied room per night for all hotels in Pahang  ( Required to Pay on the Ground ) for staying at the registered premises.\n7. Security Deposit: The hotel may require a security deposit during check-in, which will be communicated at that time.\n8. Additional Charges: Any additional charges incurred during your stay must be settled before checkout.\n9. Special Requests: Special requests are subject to availability at check-in and may incur additional charges. Please note that these requests cannot be guaranteed.\n10. Registered Guests Only: Only registered guests are permitted in the guestrooms. 	\N	\N	\N	2025-03-26 12:21:46.204	\N
clyy7fgmz00kwii6i68pbhg6o	Bayview Hotel Langkawi	Langkawi	4	10	5	\N	\N	\N	4. Extra Person Charges: Charges for additional guests may apply and vary based on the property's policy.\n5. Tourism and State Tax: A Tourism Tax of RM10 per room per night are not included in the room rate and must be paid at the counter during heck-in, unless otherwise stated.\n6. Langkawi Municipal Council has announced the mandatory State Tourism Fee" at MYR 3 - 5 per occupied room per night ( Required to Pay on the Ground ) for staying at the registered premise.	\N	\N	\N	2025-03-26 12:21:46.204	\N
clyy7fgm600kmii6iysfdq298	Pacific Express Hotel Central Market - Rooms Inclusive B'fast for 2	Kuala Lumpur	4	10	0	\N	\N	\N	4. Extra Person Charges: Charges for additional guests may apply and vary based on the property's policy.\n5. Tourism and State Tax: A Tourism Tax of RM10 per room per night are not included in the room rate and must be paid at the counter during heck-in, unless otherwise stated.\nfor staying at the registered premises.\n6. Security Deposit: The hotel may require a security deposit during check-in, which will be communicated at that time.\n7. Additional Charges: Any additional charges incurred during your stay must be settled before checkout.\n8. Special Requests: Special requests are subject to availability at check-in and may incur additional charges. Please note that these requests cannot be guaranteed.\n9. Registered Guests Only: Only registered guests are permitted in the guestrooms. 	\N	\N	\N	2025-03-26 12:21:46.204	\N
cm7egzke12fvr101ykiahm4cd	Pacific Regency Beach Resort, Port Dickson - Rooms Inclusive B'fast for 2	Port Dickson	4	10	0	Batu 7 1/2, Jalan Pantai Teluk Kemang, Kampung Teluk Kemang, 71050 Port Dickson, Negeri Sembilan	06-654 6888	\N	4. Extra Person Charges: Charges for additional guests may apply and vary based on the property's policy.\n5. Tourism and State Tax: A Tourism Tax of RM10 per room per night are not included in the room rate and must be paid at the counter during heck-in, unless otherwise stated.\nfor staying at the registered premises.\n6. Security Deposit: The hotel may require a security deposit during check-in, which will be communicated at that time.\n7. Additional Charges: Any additional charges incurred during your stay must be settled before checkout.\n8. Special Requests: Special requests are subject to availability at check-in and may incur additional charges. Please note that these requests cannot be guaranteed.\n9. Registered Guests Only: Only registered guests are permitted in the guestrooms. 	\N	\N	\N	2025-03-26 12:21:46.204	\N
cm7efad882fts101yvkh8pg7m	Dayang Bay Resort Langkawi	Langkawi	4	10	4	Jalan Taman Pelangi, 07100 Langkawi, Kedah	\N	\N	4. Extra Person Charges: Charges for additional guests may apply and vary based on the property's policy.\n5. Tourism and State Tax: A Tourism Tax of RM10 per room per night are not included in the room rate and must be paid at the counter during heck-in, unless otherwise stated.\n6. Langkawi Municipal Council has announced the mandatory State Tourism Fee" at MYR 3 - 5 per occupied room per night ( Required to Pay on the Ground ) for staying at the registered premise.	\N	\N	\N	2025-03-26 12:21:46.204	\N
cm3438g000hlkw3vswyw6daht	Eastern & Oriental Hotel Penang	Penang	5	10	3	\N	\N	\N	4. Extra Person Charges: Charges for additional guests may apply and vary based on the property's policy.\n5. Tourism and State Tax: A Tourism Tax of RM10 per room per night are not included in the room rate and must be paid at the counter during heck-in, unless otherwise stated.\n6. The government of Penang has announced the mandatory State Tourism Fee" at MYR 3 - 5 per occupied room per night ( Required to Pay on the Ground ) for staying at the registered premise.	\N	\N	\N	2025-03-26 12:21:46.204	\N
cm7eadxvv2fci101yxcgsreiy	G Hotel Kelawai Penang	Penang	5	10	3	2, Persiaran Maktab, 10250 George Town, Pulau Pinang	04-238 0000	\N	4. Extra Person Charges: Charges for additional guests may apply and vary based on the property's policy.\n5. Tourism and State Tax: A Tourism Tax of RM10 per room per night are not included in the room rate and must be paid at the counter during heck-in, unless otherwise stated.\n6. The government of Penang has announced the mandatory State Tourism Fee" at MYR 3 - 5 per occupied room per night ( Required to Pay on the Ground ) for staying at the registered premise.	\N	\N	\N	2025-03-26 12:21:46.204	\N
cm7e9uswd2fbb101y03zejkyf	G Hotel Gurney Penang	Penang	5	10	3	168A, Gurney Dr, 10250 George Town, Penang	04-238 0000	\N	4. Extra Person Charges: Charges for additional guests may apply and vary based on the property's policy.\n5. Tourism and State Tax: A Tourism Tax of RM10 per room per night are not included in the room rate and must be paid at the counter during heck-in, unless otherwise stated.\n6. The government of Penang has announced the mandatory State Tourism Fee" at MYR 3 - 5 per occupied room per night ( Required to Pay on the Ground ) for staying at the registered premise.	\N	\N	\N	2025-03-26 12:21:46.204	\N
clyy7fghs00k1ii6i5u0gpkn9	Mercure Hotels Penang Beach	Penang	4	10	5	\N	\N	\N	4. Extra Person Charges: Charges for additional guests may apply and vary based on the property's policy.\n5. Tourism and State Tax: A Tourism Tax of RM10 per room per night are not included in the room rate and must be paid at the counter during heck-in, unless otherwise stated.\n6. The government of Penang has announced the mandatory State Tourism Fee" at MYR 3 - 5 per occupied room per night ( Required to Pay on the Ground ) for staying at the registered premise.	\N	\N	\N	2025-03-26 12:21:46.204	\N
cm75sbbs825gc101ycl51b564	Sunway Putra Hotel Kuala Lumpur	Kuala Lumpur	5	10	0	100, Jalan Putra, Chow Kit, 50350 Kuala Lumpur, Wilayah Persekutuan Kuala Lumpur	03-4040 9888	\N	4. Extra Person Charges: Charges for additional guests may apply and vary based on the property's policy.\n5. Tourism and State Tax: A Tourism Tax of RM10 per room per night are not included in the room rate and must be paid at the counter during heck-in, unless otherwise stated.\nfor staying at the registered premises.\n6. Security Deposit: The hotel may require a security deposit during check-in, which will be communicated at that time.\n7. Additional Charges: Any additional charges incurred during your stay must be settled before checkout.\n8. Special Requests: Special requests are subject to availability at check-in and may incur additional charges. Please note that these requests cannot be guaranteed.\n9. Registered Guests Only: Only registered guests are permitted in the guestrooms. 	\N	\N	\N	2025-03-26 12:21:46.204	\N
cm75nhoc225fu101y54ngisdu	Gurney Bay Hotel Penang	Penang	5	10	3	\N	\N	\N	4. Extra Person Charges: Charges for additional guests may apply and vary based on the property's policy.\n5. Tourism and State Tax: A Tourism Tax of RM10 per room per night are not included in the room rate and must be paid at the counter during heck-in, unless otherwise stated.\n6. The government of Penang has announced the mandatory State Tourism Fee" at MYR 3 - 5 per occupied room per night ( Required to Pay on the Ground ) for staying at the registered premise.	\N	\N	\N	2025-03-26 12:21:46.204	\N
cm75mrfur25f6101ynl6ug1mj	TAMU Hotel & Suites Kuala Lumpur	Kuala Lumpur	4	10	0	120, Jalan Raja Abdullah, Kampung Baru, 50300 Kuala Lumpur, Wilayah Persekutuan Kuala Lumpur	03-2603 1999	\N	4. Extra Person Charges: Charges for additional guests may apply and vary based on the property's policy.\n5. Tourism and State Tax: A Tourism Tax of RM10 per room per night are not included in the room rate and must be paid at the counter during heck-in, unless otherwise stated.\nfor staying at the registered premises.\n6. Security Deposit: The hotel may require a security deposit during check-in, which will be communicated at that time.\n7. Additional Charges: Any additional charges incurred during your stay must be settled before checkout.\n8. Special Requests: Special requests are subject to availability at check-in and may incur additional charges. Please note that these requests cannot be guaranteed.\n9. Registered Guests Only: Only registered guests are permitted in the guestrooms. 	\N	\N	\N	2025-03-26 12:21:46.204	\N
cm75m0lxy25e0101yr9wmtqkp	Kingston 06 Corona Inn @ Bukit Bintang	Kuala Lumpur	3	10	0	22, Jln Tong Shin, Bukit Bintang, 55100 Kuala Lumpur, Wilayah Persekutuan Kuala Lumpur	03-2144 3888	\N	4. Extra Person Charges: Charges for additional guests may apply and vary based on the property's policy.\n5. Tourism and State Tax: A Tourism Tax of RM10 per room per night are not included in the room rate and must be paid at the counter during heck-in, unless otherwise stated.\nfor staying at the registered premises.\n6. Security Deposit: The hotel may require a security deposit during check-in, which will be communicated at that time.\n7. Additional Charges: Any additional charges incurred during your stay must be settled before checkout.\n8. Special Requests: Special requests are subject to availability at check-in and may incur additional charges. Please note that these requests cannot be guaranteed.\n9. Registered Guests Only: Only registered guests are permitted in the guestrooms. 	\N	\N	\N	2025-03-26 12:21:46.204	\N
cm0utjrmk00z6rdhp5uo87p6q	Imperial Lexis - Min 3 Nights 	Kuala Lumpur	5	10	0	Lot 11-3, Level 11, Tower Block,\nMenara Milenium, 8 Jalan Damanlela,\nPusat Bandar Damansara,\nBukit Damansara, 50490 Kuala Lumpur,\nMalaysia	+603-2177 1188	The city is yours to rediscover and call home at the 5-star Imperial Lexis Kuala Lumpur, where warm, friendly service infuses you with the sense of a long-awaited homecoming upon every check-in. Standing tall and majestic, this 53-storey glass-encased skyscraper, housing 275 luxurious serviced rooms and suites, as well as expansive serviced residences, glistens brilliantly in the Kuala Lumpur skyline, exuding a sense of sleek elegance that captivates upon arrival.	4. Extra Person Charges: Charges for additional guests may apply and vary based on the property's policy.\n5. Tourism and State Tax: A Tourism Tax of RM10 per room per night are not included in the room rate and must be paid at the counter during heck-in, unless otherwise stated.\nfor staying at the registered premises.\n6. Security Deposit: The hotel may require a security deposit during check-in, which will be communicated at that time.\n7. Additional Charges: Any additional charges incurred during your stay must be settled before checkout.\n8. Special Requests: Special requests are subject to availability at check-in and may incur additional charges. Please note that these requests cannot be guaranteed.\n9. Registered Guests Only: Only registered guests are permitted in the guestrooms. 	\N	\N	\N	2025-03-26 12:21:46.204	\N
clyy7fgjp00k6ii6i5oidk1sw	Crockfords	Genting	5	10	5	\N	\N	\N	4. Extra Person Charges: Charges for additional guests may apply and vary based on the property's policy.\n5. Tourism and State Tax: A Tourism Tax of RM10 per room per night are not included in the room rate and must be paid at the counter during heck-in, unless otherwise stated.\n6. Pahang state government has introduced a mandatory sustainability tax of RM3.00 per occupied room per night for all hotels in Pahang  ( Required to Pay on the Ground ) for staying at the registered premises.\n7. Security Deposit: The hotel may require a security deposit during check-in, which will be communicated at that time.\n8. Additional Charges: Any additional charges incurred during your stay must be settled before checkout.\n9. Special Requests: Special requests are subject to availability at check-in and may incur additional charges. Please note that these requests cannot be guaranteed.\n10. Registered Guests Only: Only registered guests are permitted in the guestrooms. 	\N	\N	\N	2025-03-26 12:21:46.204	\N
cm6uimrix1fbh101ygkbglav4	Highlands Hotel	Genting Highlands	5	10	3	Resorts World Genting, Genting Highlands, 69000 Genting Highlands, Pahang	03-6101 1118	\N	4. Extra Person Charges: Charges for additional guests may apply and vary based on the property's policy.\n5. Tourism and State Tax: A Tourism Tax of RM10 per room per night are not included in the room rate and must be paid at the counter during heck-in, unless otherwise stated.\n6. Pahang state government has introduced a mandatory sustainability tax of RM3.00 per occupied room per night for all hotels in Pahang  ( Required to Pay on the Ground ) for staying at the registered premises.\n7. Security Deposit: The hotel may require a security deposit during check-in, which will be communicated at that time.\n8. Additional Charges: Any additional charges incurred during your stay must be settled before checkout.\n9. Special Requests: Special requests are subject to availability at check-in and may incur additional charges. Please note that these requests cannot be guaranteed.\n10. Registered Guests Only: Only registered guests are permitted in the guestrooms. 	\N	\N	\N	2025-03-26 12:21:46.204	\N
cm2mt86tz01t8w3vszx8wwx54	Dash Resort Langkawi	Langkawi	4	10	5	\N	\N	\N	4. Extra Person Charges: Charges for additional guests may apply and vary based on the property's policy.\n5. Tourism and State Tax: A Tourism Tax of RM10 per room per night are not included in the room rate and must be paid at the counter during heck-in, unless otherwise stated.\n6. Langkawi Municipal Council has announced the mandatory State Tourism Fee" at MYR 3 - 5 per occupied room per night ( Required to Pay on the Ground ) for staying at the registered premise.	\N	\N	\N	2025-03-26 12:21:46.204	\N
clyy7fgfr00joii6ih9b39edg	First World Hotel	Genting	3	10	3	Resorts World Genting, Genting Highlands, 69000, Malaysia	+603 2178 2233	First World Hotel is a 3-star-hotel consisting of two towers and has 7,351 rooms. It has held the Guinness World Records title for the largest hotel in the world by the number of rooms since 2015. The hotel previously held the same title in 2006, then having 6,118 rooms in two towers, Tower 1 and 2 until The Palazzo took the title after an expansion of The Venetian located on Las Vegas Strip which was officially opened on 1 January 2008. The hotel regained the title after opening a new block named Tower 2 Annex (Tower 2A) with 1,233 rooms. The hotel connects to the brand-new shopping mall, SkyAvenue which also houses the Awana Skyway station that links to the Genting Highlands Premium Outlets. First World Hotel is the first hotel in Southeast Asia to launch E-Kiosk or Express Check-in and Check-out kiosks.	4. Extra Person Charges: Charges for additional guests may apply and vary based on the property's policy.\n5. Tourism and State Tax: A Tourism Tax of RM10 per room per night are not included in the room rate and must be paid at the counter during heck-in, unless otherwise stated.\n6. Pahang state government has introduced a mandatory sustainability tax of RM3.00 per occupied room per night for all hotels in Pahang  ( Required to Pay on the Ground ) for staying at the registered premises.\n7. Security Deposit: The hotel may require a security deposit during check-in, which will be communicated at that time.\n8. Additional Charges: Any additional charges incurred during your stay must be settled before checkout.\n9. Special Requests: Special requests are subject to availability at check-in and may incur additional charges. Please note that these requests cannot be guaranteed.\n10. Registered Guests Only: Only registered guests are permitted in the guestrooms. \n\n	\N	\N	\N	2025-03-26 12:21:46.204	\N
clyy7fgg600jqii6iyhldz2na	Genting Skyworlds Hotel	Genting	3	10	3	Resorts World Genting, Pahang, Malaysia	\N	Fun and spacious rooms for large travel groups\n\nWhen there’s so much to see and do – from endless entertainment to thrilling attractions – the more is definitely the merrier.\nThe hotel is located at the doorsteps of the Arena of Stars and SkyAvenue, the resort’s most popular lifestyle mall and home to over 100 restaurants and retail stores.	4. Extra Person Charges: Charges for additional guests may apply and vary based on the property's policy.\n5. Tourism and State Tax: A Tourism Tax of RM10 per room per night are not included in the room rate and must be paid at the counter during heck-in, unless otherwise stated.\n6. Pahang state government has introduced a mandatory sustainability tax of RM3.00 per occupied room per night for all hotels in Pahang  ( Required to Pay on the Ground ) for staying at the registered premises.\n7. Security Deposit: The hotel may require a security deposit during check-in, which will be communicated at that time.\n8. Additional Charges: Any additional charges incurred during your stay must be settled before checkout.\n9. Special Requests: Special requests are subject to availability at check-in and may incur additional charges. Please note that these requests cannot be guaranteed.\n10. Registered Guests Only: Only registered guests are permitted in the guestrooms. 	\N	\N	\N	2025-03-26 12:21:46.204	\N
clyy7fghf00jyii6it2lfj3o2	Resort Hotel	Genting	4	10	3	Jalan Major Philip Lim, Genting Highland, Malaysia, 69000	+603 2718 1118	When you are ready to call it a day, return to your room where plush beds and comfortable amenities await, leaving you with a peace of mind on your travel.	4. Extra Person Charges: Charges for additional guests may apply and vary based on the property's policy.\n5. Tourism and State Tax: A Tourism Tax of RM10 per room per night are not included in the room rate and must be paid at the counter during heck-in, unless otherwise stated.\n6. Pahang state government has introduced a mandatory sustainability tax of RM3.00 per occupied room per night for all hotels in Pahang  ( Required to Pay on the Ground ) for staying at the registered premises.\n7. Security Deposit: The hotel may require a security deposit during check-in, which will be communicated at that time.\n8. Additional Charges: Any additional charges incurred during your stay must be settled before checkout.\n9. Special Requests: Special requests are subject to availability at check-in and may incur additional charges. Please note that these requests cannot be guaranteed.\n10. Registered Guests Only: Only registered guests are permitted in the guestrooms. \n	\N	\N	\N	2025-03-26 12:21:46.204	\N
clyy7fghr00k0ii6id4ej51ky	Resort World Awana	Genting	4	10	3	KM13 Genting Highlands 69000 Genting Highlands	+603 6436 9000	Discover the embrace of pristine nature, 3,100 ft above sea level in Peninsular Malaysia. \n \nLocated 35 minutes from the Kuala Lumpur city centre and at the Southern tip of Titiwangsa Mountains, the nature-inspired resort is an ideal destination for a refreshing break from the bustling lowlands. Popular activities include golf at our iconic 18-hole mountainous course, multi-level trekking through our 130-million-year-old rainforest and exotic bird watching.\n \nResorts World Awana is also home to AYU Awana, Malaysia’s first tropical lifestyle restaurant and poolside lounge located in the highlands.\n \nThe resort is only 5 to 10 minutes' drive from the Genting Highlands Premium Outlets. Free shuttle service to the premium outlets is provided at regular intervals from the hotel lobby.	4. Extra Person Charges: Charges for additional guests may apply and vary based on the property's policy.\n5. Tourism and State Tax: A Tourism Tax of RM10 per room per night are not included in the room rate and must be paid at the counter during heck-in, unless otherwise stated.\n6. Pahang state government has introduced a mandatory sustainability tax of RM3.00 per occupied room per night for all hotels in Pahang  ( Required to Pay on the Ground ) for staying at the registered premises.\n7. Security Deposit: The hotel may require a security deposit during check-in, which will be communicated at that time.\n8. Additional Charges: Any additional charges incurred during your stay must be settled before checkout.\n9. Special Requests: Special requests are subject to availability at check-in and may incur additional charges. Please note that these requests cannot be guaranteed.\n10. Registered Guests Only: Only registered guests are permitted in the guestrooms. \n	\N	\N	\N	2025-03-26 12:21:46.204	\N
cm1g4zz1904rv4yazdv5awuwg	Bayview Hotel Georgetown 	Penang	4	10	3	25A Farquhar Street 10200 George Town Penang	+604 263 3161	In the heart of Penang Island’s vibrant capital, the Bayview Hotel Georgetown Penang combines contemporary style with an enviable central setting. You can relax in one of 340 tastefully appointed rooms and suites, and host distinguished events in sophisticated boardrooms and an elegant ballroom. The open-air Sky Bar is the perfect place to sip a cocktail as you take in panoramic rooftop views from one of the best nightspots in Penang.	4. Extra Person Charges: Charges for additional guests may apply and vary based on the property's policy.\n5. Tourism and State Tax: A Tourism Tax of RM10 per room per night are not included in the room rate and must be paid at the counter during heck-in, unless otherwise stated.\n6. The government of Penang has announced the mandatory State Tourism Fee" at MYR 3 - 5 per occupied room per night ( Required to Pay on the Ground ) for staying at the registered premise.	\N	\N	\N	2025-03-26 12:21:46.204	\N
cm2ihyn6m0ka8p4z6bkohgk8i	Impiana Hotel Ipoh	Ipoh	4	10	3	\N	\N	\N	\N	\N	\N	\N	2025-03-26 12:21:46.204	\N
cm2c041al0epdp4z6ejhs0kox	Hotel Boss Singapore	Singapore	4	0	0	\N	\N	\N	\N	\N	\N	\N	2025-03-26 12:21:46.204	\N
cm2bzyrh90eolp4z6l4fpdq90	Aqueen Hotel Paya Lebar Singapore	Singapore	3	0	0	\N	\N	\N	\N	\N	\N	\N	2025-03-26 12:21:46.204	\N
cm15y9ugy02fur9f6atypndal	Wyndham Ion Majestic	Genting Highlands	5	10	3	Wyndham Ion Majestic Hotel,\nJalan Grand Ion Majestic,\n69000 Genting Highlands, Pahang	+603-5115 8555	Nestled in the picturesque landscape of ancient rainforest, standing at an altitude of 6,000 feet within the Titiwangsa mountain range; Wyndham Ion Majestic is the Highest Altitude Hotel in Malaysia.\n\nSituated in the renowned holiday destination of Genting Highlands, both locally and internationally, it is the perfect place for a quick getaway or a tranquil retreat.	4. Extra Person Charges: Charges for additional guests may apply and vary based on the property's policy.\n5. Tourism and State Tax: A Tourism Tax of RM10 per room per night are not included in the room rate and must be paid at the counter during heck-in, unless otherwise stated.\n6. Pahang state government has introduced a mandatory sustainability tax of RM3.00 per occupied room per night for all hotels in Pahang  ( Required to Pay on the Ground ) for staying at the registered premises.\n7. Security Deposit: The hotel may require a security deposit during check-in, which will be communicated at that time.\n8. Additional Charges: Any additional charges incurred during your stay must be settled before checkout.\n9. Special Requests: Special requests are subject to availability at check-in and may incur additional charges. Please note that these requests cannot be guaranteed.\n10. Registered Guests Only: Only registered guests are permitted in the guestrooms. \n11. Wyndham Ion Majestic Hotel:- \n5-star hotel in Genting has a Shuttle service to Genting SkyAvenue ( from Hotel Lobby to Bus Terminal 3 ) \n**located within walking distance to Grand Ion Delemen\n	\N	\N	\N	2025-03-26 12:21:46.204	\N
cm6t56nst191w101y7ifykooi	Arenaa Star Hotel Kuala Lumpur	Kuala Lumpur	3	10	0	\N	\N	\N	\N	\N	\N	\N	2025-03-26 12:21:46.204	\N
cm6lwt6bf0sbf101yuovrsl5c	Hotel Royal Signature Kuala Lumpur	Kuala Lumpur	5	10	0	21, Jln Bukit Bintang, Bukit Bintang, 55100 Kuala Lumpur, Wilayah Persekutuan Kuala Lumpur	\N	\N	4. Extra Person Charges: Charges for additional guests may apply and vary based on the property's policy.\n5. Tourism and State Tax: A Tourism Tax of RM10 per room per night are not included in the room rate and must be paid at the counter during heck-in, unless otherwise stated.\nfor staying at the registered premises.\n6. Security Deposit: The hotel may require a security deposit during check-in, which will be communicated at that time.\n7. Additional Charges: Any additional charges incurred during your stay must be settled before checkout.\n8. Special Requests: Special requests are subject to availability at check-in and may incur additional charges. Please note that these requests cannot be guaranteed.\n9. Registered Guests Only: Only registered guests are permitted in the guestrooms. 	\N	\N	\N	2025-03-26 12:21:46.204	\N
cm6lwhjqi0s82101y8ypr88rg	Areca Hotel Penang	Penang	3	10	3	5, Jalan Khoo Sian Ewe, George Town, 10050 George Town, Pulau Pinang	\N	\N	4. Extra Person Charges: Charges for additional guests may apply and vary based on the property's policy.\n5. Tourism and State Tax: A Tourism Tax of RM10 per room per night are not included in the room rate and must be paid at the counter during heck-in, unless otherwise stated.\n6. The government of Penang has announced the mandatory State Tourism Fee" at MYR 3 - 5 per occupied room per night ( Required to Pay on the Ground ) for staying at the registered premise.	\N	\N	\N	2025-03-26 12:21:46.204	\N
cm6g2ii8a0eag101y70w0s5k4	Resorts World Langkawi	Langkawi	4	10	4	\N	\N	\N	\N	\N	\N	\N	2025-03-26 12:21:46.204	\N
cm5uh2fbu1cmwhemdzy7oejim	Kingston Hotel 5 @ Chow Kit	Kuala Lumpur	3	10	0	Wisma Dato' James Tan, Jalan Tuanku Abdul Rahman, Chow Kit, 50100 Kuala Lumpur, Wilayah Persekutuan Kuala Lumpur	\N	\N	4. Extra Person Charges: Charges for additional guests may apply and vary based on the property's policy.\n5. Tourism and State Tax: A Tourism Tax of RM10 per room per night are not included in the room rate and must be paid at the counter during heck-in, unless otherwise stated.\nfor staying at the registered premises.\n6. Security Deposit: The hotel may require a security deposit during check-in, which will be communicated at that time.\n7. Additional Charges: Any additional charges incurred during your stay must be settled before checkout.\n8. Special Requests: Special requests are subject to availability at check-in and may incur additional charges. Please note that these requests cannot be guaranteed.\n9. Registered Guests Only: Only registered guests are permitted in the guestrooms. 	\N	\N	\N	2025-03-26 12:21:46.204	\N
cm5xqzkt21ialhemdl7qfoeu6	Kingston Hotel 08 @ Bukit Bintang	Kuala Lumpur	3	10	0	\N	\N	\N	4. Extra Person Charges: Charges for additional guests may apply and vary based on the property's policy.\n5. Tourism and State Tax: A Tourism Tax of RM10 per room per night are not included in the room rate and must be paid at the counter during heck-in, unless otherwise stated.\nfor staying at the registered premises.\n6. Security Deposit: The hotel may require a security deposit during check-in, which will be communicated at that time.\n7. Additional Charges: Any additional charges incurred during your stay must be settled before checkout.\n8. Special Requests: Special requests are subject to availability at check-in and may incur additional charges. Please note that these requests cannot be guaranteed.\n9. Registered Guests Only: Only registered guests are permitted in the guestrooms. 	\N	\N	\N	2025-03-26 12:21:46.204	\N
clyy7fgm300klii6iclvlelpg	Royale Chulan Kuala Lumpur	Kuala Lumpur	5	10	0	5 Jalan Conlay, Kuala Lumpur City Centre, Wilayah Persekutuan, 50450, Malaysia	+603 2688 9688	Royale Chulan Hotels and Resorts, managed by Boustead Hotels and Resorts Sdn. Bhd. began with a specific goal in mind: to design, create, and manage a chain of hotels with a unique architecture and offerings. It started with Royale Chulan Bukit Bintang (formerly known as Royale Bukit Bintang Kuala Lumpur) in 2004, with a complex located right at the heart of Bukit Bintang.\n\nThe hotel was inspired by the fast-paced energy of the city and achieved success that has exceeded expectations. Today, there are a total of 8 hotels under the group’s belt – each with its own character and offers true Malaysian hospitality.	4. Extra Person Charges: Charges for additional guests may apply and vary based on the property's policy.\n5. Tourism and State Tax: A Tourism Tax of RM10 per room per night are not included in the room rate and must be paid at the counter during heck-in, unless otherwise stated.\nfor staying at the registered premises.\n6. Security Deposit: The hotel may require a security deposit during check-in, which will be communicated at that time.\n7. Additional Charges: Any additional charges incurred during your stay must be settled before checkout.\n8. Special Requests: Special requests are subject to availability at check-in and may incur additional charges. Please note that these requests cannot be guaranteed.\n9. Registered Guests Only: Only registered guests are permitted in the guestrooms. 	\N	\N	\N	2025-03-26 12:21:46.204	\N
cm2c00wuv0eozp4z6nhk7e9t8	Value Hotel Thomson Singapore	Singapore	3	0	0	\N	\N	\N	\N	\N	\N	\N	2025-03-26 12:21:46.204	\N
cm2bztdl00eobp4z60633c70g	Hotel Chancellor Orchard Singapore	Singapore	3	0	0	\N	\N	\N	\N	\N	\N	\N	2025-03-26 12:21:46.204	\N
clyy7fgn000kxii6i6mw6ikd3	Rebak Island Resort & Marina	Langkawi	4	10	5	\N	\N	\N	4. Extra Person Charges: Charges for additional guests may apply and vary based on the property's policy.\n5. Tourism and State Tax: A Tourism Tax of RM10 per room per night are not included in the room rate and must be paid at the counter during heck-in, unless otherwise stated.\n6. Langkawi Municipal Council has announced the mandatory State Tourism Fee" at MYR 3 - 5 per occupied room per night ( Required to Pay on the Ground ) for staying at the registered premise.	\N	\N	\N	2025-03-26 12:21:46.204	\N
clyy7fgmb00koii6iatwsj9em	Furama Bukit Bintang	Kuala Lumpur	4	10	0	136, Jalan Changkat Thambi Dollah, 55100 Kuala Lumpur, Federal Territory of Kuala Lumpur	+603-2788 8888	Furama Bukit Bintang, Kuala Lumpur offers modern accommodation with free WiFi and free parking on site. It houses an outdoor pool, a gym and 3 dining options. Berjaya Times Square is a short walk from the property. Featuring large windows and wooden furnishings, the spacious rooms are fitted with air conditioning and a flat-screen satellite TV. Certain units have a separate seating area and executive lounge access. Shower facilities and free toiletries are included in the en suite bathroom. Spices @ Furama serves fusion-style buffet in a chic setting. Drinks and live music can be enjoyed at Cinnamon Lounge. Poolside Bar offers refreshing cocktails and light snacks. Guests can workout at the gym or relax by the pool. Staff at the reception are happy to assist you with local area information. Laundry, housekeeping and room service are available 24-hour. Furama Bukit Bintang, Kuala Lumpur is 750 metres from Imbi Monorail station, while Alor Street Food Night Market is 1.1 km away.	4. Extra Person Charges: Charges for additional guests may apply and vary based on the property's policy.\n5. Tourism and State Tax: A Tourism Tax of RM10 per room per night are not included in the room rate and must be paid at the counter during heck-in, unless otherwise stated.\nfor staying at the registered premises.\n6. Security Deposit: The hotel may require a security deposit during check-in, which will be communicated at that time.\n7. Additional Charges: Any additional charges incurred during your stay must be settled before checkout.\n8. Special Requests: Special requests are subject to availability at check-in and may incur additional charges. Please note that these requests cannot be guaranteed.\n9. Registered Guests Only: Only registered guests are permitted in the guestrooms. 	\N	\N	\N	2025-03-26 12:21:46.204	\N
cm5ugxvzd1cmmhemdbyj3ux52	Kingston Hotel 9 @ Malacca Jonker Walk	Malacca	3	10	3	108, Jln. Bunga Raya, Kampung Jawa, 75100 Melaka	\N	\N	4. Extra Person Charges: Charges for additional guests may apply and vary based on the property's policy.\n5. Tourism and State Tax: A Tourism Tax of RM10 per room per night are not included in the room rate and must be paid at the counter during heck-in, unless otherwise stated.\nfor staying at the registered premises.\n6. The Malacca state government has announced the mandatory State Tourism Fee" at MYR 3 - 5 per occupied room per night ( Required to Pay on the Ground ) for staying at the registered premise.	\N	\N	\N	2025-03-26 12:21:46.204	\N
cm0yoghc002qordhpfkq6odcn	THE FACE Suites	Kuala Lumpur	5	10	0	\N	\N	\N	\N	\N	\N	\N	2025-03-26 12:21:46.204	\N
clyy7fglv00khii6irivsgx5r	Berjaya Times Square Hotel	Kuala Lumpur	5	10	0	No.1, Jalan Imbi 55100 Kuala Lumpur Federal Territory of Kuala Lumpur	+603 2117 8000	Berjaya Times Square Hotel, Kuala Lumpur is ideally situated right in the heart of the city’s liveliest entertainment hub and most happening shopping districts. The hotel is located adjacent to Berjaya Times Square Shopping Mall with direct connectivity to the KL Monorail system via the Imbi Station and is merely 15-minute walk away from the world-renowned Petronas Twin Towers. Indulge in all the perks of a lavish and carefree lifestyle in addition to let us pamper you. Not forgetting, stunning views of the city’s skylines at our luxury hotel in Bukit Bintang will make an impressive stay to remember.	4. Extra Person Charges: Charges for additional guests may apply and vary based on the property's policy.\n5. Tourism and State Tax: A Tourism Tax of RM10 per room per night are not included in the room rate and must be paid at the counter during heck-in, unless otherwise stated.\nfor staying at the registered premises.\n6. Security Deposit: The hotel may require a security deposit during check-in, which will be communicated at that time.\n7. Additional Charges: Any additional charges incurred during your stay must be settled before checkout.\n8. Special Requests: Special requests are subject to availability at check-in and may incur additional charges. Please note that these requests cannot be guaranteed.\n9. Registered Guests Only: Only registered guests are permitted in the guestrooms. 	\N	\N	\N	2025-03-26 12:21:46.204	\N
clyy7fgmw00kvii6ikjtfy59k	Lexis Hibiscus	Port Dickson	5	10	0	\N	\N	\N	4. Extra Person Charges: Charges for additional guests may apply and vary based on the property's policy.\n5. Tourism and State Tax: A Tourism Tax of RM10 per room per night are not included in the room rate and must be paid at the counter during heck-in, unless otherwise stated.\nfor staying at the registered premises.\n6. Security Deposit: The hotel may require a security deposit during check-in, which will be communicated at that time.\n7. Additional Charges: Any additional charges incurred during your stay must be settled before checkout.\n8. Special Requests: Special requests are subject to availability at check-in and may incur additional charges. Please note that these requests cannot be guaranteed.\n9. Registered Guests Only: Only registered guests are permitted in the guestrooms. 	\N	\N	\N	2025-03-26 12:21:46.204	\N
clyy7fgms00kuii6inp5pzed0	Swiss Garden Bukit Bintang	Kuala Lumpur	4	10	0	\N	\N	\N	4. Extra Person Charges: Charges for additional guests may apply and vary based on the property's policy.\n5. Tourism and State Tax: A Tourism Tax of RM10 per room per night are not included in the room rate and must be paid at the counter during heck-in, unless otherwise stated.\nfor staying at the registered premises.\n6. Security Deposit: The hotel may require a security deposit during check-in, which will be communicated at that time.\n7. Additional Charges: Any additional charges incurred during your stay must be settled before checkout.\n8. Special Requests: Special requests are subject to availability at check-in and may incur additional charges. Please note that these requests cannot be guaranteed.\n9. Registered Guests Only: Only registered guests are permitted in the guestrooms. 	\N	\N	\N	2025-03-26 12:21:46.204	\N
cm2o5iys103adw3vss4fgbwfp	PARKROYAL Serviced Suites Kuala Lumpur	Kuala Lumpur	4	10	0	Address: No. 1, Jalan Nagasari, Off, Jalan Raja Chulan, 50200 Kuala Lumpur\n	Phone: 03-2084 1000	\N	4. Extra Person Charges: Charges for additional guests may apply and vary based on the property's policy.\n5. Tourism and State Tax: A Tourism Tax of RM10 per room per night are not included in the room rate and must be paid at the counter during heck-in, unless otherwise stated.\nfor staying at the registered premises.\n6. Security Deposit: The hotel may require a security deposit during check-in, which will be communicated at that time.\n7. Additional Charges: Any additional charges incurred during your stay must be settled before checkout.\n8. Special Requests: Special requests are subject to availability at check-in and may incur additional charges. Please note that these requests cannot be guaranteed.\n9. Registered Guests Only: Only registered guests are permitted in the guestrooms. 	\N	\N	\N	2025-03-26 12:21:46.204	\N
cm2u6q6g809z4w3vsc3regjff	The RIYAZ Lavanya, Langkawi	Langkawi	5	10	3	\N	\N	\N	4. Extra Person Charges: Charges for additional guests may apply and vary based on the property's policy.\n5. Tourism and State Tax: A Tourism Tax of RM10 per room per night are not included in the room rate and must be paid at the counter during heck-in, unless otherwise stated.\n6. Langkawi Municipal Council has announced the mandatory State Tourism Fee" at MYR 3 - 5 per occupied room per night ( Required to Pay on the Ground ) for staying at the registered premise.	\N	\N	\N	2025-03-26 12:21:46.204	\N
clywcm10600laiq9x6rqzm3h0	Test Hotel	Kuala Lumpur	3	0	0	\N	\N	\N	\N	\N	\N	\N	2025-03-26 12:21:46.204	\N
cm1yhigce00ylqbbu2lhh6jbd	Mercure Langkawi Pantai Cenang - Min 2 Nights	Langkawi	4	10	3	Lot 2500, Jalan Pantai Cenang\nMukim Kedawang 07000 Pulau Langkawi	604 964 2307	\N	4. Extra Person Charges: Charges for additional guests may apply and vary based on the property's policy.\n5. Tourism and State Tax: A Tourism Tax of RM10 per room per night are not included in the room rate and must be paid at the counter during heck-in, unless otherwise stated.\n6. Langkawi Municipal Council has announced the mandatory State Tourism Fee" at MYR 3 - 5 per occupied room per night ( Required to Pay on the Ground ) for staying at the registered premise.	\N	\N	\N	2025-03-26 12:21:46.204	\N
cm5kxbwmb0v4whemd2v8gyua7	Nadias Hotel Langkawi Pantai Cenang	Langkawi	3	10	3	\N	\N	\N	\N	\N	\N	\N	2025-03-26 12:21:46.204	\N
clyy7fgli00kcii6i70uar6ym	Ibis Kuala Lumpur City Centre	Kuala Lumpur	4	10	0	32 Jalan Yap Kwan Seng, 50450 KUALA LUMPUR, Malaysia	+603-2778 3333	Strategically located right in the heart of Kuala Lumpur, ibis Kuala Lumpur City Centre is only a 5-min walk from Petronas Twin Towers, KLCC Park and major shopping malls including Suria KLCC. It is walking distance to Kuala Lumpur Convention Centre, National Library and many other top tourist attractions and very accessible by LRT train stations. All contemporary guestrooms feature supremely comfortable beds, complimentary Internet and modern amenities for a good night's stay.	4. Extra Person Charges: Charges for additional guests may apply and vary based on the property's policy.\n5. Tourism and State Tax: A Tourism Tax of RM10 per room per night are not included in the room rate and must be paid at the counter during heck-in, unless otherwise stated.\nfor staying at the registered premises.\n6. Security Deposit: The hotel may require a security deposit during check-in, which will be communicated at that time.\n7. Additional Charges: Any additional charges incurred during your stay must be settled before checkout.\n8. Special Requests: Special requests are subject to availability at check-in and may incur additional charges. Please note that these requests cannot be guaranteed.\n9. Registered Guests Only: Only registered guests are permitted in the guestrooms. 	\N	\N	\N	2025-03-26 12:21:46.204	\N
clyy7fgi000k2ii6itx1e83il	Lost World Hotel	Ipoh	4	10	5	\N	\N	\N	4. Extra Person Charges: Charges for additional guests may apply and vary based on the property's policy.\n5. Tourism and State Tax: A Tourism Tax of RM10 per room per night are not included in the room rate and must be paid at the counter during heck-in, unless otherwise stated.\nfor staying at the registered premises.\n6. Security Deposit: The hotel may require a security deposit during check-in, which will be communicated at that time.\n7. Additional Charges: Any additional charges incurred during your stay must be settled before checkout.\n8. Special Requests: Special requests are subject to availability at check-in and may incur additional charges. Please note that these requests cannot be guaranteed.\n9. Registered Guests Only: Only registered guests are permitted in the guestrooms. 	\N	\N	\N	2025-03-26 12:21:46.204	\N
cm17b850i05m4r9f6i4uirayt	Eastin Hotel	Kuala Lumpur	4	10	0	\N	\N	\N	4. Extra Person Charges: Charges for additional guests may apply and vary based on the property's policy.\n5. Tourism and State Tax: A Tourism Tax of RM10 per room per night are not included in the room rate and must be paid at the counter during heck-in, unless otherwise stated.\nfor staying at the registered premises.\n6. Security Deposit: The hotel may require a security deposit during check-in, which will be communicated at that time.\n7. Additional Charges: Any additional charges incurred during your stay must be settled before checkout.\n8. Special Requests: Special requests are subject to availability at check-in and may incur additional charges. Please note that these requests cannot be guaranteed.\n9. Registered Guests Only: Only registered guests are permitted in the guestrooms. 	\N	\N	\N	2025-03-26 12:21:46.204	\N
clyy7fgmr00ktii6i14dn8xoa	Royale Chulan Cherating Chalets	Pahang	3	10	5	\N	\N	\N	4. Extra Person Charges: Charges for additional guests may apply and vary based on the property's policy.\n5. Tourism and State Tax: A Tourism Tax of RM10 per room per night are not included in the room rate and must be paid at the counter during heck-in, unless otherwise stated.\n6. Pahang state government has introduced a mandatory sustainability tax of RM3.00 per occupied room per night for all hotels in Pahang  ( Required to Pay on the Ground ) for staying at the registered premises.\n7. Security Deposit: The hotel may require a security deposit during check-in, which will be communicated at that time.\n8. Additional Charges: Any additional charges incurred during your stay must be settled before checkout.\n9. Special Requests: Special requests are subject to availability at check-in and may incur additional charges. Please note that these requests cannot be guaranteed.\n10. Registered Guests Only: Only registered guests are permitted in the guestrooms. 	\N	\N	\N	2025-03-26 12:21:46.204	\N
cm40t5s1c12hzu9cglpjdekxv	Holiday Villa Beach Resort & Spa Langkawi	Langkawi	4	10	5	\N	\N	\N	4. Extra Person Charges: Charges for additional guests may apply and vary based on the property's policy.\n5. Tourism and State Tax: A Tourism Tax of RM10 per room per night are not included in the room rate and must be paid at the counter during heck-in, unless otherwise stated.\n6. Langkawi Municipal Council has announced the mandatory State Tourism Fee" at MYR 3 - 5 per occupied room per night ( Required to Pay on the Ground ) for staying at the registered premise.	\N	\N	\N	2025-03-26 12:21:46.204	\N
clyy7fgm800knii6iddy43rw5	E&O Residences	Kuala Lumpur	5	10	0	\N	\N	\N	4. Extra Person Charges: Charges for additional guests may apply and vary based on the property's policy.\n5. Tourism and State Tax: A Tourism Tax of RM10 per room per night are not included in the room rate and must be paid at the counter during heck-in, unless otherwise stated.\nfor staying at the registered premises.\n6. Security Deposit: The hotel may require a security deposit during check-in, which will be communicated at that time.\n7. Additional Charges: Any additional charges incurred during your stay must be settled before checkout.\n8. Special Requests: Special requests are subject to availability at check-in and may incur additional charges. Please note that these requests cannot be guaranteed.\n9. Registered Guests Only: Only registered guests are permitted in the guestrooms. \n10. Extra Bed does NOT include breakfast for E&O Residences rooms.	\N	\N	\N	2025-03-26 12:21:46.204	\N
cm376udlq0qczw3vs1cifsakn	Holiday Inn Express Kuala Lumpur City Centre	Kuala Lumpur	3	10	0	\N	\N	\N	4. Extra Person Charges: Charges for additional guests may apply and vary based on the property's policy.\n5. Tourism and State Tax: A Tourism Tax of RM10 per room per night are not included in the room rate and must be paid at the counter during heck-in, unless otherwise stated.\nfor staying at the registered premises.\n6. Security Deposit: The hotel may require a security deposit during check-in, which will be communicated at that time.\n7. Additional Charges: Any additional charges incurred during your stay must be settled before checkout.\n8. Special Requests: Special requests are subject to availability at check-in and may incur additional charges. Please note that these requests cannot be guaranteed.\n9. Registered Guests Only: Only registered guests are permitted in the guestrooms. 	\N	\N	\N	2025-03-26 12:21:46.204	\N
cm4w6nhzj1m0gy65z62lm16yz	1001 Nights Hotel Genting Highlands	Genting	5	10	3	Grand Ion Majestic, Jalan, 69000 Genting Highlands, Pahang	\N	\N	4. Extra Person Charges: Charges for additional guests may apply and vary based on the property's policy.\n5. Tourism and State Tax: A Tourism Tax of RM10 per room per night are not included in the room rate and must be paid at the counter during heck-in, unless otherwise stated.\n6. Pahang state government has introduced a mandatory sustainability tax of RM3.00 per occupied room per night for all hotels in Pahang  ( Required to Pay on the Ground ) for staying at the registered premises.\n7. Security Deposit: The hotel may require a security deposit during check-in, which will be communicated at that time.\n8. Additional Charges: Any additional charges incurred during your stay must be settled before checkout.\n9. Special Requests: Special requests are subject to availability at check-in and may incur additional charges. Please note that these requests cannot be guaranteed.\n10. Registered Guests Only: Only registered guests are permitted in the guestrooms. 	\N	\N	\N	2025-03-26 12:21:46.204	\N
clyy7fggu00jvii6ia9eweab6	Bayview Hotel Melaka	Melaka	4	10	2	\N	\N	\N	4. Extra Person Charges: Charges for additional guests may apply and vary based on the property's policy.\n5. Tourism and State Tax: A Tourism Tax of RM10 per room per night are not included in the room rate and must be paid at the counter during heck-in, unless otherwise stated.\nfor staying at the registered premises.\n6. The Malacca state government has announced the mandatory State Tourism Fee" at MYR 3 - 5 per occupied room per night ( Required to Pay on the Ground ) for staying at the registered premise.	\N	\N	\N	2025-03-26 12:21:46.204	\N
cm4lblyfn0xq1y65zkzsy0a4g	Berjaya Penang Hotel	Kuala Lumpur 	4	10	3	\N	\N	\N	\N	\N	\N	\N	2025-03-26 12:21:46.204	\N
cm4jmebo80rmqy65z9qxck5cr	Hilton Garden Inn Kuala Lumpur North	Kuala Lumpur	3	10	0	\N	\N	\N	\N	\N	\N	\N	2025-03-26 12:21:46.204	\N
cm2a3rqwp09ncp4z6b3njpf1n	Strawberry Park Resort Cameron Highlands	Pahang	4	10	3	Lot 195 & 196, Jalan Strawberry Park, Brinchang, 39000 Brinchang, Pahang	\N	\N	4. Extra Person Charges: Charges for additional guests may apply and vary based on the property's policy.\n5. Tourism and State Tax: A Tourism Tax of RM10 per room per night are not included in the room rate and must be paid at the counter during heck-in, unless otherwise stated.\n6. Pahang state government has introduced a mandatory sustainability tax of RM3.00 per occupied room per night for all hotels in Pahang  ( Required to Pay on the Ground ) for staying at the registered premises.\n7. Security Deposit: The hotel may require a security deposit during check-in, which will be communicated at that time.\n8. Additional Charges: Any additional charges incurred during your stay must be settled before checkout.\n9. Special Requests: Special requests are subject to availability at check-in and may incur additional charges. Please note that these requests cannot be guaranteed.\n10. Registered Guests Only: Only registered guests are permitted in the guestrooms. 	\N	\N	\N	2025-03-26 12:21:46.204	\N
cm4jdgq9l0p0uy65zkonx8eod	Tunamaya Beach & Spa Resort Tioman Island	Pahang	4	10	3	Lot 20 & 21, Sarang Burung, Kg. Mukut, 26800 Pulau Tioman, Pahang	+609-419 4988	\N	4. Extra Person Charges: Charges for additional guests may apply and vary based on the property's policy.\n5. Tourism and State Tax: A Tourism Tax of RM10 per room per night are not included in the room rate and must be paid at the counter during heck-in, unless otherwise stated.\n6. Pahang state government has introduced a mandatory sustainability tax of RM3.00 per occupied room per night for all hotels in Pahang  ( Required to Pay on the Ground ) for staying at the registered premises.\n7. Security Deposit: The hotel may require a security deposit during check-in, which will be communicated at that time.\n8. Additional Charges: Any additional charges incurred during your stay must be settled before checkout.\n9. Special Requests: Special requests are subject to availability at check-in and may incur additional charges. Please note that these requests cannot be guaranteed.\n10. Registered Guests Only: Only registered guests are permitted in the guestrooms. 	\N	\N	\N	2025-03-26 12:21:46.204	\N
cm4h5iyf40ggyy65zvdy7fg9c	JW Mariott Kuala Lumpur	Kuala Lumpur 	4	10	0	\N	\N	\N	\N	\N	\N	\N	2025-03-26 12:21:46.204	\N
clyy7fgle00kaii6i7azbtx00	Melia Kuala Lumpur	Kuala Lumpur	5	10	0	\N	\N	\N	4. Extra Person Charges: Charges for additional guests may apply and vary based on the property's policy.\n5. Tourism and State Tax: A Tourism Tax of RM10 per room per night are not included in the room rate and must be paid at the counter during heck-in, unless otherwise stated.\nfor staying at the registered premises.\n6. Security Deposit: The hotel may require a security deposit during check-in, which will be communicated at that time.\n7. Additional Charges: Any additional charges incurred during your stay must be settled before checkout.\n8. Special Requests: Special requests are subject to availability at check-in and may incur additional charges. Please note that these requests cannot be guaranteed.\n9. Registered Guests Only: Only registered guests are permitted in the guestrooms. 	\N	\N	\N	2025-03-26 12:21:46.204	\N
cm4ezfmyb0dgpy65zu8elndfx	Flamingo Penang - Beach Hotel 	Penang	4	0	0	\N	\N	\N	\N	\N	\N	\N	2025-03-26 12:21:46.204	\N
cm4cnnim10crcy65z1rrlc5b9	Pullman Kuala Lumpur City Centre - Hotel & Residences	Kuala Lumpur	5	10	0	\N	\N	\N	\N	\N	\N	\N	2025-03-26 12:21:46.204	\N
cm4atkj0308cmy65z2kkcxgw6	 The Chateau Spa & Wellness Resort	Pahang	5	10	3	\N	\N	\N	\N	\N	\N	\N	2025-03-26 12:21:46.204	\N
cm485atu304guy65z6upfps2e	The Platinum Suites 2 Kuala Lumpur 	Kuala Lumpur	4	10	0	\N	\N	\N	4. Extra Person Charges: Charges for additional guests may apply and vary based on the property's policy.\n5. Tourism and State Tax: A Tourism Tax of RM10 per room per night are not included in the room rate and must be paid at the counter during heck-in, unless otherwise stated.\nfor staying at the registered premises.\n6. Security Deposit: The hotel may require a security deposit during check-in, which will be communicated at that time.\n7. Additional Charges: Any additional charges incurred during your stay must be settled before checkout.\n8. Special Requests: Special requests are subject to availability at check-in and may incur additional charges. Please note that these requests cannot be guaranteed.\n9. Registered Guests Only: Only registered guests are permitted in the guestrooms. 	\N	\N	\N	2025-03-26 12:21:46.204	\N
cm484rnsx04gmy65z8md45l8k	DoubleTree by Hilton Kuala Lumpur	Kuala Lumpur	5	10	0	\N	\N	\N	4. Extra Person Charges: Charges for additional guests may apply and vary based on the property's policy.\n5. Tourism and State Tax: A Tourism Tax of RM10 per room per night are not included in the room rate and must be paid at the counter during heck-in, unless otherwise stated.\nfor staying at the registered premises.\n6. Security Deposit: The hotel may require a security deposit during check-in, which will be communicated at that time.\n7. Additional Charges: Any additional charges incurred during your stay must be settled before checkout.\n8. Special Requests: Special requests are subject to availability at check-in and may incur additional charges. Please note that these requests cannot be guaranteed.\n9. Registered Guests Only: Only registered guests are permitted in the guestrooms. 	\N	\N	\N	2025-03-26 12:21:46.204	\N
cm46c0ume01q1y65z6t1u7rpa	Tourism Tax	Kuala Lumpur	5	0	0	\N	\N	\N	\N	\N	\N	\N	2025-03-26 12:21:46.204	\N
cm3zcptno0zvpu9cgnhmnsfi2	Silka Maytower Kuala Lumpur - Min 2 Nights	Kuala Lumpur	3	10	0	7, Jalan Munshi Abdullah, City Centre, 50100 Kuala Lumpur, Wilayah Persekutuan Kuala Lumpur	\N	\N	4. Extra Person Charges: Charges for additional guests may apply and vary based on the property's policy.\n5. Tourism and State Tax: A Tourism Tax of RM10 per room per night are not included in the room rate and must be paid at the counter during heck-in, unless otherwise stated.\nfor staying at the registered premises.\n6. Security Deposit: The hotel may require a security deposit during check-in, which will be communicated at that time.\n7. Additional Charges: Any additional charges incurred during your stay must be settled before checkout.\n8. Special Requests: Special requests are subject to availability at check-in and may incur additional charges. Please note that these requests cannot be guaranteed.\n9. Registered Guests Only: Only registered guests are permitted in the guestrooms. 	\N	\N	\N	2025-03-26 12:21:46.204	\N
cm3y9dly60z6qu9cgp7nr3jbp	Royale Chulan Cherating Villas	Pahang	5	10	3	Royale Chulan Cherating Villas, 26100 Balok, Pahang	\N	\N	4. Extra Person Charges: Charges for additional guests may apply and vary based on the property's policy.\n5. Tourism and State Tax: A Tourism Tax of RM10 per room per night are not included in the room rate and must be paid at the counter during heck-in, unless otherwise stated.\n6. Pahang state government has introduced a mandatory sustainability tax of RM3.00 per occupied room per night for all hotels in Pahang  ( Required to Pay on the Ground ) for staying at the registered premises.\n7. Security Deposit: The hotel may require a security deposit during check-in, which will be communicated at that time.\n8. Additional Charges: Any additional charges incurred during your stay must be settled before checkout.\n9. Special Requests: Special requests are subject to availability at check-in and may incur additional charges. Please note that these requests cannot be guaranteed.\n10. Registered Guests Only: Only registered guests are permitted in the guestrooms. 	\N	\N	\N	2025-03-26 12:21:46.204	\N
clyy7fgne00l2ii6ixgrxprio	Hotel Signature International @ Chinatown	Kuala Lumpur	3	10	0	3, Jalan Sri Hartamas 22, Desa Sri Hartamas, 50480 Kuala Lumpur, Federal Territory of Kuala Lumpur	+603-6412 0888	The 3-star Signature Hotel China Town, Puduraya Kuala Lumpur sits at 700 metres from the lively Petaling Chinatown Street Market and offers a restaurant and a luggage room. This Kuala Lumpur hotel comes with Wi-Fi throughout the property.	4. Extra Person Charges: Charges for additional guests may apply and vary based on the property's policy.\n5. Tourism and State Tax: A Tourism Tax of RM10 per room per night are not included in the room rate and must be paid at the counter during heck-in, unless otherwise stated.\nfor staying at the registered premises.\n6. Security Deposit: The hotel may require a security deposit during check-in, which will be communicated at that time.\n7. Additional Charges: Any additional charges incurred during your stay must be settled before checkout.\n8. Special Requests: Special requests are subject to availability at check-in and may incur additional charges. Please note that these requests cannot be guaranteed.\n9. Registered Guests Only: Only registered guests are permitted in the guestrooms. 	\N	\N	\N	2025-03-26 12:21:46.204	\N
cm3wskayi0oppu9cg7r4ngkre	Shahzan Hotel Kuantan	Pahang	3	10	3	 Lot PT 240, Jalan Bukit Ubi, Jalan Masjid, 25000 Kuantan, Pahang	\N	\N	4. Extra Person Charges: Charges for additional guests may apply and vary based on the property's policy.\n5. Tourism and State Tax: A Tourism Tax of RM10 per room per night are not included in the room rate and must be paid at the counter during heck-in, unless otherwise stated.\n6. Pahang state government has introduced a mandatory sustainability tax of RM3.00 per occupied room per night for all hotels in Pahang  ( Required to Pay on the Ground ) for staying at the registered premises.\n7. Security Deposit: The hotel may require a security deposit during check-in, which will be communicated at that time.\n8. Additional Charges: Any additional charges incurred during your stay must be settled before checkout.\n9. Special Requests: Special requests are subject to availability at check-in and may incur additional charges. Please note that these requests cannot be guaranteed.\n10. Registered Guests Only: Only registered guests are permitted in the guestrooms. 	\N	\N	\N	2025-03-26 12:21:46.204	\N
cm3r54v2g0anfu9cg4wkh36v1	Copthorne Hotel Cameron Highlands	Pahang	4	10	3	Brinchang, 39100 Brinchang, Pahang	\N	\N	4. Extra Person Charges: Charges for additional guests may apply and vary based on the property's policy.\n5. Tourism and State Tax: A Tourism Tax of RM10 per room per night are not included in the room rate and must be paid at the counter during heck-in, unless otherwise stated.\n6. Pahang state government has introduced a mandatory sustainability tax of RM3.00 per occupied room per night for all hotels in Pahang  ( Required to Pay on the Ground ) for staying at the registered premises.\n7. Security Deposit: The hotel may require a security deposit during check-in, which will be communicated at that time.\n8. Additional Charges: Any additional charges incurred during your stay must be settled before checkout.\n9. Special Requests: Special requests are subject to availability at check-in and may incur additional charges. Please note that these requests cannot be guaranteed.\n10. Registered Guests Only: Only registered guests are permitted in the guestrooms. 	\N	\N	\N	2025-03-26 12:21:46.204	\N
cm3plk5dq08owu9cgmgfixz79	Ames Hotel Melaka	Malacca	5	10	2	\N	\N	\N	4. Extra Person Charges: Charges for additional guests may apply and vary based on the property's policy.\n5. Tourism and State Tax: A Tourism Tax of RM10 per room per night are not included in the room rate and must be paid at the counter during heck-in, unless otherwise stated.\nfor staying at the registered premises.\n6. The Malacca state government has announced the mandatory State Tourism Fee" at MYR 3 - 5 per occupied room per night ( Required to Pay on the Ground ) for staying at the registered premise.	\N	\N	\N	2025-03-26 12:21:46.204	\N
cm3pm40vm08qpu9cg4zzqdvsd	Metrasquare Hotel Melaka	Malacca	3	10	2	\N	\N	\N	4. Extra Person Charges: Charges for additional guests may apply and vary based on the property's policy.\n5. Tourism and State Tax: A Tourism Tax of RM10 per room per night are not included in the room rate and must be paid at the counter during heck-in, unless otherwise stated.\nfor staying at the registered premises.\n6. The Malacca state government has announced the mandatory State Tourism Fee" at MYR 3 - 5 per occupied room per night ( Required to Pay on the Ground ) for staying at the registered premise.	\N	\N	\N	2025-03-26 12:21:46.204	\N
cm3obhmni06pbu9cgverzj14v	Royale Chulan Penang	Penang	4	10	3	\N	\N	\N	4. Extra Person Charges: Charges for additional guests may apply and vary based on the property's policy.\n5. Tourism and State Tax: A Tourism Tax of RM10 per room per night are not included in the room rate and must be paid at the counter during heck-in, unless otherwise stated.\n6. The government of Penang has announced the mandatory State Tourism Fee" at MYR 3 - 5 per occupied room per night ( Required to Pay on the Ground ) for staying at the registered premise.	\N	\N	\N	2025-03-26 12:21:46.204	\N
clyy7fggq00juii6i0cp1qadv	Ramada By Whyndham Langkawi Marina	Langkawi	3	10	5	Address: Jalan Dato' Syed Omar, 07000, Langkawi, Kedah Kuah, 07000 Langkawi, Kedah	+604-966 4078	\N	4. Extra Person Charges: Charges for additional guests may apply and vary based on the property's policy.\n5. Tourism and State Tax: A Tourism Tax of RM10 per room per night are not included in the room rate and must be paid at the counter during heck-in, unless otherwise stated.\n6. Langkawi Municipal Council has announced the mandatory State Tourism Fee" at MYR 3 - 5 per occupied room per night ( Required to Pay on the Ground ) for staying at the registered premise.	\N	\N	\N	2025-03-26 12:21:46.204	\N
clyy7fgg800jrii6ixqqi228j	Hotel Grand Continental Langkawi	Langkawi	3	10	5	\N	\N	\N	4. Extra Person Charges: Charges for additional guests may apply and vary based on the property's policy.\n5. Tourism and State Tax: A Tourism Tax of RM10 per room per night are not included in the room rate and must be paid at the counter during heck-in, unless otherwise stated.\n6. Langkawi Municipal Council has announced the mandatory State Tourism Fee" at MYR 3 - 5 per occupied room per night ( Required to Pay on the Ground ) for staying at the registered premise.	\N	\N	\N	2025-03-26 12:21:46.204	\N
cm3i8u4vo12srw3vsr0udafha	Indigo Hotel Kuala Lumpur	Kuala Lumpur	4	10	0	\N	\N	\N	4. Extra Person Charges: Charges for additional guests may apply and vary based on the property's policy.\n5. Tourism and State Tax: A Tourism Tax of RM10 per room per night are not included in the room rate and must be paid at the counter during heck-in, unless otherwise stated.\nfor staying at the registered premises.\n6. Security Deposit: The hotel may require a security deposit during check-in, which will be communicated at that time.\n7. Additional Charges: Any additional charges incurred during your stay must be settled before checkout.\n8. Special Requests: Special requests are subject to availability at check-in and may incur additional charges. Please note that these requests cannot be guaranteed.\n9. Registered Guests Only: Only registered guests are permitted in the guestrooms. 	\N	\N	\N	2025-03-26 12:21:46.204	\N
clyy7fgln00keii6i8y43evrz	Ideas Hotel Kuala Lumpur	Kuala Lumpur	4	10	0	No 12 Jalan Raja Laut, 50350 Kuala Lumpur City, Federal Territory of Kuala Lumpur	+603-2614 8000	IDEAS Kuala Lumpur is a great choice for anyone looking for modern aesthetics and a comfortable stay in Kuala Lumpur. With its prime location, modern facilities, and attentive service, a memorable and enjoyable experience can be assured.	4. Extra Person Charges: Charges for additional guests may apply and vary based on the property's policy.\n5. Tourism and State Tax: A Tourism Tax of RM10 per room per night are not included in the room rate and must be paid at the counter during heck-in, unless otherwise stated.\nfor staying at the registered premises.\n6. Security Deposit: The hotel may require a security deposit during check-in, which will be communicated at that time.\n7. Additional Charges: Any additional charges incurred during your stay must be settled before checkout.\n8. Special Requests: Special requests are subject to availability at check-in and may incur additional charges. Please note that these requests cannot be guaranteed.\n9. Registered Guests Only: Only registered guests are permitted in the guestrooms. 	\N	\N	\N	2025-03-26 12:21:46.204	\N
cm3fnx4an10uew3vskvwhcgu8	Four Seasons Hotel Kuala Lumpur	Kuala Lumpur	5	10	0	\N	\N	\N	4. Extra Person Charges: Charges for additional guests may apply and vary based on the property's policy.\n5. Tourism and State Tax: A Tourism Tax of RM10 per room per night are not included in the room rate and must be paid at the counter during heck-in, unless otherwise stated.\nfor staying at the registered premises.\n6. Security Deposit: The hotel may require a security deposit during check-in, which will be communicated at that time.\n7. Additional Charges: Any additional charges incurred during your stay must be settled before checkout.\n8. Special Requests: Special requests are subject to availability at check-in and may incur additional charges. Please note that these requests cannot be guaranteed.\n9. Registered Guests Only: Only registered guests are permitted in the guestrooms. 	\N	\N	\N	2025-03-26 12:21:46.204	\N
cm376o3ql0qcmw3vsusrql59a	Hilton Garden Inn Kuala Lumpur Jalan Tuanku Abdul Rahman South	Kuala Lumpur	3	10	0	\N	\N	\N	4. Extra Person Charges: Charges for additional guests may apply and vary based on the property's policy.\n5. Tourism and State Tax: A Tourism Tax of RM10 per room per night are not included in the room rate and must be paid at the counter during heck-in, unless otherwise stated.\nfor staying at the registered premises.\n6. Security Deposit: The hotel may require a security deposit during check-in, which will be communicated at that time.\n7. Additional Charges: Any additional charges incurred during your stay must be settled before checkout.\n8. Special Requests: Special requests are subject to availability at check-in and may incur additional charges. Please note that these requests cannot be guaranteed.\n9. Registered Guests Only: Only registered guests are permitted in the guestrooms. 	\N	\N	\N	2025-03-26 12:21:46.204	\N
clyy7fgmk00krii6iiir8bekk	Zenith Hotel Cameron	Pahang	5	10	5	\N	\N	\N	4. Extra Person Charges: Charges for additional guests may apply and vary based on the property's policy.\n5. Tourism and State Tax: A Tourism Tax of RM10 per room per night are not included in the room rate and must be paid at the counter during heck-in, unless otherwise stated.\n6. Pahang state government has introduced a mandatory sustainability tax of RM3.00 per occupied room per night for all hotels in Pahang  ( Required to Pay on the Ground ) for staying at the registered premises.\n7. Security Deposit: The hotel may require a security deposit during check-in, which will be communicated at that time.\n8. Additional Charges: Any additional charges incurred during your stay must be settled before checkout.\n9. Special Requests: Special requests are subject to availability at check-in and may incur additional charges. Please note that these requests cannot be guaranteed.\n10. Registered Guests Only: Only registered guests are permitted in the guestrooms. 	\N	\N	\N	2025-03-26 12:21:46.204	\N
cm34d6gcv0iq3w3vsm6mo9zlh	Legoland Hotel Johor Bahru	Johor	5	10	0	\N	\N	\N	4. Extra Person Charges: Charges for additional guests may apply and vary based on the property's policy.\n5. Tourism and State Tax: A Tourism Tax of RM10 per room per night are not included in the room rate and must be paid at the counter during heck-in, unless otherwise stated.\nfor staying at the registered premises.\n6. Security Deposit: The hotel may require a security deposit during check-in, which will be communicated at that time.\n7. Additional Charges: Any additional charges incurred during your stay must be settled before checkout.\n8. Special Requests: Special requests are subject to availability at check-in and may incur additional charges. Please note that these requests cannot be guaranteed.\n9. Registered Guests Only: Only registered guests are permitted in the guestrooms. 	\N	\N	\N	2025-03-26 12:21:46.204	\N
cm3314hb20g0ow3vsqu0ymfvh	The Westin Langkawi Resort & Spa	Langkawi	5	10	5	\N	\N	\N	\N	\N	\N	\N	2025-03-26 12:21:46.204	\N
cm330vncc0fydw3vsf0dv8bmg	Shangri La Rasa Sayang Penang 	Penang	5	10	5	\N	\N	\N	\N	\N	\N	\N	2025-03-26 12:21:46.204	\N
clyy7fgmj00kqii6ibz8xxfy9	Ramada Suites By Whyndham KLCC	Kuala Lumpur	4	10	0	No 1, Lorong Ceylon, Bukit Ceylon, , 50200 Kuala Lumpur, Federal Territory of Kuala Lumpur	+603-2938 9888	Ramada Suites by Wyndham Kuala Lumpur City Centre (KLCC) located in Bukit Bintang, the premier shopping, dining, and entertainment district of Kuala Lumpur. The hotel is strategically located near many of the city’s landmarks such as the Petronas Twin Towers, Suria KLCC, Pavilion KL, Lalaport Bukit Bintang, Kuala Lumpur Tower and Petaling Street alongside Central Market.	4. Extra Person Charges: Charges for additional guests may apply and vary based on the property's policy.\n5. Tourism and State Tax: A Tourism Tax of RM10 per room per night are not included in the room rate and must be paid at the counter during heck-in, unless otherwise stated.\nfor staying at the registered premises.\n6. Security Deposit: The hotel may require a security deposit during check-in, which will be communicated at that time.\n7. Additional Charges: Any additional charges incurred during your stay must be settled before checkout.\n8. Special Requests: Special requests are subject to availability at check-in and may incur additional charges. Please note that these requests cannot be guaranteed.\n9. Registered Guests Only: Only registered guests are permitted in the guestrooms. 	\N	\N	\N	2025-03-26 12:21:46.204	\N
cm10gw7eg00idr9f6xkd0k2ke	Baba House 	Melaka	4	10	2	\N	\N	\N	4. Extra Person Charges: Charges for additional guests may apply and vary based on the property's policy.\n5. Tourism and State Tax: A Tourism Tax of RM10 per room per night are not included in the room rate and must be paid at the counter during heck-in, unless otherwise stated.\nfor staying at the registered premises.\n6. The Malacca state government has announced the mandatory State Tourism Fee" at MYR 3 - 5 per occupied room per night ( Required to Pay on the Ground ) for staying at the registered premise.	\N	\N	\N	2025-03-26 12:21:46.204	\N
cm10g1cof00i0r9f6tlg4a1nt	Swan Garden Resort Hotel Melaka	Melaka	4	10	2	\N	\N	\N	4. Extra Person Charges: Charges for additional guests may apply and vary based on the property's policy.\n5. Tourism and State Tax: A Tourism Tax of RM10 per room per night are not included in the room rate and must be paid at the counter during heck-in, unless otherwise stated.\nfor staying at the registered premises.\n6. The Malacca state government has announced the mandatory State Tourism Fee" at MYR 3 - 5 per occupied room per night ( Required to Pay on the Ground ) for staying at the registered premise.	\N	\N	\N	2025-03-26 12:21:46.204	\N
cm10fhe4j00hnr9f6x5ihgisj	Swan Garden Hotel Melaka	Melaka	4	10	2	\N	\N	\N	4. Extra Person Charges: Charges for additional guests may apply and vary based on the property's policy.\n5. Tourism and State Tax: A Tourism Tax of RM10 per room per night are not included in the room rate and must be paid at the counter during heck-in, unless otherwise stated.\nfor staying at the registered premises.\n6. The Malacca state government has announced the mandatory State Tourism Fee" at MYR 3 - 5 per occupied room per night ( Required to Pay on the Ground ) for staying at the registered premise.	\N	\N	\N	2025-03-26 12:21:46.204	\N
clyy7fgh400jxii6iaa52fxye	A'Famosa Resort Hotel	Melaka	4	10	2	\N	\N	\N	4. Extra Person Charges: Charges for additional guests may apply and vary based on the property's policy.\n5. Tourism and State Tax: A Tourism Tax of RM10 per room per night are not included in the room rate and must be paid at the counter during heck-in, unless otherwise stated.\nfor staying at the registered premises.\n6. The Malacca state government has announced the mandatory State Tourism Fee" at MYR 3 - 5 per occupied room per night ( Required to Pay on the Ground ) for staying at the registered premise.	\N	\N	\N	2025-03-26 12:21:46.204	\N
cm1068xin00abr9f64pu95yc8	Swiss-Garden Hotel Melaka	Melaka	4	10	2	\N	\N	\N	4. Extra Person Charges: Charges for additional guests may apply and vary based on the property's policy.\n5. Tourism and State Tax: A Tourism Tax of RM10 per room per night are not included in the room rate and must be paid at the counter during heck-in, unless otherwise stated.\nfor staying at the registered premises.\n6. The Malacca state government has announced the mandatory State Tourism Fee" at MYR 3 - 5 per occupied room per night ( Required to Pay on the Ground ) for staying at the registered premise.	\N	\N	\N	2025-03-26 12:21:46.204	\N
cm108y9i700cjr9f695x61gyj	The Shore Hotel & Residences Melaka	Melaka	4	10	2	193, Pinggiran @Sungai Melaka, Jalan Persisiran Bunga Raya 75100 Melaka Melaka	\N	\N	4. Extra Person Charges: Charges for additional guests may apply and vary based on the property's policy.\n5. Tourism and State Tax: A Tourism Tax of RM10 per room per night are not included in the room rate and must be paid at the counter during heck-in, unless otherwise stated.\nfor staying at the registered premises.\n6. The Malacca state government has announced the mandatory State Tourism Fee" at MYR 3 - 5 per occupied room per night ( Required to Pay on the Ground ) for staying at the registered premise.	\N	\N	\N	2025-03-26 12:21:46.204	\N
clyy7fgme00kpii6it9nl5trk	Berjaya Langkawi Resort	Langkawi	5	10	5	\N	\N	\N	4. Extra Person Charges: Charges for additional guests may apply and vary based on the property's policy.\n5. Tourism and State Tax: A Tourism Tax of RM10 per room per night are not included in the room rate and must be paid at the counter during heck-in, unless otherwise stated.\n6. Langkawi Municipal Council has announced the mandatory State Tourism Fee" at MYR 3 - 5 per occupied room per night ( Required to Pay on the Ground ) for staying at the registered premise.	\N	\N	\N	2025-03-26 12:21:46.204	\N
clyy7fgge00jsii6ibubptzoe	Bella Vista Waterfront	Langkawi	3	10	5	\N	\N	\N	4. Extra Person Charges: Charges for additional guests may apply and vary based on the property's policy.\n5. Tourism and State Tax: A Tourism Tax of RM10 per room per night are not included in the room rate and must be paid at the counter during heck-in, unless otherwise stated.\n6. Langkawi Municipal Council has announced the mandatory State Tourism Fee" at MYR 3 - 5 per occupied room per night ( Required to Pay on the Ground ) for staying at the registered premise.	\N	\N	\N	2025-03-26 12:21:46.204	\N
clyy7fgn400kyii6i6awj5qj7	Wings by Croske Resort Langkawi	Langkawi	4	10	5	\N	\N	\N	4. Extra Person Charges: Charges for additional guests may apply and vary based on the property's policy.\n5. Tourism and State Tax: A Tourism Tax of RM10 per room per night are not included in the room rate and must be paid at the counter during heck-in, unless otherwise stated.\n6. Langkawi Municipal Council has announced the mandatory State Tourism Fee" at MYR 3 - 5 per occupied room per night ( Required to Pay on the Ground ) for staying at the registered premise.	\N	\N	\N	2025-03-26 12:21:46.204	\N
clyy7fggg00jtii6iyf1wu2lt	The Frangipani Langkawi Resort & Spa	Langkawi	4	10	5	\N	\N	\N	4. Extra Person Charges: Charges for additional guests may apply and vary based on the property's policy.\n5. Tourism and State Tax: A Tourism Tax of RM10 per room per night are not included in the room rate and must be paid at the counter during heck-in, unless otherwise stated.\n6. Langkawi Municipal Council has announced the mandatory State Tourism Fee" at MYR 3 - 5 per occupied room per night ( Required to Pay on the Ground ) for staying at the registered premise.	\N	\N	\N	2025-03-26 12:21:46.204	\N
cm2n1z63u02lcw3vsd0k3nlxt	Four Points Sheraton Kuala Lumpur	Kuala Lumpur	4	10	0	\N	\N	\N	4. Extra Person Charges: Charges for additional guests may apply and vary based on the property's policy.\n5. Tourism and State Tax: A Tourism Tax of RM10 per room per night are not included in the room rate and must be paid at the counter during heck-in, unless otherwise stated.\nfor staying at the registered premises.\n6. Security Deposit: The hotel may require a security deposit during check-in, which will be communicated at that time.\n7. Additional Charges: Any additional charges incurred during your stay must be settled before checkout.\n8. Special Requests: Special requests are subject to availability at check-in and may incur additional charges. Please note that these requests cannot be guaranteed.\n9. Registered Guests Only: Only registered guests are permitted in the guestrooms. 	\N	\N	\N	2025-03-26 12:21:46.204	\N
cm2jw84yc0o2vp4z65cuo49jk	Villa Samadhi Kuala Lumpur	Kuala Lumpur	5	10	0	\N	\N	\N	4. Extra Person Charges: Charges for additional guests may apply and vary based on the property's policy.\n5. Tourism and State Tax: A Tourism Tax of RM10 per room per night are not included in the room rate and must be paid at the counter during heck-in, unless otherwise stated.\nfor staying at the registered premises.\n6. Security Deposit: The hotel may require a security deposit during check-in, which will be communicated at that time.\n7. Additional Charges: Any additional charges incurred during your stay must be settled before checkout.\n8. Special Requests: Special requests are subject to availability at check-in and may incur additional charges. Please note that these requests cannot be guaranteed.\n9. Registered Guests Only: Only registered guests are permitted in the guestrooms. 	\N	\N	\N	2025-03-26 12:21:46.204	\N
clyy7fglf00kbii6it8f7y8o5	Sunway Resort Hotel	Kuala Lumpur	5	10	0	\N	\N	\N	4. Extra Person Charges: Charges for additional guests may apply and vary based on the property's policy.\n5. Tourism and State Tax: A Tourism Tax of RM10 per room per night are not included in the room rate and must be paid at the counter during heck-in, unless otherwise stated.\nfor staying at the registered premises.\n6. Security Deposit: The hotel may require a security deposit during check-in, which will be communicated at that time.\n7. Additional Charges: Any additional charges incurred during your stay must be settled before checkout.\n8. Special Requests: Special requests are subject to availability at check-in and may incur additional charges. Please note that these requests cannot be guaranteed.\n9. Registered Guests Only: Only registered guests are permitted in the guestrooms. 	\N	\N	\N	2025-03-26 12:21:46.204	\N
clyy7fgkb00k8ii6if0r7hi9b	Hotel Maya	Kuala Lumpur	5	10	0	\N	\N	\N	4. Extra Person Charges: Charges for additional guests may apply and vary based on the property's policy.\n5. Tourism and State Tax: A Tourism Tax of RM10 per room per night are not included in the room rate and must be paid at the counter during heck-in, unless otherwise stated.\nfor staying at the registered premises.\n6. Security Deposit: The hotel may require a security deposit during check-in, which will be communicated at that time.\n7. Additional Charges: Any additional charges incurred during your stay must be settled before checkout.\n8. Special Requests: Special requests are subject to availability at check-in and may incur additional charges. Please note that these requests cannot be guaranteed.\n9. Registered Guests Only: Only registered guests are permitted in the guestrooms. 	\N	\N	\N	2025-03-26 12:21:46.204	\N
cm0uizasa00lgrdhpilzmw1bn	Citin Hotel Masjid Jamek	Kuala Lumpur	3	10	0	33, Jalan Melayu, City Centre, 50100 Kuala Lumpur, Wilayah Persekutuan 50350 Kuala Lumpur	+603-2693 2999	Citin Hotel Masjid Jamek has an unbeatable location right at the heart of Kuala Lumpur, with less than a minute walk to Masjid Jamek LRT (Light Rail Transit) station, interchange station for ‘Star’ and ‘Putra’ lines. It is also a few steps from China town and Little India, a colourful neighbourhood, rich in culture and constantly buzzing with activity. Places of interests include Petronas Twin Towers, Batu Caves, and Islamic Arts Museum.	4. Extra Person Charges: Charges for additional guests may apply and vary based on the property's policy.\n5. Tourism and State Tax: A Tourism Tax of RM10 per room per night are not included in the room rate and must be paid at the counter during heck-in, unless otherwise stated.\nfor staying at the registered premises.\n6. Security Deposit: The hotel may require a security deposit during check-in, which will be communicated at that time.\n7. Additional Charges: Any additional charges incurred during your stay must be settled before checkout.\n8. Special Requests: Special requests are subject to availability at check-in and may incur additional charges. Please note that these requests cannot be guaranteed.\n9. Registered Guests Only: Only registered guests are permitted in the guestrooms. 	\N	\N	\N	2025-03-26 12:21:46.204	\N
clyy7fghi00jzii6iu6vje5al	Flamingo By The Beach Penang	Penang	4	10	3	\N	\N	\N	4. Extra Person Charges: Charges for additional guests may apply and vary based on the property's policy.\n5. Tourism and State Tax: A Tourism Tax of RM10 per room per night are not included in the room rate and must be paid at the counter during heck-in, unless otherwise stated.\n6. The government of Penang has announced the mandatory State Tourism Fee" at MYR 3 - 5 per occupied room per night ( Required to Pay on the Ground ) for staying at the registered premise.	\N	\N	\N	2025-03-26 12:21:46.204	\N
cm166kmlr047gr9f6c035a4xw	Tunamaya Beach & Spa Resort - Desaru	Johor	4	10	0	\N	\N	\N	4. Extra Person Charges: Charges for additional guests may apply and vary based on the property's policy.\n5. Tourism and State Tax: A Tourism Tax of RM10 per room per night are not included in the room rate and must be paid at the counter during heck-in, unless otherwise stated.\nfor staying at the registered premises.\n6. Security Deposit: The hotel may require a security deposit during check-in, which will be communicated at that time.\n7. Additional Charges: Any additional charges incurred during your stay must be settled before checkout.\n8. Special Requests: Special requests are subject to availability at check-in and may incur additional charges. Please note that these requests cannot be guaranteed.\n9. Registered Guests Only: Only registered guests are permitted in the guestrooms. 	\N	\N	\N	2025-03-26 12:21:46.204	\N
cm2344dq903nup4z61z55892o	Pangkor Laut Resort	Pangkor	1	10	0	\N	\N	\N	4. Extra Person Charges: Charges for additional guests may apply and vary based on the property's policy.\n5. Tourism and State Tax: A Tourism Tax of RM10 per room per night are not included in the room rate and must be paid at the counter during heck-in, unless otherwise stated.\nfor staying at the registered premises.\n6. Security Deposit: The hotel may require a security deposit during check-in, which will be communicated at that time.\n7. Additional Charges: Any additional charges incurred during your stay must be settled before checkout.\n8. Special Requests: Special requests are subject to availability at check-in and may incur additional charges. Please note that these requests cannot be guaranteed.\n9. Registered Guests Only: Only registered guests are permitted in the guestrooms. 	\N	\N	\N	2025-03-26 12:21:46.204	\N
cm21q94d60158p4z6gt6amh1r	Cosmo Hotel ( No Pool )	Kuala Lumpur	4	10	0	13-15 Leboh Ampang 50050 Kuala Lumpur Federal Territory of Kuala Lumpur	\N	\N	4. Extra Person Charges: Charges for additional guests may apply and vary based on the property's policy.\n5. Tourism and State Tax: A Tourism Tax of RM10 per room per night are not included in the room rate and must be paid at the counter during heck-in, unless otherwise stated.\nfor staying at the registered premises.\n6. Security Deposit: The hotel may require a security deposit during check-in, which will be communicated at that time.\n7. Additional Charges: Any additional charges incurred during your stay must be settled before checkout.\n8. Special Requests: Special requests are subject to availability at check-in and may incur additional charges. Please note that these requests cannot be guaranteed.\n9. Registered Guests Only: Only registered guests are permitted in the guestrooms. 	\N	\N	\N	2025-03-26 12:21:46.204	\N
cm0wakpli01ivrdhp803wvxr3	Stay With Bintang Hotel	Kuala Lumpur	4	10	0	\N	\N	\N	4. Extra Person Charges: Charges for additional guests may apply and vary based on the property's policy.\n5. Tourism and State Tax: A Tourism Tax of RM10 per room per night are not included in the room rate and must be paid at the counter during heck-in, unless otherwise stated.\nfor staying at the registered premises.\n6. Security Deposit: The hotel may require a security deposit during check-in, which will be communicated at that time.\n7. Additional Charges: Any additional charges incurred during your stay must be settled before checkout.\n8. Special Requests: Special requests are subject to availability at check-in and may incur additional charges. Please note that these requests cannot be guaranteed.\n9. Registered Guests Only: Only registered guests are permitted in the guestrooms. 	\N	\N	\N	2025-03-26 12:21:46.204	\N
cm0ypen7h02t6rdhpr9f18mhl	Wyndham Suites KLCC	Kuala Lumpur	5	10	0	8 Jalan Changkat Kia Peng, 50450 Kuala Lumpur, Federal Territory of Kuala Lumpur	+603-2707 1288	Attractively situated in Kuala Lumpur, Wyndham Suites KLCC features air-conditioned rooms with free WiFi, free private parking and room service. Each accommodation at the 5-star hotel has city views, and guests can enjoy access to an outdoor swimming pool and to a fitness centre. The property is non-smoking and is situated 1.2 km from KLCC Park. The rooms at the hotel are fitted with a seating area, a TV and a safety deposit box. Rooms have a private bathroom with a bidet, a hairdryer and slippers. At Wyndham Suites KLCC every room has bed linen and towels. A buffet, continental or Asian breakfast is available each morning at the property. The restaurant at the accommodation specialises in Asian cuisine. Wyndham Suites KLCC offers a children's playground. Speaking English, Malay, Cantonese and Chinese, staff are willing to help at the 24-hour front desk. Popular points of interest near the hotel include Pavilion Kuala Lumpur, Kuala Lumpur Convention Center and Starhill Gallery.	4. Extra Person Charges: Charges for additional guests may apply and vary based on the property's policy.\n5. Tourism and State Tax: A Tourism Tax of RM10 per room per night are not included in the room rate and must be paid at the counter during heck-in, unless otherwise stated.\nfor staying at the registered premises.\n6. Security Deposit: The hotel may require a security deposit during check-in, which will be communicated at that time.\n7. Additional Charges: Any additional charges incurred during your stay must be settled before checkout.\n8. Special Requests: Special requests are subject to availability at check-in and may incur additional charges. Please note that these requests cannot be guaranteed.\n9. Registered Guests Only: Only registered guests are permitted in the guestrooms. 	\N	\N	\N	2025-03-26 12:21:46.204	\N
clyy7fgft00jpii6ijc3xrt0b	Metro Hotel Bukit Bintang	Kuala Lumpur	3	10	0	No. 208 Jalan Pudu – Imbi, Bukit Bintang, 55100 Kuala Lumpur, Federal Territory of Kuala Lumpur	+603-2143 7001	Well-positioned in Bukit Bintang, Metro Hotel Bukit Bintang is the ideal point of departure for your excursions in Kuala Lumpur. The city center is merely 0.5 km away and the airport can be reached within 45 minutes. Also within easy reach are Old Asia, Tung Shin Hospital, Sun Complex.Take advantage of a wealth of unrivaled services and amenities at this Kuala Lumpur hotel.	4. Extra Person Charges: Charges for additional guests may apply and vary based on the property's policy.\n5. Tourism and State Tax: A Tourism Tax of RM10 per room per night are not included in the room rate and must be paid at the counter during heck-in, unless otherwise stated.\nfor staying at the registered premises.\n6. Security Deposit: The hotel may require a security deposit during check-in, which will be communicated at that time.\n7. Additional Charges: Any additional charges incurred during your stay must be settled before checkout.\n8. Special Requests: Special requests are subject to availability at check-in and may incur additional charges. Please note that these requests cannot be guaranteed.\n9. Registered Guests Only: Only registered guests are permitted in the guestrooms. 	\N	\N	\N	2025-03-26 12:21:46.204	\N
cm0xb2i8401nerdhpz1h6xj18	St. Giles Boulevard Hotel	Kuala Lumpur	4	10	0	Mid Valley City, Lingkaran Syed Putra, 59200 Kuala Lumpur, Federal Territory of Kuala Lumpur	+603-2109 8888	Discover Kuala Lumpur with a delightful stay at St. Giles Boulevard, your ideal city centre hotel, whether travelling for business, leisure or a blend of both.\n\nCentrally located in the vibrant district of Mid Valley City, our hotel places you at the pulse of the city's bustling energy with the ideal location to embark on your Kuala Lumpur adventure.	4. Extra Person Charges: Charges for additional guests may apply and vary based on the property's policy.\n5. Tourism and State Tax: A Tourism Tax of RM10 per room per night are not included in the room rate and must be paid at the counter during heck-in, unless otherwise stated.\nfor staying at the registered premises.\n6. Security Deposit: The hotel may require a security deposit during check-in, which will be communicated at that time.\n7. Additional Charges: Any additional charges incurred during your stay must be settled before checkout.\n8. Special Requests: Special requests are subject to availability at check-in and may incur additional charges. Please note that these requests cannot be guaranteed.\n9. Registered Guests Only: Only registered guests are permitted in the guestrooms. 	\N	\N	\N	2025-03-26 12:21:46.204	\N
cm167bcvn048qr9f6ugimtdxs	Lotus Seaview Beach Resort & Spa	Johor	4	10	0	\N	\N	\N	4. Extra Person Charges: Charges for additional guests may apply and vary based on the property's policy.\n5. Tourism and State Tax: A Tourism Tax of RM10 per room per night are not included in the room rate and must be paid at the counter during heck-in, unless otherwise stated.\nfor staying at the registered premises.\n6. Security Deposit: The hotel may require a security deposit during check-in, which will be communicated at that time.\n7. Additional Charges: Any additional charges incurred during your stay must be settled before checkout.\n8. Special Requests: Special requests are subject to availability at check-in and may incur additional charges. Please note that these requests cannot be guaranteed.\n9. Registered Guests Only: Only registered guests are permitted in the guestrooms. 	\N	\N	\N	2025-03-26 12:21:46.204	\N
clyy7fgm000kjii6inivzejia	Santa Grand Signature	Kuala Lumpur	5	10	0	No 36 Menara Santa Jalan Ampang, 50450 Kuala Lumpur	+603-2027 1969	Amidst modern high rises, the building’s interior design is infused with Peranakan charm to retain its Singapore heritage brand. Santa Grand Signature also offers impeccable service and welcomes both Business and Leisure Guests with a Nyonya touch. Discover the exciting things to do within the vicinity of the hotel such as KL Forest Eco Park (Bukit Nanas), River of Life, shopping malls, places of attractions within walking distance or commute via train either at Dang Wang LRT Station or Bukit Nanas monorail link. For business travelers, we are located in between Jalan Sultan Ismail and Jalan Ampang whereby most of the offices building and Insurance Agencies located.	4. Extra Person Charges: Charges for additional guests may apply and vary based on the property's policy.\n5. Tourism and State Tax: A Tourism Tax of RM10 per room per night are not included in the room rate and must be paid at the counter during heck-in, unless otherwise stated.\nfor staying at the registered premises.\n6. Security Deposit: The hotel may require a security deposit during check-in, which will be communicated at that time.\n7. Additional Charges: Any additional charges incurred during your stay must be settled before checkout.\n8. Special Requests: Special requests are subject to availability at check-in and may incur additional charges. Please note that these requests cannot be guaranteed.\n9. Registered Guests Only: Only registered guests are permitted in the guestrooms. 	\N	\N	\N	2025-03-26 12:21:46.204	\N
cm0w87qyz01dqrdhpy6k0yhux	The 5 Elements Hotel	Kuala Lumpur	3	10	0	\N	\N	\N	4. Extra Person Charges: Charges for additional guests may apply and vary based on the property's policy.\n5. Tourism and State Tax: A Tourism Tax of RM10 per room per night are not included in the room rate and must be paid at the counter during heck-in, unless otherwise stated.\nfor staying at the registered premises.\n6. Security Deposit: The hotel may require a security deposit during check-in, which will be communicated at that time.\n7. Additional Charges: Any additional charges incurred during your stay must be settled before checkout.\n8. Special Requests: Special requests are subject to availability at check-in and may incur additional charges. Please note that these requests cannot be guaranteed.\n9. Registered Guests Only: Only registered guests are permitted in the guestrooms. 	\N	\N	\N	2025-03-26 12:21:46.204	\N
cm1at0j6900g34yaznm37n48d	The Westin Kuala Lumpur	Kuala Lumpur	5	10	0	199, Jalan Bukit Bintang 55100 Kuala Lumpur,Malaysia\n thewestinkualalumpur.com	60327318333	* Please be informed that tourism tax to be pay/collect upon group check-in	4. Extra Person Charges: Charges for additional guests may apply and vary based on the property's policy.\n5. Tourism and State Tax: A Tourism Tax of RM10 per room per night are not included in the room rate and must be paid at the counter during heck-in, unless otherwise stated.\nfor staying at the registered premises.\n6. Security Deposit: The hotel may require a security deposit during check-in, which will be communicated at that time.\n7. Additional Charges: Any additional charges incurred during your stay must be settled before checkout.\n8. Special Requests: Special requests are subject to availability at check-in and may incur additional charges. Please note that these requests cannot be guaranteed.\n9. Registered Guests Only: Only registered guests are permitted in the guestrooms. 	\N	\N	\N	2025-03-26 12:21:46.204	\N
cm197kbs507rnr9f6yywgb0cl	Avani Sepang Goldcoast Resort	PD	5	15	0	\N	\N	\N	4. Extra Person Charges: Charges for additional guests may apply and vary based on the property's policy.\n5. Tourism and State Tax: A Tourism Tax of RM10 per room per night are not included in the room rate and must be paid at the counter during heck-in, unless otherwise stated.\nfor staying at the registered premises.\n6. Security Deposit: The hotel may require a security deposit during check-in, which will be communicated at that time.\n7. Additional Charges: Any additional charges incurred during your stay must be settled before checkout.\n8. Special Requests: Special requests are subject to availability at check-in and may incur additional charges. Please note that these requests cannot be guaranteed.\n9. Registered Guests Only: Only registered guests are permitted in the guestrooms. 	\N	\N	\N	2025-03-26 12:21:46.204	\N
clyy7fglt00kgii6i77abm816	Corus Hotel Kuala Lumpur ( No Pool )	Kuala Lumpur	4	10	0	\N	\N	\N	4. Extra Person Charges: Charges for additional guests may apply and vary based on the property's policy.\n5. Tourism and State Tax: A Tourism Tax of RM10 per room per night are not included in the room rate and must be paid at the counter during heck-in, unless otherwise stated.\nfor staying at the registered premises.\n6. Security Deposit: The hotel may require a security deposit during check-in, which will be communicated at that time.\n7. Additional Charges: Any additional charges incurred during your stay must be settled before checkout.\n8. Special Requests: Special requests are subject to availability at check-in and may incur additional charges. Please note that these requests cannot be guaranteed.\n9. Registered Guests Only: Only registered guests are permitted in the guestrooms. 	\N	\N	\N	2025-03-26 12:21:46.204	\N
cm0vwsu5801bqrdhpzmsjzqu0	The Pearl Kuala Lumpur	Kuala Lumpur	4	10	0	\N	\N	\N	4. Extra Person Charges: Charges for additional guests may apply and vary based on the property's policy.\n5. Tourism and State Tax: A Tourism Tax of RM10 per room per night are not included in the room rate and must be paid at the counter during heck-in, unless otherwise stated.\nfor staying at the registered premises.\n6. Security Deposit: The hotel may require a security deposit during check-in, which will be communicated at that time.\n7. Additional Charges: Any additional charges incurred during your stay must be settled before checkout.\n8. Special Requests: Special requests are subject to availability at check-in and may incur additional charges. Please note that these requests cannot be guaranteed.\n9. Registered Guests Only: Only registered guests are permitted in the guestrooms. 	\N	\N	\N	2025-03-26 12:21:46.204	\N
cm1682huf04aer9f6xkswldys	Lotus Desaru Beach Resort Sdn Bhd	Johor	4	10	0	\N	\N	\N	4. Extra Person Charges: Charges for additional guests may apply and vary based on the property's policy.\n5. Tourism and State Tax: A Tourism Tax of RM10 per room per night are not included in the room rate and must be paid at the counter during heck-in, unless otherwise stated.\nfor staying at the registered premises.\n6. Security Deposit: The hotel may require a security deposit during check-in, which will be communicated at that time.\n7. Additional Charges: Any additional charges incurred during your stay must be settled before checkout.\n8. Special Requests: Special requests are subject to availability at check-in and may incur additional charges. Please note that these requests cannot be guaranteed.\n9. Registered Guests Only: Only registered guests are permitted in the guestrooms. 	\N	\N	\N	2025-03-26 12:21:46.204	\N
clyy7fgk500k7ii6ifhovu9z2	Berjaya Tioman Resort Malaysia	Johor	4	10	0	\N	\N	\N	4. Extra Person Charges: Charges for additional guests may apply and vary based on the property's policy.\n5. Tourism and State Tax: A Tourism Tax of RM10 per room per night are not included in the room rate and must be paid at the counter during heck-in, unless otherwise stated.\nfor staying at the registered premises.\n6. Security Deposit: The hotel may require a security deposit during check-in, which will be communicated at that time.\n7. Additional Charges: Any additional charges incurred during your stay must be settled before checkout.\n8. Special Requests: Special requests are subject to availability at check-in and may incur additional charges. Please note that these requests cannot be guaranteed.\n9. Registered Guests Only: Only registered guests are permitted in the guestrooms. 	\N	\N	\N	2025-03-26 12:21:46.204	\N
clyy7fgih00k4ii6im4zkajwe	Ramada Suites By Wyndham The Straits Johor Bahru	Johor	4	10	0	\N	\N	\N	4. Extra Person Charges: Charges for additional guests may apply and vary based on the property's policy.\n5. Tourism and State Tax: A Tourism Tax of RM10 per room per night are not included in the room rate and must be paid at the counter during heck-in, unless otherwise stated.\nfor staying at the registered premises.\n6. Security Deposit: The hotel may require a security deposit during check-in, which will be communicated at that time.\n7. Additional Charges: Any additional charges incurred during your stay must be settled before checkout.\n8. Special Requests: Special requests are subject to availability at check-in and may incur additional charges. Please note that these requests cannot be guaranteed.\n9. Registered Guests Only: Only registered guests are permitted in the guestrooms. 	\N	\N	\N	2025-03-26 12:21:46.204	\N
cm10hxdfv00k3r9f6j0w9o5xi	Ibis Styles Johor Iskandar Puteri	Johor	3	10	0	\N	\N	\N	4. Extra Person Charges: Charges for additional guests may apply and vary based on the property's policy.\n5. Tourism and State Tax: A Tourism Tax of RM10 per room per night are not included in the room rate and must be paid at the counter during heck-in, unless otherwise stated.\nfor staying at the registered premises.\n6. Security Deposit: The hotel may require a security deposit during check-in, which will be communicated at that time.\n7. Additional Charges: Any additional charges incurred during your stay must be settled before checkout.\n8. Special Requests: Special requests are subject to availability at check-in and may incur additional charges. Please note that these requests cannot be guaranteed.\n9. Registered Guests Only: Only registered guests are permitted in the guestrooms. 	\N	\N	\N	2025-03-26 12:21:46.204	\N
cm106uauu00b8r9f6lswrl4a8	Ancasa Residences	Port Dickson	4	10	0	\N	\N	\N	4. Extra Person Charges: Charges for additional guests may apply and vary based on the property's policy.\n5. Tourism and State Tax: A Tourism Tax of RM10 per room per night are not included in the room rate and must be paid at the counter during heck-in, unless otherwise stated.\nfor staying at the registered premises.\n6. Security Deposit: The hotel may require a security deposit during check-in, which will be communicated at that time.\n7. Additional Charges: Any additional charges incurred during your stay must be settled before checkout.\n8. Special Requests: Special requests are subject to availability at check-in and may incur additional charges. Please note that these requests cannot be guaranteed.\n9. Registered Guests Only: Only registered guests are permitted in the guestrooms. 	\N	\N	\N	2025-03-26 12:21:46.204	\N
cm103r1dm003vr9f63iyq7v0b	Tasik Villa International Resort	Port Dickson	5	10	0	\N	\N	\N	4. Extra Person Charges: Charges for additional guests may apply and vary based on the property's policy.\n5. Tourism and State Tax: A Tourism Tax of RM10 per room per night are not included in the room rate and must be paid at the counter during heck-in, unless otherwise stated.\nfor staying at the registered premises.\n6. Security Deposit: The hotel may require a security deposit during check-in, which will be communicated at that time.\n7. Additional Charges: Any additional charges incurred during your stay must be settled before checkout.\n8. Special Requests: Special requests are subject to availability at check-in and may incur additional charges. Please note that these requests cannot be guaranteed.\n9. Registered Guests Only: Only registered guests are permitted in the guestrooms. 	\N	\N	\N	2025-03-26 12:21:46.204	\N
cm0yreaip02ywrdhpd3wd0hsq	Summit Hotel, Subang USJ	Kuala Lumpur	3	10	0	\N	\N	\N	4. Extra Person Charges: Charges for additional guests may apply and vary based on the property's policy.\n5. Tourism and State Tax: A Tourism Tax of RM10 per room per night are not included in the room rate and must be paid at the counter during heck-in, unless otherwise stated.\nfor staying at the registered premises.\n6. Security Deposit: The hotel may require a security deposit during check-in, which will be communicated at that time.\n7. Additional Charges: Any additional charges incurred during your stay must be settled before checkout.\n8. Special Requests: Special requests are subject to availability at check-in and may incur additional charges. Please note that these requests cannot be guaranteed.\n9. Registered Guests Only: Only registered guests are permitted in the guestrooms. 	\N	\N	\N	2025-03-26 12:21:46.204	\N
cm0yqtqxq02wrrdhp30uo7fus	Premiere Hotel Klang	Kuala Lumpur	4	10	0	\N	\N	\N	4. Extra Person Charges: Charges for additional guests may apply and vary based on the property's policy.\n5. Tourism and State Tax: A Tourism Tax of RM10 per room per night are not included in the room rate and must be paid at the counter during heck-in, unless otherwise stated.\nfor staying at the registered premises.\n6. Security Deposit: The hotel may require a security deposit during check-in, which will be communicated at that time.\n7. Additional Charges: Any additional charges incurred during your stay must be settled before checkout.\n8. Special Requests: Special requests are subject to availability at check-in and may incur additional charges. Please note that these requests cannot be guaranteed.\n9. Registered Guests Only: Only registered guests are permitted in the guestrooms. 	\N	\N	\N	2025-03-26 12:21:46.204	\N
cm91ebhgn0000fwe5dq9h5fmd	TOPhotel	TOP	4	2	10	TOP	9599695946	TOP	TOP	clys1gt600002jb69dq9hh3gu	{"dates": ["2025-04-09T18:30:00.000Z"], "applyFridays": false, "applySundays": false, "applySaturdays": false}	["2025-04-18T18:30:00.000Z"]	2025-04-03 13:32:47.785	2025-04-03 13:32:47.785
cm0yqjh0x02vkrdhpm38w1b7s	Park Inn by Radisson Hotel Putrajaya	Kuala Lumpur	5	10	0	\N	\N	\N	4. Extra Person Charges: Charges for additional guests may apply and vary based on the property's policy.\n5. Tourism and State Tax: A Tourism Tax of RM10 per room per night are not included in the room rate and must be paid at the counter during heck-in, unless otherwise stated.\nfor staying at the registered premises.\n6. Security Deposit: The hotel may require a security deposit during check-in, which will be communicated at that time.\n7. Additional Charges: Any additional charges incurred during your stay must be settled before checkout.\n8. Special Requests: Special requests are subject to availability at check-in and may incur additional charges. Please note that these requests cannot be guaranteed.\n9. Registered Guests Only: Only registered guests are permitted in the guestrooms. 	\N	\N	\N	2025-03-26 12:21:46.204	\N
cm0yq9pfa02v1rdhpwupqrl0a	The Everly Putrajaya	Kuala Lumpur	4	10	0	\N	\N	\N	4. Extra Person Charges: Charges for additional guests may apply and vary based on the property's policy.\n5. Tourism and State Tax: A Tourism Tax of RM10 per room per night are not included in the room rate and must be paid at the counter during heck-in, unless otherwise stated.\nfor staying at the registered premises.\n6. Security Deposit: The hotel may require a security deposit during check-in, which will be communicated at that time.\n7. Additional Charges: Any additional charges incurred during your stay must be settled before checkout.\n8. Special Requests: Special requests are subject to availability at check-in and may incur additional charges. Please note that these requests cannot be guaranteed.\n9. Registered Guests Only: Only registered guests are permitted in the guestrooms. 	\N	\N	\N	2025-03-26 12:21:46.204	\N
cm0ypvrzu02tirdhpmjtqdmhf	Best Western i-City Shah Alam	Kuala Lumpur	3	10	0	\N	\N	\N	4. Extra Person Charges: Charges for additional guests may apply and vary based on the property's policy.\n5. Tourism and State Tax: A Tourism Tax of RM10 per room per night are not included in the room rate and must be paid at the counter during heck-in, unless otherwise stated.\nfor staying at the registered premises.\n6. Security Deposit: The hotel may require a security deposit during check-in, which will be communicated at that time.\n7. Additional Charges: Any additional charges incurred during your stay must be settled before checkout.\n8. Special Requests: Special requests are subject to availability at check-in and may incur additional charges. Please note that these requests cannot be guaranteed.\n9. Registered Guests Only: Only registered guests are permitted in the guestrooms. 	\N	\N	\N	2025-03-26 12:21:46.204	\N
cm0yp1apw02s0rdhpnw0kya86	Verdant Hill Hotel	Kuala Lumpur	4	10	0	\N	\N	\N	4. Extra Person Charges: Charges for additional guests may apply and vary based on the property's policy.\n5. Tourism and State Tax: A Tourism Tax of RM10 per room per night are not included in the room rate and must be paid at the counter during heck-in, unless otherwise stated.\nfor staying at the registered premises.\n6. Security Deposit: The hotel may require a security deposit during check-in, which will be communicated at that time.\n7. Additional Charges: Any additional charges incurred during your stay must be settled before checkout.\n8. Special Requests: Special requests are subject to availability at check-in and may incur additional charges. Please note that these requests cannot be guaranteed.\n9. Registered Guests Only: Only registered guests are permitted in the guestrooms. 	\N	\N	\N	2025-03-26 12:21:46.204	\N
cm0ynu5sn02oardhpz9n3csfe	THE FACE Style	Kuala Lumpur	5	10	0	\N	\N	\N	4. Extra Person Charges: Charges for additional guests may apply and vary based on the property's policy.\n5. Tourism and State Tax: A Tourism Tax of RM10 per room per night are not included in the room rate and must be paid at the counter during heck-in, unless otherwise stated.\nfor staying at the registered premises.\n6. Security Deposit: The hotel may require a security deposit during check-in, which will be communicated at that time.\n7. Additional Charges: Any additional charges incurred during your stay must be settled before checkout.\n8. Special Requests: Special requests are subject to availability at check-in and may incur additional charges. Please note that these requests cannot be guaranteed.\n9. Registered Guests Only: Only registered guests are permitted in the guestrooms. 	\N	\N	\N	2025-03-26 12:21:46.204	\N
clyy7fglp00kfii6i31tm6soi	Pacific Regency Hotel Suites KL	Kuala Lumpur	5	10	0	\N	\N	\N	4. Extra Person Charges: Charges for additional guests may apply and vary based on the property's policy.\n5. Tourism and State Tax: A Tourism Tax of RM10 per room per night are not included in the room rate and must be paid at the counter during heck-in, unless otherwise stated.\nfor staying at the registered premises.\n6. Security Deposit: The hotel may require a security deposit during check-in, which will be communicated at that time.\n7. Additional Charges: Any additional charges incurred during your stay must be settled before checkout.\n8. Special Requests: Special requests are subject to availability at check-in and may incur additional charges. Please note that these requests cannot be guaranteed.\n9. Registered Guests Only: Only registered guests are permitted in the guestrooms. 	\N	\N	\N	2025-03-26 12:21:46.204	\N
cm0vuv5cz019mrdhpb0p58s8j	Novotel Kuala Lumpur City Centre	Kuala Lumpur	4	10	0	\N	\N	\N	4. Extra Person Charges: Charges for additional guests may apply and vary based on the property's policy.\n5. Tourism and State Tax: A Tourism Tax of RM10 per room per night are not included in the room rate and must be paid at the counter during heck-in, unless otherwise stated.\nfor staying at the registered premises.\n6. Security Deposit: The hotel may require a security deposit during check-in, which will be communicated at that time.\n7. Additional Charges: Any additional charges incurred during your stay must be settled before checkout.\n8. Special Requests: Special requests are subject to availability at check-in and may incur additional charges. Please note that these requests cannot be guaranteed.\n9. Registered Guests Only: Only registered guests are permitted in the guestrooms. 	\N	\N	\N	2025-03-26 12:21:46.204	\N
cm0vtvc46017yrdhpns9wew82	MPalace Hotel	Kuala Lumpur	3	10	0	\N	\N	\N	4. Extra Person Charges: Charges for additional guests may apply and vary based on the property's policy.\n5. Tourism and State Tax: A Tourism Tax of RM10 per room per night are not included in the room rate and must be paid at the counter during heck-in, unless otherwise stated.\nfor staying at the registered premises.\n6. Security Deposit: The hotel may require a security deposit during check-in, which will be communicated at that time.\n7. Additional Charges: Any additional charges incurred during your stay must be settled before checkout.\n8. Special Requests: Special requests are subject to availability at check-in and may incur additional charges. Please note that these requests cannot be guaranteed.\n9. Registered Guests Only: Only registered guests are permitted in the guestrooms. 	\N	\N	\N	2025-03-26 12:21:46.204	\N
cm0uuce5u0100rdhp5m5ccjgy	KIP Hotel	Kuala Lumpur	4	10	0	\N	\N	\N	4. Extra Person Charges: Charges for additional guests may apply and vary based on the property's policy.\n5. Tourism and State Tax: A Tourism Tax of RM10 per room per night are not included in the room rate and must be paid at the counter during heck-in, unless otherwise stated.\nfor staying at the registered premises.\n6. Security Deposit: The hotel may require a security deposit during check-in, which will be communicated at that time.\n7. Additional Charges: Any additional charges incurred during your stay must be settled before checkout.\n8. Special Requests: Special requests are subject to availability at check-in and may incur additional charges. Please note that these requests cannot be guaranteed.\n9. Registered Guests Only: Only registered guests are permitted in the guestrooms. 	\N	\N	\N	2025-03-26 12:21:46.204	\N
cm0ur48c300tlrdhp10qya99h	Hotel Royal Kuala Lumpur	Kuala Lumpur	4	10	0	\N	\N	\N	4. Extra Person Charges: Charges for additional guests may apply and vary based on the property's policy.\n5. Tourism and State Tax: A Tourism Tax of RM10 per room per night are not included in the room rate and must be paid at the counter during heck-in, unless otherwise stated.\nfor staying at the registered premises.\n6. Security Deposit: The hotel may require a security deposit during check-in, which will be communicated at that time.\n7. Additional Charges: Any additional charges incurred during your stay must be settled before checkout.\n8. Special Requests: Special requests are subject to availability at check-in and may incur additional charges. Please note that these requests cannot be guaranteed.\n9. Registered Guests Only: Only registered guests are permitted in the guestrooms. 	\N	\N	\N	2025-03-26 12:21:46.204	\N
cm0uovv8500qlrdhpozh0sszd	EQ Kuala Lumpur	Kuala Lumpur	5	9	0	\N	03-2789 7777	\N	4. Extra Person Charges: Charges for additional guests may apply and vary based on the property's policy.\n5. Tourism and State Tax: A Tourism Tax of RM10 per room per night are not included in the room rate and must be paid at the counter during heck-in, unless otherwise stated.\nfor staying at the registered premises.\n6. Security Deposit: The hotel may require a security deposit during check-in, which will be communicated at that time.\n7. Additional Charges: Any additional charges incurred during your stay must be settled before checkout.\n8. Special Requests: Special requests are subject to availability at check-in and may incur additional charges. Please note that these requests cannot be guaranteed.\n9. Registered Guests Only: Only registered guests are permitted in the guestrooms. 	\N	\N	\N	2025-03-26 12:21:46.204	\N
cm0uo1f9700q0rdhpm4ul0qkh	Days Hotel & Suites	Kuala Lumpur	4	10	0	\N	03-9232 7888	\N	4. Extra Person Charges: Charges for additional guests may apply and vary based on the property's policy.\n5. Tourism and State Tax: A Tourism Tax of RM10 per room per night are not included in the room rate and must be paid at the counter during heck-in, unless otherwise stated.\nfor staying at the registered premises.\n6. Security Deposit: The hotel may require a security deposit during check-in, which will be communicated at that time.\n7. Additional Charges: Any additional charges incurred during your stay must be settled before checkout.\n8. Special Requests: Special requests are subject to availability at check-in and may incur additional charges. Please note that these requests cannot be guaranteed.\n9. Registered Guests Only: Only registered guests are permitted in the guestrooms. 	\N	\N	\N	2025-03-26 12:21:46.204	\N
cm0uji1ft00lvrdhp6vcegweh	Corus Hotel Kuala Lumpur	Kuala Lumpur	4	10	0	\N	321618888	\N	4. Extra Person Charges: Charges for additional guests may apply and vary based on the property's policy.\n5. Tourism and State Tax: A Tourism Tax of RM10 per room per night are not included in the room rate and must be paid at the counter during heck-in, unless otherwise stated.\nfor staying at the registered premises.\n6. Security Deposit: The hotel may require a security deposit during check-in, which will be communicated at that time.\n7. Additional Charges: Any additional charges incurred during your stay must be settled before checkout.\n8. Special Requests: Special requests are subject to availability at check-in and may incur additional charges. Please note that these requests cannot be guaranteed.\n9. Registered Guests Only: Only registered guests are permitted in the guestrooms. 	\N	\N	\N	2025-03-26 12:21:46.204	\N
cm0uhfmqo00ihrdhp4c0ly1fz	Ancasa Hotel Kuala Lumpur	Kuala Lumpur	4	10	0	Jalan Tun Tan Cheng Lock, Chinatown 50050 Kuala Lumpur Federal Territory of Kuala Lumpur 	603 2026 6060	\N	4. Extra Person Charges: Charges for additional guests may apply and vary based on the property's policy.\n5. Tourism and State Tax: A Tourism Tax of RM10 per room per night are not included in the room rate and must be paid at the counter during heck-in, unless otherwise stated.\nfor staying at the registered premises.\n6. Security Deposit: The hotel may require a security deposit during check-in, which will be communicated at that time.\n7. Additional Charges: Any additional charges incurred during your stay must be settled before checkout.\n8. Special Requests: Special requests are subject to availability at check-in and may incur additional charges. Please note that these requests cannot be guaranteed.\n9. Registered Guests Only: Only registered guests are permitted in the guestrooms. 	\N	\N	\N	2025-03-26 12:21:46.204	\N
clyy7fgni00l4ii6ilz2cs36u	Ibis Fraser Buisness Park	Kuala Lumpur	3	10	0	\N	\N	\N	4. Extra Person Charges: Charges for additional guests may apply and vary based on the property's policy.\n5. Tourism and State Tax: A Tourism Tax of RM10 per room per night are not included in the room rate and must be paid at the counter during heck-in, unless otherwise stated.\nfor staying at the registered premises.\n6. Security Deposit: The hotel may require a security deposit during check-in, which will be communicated at that time.\n7. Additional Charges: Any additional charges incurred during your stay must be settled before checkout.\n8. Special Requests: Special requests are subject to availability at check-in and may incur additional charges. Please note that these requests cannot be guaranteed.\n9. Registered Guests Only: Only registered guests are permitted in the guestrooms. 	\N	\N	\N	2025-03-26 12:21:46.204	\N
clyy7fgnf00l3ii6i6sd6ln6e	De King Hotel KLCC	Kuala Lumpur	3	10	0	\N	\N	\N	4. Extra Person Charges: Charges for additional guests may apply and vary based on the property's policy.\n5. Tourism and State Tax: A Tourism Tax of RM10 per room per night are not included in the room rate and must be paid at the counter during heck-in, unless otherwise stated.\nfor staying at the registered premises.\n6. Security Deposit: The hotel may require a security deposit during check-in, which will be communicated at that time.\n7. Additional Charges: Any additional charges incurred during your stay must be settled before checkout.\n8. Special Requests: Special requests are subject to availability at check-in and may incur additional charges. Please note that these requests cannot be guaranteed.\n9. Registered Guests Only: Only registered guests are permitted in the guestrooms. 	\N	\N	\N	2025-03-26 12:21:46.204	\N
clyy7fgn900l0ii6if8eid2r3	Hotel Grand Continental KL	Kuala Lumpur	3	10	0	\N	\N	\N	4. Extra Person Charges: Charges for additional guests may apply and vary based on the property's policy.\n5. Tourism and State Tax: A Tourism Tax of RM10 per room per night are not included in the room rate and must be paid at the counter during heck-in, unless otherwise stated.\nfor staying at the registered premises.\n6. Security Deposit: The hotel may require a security deposit during check-in, which will be communicated at that time.\n7. Additional Charges: Any additional charges incurred during your stay must be settled before checkout.\n8. Special Requests: Special requests are subject to availability at check-in and may incur additional charges. Please note that these requests cannot be guaranteed.\n9. Registered Guests Only: Only registered guests are permitted in the guestrooms. 	\N	\N	\N	2025-03-26 12:21:46.204	\N
clyy7fgml00ksii6ijddwetxw	Premiera Hotel	Kuala Lumpur	4	10	0	\N	\N	\N	4. Extra Person Charges: Charges for additional guests may apply and vary based on the property's policy.\n5. Tourism and State Tax: A Tourism Tax of RM10 per room per night are not included in the room rate and must be paid at the counter during heck-in, unless otherwise stated.\nfor staying at the registered premises.\n6. Security Deposit: The hotel may require a security deposit during check-in, which will be communicated at that time.\n7. Additional Charges: Any additional charges incurred during your stay must be settled before checkout.\n8. Special Requests: Special requests are subject to availability at check-in and may incur additional charges. Please note that these requests cannot be guaranteed.\n9. Registered Guests Only: Only registered guests are permitted in the guestrooms. 	\N	\N	\N	2025-03-26 12:21:46.204	\N
clyy7fgm100kkii6ivjymrocb	Sunway Lagoon Hotel	Kuala Lumpur	4	10	0	\N	\N	\N	4. Extra Person Charges: Charges for additional guests may apply and vary based on the property's policy.\n5. Tourism and State Tax: A Tourism Tax of RM10 per room per night are not included in the room rate and must be paid at the counter during heck-in, unless otherwise stated.\nfor staying at the registered premises.\n6. Security Deposit: The hotel may require a security deposit during check-in, which will be communicated at that time.\n7. Additional Charges: Any additional charges incurred during your stay must be settled before checkout.\n8. Special Requests: Special requests are subject to availability at check-in and may incur additional charges. Please note that these requests cannot be guaranteed.\n9. Registered Guests Only: Only registered guests are permitted in the guestrooms. 	\N	\N	\N	2025-03-26 12:21:46.204	\N
clyy7fglx00kiii6ie52xqtzr	Sunway Pyramid Hotel	Kuala Lumpur	4	10	0	\N	\N	\N	4. Extra Person Charges: Charges for additional guests may apply and vary based on the property's policy.\n5. Tourism and State Tax: A Tourism Tax of RM10 per room per night are not included in the room rate and must be paid at the counter during heck-in, unless otherwise stated.\nfor staying at the registered premises.\n6. Security Deposit: The hotel may require a security deposit during check-in, which will be communicated at that time.\n7. Additional Charges: Any additional charges incurred during your stay must be settled before checkout.\n8. Special Requests: Special requests are subject to availability at check-in and may incur additional charges. Please note that these requests cannot be guaranteed.\n9. Registered Guests Only: Only registered guests are permitted in the guestrooms. 	\N	\N	\N	2025-03-26 12:21:46.204	\N
clyy7fglm00kdii6ikzneljye	Seri Pacific Hotel	Kuala Lumpur	5	10	0	\N	\N	\N	4. Extra Person Charges: Charges for additional guests may apply and vary based on the property's policy.\n5. Tourism and State Tax: A Tourism Tax of RM10 per room per night are not included in the room rate and must be paid at the counter during heck-in, unless otherwise stated.\nfor staying at the registered premises.\n6. Security Deposit: The hotel may require a security deposit during check-in, which will be communicated at that time.\n7. Additional Charges: Any additional charges incurred during your stay must be settled before checkout.\n8. Special Requests: Special requests are subject to availability at check-in and may incur additional charges. Please note that these requests cannot be guaranteed.\n9. Registered Guests Only: Only registered guests are permitted in the guestrooms. 	\N	\N	\N	2025-03-26 12:21:46.204	\N
clyy7fgkb00k9ii6imsuspoxd	Trinidad Suites Puteri Harbour	Johor	4	10	5	\N	\N	\N	4. Extra Person Charges: Charges for additional guests may apply and vary based on the property's policy.\n5. Tourism and State Tax: A Tourism Tax of RM10 per room per night are not included in the room rate and must be paid at the counter during heck-in, unless otherwise stated.\nfor staying at the registered premises.\n6. Security Deposit: The hotel may require a security deposit during check-in, which will be communicated at that time.\n7. Additional Charges: Any additional charges incurred during your stay must be settled before checkout.\n8. Special Requests: Special requests are subject to availability at check-in and may incur additional charges. Please note that these requests cannot be guaranteed.\n9. Registered Guests Only: Only registered guests are permitted in the guestrooms. 	\N	\N	\N	2025-03-26 12:21:46.204	\N
clyy7fgh000jwii6ig20rqpx9	Evergreen Laurel Hotel	Penang	3	10	5	\N	\N	\N	4. Extra Person Charges: Charges for additional guests may apply and vary based on the property's policy.\n5. Tourism and State Tax: A Tourism Tax of RM10 per room per night are not included in the room rate and must be paid at the counter during heck-in, unless otherwise stated.\n6. The government of Penang has announced the mandatory State Tourism Fee" at MYR 3 - 5 per occupied room per night ( Required to Pay on the Ground ) for staying at the registered premise.	\N	\N	\N	2025-03-26 12:21:46.204	\N
clyy7fgnc00l1ii6ia1fb7m7w	Ramada Encore By Wyndham	Kuala Lumpur	3	10	0	1 and 3, Jalan Pudu Lama, City Centre, 50200 Kuala, 50200 Kuala Lumpur	+603-2022 4858	See why so many travelers make City Comfort Hotel Chinatown their hotel of choice when visiting Kuala Lumpur. Providing an ideal mix of value, comfort and convenience, it offers an array of amenities designed for travelers like you. City Comfort Hotel Chinatown offers guests an array of room amenities including air conditioning, a refrigerator, and a minibar, and getting online is possible, as free wifi is available. The hotel offers a 24 hour front desk, to make your visit even more pleasant. The property also features an on-site restaurant. For those interested in checking out popular landmarks while visiting Kuala Lumpur, City Comfort Hotel Chinatown is located a short distance from Chinatown - Kuala Lumpur (0.3 mi) and National Mosque (Masjid Negara) (0.7 mi). If you’re looking for a Mediterranean restaurant, consider a visit to Quivo, Pinchos Tapas Bar, or Halab KL, which are all conveniently located a short distance from City Comfort Hotel Chinatown.	4. Extra Person Charges: Charges for additional guests may apply and vary based on the property's policy.\n5. Tourism and State Tax: A Tourism Tax of RM10 per room per night are not included in the room rate and must be paid at the counter during heck-in, unless otherwise stated.\n6. Security Deposit: The hotel may require a security deposit during check-in, which will be communicated at that time.\n7. Additional Charges: Any additional charges incurred during your stay must be settled before checkout.\n8. Special Requests: Special requests are subject to availability at check-in and may incur additional charges. Please note that these requests cannot be guaranteed.\n9. Registered Guests Only: Only registered guests are permitted in the guestrooms. 	\N	\N	\N	2025-03-26 12:21:46.204	\N
cm2kbwhdx0q7xp4z6wfdww2be	Thistle Port Dickson	Port Dickson	5	10	0	\N	\N	\N	\N	\N	\N	\N	2025-03-26 12:21:46.204	\N
cmaxgwhnb0002wpnn4k6k4u5q	Amansari Hotel Nusajaya (N)	Johor	4	10		 Persiaran Nusa Perintis, Nusa Puncak Taman Nusa Puncak, 79200 Iskandar Puteri, Johor Darul Ta'zim	07-869 1168		4. Extra Person Charges: Charges for additional guests may apply and vary based on the property's policy.\n5. Tourism and State Tax: A Tourism Tax of RM10 per room per night are not included in the room rate and must be paid at the counter during heck-in, unless otherwise stated.\nfor staying at the registered premises.\n6. Security Deposit: The hotel may require a security deposit during check-in, which will be communicated at that time.\n7. Additional Charges: Any additional charges incurred during your stay must be settled before checkout.\n8. Special Requests: Special requests are subject to availability at check-in and may incur additional charges. Please note that these requests cannot be guaranteed.\n9. Registered Guests Only: Only registered guests are permitted in the guestrooms.	VmL0d4-Qyoaia39zu2h1jenO	{"dates": [], "applyFridays": false, "applySundays": false, "applySaturdays": false}	[]	2025-05-21 04:53:27.001	2025-05-21 04:53:27.001
cmaxh5c960003wpnn3aifb34g	Fives Hotel Meldrum (N) 	Johor	3	10		9N, Bukit Meldrum, Jalan Tenteram, Tanjung Puteri, 80300 Johor Bahru, Johor	07-2213388		4. Extra Person Charges: Charges for additional guests may apply and vary based on the property's policy.\n5. Tourism and State Tax: A Tourism Tax of RM10 per room per night are not included in the room rate and must be paid at the counter during heck-in, unless otherwise stated.\nfor staying at the registered premises.\n6. Security Deposit: The hotel may require a security deposit during check-in, which will be communicated at that time.\n7. Additional Charges: Any additional charges incurred during your stay must be settled before checkout.\n8. Special Requests: Special requests are subject to availability at check-in and may incur additional charges. Please note that these requests cannot be guaranteed.\n9. Registered Guests Only: Only registered guests are permitted in the guestrooms.	VmL0d4-Qyoaia39zu2h1jenO	{"dates": [], "applyFridays": false, "applySundays": false, "applySaturdays": false}	[]	2025-05-21 05:00:19.916	2025-05-21 05:00:19.916
cmaxk5gak0005wpnn36hxebme	Amansari Residence Resort Seri Alam (N)	Johor	4	10		Jalan Persiaran Seri Alam, Bandar Baru Seri Alam, 81750 Masai, Johor Darul Ta'zim	 07-3817070		4. Extra Person Charges: Charges for additional guests may apply and vary based on the property's policy.\n5. Tourism and State Tax: A Tourism Tax of RM10 per room per night are not included in the room rate and must be paid at the counter during heck-in, unless otherwise stated.\nfor staying at the registered premises.\n6. Security Deposit: The hotel may require a security deposit during check-in, which will be communicated at that time.\n7. Additional Charges: Any additional charges incurred during your stay must be settled before checkout.\n8. Special Requests: Special requests are subject to availability at check-in and may incur additional charges. Please note that these requests cannot be guaranteed.\n9. Registered Guests Only: Only registered guests are permitted in the guestrooms.	VmL0d4-Qyoaia39zu2h1jenO	{"dates": [], "applyFridays": false, "applySundays": false, "applySaturdays": false}	[]	2025-05-21 06:24:23.998	2025-05-21 06:24:23.998
cm9wl6qjm0000ppnnajbx5p3n	Furama Hotel Bukit Bintang (T)	Kuala Lumpur	4	10		136, Jln Changkat Thambi Dollah, Bukit Bintang, 55100 Kuala Lumpur, Wilayah Persekutuan Kuala Lumpur	03-2788 8888			\N	{"dates": [], "applyFridays": false, "applySundays": false, "applySaturdays": false}	[]	2025-04-25 09:25:55.043	2025-04-25 09:25:55.043
cmaf2tubt00009inn852vdnne	Howard Johnson By Wyndham 	Kuala Lumpur	3	10		 8, Jalan Kampung Attap, Kampung Attap, 50460 Kuala Lumpur, Wilayah Persekutuan Kuala Lumpur	 03-2276 5555		4. Extra Person Charges: Charges for additional guests may apply and vary based on the property's policy.\n5. Tourism and State Tax: A Tourism Tax of RM10 per room per night are not included in the room rate and must be paid at the counter during heck-in, unless otherwise stated.\n6. Security Deposit: The hotel may require a security deposit during check-in, which will be communicated at that time.\n7. Additional Charges: Any additional charges incurred during your stay must be settled before checkout.\n8. Special Requests: Special requests are subject to availability at check-in and may incur additional charges. Please note that these requests cannot be guaranteed.\n9. Registered Guests Only: Only registered guests are permitted in the guestrooms.	\N	{"dates": [], "applyFridays": false, "applySundays": false, "applySaturdays": false}	[]	2025-05-08 07:59:37.675	2025-05-08 07:59:37.675
cmafiw5ck0000tonn7hipbw2w	Pugazhenthi	Chennai	4	3	Tamil Nadu	99 New Kallanatham Road Attur Tk Salem Dt	06374751053	helof		cm1064yzq00a9r9f6nkt2m1po	{"dates": ["2025-07-15T18:30:00.000Z", "2025-07-16T18:30:00.000Z", "2025-06-17T18:30:00.000Z", "2025-06-05T18:30:00.000Z", "2025-06-12T18:30:00.000Z", "2025-06-19T18:30:00.000Z", "2025-06-26T18:30:00.000Z", "2025-05-14T18:30:00.000Z", "2025-05-01T18:30:00.000Z", "2025-05-08T18:30:00.000Z", "2025-05-15T18:30:00.000Z", "2025-05-22T18:30:00.000Z", "2025-05-29T18:30:00.000Z", "2025-08-19T18:30:00.000Z", "2025-08-20T18:30:00.000Z", "2025-07-31T18:30:00.000Z", "2025-08-07T18:30:00.000Z", "2025-08-14T18:30:00.000Z", "2025-08-21T18:30:00.000Z", "2025-08-28T18:30:00.000Z", "2025-09-09T18:30:00.000Z", "2025-09-16T18:30:00.000Z", "2025-09-04T18:30:00.000Z", "2025-09-11T18:30:00.000Z", "2025-09-18T18:30:00.000Z", "2025-09-25T18:30:00.000Z", "2025-10-14T18:30:00.000Z", "2025-10-15T18:30:00.000Z", "2025-10-02T18:30:00.000Z", "2025-10-09T18:30:00.000Z", "2025-10-16T18:30:00.000Z", "2025-10-23T18:30:00.000Z", "2025-10-30T18:30:00.000Z"], "applyFridays": true, "applySundays": false, "applySaturdays": false}	["2025-05-21T18:30:00.000Z", "2025-05-14T18:30:00.000Z", "2025-06-17T18:30:00.000Z", "2025-06-18T18:30:00.000Z", "2025-06-10T18:30:00.000Z", "2025-06-11T18:30:00.000Z", "2025-07-16T18:30:00.000Z", "2025-07-09T18:30:00.000Z"]	2025-05-08 15:29:19.125	2025-05-09 12:02:06.666
cmaxhqu3a0004wpnn3rkp6c1l	Fives Hotel JBCC (N)	Johor	3	10		45, Jalan Wong Ah Fook, Bandar Johor Bahru, 80000 Johor Bahru, Johor Darul Ta'zim	 07-219 7777		4. Extra Person Charges: Charges for additional guests may apply and vary based on the property's policy.\n5. Tourism and State Tax: A Tourism Tax of RM10 per room per night are not included in the room rate and must be paid at the counter during heck-in, unless otherwise stated.\nfor staying at the registered premises.\n6. Security Deposit: The hotel may require a security deposit during check-in, which will be communicated at that time.\n7. Additional Charges: Any additional charges incurred during your stay must be settled before checkout.\n8. Special Requests: Special requests are subject to availability at check-in and may incur additional charges. Please note that these requests cannot be guaranteed.\n9. Registered Guests Only: Only registered guests are permitted in the guestrooms.	VmL0d4-Qyoaia39zu2h1jenO	{"dates": [], "applyFridays": false, "applySundays": false, "applySaturdays": false}	[]	2025-05-21 05:17:02.808	2025-05-21 05:17:02.808
cmac1lmc50001ppnn689a57x9	Mercure Hotel Shaw Parade	Kuala Lumpur	4	10		152, Jln Changkat Thambi Dollah, Pudu, 55100 Kuala Lumpur, Wilayah Persekutuan Kuala Lumpur	03-92243030		\n4. Extra Person Charges: Charges for additional guests may apply and vary based on the property's policy.\n5. Tourism and State Tax: A Tourism Tax of RM10 per room per night are not included in the room rate and must be paid at the counter during heck-in, unless otherwise stated.\n6. Security Deposit: The hotel may require a security deposit during check-in, which will be communicated at that time.\n7. Additional Charges: Any additional charges incurred during your stay must be settled before checkout.\n8. Special Requests: Special requests are subject to availability at check-in and may incur additional charges. Please note that these requests cannot be guaranteed.\n9. Registered Guests Only: Only registered guests are permitted in the guestrooms.	\N	{"dates": [], "applyFridays": false, "applySundays": false, "applySaturdays": false}	[]	2025-05-06 05:01:55.927	2025-05-06 05:01:55.927
cmacgf52z0000jke5fdcc7o2t	sixthstar-testing	chennai	4	10	10	chennai,india	9494949590	welcome	thanks	clyvxrrxk0014iq9xvhof9cr2	{"dates": ["2025-06-05T18:30:00.000Z", "2025-06-12T18:30:00.000Z", "2025-06-19T18:30:00.000Z", "2025-06-26T18:30:00.000Z", "2025-06-06T18:30:00.000Z", "2025-06-13T18:30:00.000Z", "2025-06-20T18:30:00.000Z", "2025-06-27T18:30:00.000Z", "2025-05-31T18:30:00.000Z", "2025-06-07T18:30:00.000Z", "2025-06-14T18:30:00.000Z", "2025-06-21T18:30:00.000Z", "2025-06-28T18:30:00.000Z", "2025-06-10T18:30:00.000Z", "2025-06-24T18:30:00.000Z"], "applyFridays": true, "applySundays": true, "applySaturdays": true}	[]	2025-05-06 11:56:47.871	2025-05-06 11:56:47.871
cmadf2ibo0000gannhmz9ewkm	E&O Residences Hotel	Kuala Lumpur	5	10		Off Jalan Sultan Ismail, 1, Jalan Tengah, 50450 Kuala Lumpur	03-2022 2818		4. Extra Person Charges: Charges for additional guests may apply and vary based on the property's policy.\n5. Tourism and State Tax: A Tourism Tax of RM10 per room per night are not included in the room rate and must be paid at the counter during heck-in, unless otherwise stated.\n6. Security Deposit: The hotel may require a security deposit during check-in, which will be communicated at that time.\n7. Additional Charges: Any additional charges incurred during your stay must be settled before checkout.\n8. Special Requests: Special requests are subject to availability at check-in and may incur additional charges. Please note that these requests cannot be guaranteed.\n9. Registered Guests Only: Only registered guests are permitted in the guestrooms	\N	{"dates": [], "applyFridays": false, "applySundays": false, "applySaturdays": false}	[]	2025-05-07 04:06:45.061	2025-05-07 04:06:45.061
cmadgx7x50001ganna6to2dux	Stripes Kuala Lumpur, Autograph Collection	Kuala Lumpur	5	10		Corner of Jalan Sultan Ismail, 25, Jalan Kamunting, 50300 Kuala Lumpur, Federal Territory of Kuala Lumpur	 03-2038 0000		4. Extra Person Charges: Charges for additional guests may apply and vary based on the property's policy.\n5. Tourism and State Tax: A Tourism Tax of RM10 per room per night are not included in the room rate and must be paid at the counter during heck-in, unless otherwise stated.\n6. Security Deposit: The hotel may require a security deposit during check-in, which will be communicated at that time.\n7. Additional Charges: Any additional charges incurred during your stay must be settled before checkout.\n8. Special Requests: Special requests are subject to availability at check-in and may incur additional charges. Please note that these requests cannot be guaranteed.\n9. Registered Guests Only: Only registered guests are permitted in the guestrooms.	\N	{"dates": [], "applyFridays": false, "applySundays": false, "applySaturdays": false}	[]	2025-05-07 04:58:37.53	2025-05-07 04:58:37.53
cmakl09i10000b1nn5pj3bccv	Alamis City Kuala Lumpur	Kuala Lumpur	3	10		356, Jln Raja Laut, Chow Kit, 50350 Kuala Lumpur,  Federal Territory of Kuala Lumpu	03-4051 9191 		\n4. Extra Person Charges: Charges for additional guests may apply and vary based on the property's policy.\n5. Tourism and State Tax: A Tourism Tax of RM10 per room per night are not included in the room rate and must be paid at the counter during heck-in, unless otherwise stated.\n6. Security Deposit: The hotel may require a security deposit during check-in, which will be communicated at that time.\n7. Additional Charges: Any additional charges incurred during your stay must be settled before checkout.\n8. Special Requests: Special requests are subject to availability at check-in and may incur additional charges. Please note that these requests cannot be guaranteed.\n9. Registered Guests Only: Only registered guests are permitted in the guestrooms.	\N	{"dates": [], "applyFridays": false, "applySundays": false, "applySaturdays": false}	[]	2025-05-12 04:27:21.244	2025-05-12 04:27:21.244
cmaklb9gv0001b1nn8slt3pu6	Sri Langit Hotel & Conference	Kuala Lumpur	3	10		Jalan 11, Bandar Baru Salak Tinggi, 43900 Sepang, Selangor	 03-8706 0773		4. Extra Person Charges: Charges for additional guests may apply and vary based on the property's policy.\n5. Tourism and State Tax: A Tourism Tax of RM10 per room per night are not included in the room rate and must be paid at the counter during heck-in, unless otherwise stated.\n6. Security Deposit: The hotel may require a security deposit during check-in, which will be communicated at that time.\n7. Additional Charges: Any additional charges incurred during your stay must be settled before checkout.\n8. Special Requests: Special requests are subject to availability at check-in and may incur additional charges. Please note that these requests cannot be guaranteed.\n9. Registered Guests Only: Only registered guests are permitted in the guestrooms.	\N	{"dates": [], "applyFridays": false, "applySundays": false, "applySaturdays": false}	[]	2025-05-12 04:35:54.416	2025-05-12 04:35:54.416
cmaklxwxc0004lce5gspp48ag	test-222	test-222	1		TAMILNADU	chennai,indra	9876543219			cm9c3moo60000e5xswx1exyvx	{"dates": [], "applyFridays": false, "applySundays": false, "applySaturdays": false}	[]	2025-05-12 04:53:31.259	2025-05-12 04:53:31.259
cmaw4tal60002zbnnhedt5nxb	HIG Hotel	Langkawi	3	10	3	Jalan Penarak, Kuah, 07000 Langkawi, Kedah	04-966 8001		4. Extra Person Charges: Charges for additional guests may apply and vary based on the property's policy.\n5. Tourism and State Tax: A Tourism Tax of RM10 per room per night are not included in the room rate and must be paid at the counter during heck-in, unless otherwise stated.\n6. Langkawi Municipal Council has announced the mandatory "State Tourism Fee" at MYR 3 - 5 per occupied room per night ( Required to Pay on the Ground ) for staying at the registered premise.\n7. Security Deposit: The hotel may require a security deposit during check-in, which will be communicated at that time.\n8. Additional Charges: Any additional charges incurred during your stay must be settled before checkout.\n9. Special Requests: Special requests are subject to availability at check-in and may incur additional charges. Please note that these requests cannot be guaranteed.\n10. Registered Guests Only: Only registered guests are permitted in the guestrooms.	_qgA2ef3jyHIBfb06_2nBVcj	{"dates": [], "applyFridays": false, "applySundays": false, "applySaturdays": false}	[]	2025-05-20 06:27:16.316	2025-05-20 06:27:16.316
cmakm6mj2000078e61abd3g2e	test-hotel-45	japan	4	5	3	test gnfgfn	7896546789	gnfgfg	gndfgn	cm9c3nddm0001e5xsj6ayzy4i	{"dates": ["2025-05-13T18:30:00.000Z", "2025-05-14T18:30:00.000Z", "2025-06-19T18:30:00.000Z", "2025-06-24T18:30:00.000Z", "2025-07-09T18:30:00.000Z", "2025-07-22T18:30:00.000Z", "2025-01-02T18:30:00.000Z", "2025-01-09T18:30:00.000Z", "2025-01-16T18:30:00.000Z", "2025-01-23T18:30:00.000Z", "2025-01-30T18:30:00.000Z", "2025-02-06T18:30:00.000Z", "2025-02-13T18:30:00.000Z", "2025-02-20T18:30:00.000Z", "2025-02-27T18:30:00.000Z", "2025-03-06T18:30:00.000Z", "2025-03-13T18:30:00.000Z", "2025-03-20T18:30:00.000Z", "2025-03-27T18:30:00.000Z", "2025-04-03T18:30:00.000Z", "2025-04-10T18:30:00.000Z", "2025-04-17T18:30:00.000Z", "2025-04-24T18:30:00.000Z", "2025-05-01T18:30:00.000Z", "2025-05-08T18:30:00.000Z", "2025-05-15T18:30:00.000Z", "2025-05-22T18:30:00.000Z", "2025-05-29T18:30:00.000Z", "2025-06-05T18:30:00.000Z", "2025-06-12T18:30:00.000Z", "2025-06-26T18:30:00.000Z", "2025-07-03T18:30:00.000Z", "2025-07-10T18:30:00.000Z", "2025-07-17T18:30:00.000Z", "2025-07-24T18:30:00.000Z", "2025-07-31T18:30:00.000Z", "2025-08-07T18:30:00.000Z", "2025-08-14T18:30:00.000Z", "2025-08-21T18:30:00.000Z", "2025-08-28T18:30:00.000Z", "2025-09-04T18:30:00.000Z", "2025-09-11T18:30:00.000Z", "2025-09-18T18:30:00.000Z", "2025-09-25T18:30:00.000Z", "2025-10-02T18:30:00.000Z", "2025-10-09T18:30:00.000Z", "2025-10-16T18:30:00.000Z", "2025-10-23T18:30:00.000Z", "2025-10-30T18:30:00.000Z", "2025-11-06T18:30:00.000Z", "2025-11-13T18:30:00.000Z", "2025-11-20T18:30:00.000Z", "2025-11-27T18:30:00.000Z", "2025-12-04T18:30:00.000Z", "2025-12-11T18:30:00.000Z", "2025-12-18T18:30:00.000Z", "2025-12-25T18:30:00.000Z"], "applyFridays": true, "applySundays": false, "applySaturdays": false}	[]	2025-05-12 05:00:17.684	2025-05-12 05:00:17.684
cmakrpbkw0004b1nn8i3a2hi7	Trademark Collection by Wyndham I-City	Selangor 	3	10		6, Jalan Multimedia, SkyCity, I-City, 40000 Shah Alam, Selangor	03-5521 9000		4. Extra Person Charges: Charges for additional guests may apply and vary based on the property's policy.\n5. Tourism and State Tax: A Tourism Tax of RM10 per room per night are not included in the room rate and must be paid at the counter during heck-in, unless otherwise stated.\n6. Security Deposit: The hotel may require a security deposit during check-in, which will be communicated at that time.\n7. Additional Charges: Any additional charges incurred during your stay must be settled before checkout.\n8. Special Requests: Special requests are subject to availability at check-in and may incur additional charges. Please note that these requests cannot be guaranteed.\n9. Registered Guests Only: Only registered guests are permitted in the guestrooms.	\N	{"dates": [], "applyFridays": false, "applySundays": false, "applySaturdays": false}	[]	2025-05-12 07:34:48.034	2025-05-12 07:34:48.034
cmap0onng0000qrnnebzwf420	Pelangi Beach Resort & Spa, Langkawi	Langkawi	5	10	3	Pantai Cenang, 07000 Langkawi, Kedah	 04-952 8888		4. Extra Person Charges: Charges for additional guests may apply and vary based on the property's policy.\n5. Tourism and State Tax: A Tourism Tax of RM10 per room per night are not included in the room rate and must be paid at the counter during heck-in, unless otherwise stated.\n6. Langkawi Municipal Council has announced the mandatory "State Tourism Fee" at MYR 3 - 5 per occupied room per night ( Required to Pay on the Ground ) for staying at the registered premise.\n7. Security Deposit: The hotel may require a security deposit during check-in, which will be communicated at that time.\n8. Additional Charges: Any additional charges incurred during your stay must be settled before checkout.\n9. Special Requests: Special requests are subject to availability at check-in and may incur additional charges. Please note that these requests cannot be guaranteed.\n10. Registered Guests Only: Only registered guests are permitted in the guestrooms.	\N	{"dates": [], "applyFridays": false, "applySundays": false, "applySaturdays": false}	[]	2025-05-15 06:57:18.27	2025-05-15 06:57:18.27
cmaqbov2u0005qrnn3yuh714i	Sunway Lost World of Tambun Hotel	Ipoh	3	10	3	1, Persiaran Lagun Sunway, Sunway City, 31150 Ipoh, Perak	05-540 8888			koILMkiaCLW0hSgkRI32ZXZt	{"dates": [], "applyFridays": false, "applySundays": false, "applySaturdays": false}	[]	2025-05-16 04:53:09.847	2025-05-16 04:53:09.847
cmaw07ons0001zbnn3k7242wk	Rebak Island Resort & Marina, Langkawi	Langkawi	4	10	5	Pulau Rebak Besar Peti Surat 125, Kuah, 07000 Langkawi, Kedah	 04-966 5566		Langkawi\n\n4. Extra Person Charges: Charges for additional guests may apply and vary based on the property's policy.\n5. Tourism and State Tax: A Tourism Tax of RM10 per room per night are not included in the room rate and must be paid at the counter during heck-in, unless otherwise stated.\n6. Langkawi Municipal Council has announced the mandatory "State Tourism Fee" at MYR 3 - 5 per occupied room per night ( Required to Pay on the Ground ) for staying at the registered premise.\n7. Security Deposit: The hotel may require a security deposit during check-in, which will be communicated at that time.\n8. Additional Charges: Any additional charges incurred during your stay must be settled before checkout.\n9. Special Requests: Special requests are subject to availability at check-in and may incur additional charges. Please note that these requests cannot be guaranteed.\n10. Registered Guests Only: Only registered guests are permitted in the guestrooms.	4bvJIGOZadJ7cy4VAu9NxV8e	{"dates": [], "applyFridays": false, "applySundays": false, "applySaturdays": false}	[]	2025-05-20 04:18:29.658	2025-05-20 04:41:00.702
cmaxejno00000wpnn6llidu7z	Amansari Hotel Desaru	Johor	3	10		127, Jalan Kempas 1, Taman Desaru Utama, 81930 Bandar Penawar, Johor Darul Ta'zim	07-828 0200		4. Extra Person Charges: Charges for additional guests may apply and vary based on the property's policy.\n5. Tourism and State Tax: A Tourism Tax of RM10 per room per night are not included in the room rate and must be paid at the counter during heck-in, unless otherwise stated.\nfor staying at the registered premises.\n6. Security Deposit: The hotel may require a security deposit during check-in, which will be communicated at that time.\n7. Additional Charges: Any additional charges incurred during your stay must be settled before checkout.\n8. Special Requests: Special requests are subject to availability at check-in and may incur additional charges. Please note that these requests cannot be guaranteed.\n9. Registered Guests Only: Only registered guests are permitted in the guestrooms	VmL0d4-Qyoaia39zu2h1jenO	{"dates": [], "applyFridays": false, "applySundays": false, "applySaturdays": false}	[]	2025-05-21 03:47:29.042	2025-05-21 03:47:29.042
cmaxguoff0001wpnn9m5d20nq	Fives Hotel DNP (N)	Johor	3	10		45, Jalan Wong Ah Fook, Bandar Johor Bahru, 80000 Johor Bahru, Johor Darul Ta'zim	 07-219 7777		4. Extra Person Charges: Charges for additional guests may apply and vary based on the property's policy.\n5. Tourism and State Tax: A Tourism Tax of RM10 per room per night are not included in the room rate and must be paid at the counter during heck-in, unless otherwise stated.\nfor staying at the registered premises.\n6. Security Deposit: The hotel may require a security deposit during check-in, which will be communicated at that time.\n7. Additional Charges: Any additional charges incurred during your stay must be settled before checkout.\n8. Special Requests: Special requests are subject to availability at check-in and may incur additional charges. Please note that these requests cannot be guaranteed.\n9. Registered Guests Only: Only registered guests are permitted in the guestrooms.	VmL0d4-Qyoaia39zu2h1jenO	{"dates": [], "applyFridays": false, "applySundays": false, "applySaturdays": false}	[]	2025-05-21 04:52:02.476	2025-05-21 04:52:02.476
cmaxldied0006wpnnbqi42awo	Ixora Hotel Penang 	Penang 	4	10	3	Ixora Hotel Prai, Penang 3096 Jalan Baru Bandar Perai Jaya 13600 Perai Penang, Malaysia	0 43828888		4. Extra Person Charges: Charges for additional guests may apply and vary based on the property's policy.\n5. Tourism and State Tax: A Tourism Tax of RM10 per room per night are not included in the room rate and must be paid at the counter during heck-in, unless otherwise stated.\n6. The government of Penang has announced the mandatory "State Tourism Fee" at MYR 3 - 5 per occupied room per night ( Required to Pay on the Ground ) for staying at the registered premise.\n7. Security Deposit: The hotel may require a security deposit during check-in, which will be communicated at that time.\n8. Additional Charges: Any additional charges incurred during your stay must be settled before checkout.\n9. Special Requests: Special requests are subject to availability at check-in and may incur additional charges. Please note that these requests cannot be guaranteed.\n10. Registered Guests Only: Only registered guests are permitted in the guestrooms.	S1TeOOAeMjZfaTZaJu81EtbO	{"dates": [], "applyFridays": false, "applySundays": false, "applySaturdays": false}	[]	2025-05-21 06:58:39.591	2025-05-21 06:58:39.591
cmaxmaiz20007wpnnbhngft0y	Swiss-Garden Beach Resort Kuantan	Pahang	4	10	3	2656-2657, Mukim Sungai Karang, Balok Beach, 26100 Beserah, Kuantan, Pahang Darul Makmur, Malaysia.	09 548 8288		4. Extra Person Charges: Charges for additional guests may apply and vary based on the property's policy.\n5. Tourism and State Tax: A Tourism Tax of RM10 per room per night are not included in the room rate and must be paid at the counter during heck-in, unless otherwise stated.\n6. Pahang state government has introduced a mandatory sustainability tax of RM3.00 per occupied room per night for all hotels in Pahang  ( Required to Pay on the Ground ) for staying at the registered premises.\n7. Security Deposit: The hotel may require a security deposit during check-in, which will be communicated at that time.\n8. Additional Charges: Any additional charges incurred during your stay must be settled before checkout.\n9. Special Requests: Special requests are subject to availability at check-in and may incur additional charges. Please note that these requests cannot be guaranteed.\n10. Registered Guests Only: Only registered guests are permitted in the guestrooms.	wCc-BF6IGC2W6MAkiID_lv-L	{"dates": [], "applyFridays": false, "applySundays": false, "applySaturdays": false}	[]	2025-05-21 07:24:19.984	2025-05-21 07:24:19.984
cmaxn3thh0008wpnneqs877di	Wyndham Garden Shahzan Fraser's Hill	Pahang	3	10	3	Jalan Lady Guillemard, Fraser's Hill	09-3622300		4. Extra Person Charges: Charges for additional guests may apply and vary based on the property's policy.\n5. Tourism and State Tax: A Tourism Tax of RM10 per room per night are not included in the room rate and must be paid at the counter during heck-in, unless otherwise stated.\n6. Pahang state government has introduced a mandatory sustainability tax of RM3.00 per occupied room per night for all hotels in Pahang  ( Required to Pay on the Ground ) for staying at the registered premises.\n7. Security Deposit: The hotel may require a security deposit during check-in, which will be communicated at that time.\n8. Additional Charges: Any additional charges incurred during your stay must be settled before checkout.\n9. Special Requests: Special requests are subject to availability at check-in and may incur additional charges. Please note that these requests cannot be guaranteed.\n10. Registered Guests Only: Only registered guests are permitted in the guestrooms.	BrANJQKhaQrX1HjfAcvLR9A4	{"dates": [], "applyFridays": false, "applySundays": false, "applySaturdays": false}	[]	2025-05-21 07:47:06.63	2025-05-21 07:47:06.63
cmayvu7le0009wpnnatfw3nfh	Century Pines Resort Cameron Highlands	Pahang	4	10	3	Jalan Masjid, Tanah Rata, 39000 Tanah Rata, Pahang	05-4915115		\n4. Extra Person Charges: Charges for additional guests may apply and vary based on the property's policy.\n5. Tourism and State Tax: A Tourism Tax of RM10 per room per night are not included in the room rate and must be paid at the counter during heck-in, unless otherwise stated.\n6. Pahang state government has introduced a mandatory sustainability tax of RM3.00 per occupied room per night for all hotels in Pahang  ( Required to Pay on the Ground ) for staying at the registered premises.\n7. Security Deposit: The hotel may require a security deposit during check-in, which will be communicated at that time.\n8. Additional Charges: Any additional charges incurred during your stay must be settled before checkout.\n9. Special Requests: Special requests are subject to availability at check-in and may incur additional charges. Please note that these requests cannot be guaranteed.\n10. Registered Guests Only: Only registered guests are permitted in the guestrooms.	0-ZMpEY12nidalGCx9QbeKZr	{"dates": [], "applyFridays": false, "applySundays": false, "applySaturdays": false}	[]	2025-05-22 04:39:21.076	2025-05-22 04:39:21.076
cmb4z5ma100004ann2nqz3blq	Fifth Avenue Hotel	Penang 	5	10	3	8, Lebuh Macallum , 10300 Penang	04-2189555		4. Extra Person Charges: Charges for additional guests may apply and vary based on the property's policy.\n5. Tourism and State Tax: A Tourism Tax of RM10 per room per night are not included in the room rate and must be paid at the counter during heck-in, unless otherwise stated.\n6. The government of Penang has announced the mandatory "State Tourism Fee" at MYR 3 - 5 per occupied room per night ( Required to Pay on the Ground ) for staying at the registered premise.\n7. Security Deposit: The hotel may require a security deposit during check-in, which will be communicated at that time.\n8. Additional Charges: Any additional charges incurred during your stay must be settled before checkout.\n9. Special Requests: Special requests are subject to availability at check-in and may incur additional charges. Please note that these requests cannot be guaranteed.\n10. Registered Guests Only: Only registered guests are permitted in the guestrooms.	tfcAr0sT8CEv1rpexji4si4Y	{"dates": [], "applyFridays": false, "applySundays": false, "applySaturdays": false}	[]	2025-05-26 10:58:49.226	2025-05-26 10:58:49.226
cmb7placq00014annacvx0vz7	Bertam Resort Penang	Penang 	5	10	3	PMT 2200, Bertam Resort,  Persiaran Bertam 8,  13200 Kepala Batas,  Pulau Pinang, Malaysia.	04 577 8000		Extra Person Charges: Charges for additional guests may apply and vary based on the property's policy.\nTourism and State Tax: A Tourism Tax of RM10 per room per night are not included in the room rate and must be paid at the counter during heck-in, unless otherwise stated.\nThe government of Penang has announced the mandatory "State Tourism Fee" at MYR 3 - 5 per occupied room per night ( Required to Pay on the Ground ) for staying at the registered premise.\nSecurity Deposit: The hotel may require a security deposit during check-in, which will be communicated at that time.\nAdditional Charges: Any additional charges incurred during your stay must be settled before checkout.\nSpecial Requests: Special requests are subject to availability at check-in and may incur additional charges. Please note that these requests cannot be guaranteed.\nRegistered Guests Only: Only registered guests are permitted in the guestrooms.	p3DIZdFJ0sav83rIrLUjxA99	{"dates": [], "applyFridays": false, "applySundays": false, "applySaturdays": false}	[]	2025-05-28 08:54:22.636	2025-05-28 08:54:22.636
cmbrlap4z000275nn1dwvh48y	The Banjaran Hotsprings Retreat, Ipoh	Ipoh	5	10	5	1, Persiaran Lagoon, Sunway 3, 31150 Ipoh, Perak	+6052107777			QKM79ucuOfMR838QvRcVMjYr	{"dates": [], "applyFridays": false, "applySundays": false, "applySaturdays": false}	[]	2025-06-11 06:49:33.636	2025-06-11 06:49:33.636
cmbpbklyw000075nnheuze9yi	Mutiara Taman Negara	Pahang	3	10	5	27000 Kuala Tahan, Pahang	09-266 3500			MHoC2MonLnHtc0ekaBSVo-LU	{"dates": ["2025-07-04T16:00:00.000Z", "2025-07-11T16:00:00.000Z", "2025-07-10T16:00:00.000Z", "2025-07-08T16:00:00.000Z", "2025-07-05T16:00:00.000Z", "2025-07-06T16:00:00.000Z", "2025-07-07T16:00:00.000Z", "2025-07-09T16:00:00.000Z", "2025-07-17T16:00:00.000Z", "2025-07-18T16:00:00.000Z", "2025-07-16T16:00:00.000Z", "2025-07-15T16:00:00.000Z", "2025-07-14T16:00:00.000Z", "2025-07-13T16:00:00.000Z", "2025-07-12T16:00:00.000Z", "2025-07-19T16:00:00.000Z", "2025-07-21T16:00:00.000Z", "2025-07-20T16:00:00.000Z", "2025-07-22T16:00:00.000Z", "2025-07-23T16:00:00.000Z", "2025-07-24T16:00:00.000Z", "2025-07-25T16:00:00.000Z", "2025-08-01T16:00:00.000Z", "2025-07-26T16:00:00.000Z", "2025-07-27T16:00:00.000Z", "2025-07-28T16:00:00.000Z", "2025-07-29T16:00:00.000Z", "2025-07-30T16:00:00.000Z", "2025-07-31T16:00:00.000Z", "2025-08-02T16:00:00.000Z", "2025-08-03T16:00:00.000Z", "2025-08-04T16:00:00.000Z", "2025-08-05T16:00:00.000Z", "2025-08-06T16:00:00.000Z", "2025-08-07T16:00:00.000Z", "2025-08-08T16:00:00.000Z", "2025-08-09T16:00:00.000Z", "2025-08-10T16:00:00.000Z", "2025-08-11T16:00:00.000Z", "2025-08-12T16:00:00.000Z", "2025-08-13T16:00:00.000Z", "2025-08-14T16:00:00.000Z", "2025-08-15T16:00:00.000Z", "2025-08-16T16:00:00.000Z", "2025-08-17T16:00:00.000Z", "2025-08-18T16:00:00.000Z", "2025-08-19T16:00:00.000Z", "2025-08-20T16:00:00.000Z", "2025-08-21T16:00:00.000Z", "2025-08-22T16:00:00.000Z", "2025-08-23T16:00:00.000Z", "2025-08-24T16:00:00.000Z"], "applyFridays": false, "applySundays": false, "applySaturdays": false}	[]	2025-06-09 16:41:47.578	2025-06-09 16:44:11.746
cmbrkxp3n000175nngpfc58sh	PARKROYAL A'Famosa Melaka Resort	Malacca	4	10	5	Jalan Kemus, Simpang Ampat, Alor Gajah, 78000 Melaka	06-908 8888			bWmDSnXOKsVu1ntWa52Lm7by	{"dates": [], "applyFridays": false, "applySundays": false, "applySaturdays": false}	[]	2025-06-11 06:39:27.061	2025-06-11 06:39:27.061
cmbuc2r0g0001voe58winb5gd	test6767	test6767	4	6	10	chennai,indra	9876543219	test6767	test6767	cm9c3nddm0001e5xsj6ayzy4i	{"dates": ["2025-06-07T18:30:00.000Z", "2025-06-08T18:30:00.000Z", "2025-06-09T18:30:00.000Z", "2025-06-10T18:30:00.000Z", "2025-06-12T18:30:00.000Z", "2025-06-11T18:30:00.000Z", "2025-01-02T18:30:00.000Z", "2025-01-09T18:30:00.000Z", "2025-01-16T18:30:00.000Z", "2025-01-23T18:30:00.000Z", "2025-01-30T18:30:00.000Z", "2025-02-06T18:30:00.000Z", "2025-02-13T18:30:00.000Z", "2025-02-20T18:30:00.000Z", "2025-02-27T18:30:00.000Z", "2025-03-06T18:30:00.000Z", "2025-03-13T18:30:00.000Z", "2025-03-20T18:30:00.000Z", "2025-03-27T18:30:00.000Z", "2025-04-03T18:30:00.000Z", "2025-04-10T18:30:00.000Z", "2025-04-17T18:30:00.000Z", "2025-04-24T18:30:00.000Z", "2025-05-01T18:30:00.000Z", "2025-05-08T18:30:00.000Z", "2025-05-15T18:30:00.000Z", "2025-05-22T18:30:00.000Z", "2025-05-29T18:30:00.000Z", "2025-06-05T18:30:00.000Z", "2025-06-19T18:30:00.000Z", "2025-06-26T18:30:00.000Z", "2025-07-03T18:30:00.000Z", "2025-07-10T18:30:00.000Z", "2025-07-17T18:30:00.000Z", "2025-07-24T18:30:00.000Z", "2025-07-31T18:30:00.000Z", "2025-08-07T18:30:00.000Z", "2025-08-14T18:30:00.000Z", "2025-08-21T18:30:00.000Z", "2025-08-28T18:30:00.000Z", "2025-09-04T18:30:00.000Z", "2025-09-11T18:30:00.000Z", "2025-09-18T18:30:00.000Z", "2025-09-25T18:30:00.000Z", "2025-10-02T18:30:00.000Z", "2025-10-09T18:30:00.000Z", "2025-10-16T18:30:00.000Z", "2025-10-23T18:30:00.000Z", "2025-10-30T18:30:00.000Z", "2025-11-06T18:30:00.000Z", "2025-11-13T18:30:00.000Z", "2025-11-20T18:30:00.000Z", "2025-11-27T18:30:00.000Z", "2025-12-04T18:30:00.000Z", "2025-12-11T18:30:00.000Z", "2025-12-18T18:30:00.000Z", "2025-12-25T18:30:00.000Z", "2026-01-01T18:30:00.000Z", "2026-01-08T18:30:00.000Z", "2026-01-15T18:30:00.000Z", "2026-01-22T18:30:00.000Z", "2026-01-29T18:30:00.000Z", "2026-02-05T18:30:00.000Z", "2026-02-12T18:30:00.000Z", "2026-02-19T18:30:00.000Z", "2026-02-26T18:30:00.000Z", "2026-03-05T18:30:00.000Z", "2026-03-12T18:30:00.000Z", "2026-03-19T18:30:00.000Z", "2026-03-26T18:30:00.000Z", "2026-04-02T18:30:00.000Z", "2026-04-09T18:30:00.000Z", "2026-04-16T18:30:00.000Z", "2026-04-23T18:30:00.000Z", "2026-04-30T18:30:00.000Z", "2026-05-07T18:30:00.000Z", "2026-05-14T18:30:00.000Z", "2026-05-21T18:30:00.000Z", "2026-05-28T18:30:00.000Z", "2026-06-04T18:30:00.000Z", "2026-06-11T18:30:00.000Z", "2026-06-18T18:30:00.000Z", "2026-06-25T18:30:00.000Z", "2026-07-02T18:30:00.000Z", "2026-07-09T18:30:00.000Z", "2026-07-16T18:30:00.000Z", "2026-07-23T18:30:00.000Z", "2026-07-30T18:30:00.000Z", "2026-08-06T18:30:00.000Z", "2026-08-13T18:30:00.000Z", "2026-08-20T18:30:00.000Z", "2026-08-27T18:30:00.000Z", "2026-09-03T18:30:00.000Z", "2026-09-10T18:30:00.000Z", "2026-09-17T18:30:00.000Z", "2026-09-24T18:30:00.000Z", "2026-10-01T18:30:00.000Z", "2026-10-08T18:30:00.000Z", "2026-10-15T18:30:00.000Z", "2026-10-22T18:30:00.000Z", "2026-10-29T18:30:00.000Z", "2026-11-05T18:30:00.000Z", "2026-11-12T18:30:00.000Z", "2026-11-19T18:30:00.000Z", "2026-11-26T18:30:00.000Z", "2026-12-03T18:30:00.000Z", "2026-12-10T18:30:00.000Z", "2026-12-17T18:30:00.000Z", "2026-12-24T18:30:00.000Z", "2025-01-03T18:30:00.000Z", "2025-01-10T18:30:00.000Z", "2025-01-17T18:30:00.000Z", "2025-01-24T18:30:00.000Z", "2025-01-31T18:30:00.000Z", "2025-02-07T18:30:00.000Z", "2025-02-14T18:30:00.000Z", "2025-02-21T18:30:00.000Z", "2025-02-28T18:30:00.000Z", "2025-03-07T18:30:00.000Z", "2025-03-14T18:30:00.000Z", "2025-03-21T18:30:00.000Z", "2025-03-28T18:30:00.000Z", "2025-04-04T18:30:00.000Z", "2025-04-11T18:30:00.000Z", "2025-04-18T18:30:00.000Z", "2025-04-25T18:30:00.000Z", "2025-05-02T18:30:00.000Z", "2025-05-09T18:30:00.000Z", "2025-05-16T18:30:00.000Z", "2025-05-23T18:30:00.000Z", "2025-05-30T18:30:00.000Z", "2025-06-06T18:30:00.000Z", "2025-06-13T18:30:00.000Z", "2025-06-20T18:30:00.000Z", "2025-06-27T18:30:00.000Z", "2025-07-04T18:30:00.000Z", "2025-07-11T18:30:00.000Z", "2025-07-18T18:30:00.000Z", "2025-07-25T18:30:00.000Z", "2025-08-01T18:30:00.000Z", "2025-08-08T18:30:00.000Z", "2025-08-15T18:30:00.000Z", "2025-08-22T18:30:00.000Z", "2025-08-29T18:30:00.000Z", "2025-09-05T18:30:00.000Z", "2025-09-12T18:30:00.000Z", "2025-09-19T18:30:00.000Z", "2025-09-26T18:30:00.000Z", "2025-10-03T18:30:00.000Z", "2025-10-10T18:30:00.000Z", "2025-10-17T18:30:00.000Z", "2025-10-24T18:30:00.000Z", "2025-10-31T18:30:00.000Z", "2025-11-07T18:30:00.000Z", "2025-11-14T18:30:00.000Z", "2025-11-21T18:30:00.000Z", "2025-11-28T18:30:00.000Z", "2025-12-05T18:30:00.000Z", "2025-12-12T18:30:00.000Z", "2025-12-19T18:30:00.000Z", "2025-12-26T18:30:00.000Z", "2026-01-02T18:30:00.000Z", "2026-01-09T18:30:00.000Z", "2026-01-16T18:30:00.000Z", "2026-01-23T18:30:00.000Z", "2026-01-30T18:30:00.000Z", "2026-02-06T18:30:00.000Z", "2026-02-13T18:30:00.000Z", "2026-02-20T18:30:00.000Z", "2026-02-27T18:30:00.000Z", "2026-03-06T18:30:00.000Z", "2026-03-13T18:30:00.000Z", "2026-03-20T18:30:00.000Z", "2026-03-27T18:30:00.000Z", "2026-04-03T18:30:00.000Z", "2026-04-10T18:30:00.000Z", "2026-04-17T18:30:00.000Z", "2026-04-24T18:30:00.000Z", "2026-05-01T18:30:00.000Z", "2026-05-08T18:30:00.000Z", "2026-05-15T18:30:00.000Z", "2026-05-22T18:30:00.000Z", "2026-05-29T18:30:00.000Z", "2026-06-05T18:30:00.000Z", "2026-06-12T18:30:00.000Z", "2026-06-19T18:30:00.000Z", "2026-06-26T18:30:00.000Z", "2026-07-03T18:30:00.000Z", "2026-07-10T18:30:00.000Z", "2026-07-17T18:30:00.000Z", "2026-07-24T18:30:00.000Z", "2026-07-31T18:30:00.000Z", "2026-08-07T18:30:00.000Z", "2026-08-14T18:30:00.000Z", "2026-08-21T18:30:00.000Z", "2026-08-28T18:30:00.000Z", "2026-09-04T18:30:00.000Z", "2026-09-11T18:30:00.000Z", "2026-09-18T18:30:00.000Z", "2026-09-25T18:30:00.000Z", "2026-10-02T18:30:00.000Z", "2026-10-09T18:30:00.000Z", "2026-10-16T18:30:00.000Z", "2026-10-23T18:30:00.000Z", "2026-10-30T18:30:00.000Z", "2026-11-06T18:30:00.000Z", "2026-11-13T18:30:00.000Z", "2026-11-20T18:30:00.000Z", "2026-11-27T18:30:00.000Z", "2026-12-04T18:30:00.000Z", "2026-12-11T18:30:00.000Z", "2026-12-18T18:30:00.000Z", "2026-12-25T18:30:00.000Z", "2025-01-04T18:30:00.000Z", "2025-01-11T18:30:00.000Z", "2025-01-18T18:30:00.000Z", "2025-01-25T18:30:00.000Z", "2025-02-01T18:30:00.000Z", "2025-02-08T18:30:00.000Z", "2025-02-15T18:30:00.000Z", "2025-02-22T18:30:00.000Z", "2025-03-01T18:30:00.000Z", "2025-03-08T18:30:00.000Z", "2025-03-15T18:30:00.000Z", "2025-03-22T18:30:00.000Z", "2025-03-29T18:30:00.000Z", "2025-04-05T18:30:00.000Z", "2025-04-12T18:30:00.000Z", "2025-04-19T18:30:00.000Z", "2025-04-26T18:30:00.000Z", "2025-05-03T18:30:00.000Z", "2025-05-10T18:30:00.000Z", "2025-05-17T18:30:00.000Z", "2025-05-24T18:30:00.000Z", "2025-05-31T18:30:00.000Z", "2025-06-14T18:30:00.000Z", "2025-06-21T18:30:00.000Z", "2025-06-28T18:30:00.000Z", "2025-07-05T18:30:00.000Z", "2025-07-12T18:30:00.000Z", "2025-07-19T18:30:00.000Z", "2025-07-26T18:30:00.000Z", "2025-08-02T18:30:00.000Z", "2025-08-09T18:30:00.000Z", "2025-08-16T18:30:00.000Z", "2025-08-23T18:30:00.000Z", "2025-08-30T18:30:00.000Z", "2025-09-06T18:30:00.000Z", "2025-09-13T18:30:00.000Z", "2025-09-20T18:30:00.000Z", "2025-09-27T18:30:00.000Z", "2025-10-04T18:30:00.000Z", "2025-10-11T18:30:00.000Z", "2025-10-18T18:30:00.000Z", "2025-10-25T18:30:00.000Z", "2025-11-01T18:30:00.000Z", "2025-11-08T18:30:00.000Z", "2025-11-15T18:30:00.000Z", "2025-11-22T18:30:00.000Z", "2025-11-29T18:30:00.000Z", "2025-12-06T18:30:00.000Z", "2025-12-13T18:30:00.000Z", "2025-12-20T18:30:00.000Z", "2025-12-27T18:30:00.000Z", "2026-01-03T18:30:00.000Z", "2026-01-10T18:30:00.000Z", "2026-01-17T18:30:00.000Z", "2026-01-24T18:30:00.000Z", "2026-01-31T18:30:00.000Z", "2026-02-07T18:30:00.000Z", "2026-02-14T18:30:00.000Z", "2026-02-21T18:30:00.000Z", "2026-02-28T18:30:00.000Z", "2026-03-07T18:30:00.000Z", "2026-03-14T18:30:00.000Z", "2026-03-21T18:30:00.000Z", "2026-03-28T18:30:00.000Z", "2026-04-04T18:30:00.000Z", "2026-04-11T18:30:00.000Z", "2026-04-18T18:30:00.000Z", "2026-04-25T18:30:00.000Z", "2026-05-02T18:30:00.000Z", "2026-05-09T18:30:00.000Z", "2026-05-16T18:30:00.000Z", "2026-05-23T18:30:00.000Z", "2026-05-30T18:30:00.000Z", "2026-06-06T18:30:00.000Z", "2026-06-13T18:30:00.000Z", "2026-06-20T18:30:00.000Z", "2026-06-27T18:30:00.000Z", "2026-07-04T18:30:00.000Z", "2026-07-11T18:30:00.000Z", "2026-07-18T18:30:00.000Z", "2026-07-25T18:30:00.000Z", "2026-08-01T18:30:00.000Z", "2026-08-08T18:30:00.000Z", "2026-08-15T18:30:00.000Z", "2026-08-22T18:30:00.000Z", "2026-08-29T18:30:00.000Z", "2026-09-05T18:30:00.000Z", "2026-09-12T18:30:00.000Z", "2026-09-19T18:30:00.000Z", "2026-09-26T18:30:00.000Z", "2026-10-03T18:30:00.000Z", "2026-10-10T18:30:00.000Z", "2026-10-17T18:30:00.000Z", "2026-10-24T18:30:00.000Z", "2026-10-31T18:30:00.000Z", "2026-11-07T18:30:00.000Z", "2026-11-14T18:30:00.000Z", "2026-11-21T18:30:00.000Z", "2026-11-28T18:30:00.000Z", "2026-12-05T18:30:00.000Z", "2026-12-12T18:30:00.000Z", "2026-12-19T18:30:00.000Z", "2026-12-26T18:30:00.000Z"], "applyFridays": true, "applySundays": true, "applySaturdays": true}	["2025-06-07T18:30:00.000Z", "2025-06-08T18:30:00.000Z", "2025-06-09T18:30:00.000Z", "2025-06-10T18:30:00.000Z", "2025-06-11T18:30:00.000Z", "2025-06-12T18:30:00.000Z", "2025-06-13T18:30:00.000Z"]	2025-06-13 04:54:44.802	2025-06-13 04:54:44.802
cmbrm181r0000ase55rqwh25o	testing-33	Chennai, TN	4	10	TAMILNADU	chennai,indra	9876543219	testing	testing	cm9c3moo60000e5xswx1exyvx	{"dates": ["2025-01-02T18:30:00.000Z", "2025-01-09T18:30:00.000Z", "2025-01-16T18:30:00.000Z", "2025-01-23T18:30:00.000Z", "2025-01-30T18:30:00.000Z", "2025-02-06T18:30:00.000Z", "2025-02-13T18:30:00.000Z", "2025-02-20T18:30:00.000Z", "2025-02-27T18:30:00.000Z", "2025-03-06T18:30:00.000Z", "2025-03-13T18:30:00.000Z", "2025-03-20T18:30:00.000Z", "2025-03-27T18:30:00.000Z", "2025-04-03T18:30:00.000Z", "2025-04-10T18:30:00.000Z", "2025-04-17T18:30:00.000Z", "2025-04-24T18:30:00.000Z", "2025-05-01T18:30:00.000Z", "2025-05-08T18:30:00.000Z", "2025-05-15T18:30:00.000Z", "2025-05-22T18:30:00.000Z", "2025-05-29T18:30:00.000Z", "2025-06-05T18:30:00.000Z", "2025-06-12T18:30:00.000Z", "2025-06-19T18:30:00.000Z", "2025-06-26T18:30:00.000Z", "2025-07-03T18:30:00.000Z", "2025-07-10T18:30:00.000Z", "2025-07-17T18:30:00.000Z", "2025-07-24T18:30:00.000Z", "2025-07-31T18:30:00.000Z", "2025-08-07T18:30:00.000Z", "2025-08-14T18:30:00.000Z", "2025-08-21T18:30:00.000Z", "2025-08-28T18:30:00.000Z", "2025-09-04T18:30:00.000Z", "2025-09-11T18:30:00.000Z", "2025-09-18T18:30:00.000Z", "2025-09-25T18:30:00.000Z", "2025-10-02T18:30:00.000Z", "2025-10-09T18:30:00.000Z", "2025-10-16T18:30:00.000Z", "2025-10-23T18:30:00.000Z", "2025-10-30T18:30:00.000Z", "2025-11-06T18:30:00.000Z", "2025-11-13T18:30:00.000Z", "2025-11-20T18:30:00.000Z", "2025-11-27T18:30:00.000Z", "2025-12-04T18:30:00.000Z", "2025-12-11T18:30:00.000Z", "2025-12-18T18:30:00.000Z", "2025-12-25T18:30:00.000Z", "2026-01-01T18:30:00.000Z", "2026-01-08T18:30:00.000Z", "2026-01-15T18:30:00.000Z", "2026-01-22T18:30:00.000Z", "2026-01-29T18:30:00.000Z", "2026-02-05T18:30:00.000Z", "2026-02-12T18:30:00.000Z", "2026-02-19T18:30:00.000Z", "2026-02-26T18:30:00.000Z", "2026-03-05T18:30:00.000Z", "2026-03-12T18:30:00.000Z", "2026-03-19T18:30:00.000Z", "2026-03-26T18:30:00.000Z", "2026-04-02T18:30:00.000Z", "2026-04-09T18:30:00.000Z", "2026-04-16T18:30:00.000Z", "2026-04-23T18:30:00.000Z", "2026-04-30T18:30:00.000Z", "2026-05-07T18:30:00.000Z", "2026-05-14T18:30:00.000Z", "2026-05-21T18:30:00.000Z", "2026-05-28T18:30:00.000Z", "2026-06-04T18:30:00.000Z", "2026-06-11T18:30:00.000Z", "2026-06-18T18:30:00.000Z", "2026-06-25T18:30:00.000Z", "2026-07-02T18:30:00.000Z", "2026-07-09T18:30:00.000Z", "2026-07-16T18:30:00.000Z", "2026-07-23T18:30:00.000Z", "2026-07-30T18:30:00.000Z", "2026-08-06T18:30:00.000Z", "2026-08-13T18:30:00.000Z", "2026-08-20T18:30:00.000Z", "2026-08-27T18:30:00.000Z", "2026-09-03T18:30:00.000Z", "2026-09-10T18:30:00.000Z", "2026-09-17T18:30:00.000Z", "2026-09-24T18:30:00.000Z", "2026-10-01T18:30:00.000Z", "2026-10-08T18:30:00.000Z", "2026-10-15T18:30:00.000Z", "2026-10-22T18:30:00.000Z", "2026-10-29T18:30:00.000Z", "2026-11-05T18:30:00.000Z", "2026-11-12T18:30:00.000Z", "2026-11-19T18:30:00.000Z", "2026-11-26T18:30:00.000Z", "2026-12-03T18:30:00.000Z", "2026-12-10T18:30:00.000Z", "2026-12-17T18:30:00.000Z", "2026-12-24T18:30:00.000Z", "2025-01-03T18:30:00.000Z", "2025-01-10T18:30:00.000Z", "2025-01-17T18:30:00.000Z", "2025-01-24T18:30:00.000Z", "2025-01-31T18:30:00.000Z", "2025-02-07T18:30:00.000Z", "2025-02-14T18:30:00.000Z", "2025-02-21T18:30:00.000Z", "2025-02-28T18:30:00.000Z", "2025-03-07T18:30:00.000Z", "2025-03-14T18:30:00.000Z", "2025-03-21T18:30:00.000Z", "2025-03-28T18:30:00.000Z", "2025-04-04T18:30:00.000Z", "2025-04-11T18:30:00.000Z", "2025-04-18T18:30:00.000Z", "2025-04-25T18:30:00.000Z", "2025-05-02T18:30:00.000Z", "2025-05-09T18:30:00.000Z", "2025-05-16T18:30:00.000Z", "2025-05-23T18:30:00.000Z", "2025-05-30T18:30:00.000Z", "2025-06-06T18:30:00.000Z", "2025-06-13T18:30:00.000Z", "2025-06-20T18:30:00.000Z", "2025-06-27T18:30:00.000Z", "2025-07-04T18:30:00.000Z", "2025-07-11T18:30:00.000Z", "2025-07-18T18:30:00.000Z", "2025-07-25T18:30:00.000Z", "2025-08-01T18:30:00.000Z", "2025-08-08T18:30:00.000Z", "2025-08-15T18:30:00.000Z", "2025-08-22T18:30:00.000Z", "2025-08-29T18:30:00.000Z", "2025-09-05T18:30:00.000Z", "2025-09-12T18:30:00.000Z", "2025-09-19T18:30:00.000Z", "2025-09-26T18:30:00.000Z", "2025-10-03T18:30:00.000Z", "2025-10-10T18:30:00.000Z", "2025-10-17T18:30:00.000Z", "2025-10-24T18:30:00.000Z", "2025-10-31T18:30:00.000Z", "2025-11-07T18:30:00.000Z", "2025-11-14T18:30:00.000Z", "2025-11-21T18:30:00.000Z", "2025-11-28T18:30:00.000Z", "2025-12-05T18:30:00.000Z", "2025-12-12T18:30:00.000Z", "2025-12-19T18:30:00.000Z", "2025-12-26T18:30:00.000Z", "2026-01-02T18:30:00.000Z", "2026-01-09T18:30:00.000Z", "2026-01-16T18:30:00.000Z", "2026-01-23T18:30:00.000Z", "2026-01-30T18:30:00.000Z", "2026-02-06T18:30:00.000Z", "2026-02-13T18:30:00.000Z", "2026-02-20T18:30:00.000Z", "2026-02-27T18:30:00.000Z", "2026-03-06T18:30:00.000Z", "2026-03-13T18:30:00.000Z", "2026-03-20T18:30:00.000Z", "2026-03-27T18:30:00.000Z", "2026-04-03T18:30:00.000Z", "2026-04-10T18:30:00.000Z", "2026-04-17T18:30:00.000Z", "2026-04-24T18:30:00.000Z", "2026-05-01T18:30:00.000Z", "2026-05-08T18:30:00.000Z", "2026-05-15T18:30:00.000Z", "2026-05-22T18:30:00.000Z", "2026-05-29T18:30:00.000Z", "2026-06-05T18:30:00.000Z", "2026-06-12T18:30:00.000Z", "2026-06-19T18:30:00.000Z", "2026-06-26T18:30:00.000Z", "2026-07-03T18:30:00.000Z", "2026-07-10T18:30:00.000Z", "2026-07-17T18:30:00.000Z", "2026-07-24T18:30:00.000Z", "2026-07-31T18:30:00.000Z", "2026-08-07T18:30:00.000Z", "2026-08-14T18:30:00.000Z", "2026-08-21T18:30:00.000Z", "2026-08-28T18:30:00.000Z", "2026-09-04T18:30:00.000Z", "2026-09-11T18:30:00.000Z", "2026-09-18T18:30:00.000Z", "2026-09-25T18:30:00.000Z", "2026-10-02T18:30:00.000Z", "2026-10-09T18:30:00.000Z", "2026-10-16T18:30:00.000Z", "2026-10-23T18:30:00.000Z", "2026-10-30T18:30:00.000Z", "2026-11-06T18:30:00.000Z", "2026-11-13T18:30:00.000Z", "2026-11-20T18:30:00.000Z", "2026-11-27T18:30:00.000Z", "2026-12-04T18:30:00.000Z", "2026-12-11T18:30:00.000Z", "2026-12-18T18:30:00.000Z", "2026-12-25T18:30:00.000Z", "2025-01-04T18:30:00.000Z", "2025-01-11T18:30:00.000Z", "2025-01-18T18:30:00.000Z", "2025-01-25T18:30:00.000Z", "2025-02-01T18:30:00.000Z", "2025-02-08T18:30:00.000Z", "2025-02-15T18:30:00.000Z", "2025-02-22T18:30:00.000Z", "2025-03-01T18:30:00.000Z", "2025-03-08T18:30:00.000Z", "2025-03-15T18:30:00.000Z", "2025-03-22T18:30:00.000Z", "2025-03-29T18:30:00.000Z", "2025-04-05T18:30:00.000Z", "2025-04-12T18:30:00.000Z", "2025-04-19T18:30:00.000Z", "2025-04-26T18:30:00.000Z", "2025-05-03T18:30:00.000Z", "2025-05-10T18:30:00.000Z", "2025-05-17T18:30:00.000Z", "2025-05-24T18:30:00.000Z", "2025-05-31T18:30:00.000Z", "2025-06-07T18:30:00.000Z", "2025-06-14T18:30:00.000Z", "2025-06-21T18:30:00.000Z", "2025-06-28T18:30:00.000Z", "2025-07-05T18:30:00.000Z", "2025-07-12T18:30:00.000Z", "2025-07-19T18:30:00.000Z", "2025-07-26T18:30:00.000Z", "2025-08-02T18:30:00.000Z", "2025-08-09T18:30:00.000Z", "2025-08-16T18:30:00.000Z", "2025-08-23T18:30:00.000Z", "2025-08-30T18:30:00.000Z", "2025-09-06T18:30:00.000Z", "2025-09-13T18:30:00.000Z", "2025-09-20T18:30:00.000Z", "2025-09-27T18:30:00.000Z", "2025-10-04T18:30:00.000Z", "2025-10-11T18:30:00.000Z", "2025-10-18T18:30:00.000Z", "2025-10-25T18:30:00.000Z", "2025-11-01T18:30:00.000Z", "2025-11-08T18:30:00.000Z", "2025-11-15T18:30:00.000Z", "2025-11-22T18:30:00.000Z", "2025-11-29T18:30:00.000Z", "2025-12-06T18:30:00.000Z", "2025-12-13T18:30:00.000Z", "2025-12-20T18:30:00.000Z", "2025-12-27T18:30:00.000Z", "2026-01-03T18:30:00.000Z", "2026-01-10T18:30:00.000Z", "2026-01-17T18:30:00.000Z", "2026-01-24T18:30:00.000Z", "2026-01-31T18:30:00.000Z", "2026-02-07T18:30:00.000Z", "2026-02-14T18:30:00.000Z", "2026-02-21T18:30:00.000Z", "2026-02-28T18:30:00.000Z", "2026-03-07T18:30:00.000Z", "2026-03-14T18:30:00.000Z", "2026-03-21T18:30:00.000Z", "2026-03-28T18:30:00.000Z", "2026-04-04T18:30:00.000Z", "2026-04-11T18:30:00.000Z", "2026-04-18T18:30:00.000Z", "2026-04-25T18:30:00.000Z", "2026-05-02T18:30:00.000Z", "2026-05-09T18:30:00.000Z", "2026-05-16T18:30:00.000Z", "2026-05-23T18:30:00.000Z", "2026-05-30T18:30:00.000Z", "2026-06-06T18:30:00.000Z", "2026-06-13T18:30:00.000Z", "2026-06-20T18:30:00.000Z", "2026-06-27T18:30:00.000Z", "2026-07-04T18:30:00.000Z", "2026-07-11T18:30:00.000Z", "2026-07-18T18:30:00.000Z", "2026-07-25T18:30:00.000Z", "2026-08-01T18:30:00.000Z", "2026-08-08T18:30:00.000Z", "2026-08-15T18:30:00.000Z", "2026-08-22T18:30:00.000Z", "2026-08-29T18:30:00.000Z", "2026-09-05T18:30:00.000Z", "2026-09-12T18:30:00.000Z", "2026-09-19T18:30:00.000Z", "2026-09-26T18:30:00.000Z", "2026-10-03T18:30:00.000Z", "2026-10-10T18:30:00.000Z", "2026-10-17T18:30:00.000Z", "2026-10-24T18:30:00.000Z", "2026-10-31T18:30:00.000Z", "2026-11-07T18:30:00.000Z", "2026-11-14T18:30:00.000Z", "2026-11-21T18:30:00.000Z", "2026-11-28T18:30:00.000Z", "2026-12-05T18:30:00.000Z", "2026-12-12T18:30:00.000Z", "2026-12-19T18:30:00.000Z", "2026-12-26T18:30:00.000Z", "2025-07-14T18:30:00.000Z", "2025-07-15T18:30:00.000Z", "2025-08-12T18:30:00.000Z", "2025-08-13T18:30:00.000Z", "2025-09-23T18:30:00.000Z", "2025-07-22T18:30:00.000Z", "2025-07-29T18:30:00.000Z"], "applyFridays": true, "applySundays": true, "applySaturdays": true}	["2025-07-22T18:30:00.000Z", "2025-07-29T18:30:00.000Z"]	2025-06-11 07:10:11.201	2025-06-16 08:32:30.087
cmc08eum70000oknn2vok6es6	Arena Starr	Kuala Lumpur	3	10		49-51, Jalan Hang Lekiu, City Centre, 50100 Kuala Lumpur, Wilayah Persekutuan Kuala Lumpur	03-2078 6988			iEb5T0NL48nrO69NLubtmkN4	{"dates": [], "applyFridays": false, "applySundays": false, "applySaturdays": false}	[]	2025-06-17 07:58:47.936	2025-09-06 05:09:44.818
\.


--
