-- Data for Name: InvoiceLineItem; Type: TABLE DATA; Schema: public; Owner: postgres
--

COPY public."InvoiceLineItem" (id, "invoiceId", description, amount) FROM stdin;
cmejum58c0002e50o5lzvg00e	cmejum58b0001e50odq0fh702	PARKROYAL A'Famosa Melaka Resort (Superior Room (King / Twin) - (Sun - Thurs))	940.8
cmejum58c0003e50opby73uta	cmejum58b0001e50odq0fh702	Fives Hotel JBCC (N) (Deluxe Twin - 1 King Bed (Sun - Thu))	294
cmejum58c0004e50oisln7pbf	cmejum58b0001e50odq0fh702	One Way Airport Transfer Guide Service @ Penang	126
cmejum58c0005e50o0zx7xhlr	cmejum58b0001e50odq0fh702	Full Day Guide Service @ Kuala Lumpur	315
cmejviczf000se57s41oj97y1	cmejvicze000re57sqvmxlmpt	PARKROYAL A'Famosa Melaka Resort (Superior Room (King / Twin) - (Sun - Thurs))	852.6
cmejviczf000te57socp6rmyi	cmejvicze000re57sqvmxlmpt	One Way Transfer from Langkawi Airport - Langkawi Hotel ( from North Hotel )	210
cmekyfc69000qnng18zo2z3uc	cmekyfc69000pnng10k8qmmcj	The Banjaran Hotsprings Retreat, Ipoh (Water Villa (Sun - Thurs))	3446.1
cmekyfc69000rnng1yvmy965l	cmekyfc69000pnng10k8qmmcj	Century Pines Resort Cameron Highlands (Deluxe Room (2A 2C))	281.4
cmel9issz000ne6j4j57p9749	cmel9issz000me6j4vlewgp47	PARKROYAL A'Famosa Melaka Resort (Superior Room (King / Twin) - (Sun - Thurs))	1705.2
cmel9issz000oe6j4zef2cwf5	cmel9issz000me6j4vlewgp47	02 Way Gunung Raya Transfer from Langkawi Beach Hotel	441
cmeladnu3000ye6osb76bzut3	cmeladnu2000xe6oslg8tbfh0	The Banjaran Hotsprings Retreat, Ipoh (Water Villa (Sun - Thurs))	12689.25
cmeladnu3000ze6osgl16der9	cmeladnu2000xe6oslg8tbfh0	Penang Hill Train Upper Station - Normal Lane	88.2
cmeladnu30010e6osr48ceof6	cmeladnu2000xe6oslg8tbfh0	Genting Skyworld Outdoor Theme Park (Promo)	489.3
cmelb1cnf000le6t8mcuqjczj	cmelb1cnf000ke6t82fp781dc	PARKROYAL A'Famosa Melaka Resort (Superior Room (King / Twin) - (Fri - Sat)\t)	2520
cmelb1cnf000me6t8y127bm6f	cmelb1cnf000ke6t82fp781dc	One Way Transfer from Genting Hotel - Kuala Lumpur Hotel + Enroute Batu Caves (30 Mins)	798
cmelbk89n000ne6p8t9dj64zf	cmelbk89n000me6p8vt1cb0v9	The Banjaran Hotsprings Retreat, Ipoh (Garden Villa (Sun - Thurs))	9378.6
cmelbk89n000oe6p8eg5jzdxw	cmelbk89n000me6p8vt1cb0v9	One Way Transfer from Genting Hotel - Kuala Lumpur Hotel + Enroute Batu Caves (30 Mins)	504
cmemt0cqq004dnng15ew22kwa	cmemt0cqq004cnng1cggg570k	Kingston Hotel 08 @ Bukit Bintang (Deluxe Room)	69
cmemt0cqq004enng146vd35ey	cmemt0cqq004cnng1cggg570k	One Way Transfer from Kuala Lumpur Airport - Kuala Lumpur Hotel	31.625
cmemt0cqq004fnng1k323pavi	cmemt0cqq004cnng1cggg570k	Full Day Genting Tour ( 8 Hours ) + Enroute Batu Caves ( 30Mins ) (Pvt Basis)	92
cmemt0cqq004gnng1c7t7ap2p	cmemt0cqq004cnng1cggg570k	02 Way Dinner Transfer at KL - Pvt Basis	37.375
cmemt0cqq004hnng1xlj89zeu	cmemt0cqq004cnng1cggg570k	Dinner at Indian Restaurant KL	17.25
cmemt0cqq004inng1cwogsbjg	cmemt0cqq004cnng1cggg570k	KL Half Day City Tour ( 4 Hours ) (Pvt Basis)	40.25
cmemt0cqq004jnng1cd7avibk	cmemt0cqq004cnng1cggg570k	Petronas Twin Tower Entry Ticket 	56.34999999999999
cmemt0cqq004knng1ctm1kp2h	cmemt0cqq004cnng1cggg570k	02 Way Dinner Transfer at KL - Pvt Basis	37.375
cmemt0cqq004lnng1xzplqtdg	cmemt0cqq004cnng1cggg570k	Dinner at Indian Restaurant KL	17.25
cmemt0cqq004mnng1lj1weq10	cmemt0cqq004cnng1cggg570k	KL Half Day Country Side Tour ( 3 Hours ) (Pvt Basis)	34.5
cmemt0cqq004nnng127krplhi	cmemt0cqq004cnng1cggg570k	One Way Transfer from Kuala Lumpur Hotel - Kuala Lumpur Airport + Enroute Putrajaya ( 30Mins )	40.25
cmf7trvkx001knnxby1xqoaof	cmf7trvkx001jnnxbpzujnluz	Arena Starr (Deluxe Triple Room)	3210.9
cmf7trvkx001lnnxbclqsvqj4	cmf7trvkx001jnnxbpzujnluz	One Way Transfer from Kuala Lumpur Airport - Kuala Lumpur Hotel	203.5
cmf7trvkx001mnnxbrro0gu8m	cmf7trvkx001jnnxbpzujnluz	One Way Transfer from Kuala Lumpur Airport - Kuala Lumpur Hotel	203.5
\.


--
-- Data for Name: Itinerary; Type: TABLE DATA; Schema: public; Owner: postgres
--

COPY public."Itinerary" (id, "quotationId", date, label, category, "priceDetails", "guideId", "supplierContact", "supplierId", "supplierName", "totalPriceAfterMarkup", "itinMarkup", "totalBeforeMarkup") FROM stdin;
cmeji0ejh000ce54wn6ngxp39	cmeji0ejg0002e54w1afl7831	2025-08-20 00:00:00	One Way Airport Transfer Guide Service @ Penang	Guide	\N	\N				126.000000000000000000000000000000	5	120.000000000000000000000000000000
cmeji0eji000ee54wugped75e	cmeji0ejg0002e54w1afl7831	2025-08-21 00:00:00	Full Day Guide Service @ Kuala Lumpur	Guide	\N	\N				315.000000000000000000000000000000	5	300.000000000000000000000000000000
cmejvdkdh0009e57skskds6cf	cmejvdkdh0002e57sef54hz1i	2025-08-20 00:00:00	One Way Transfer from Langkawi Airport - Langkawi Hotel ( from North Hotel )	Transfers	\N	\N				210.000000000000000000000000000000	5	200.000000000000000000000000000000
cmel9iexw0008e6j4boh311ap	cmel9iexu0002e6j4ujavqm5g	2025-08-21 00:00:00	02 Way Gunung Raya Transfer from Langkawi Beach Hotel	Transfers	\N	\N				441.000000000000000000000000000000	5	420.000000000000000000000000000000
cmelacps10009e6osnepqcn6o	cmelacps10002e6osa2e4ll7e	2025-08-21 00:00:00	Penang Hill Train Upper Station - Normal Lane	Attractions	\N	\N	60162200647	clypb9dc000019xv4fb7mr8u2	TVG	88.200000000000000000000000000000	5	84.000000000000000000000000000000
cmelacps2000ce6osttkg50oa	cmelacps10002e6osa2e4ll7e	2025-08-22 00:00:00	Genting Skyworld Outdoor Theme Park (Promo)	Attractions	\N	\N	60162200647	clypb9dc000019xv4fb7mr8u2	TVG	489.300000000000000000000000000000	5	466.000000000000000000000000000000
cmelb0yx10007e6t87w9wz7n0	cmelb0ywz0002e6t8nutlmui8	2025-08-21 00:00:00	One Way Transfer from Genting Hotel - Kuala Lumpur Hotel + Enroute Batu Caves (30 Mins)	Transfers	\N	\N				798.000000000000000000000000000000	5	760.000000000000000000000000000000
cmelbjk1s0008e6p8g64gm8v6	cmelbjk1r0002e6p8aoc3f5tv	2025-08-21 00:00:00	One Way Transfer from Genting Hotel - Kuala Lumpur Hotel + Enroute Batu Caves (30 Mins)	Transfers	\N	\N				504.000000000000000000000000000000	5	480.000000000000000000000000000000
cmemklf510014nng1e23ad2yi	cmemklf50000znng1lztzudvk	2025-09-04 00:00:00	One Way Transfer from Kuala Lumpur Airport - Kuala Lumpur Hotel	Transfers	\N	\N				31.625000000000000000000000000000	15	110.000000000000000000000000000000
cmemklf510016nng1ycadn4he	cmemklf50000znng1lztzudvk	2025-09-04 00:00:00	Full Day Genting Tour ( 8 Hours ) + Enroute Batu Caves ( 30Mins ) (Pvt Basis)	Tours	\N	\N				92.000000000000000000000000000000	15	320.000000000000000000000000000000
cmemklf510018nng1siyrnz05	cmemklf50000znng1lztzudvk	2025-09-04 00:00:00	02 Way Dinner Transfer at KL - Pvt Basis	Transfers	\N	\N				37.375000000000000000000000000000	15	130.000000000000000000000000000000
cmemklf51001anng1fd3vdatg	cmemklf50000znng1lztzudvk	2025-09-04 00:00:00	Dinner at Indian Restaurant KL	Restaurants	\N	\N		clywdj95s00liiq9xphh3wo2v	KEY TERM HOLIDAYS SDN BHD	17.250000000000000000000000000000	15	60.000000000000000000000000000000
cmemklf51001cnng1wk5nzyp3	cmemklf50000znng1lztzudvk	2025-09-05 00:00:00	KL Half Day City Tour ( 4 Hours ) (Pvt Basis)	Tours	\N	\N				40.250000000000000000000000000000	15	140.000000000000000000000000000000
cmemklf51001enng1y0m1hhle	cmemklf50000znng1lztzudvk	2025-09-05 00:00:00	Petronas Twin Tower Entry Ticket 	Attractions	\N	\N	60162200647	clypb9dc000019xv4fb7mr8u2	TVG	56.349999999999990000000000000000	15	196.000000000000000000000000000000
cmemklf51001gnng1kke9gb0l	cmemklf50000znng1lztzudvk	2025-09-05 00:00:00	02 Way Dinner Transfer at KL - Pvt Basis	Transfers	\N	\N				37.375000000000000000000000000000	15	130.000000000000000000000000000000
cmemklf51001inng13rowighg	cmemklf50000znng1lztzudvk	2025-09-05 00:00:00	Dinner at Indian Restaurant KL	Restaurants	\N	\N		clywdj95s00liiq9xphh3wo2v	KEY TERM HOLIDAYS SDN BHD	17.250000000000000000000000000000	15	60.000000000000000000000000000000
cmemklf51001knng16eiu24pi	cmemklf50000znng1lztzudvk	2025-09-06 00:00:00	KL Half Day Country Side Tour ( 3 Hours ) (Pvt Basis)	Tours	\N	\N				34.500000000000000000000000000000	15	120.000000000000000000000000000000
cmemklf51001mnng1q6fqbq0s	cmemklf50000znng1lztzudvk	2025-09-06 00:00:00	One Way Transfer from Kuala Lumpur Hotel - Kuala Lumpur Airport + Enroute Putrajaya ( 30Mins )	Transfers	\N	\N				40.250000000000000000000000000000	15	140.000000000000000000000000000000
cmemkvsbv002vnng1u1qaxmnt	cmemkvgss002mnng15frvpxgh	2025-09-04 00:00:00	Full Day Cameron Highlands Tour ( 8 Hours ) - (Pvt Basis)	Tours	\N	\N				186.875000000000000000000000000000	15	\N
cmf7t766u0009nnxbsfx9139n	cmf7t766t0004nnxbon3n0x1c	2025-09-08 00:00:00	One Way Transfer from Kuala Lumpur Airport - Kuala Lumpur Hotel	Transfers	\N	\N				121.000000000000000000000000000000	10	110.000000000000000000000000000000
cmf7t766u000bnnxbf0a3cseq	cmf7t766t0004nnxbon3n0x1c	2025-09-29 00:00:00	One Way Transfer from Kuala Lumpur Airport - Kuala Lumpur Hotel	Transfers	\N	\N				121.000000000000000000000000000000	10	110.000000000000000000000000000000
cmfdn1wpg0010e6r8pzp0yxb9	cmfdmtvk70002e6r8nb0i6ks1	2025-09-10 00:00:00	One Way Transfer from Genting Hotel - Kuala Lumpur Hotel + Enroute Batu Caves (30 Mins)	Transfers	\N	\N				850.500000000000000000000000000000	5	\N
cmfdn1wpg0013e6r8beauaq13	cmfdmtvk70002e6r8nb0i6ks1	2025-09-10 00:00:00	One Way Transfer from Genting Hotel - Kuala Lumpur Hotel + Enroute Batu Caves (30 Mins)	Transfers	\N	\N				399.000000000000000000000000000000	5	\N
cmfdn396m001qe6r8quxljjf6	cmf7tc0ms000gnnxbz4vfcc1w	2025-09-29 00:00:00	One Way Transfer from Kuala Lumpur Airport - Kuala Lumpur Hotel	Transfers	\N	\N				203.500000000000000000000000000000	10	\N
cmfdnj9ap0024e6r8mct12wcs	cmfdnj9ao001ye6r8f0kt1q0f	2025-09-10 00:00:00	One Way Transfer from Langkawi Airport - Langkawi Hotel ( from North Hotel )	Transfers	\N	\N				283.500000000000000000000000000000	5	270.000000000000000000000000000000
cmj9tgwmt000hfz2a45ueg2im	cmj9tgwmt000dfz2a99h2m405	2025-12-23 00:00:00	One Way Transfer from Genting Hotel - Kuala Lumpur Hotel + Enroute Batu Caves (30 Mins)	Transfers	\N	\N	\N	\N	\N	798.300000000000000000000000000000	\N	\N
\.


--
-- Data for Name: Lead; Type: TABLE DATA; Schema: public; Owner: postgres
--

COPY public."Lead" (id, "empCode", "agentName", "agentCode", "leadNo", "travelDateFrom", "travelDateTo", "totalPax", "createdOn", description, "customerName", email, phone, adults, kids, infants, remarks, "agentId", stage, status, "statusUpdated", "updatedAt", "assignedToId", "userId", "assignedOperationId", "assignedAssessmentId", "assignedAssessmentOn", "assignedOperationOn") FROM stdin;
gPZLMjo-jJCl_i6TXIizB	KTHL01	SixthStar	SS-1310	LD-937787-SS-1310	2025-08-28 00:00:00	2025-08-31 00:00:00	2	2025-08-21 05:08:50.921	abcd	Neeraj Nandagopal	neeraj@ktholidays.com	7208019482	2	\N	\N	abcd	cmde7dpih000me4400xpwkb6k	quotation_accepted	active	2025-08-21 05:12:35.665	2025-08-21 05:12:35.665	\N	cmb8xvgoo000znn9q2lg4lteu	\N	\N	\N	\N
AKDl_2wbcJw-_rKaR2DvK	KTHL01	RNZIT1001	RNZIT101	LD-831554-RNZIT101	2025-08-20 00:00:00	2025-08-27 00:00:00	6	2025-08-20 04:48:00.075	wefwger	test	admin@gmail.com	6374751083	5	1	\N	ergerer	cmd71a1gf0000e5s44jzated3	quotation_accepted	active	2025-08-21 07:09:52.077	2025-08-21 07:09:52.077	\N	cmb8xvgoo000znn9q2lg4lteu	\N	\N	\N	\N
NQRPLBBAQcVqpw6-UyGp-	EMP-10045	RNZIT1001	RNZIT101	LD-393999-RNZIT101	2025-08-20 00:00:00	2025-08-27 00:00:00	4	2025-08-20 11:07:59.827	rge	test	mlogesh041@gmail.com	6374751083	4	\N	\N	rege	cmd71a1gf0000e5s44jzated3	feedback_collected	active	2025-08-22 12:39:32.146	2025-08-22 12:39:32.146	\N	cm9b7vbzw0007v6s8fhyub7ve	cmboy188x0001e59k0ghf56mj	\N	\N	\N
dtYAavl4EUfgM_bpMWP0q	EMP-1007	RNZIT1001	RNZIT101	LD-934338-RNZIT101	2025-08-21 00:00:00	2025-08-26 00:00:00	4	2025-08-21 10:31:39.693	gnfg	viky	vigtt@test.com	8788899999	1	3	\N	nfn	cmd71a1gf0000e5s44jzated3	quotation_accepted	active	2025-08-21 10:32:15.162	2025-08-21 10:32:15.162	\N	cm9b6ds080001nn6mdex8xnzk	\N	\N	\N	\N
NndBhuhiBg9m0Un9o3vJn	EMP-290	Tripoclan Travel Private Limited	TPCL	LD-853097-TPCL	2025-08-21 00:00:00	2025-08-27 00:00:00	5	2025-08-21 10:54:43.111	hello	test	usertest@email.com	8888888888	3	2	\N	gnfgn	cmc01j8a1005bnnokwwd7pa3z	quotation_accepted	active	2025-08-21 10:55:48.016	2025-08-21 10:55:48.016	\N	cm9b8rsgc0001e64szs58zsjg	\N	\N	\N	\N
z2UU7i792_XDW71dcSBZP	EMP-1007	RNZIT1001	RNZIT101	LD-361821-RNZIT101	2025-08-21 00:00:00	2025-08-27 00:00:00	3	2025-08-21 11:28:22.992	ghytfy	vigneshwaran 	showrunner03@gmail.com	8767898765	1	2	\N	gghgfc	cmd71a1gf0000e5s44jzated3	quotation_accepted	active	2025-08-21 11:29:22.401	2025-08-21 11:29:22.401	\N	cm9b6ds080001nn6mdex8xnzk	\N	\N	\N	\N
hWo4o8ieSawUH665eXKJn	67894	Tripoclan Travel Private Limited	TPCL	LD-301812-TPCL	2025-08-21 00:00:00	2025-08-30 00:00:00	3	2025-08-21 11:14:06.893	ffggj	vignesh	showrunner03@gmail.com	8766666666	2	1	\N	ffgfmff	cmc01j8a1005bnnokwwd7pa3z	assigned_to_operations	active	2025-09-06 05:53:00.739	2025-09-06 05:53:00.739	\N	cm9cmibb30001e6hcef1917bf	cmboy188x0001e59k0ghf56mj	\N	\N	\N
5G3r-cNPWvHxv7d5JAdzh	EMP-1007	RNZIT1001	RNZIT101	LD-364482-RNZIT101	2025-09-10 00:00:00	2025-09-13 00:00:00	4	2025-09-10 07:21:36.365	i6fu7f	Vignesh Waran	vig@test.com	8788899999	1	2	1	i867i8	cmd71a1gf0000e5s44jzated3	assigned_to_assessment	active	2025-09-10 07:26:46.748	2025-09-10 07:26:46.748	\N	cm9b6ds080001nn6mdex8xnzk	\N	cmb4pl8us0001e4d4k64djxw9	2025-09-10 07:26:46.747	\N
c3TuvbU6ccHcOjAfKLPz3	KTHD01	Ravi Tours and Travels	RVTT	LD-428984-RVTT	2025-09-04 00:00:00	2025-09-06 00:00:00	3	2025-08-22 08:19:29.488	\N	Vagu Lakshmi	dmc@ktholidays.com	0134536319	2	\N	1	\N	cmemk6iqd000wnng1su4qlhn1	quotation_accepted	active	2025-09-09 12:11:34.093	2025-09-09 12:11:34.093	\N	cmb8y2rxj0015nn9q912dr6p2	cmboy188x0001e59k0ghf56mj	cmb4pl8us0001e4d4k64djxw9	2025-09-09 09:48:23.245	\N
HIIu9dpWu4c0mCyMrQjeV	KTHL01	RNZIT1001	RNZIT101	LD-247234-RNZIT101	2025-09-19 00:00:00	2025-09-27 00:00:00	3	2025-09-19 12:11:44.888	ffjn	Vignesh Waran	vig@test.com	8788899999	1	2	\N	fhfjn	cmd71a1gf0000e5s44jzated3	quotation_created	active	2025-09-19 12:13:01.72	2025-09-19 12:13:01.72	\N	cmb8xvgoo000znn9q2lg4lteu	\N	\N	\N	\N
bDcKkgQ1XPeAMwJddt_GD	67894	Penguin on Holiday LLP	PNGV	LD-126144-PNGV	2025-12-25 00:00:00	2025-12-20 00:00:00	3	2025-12-16 13:56:46.541	hi	Vignesh Waran	showrunner03@gmail.com	8974639562	1	2	\N	test	cmc01vz4u005znnokt5t5do71	new_lead	active	2025-12-16 13:56:46.541	2025-12-16 13:56:46.541	\N	cm9cmibb30001e6hcef1917bf	\N	\N	\N	\N
cmj9tc78j0009fz2a5bf3pj8m	EMP-1310	ssworld	AGT1891	LD-452133-AGT1891	2025-12-22 00:00:00	2025-12-25 00:00:00	6	2025-12-17 09:32:28.095	test	Vignesh Waran	vig@test.com	9876567876	4	2	0	test	cm9tf8g5t0000nn7np2p6jzuy	quotation_created	active	2025-12-17 09:36:10.153	2025-12-17 09:36:10.153	\N	cm9cd0nxc0001v6qwgfriutxb	\N	\N	\N	\N
BfImP3NGLljyzKzOwqMB-	TESTER353g	RNZIT1001	RNZIT101	LD-994292-RNZIT101	2025-09-08 00:00:00	2025-09-29 00:00:00	2	2025-09-06 05:07:09.661	testing	Gopi	sales@sixthstar.in	9383996666	2	\N	\N	testing	cmd71a1gf0000e5s44jzated3	quotation_accepted	active	2025-09-10 07:19:58.942	2025-09-10 07:19:58.942	\N	cmbyvnsgz0001e5e8icj17hzl	\N	\N	\N	\N
EKBs_mcBjAAR8M-rYT6NA	EMP-1007	RNZIT1001	RNZIT101	LD-561716-RNZIT101	2025-09-10 00:00:00	2025-09-16 00:00:00	3	2025-09-10 07:01:53.614	test	test	vig@test.com	8788899999	1	2	\N	dghnfdnh	cmd71a1gf0000e5s44jzated3	quotation_accepted	active	2025-09-10 07:20:04.004	2025-09-10 07:20:04.004	\N	cm9b6ds080001nn6mdex8xnzk	\N	cmb4pl8us0001e4d4k64djxw9	2025-09-10 07:15:57.091	\N
8l6PZNUoVkIx38IX4qmvG	KTHL01	Ravi Tours and Travels	RVTT	LD-251370-RVTT	2026-01-20 00:00:00	2026-06-29 00:00:00	1	2026-01-06 10:43:45.776	gfjhgjjty	Maruthapandi M	maruthapandi1409@gmail.com	7604889776	1	\N	\N	yjtyj	cmemk6iqd000wnng1su4qlhn1	new_lead	active	2026-01-06 10:43:45.776	2026-01-06 10:43:45.776	\N	cmb8xvgoo000znn9q2lg4lteu	\N	\N	\N	\N
\.


--
-- Data for Name: MealPrice; Type: TABLE DATA; Schema: public; Owner: postgres
--

COPY public."MealPrice" (id, category, pax, "costPrice", "optionalPrice", "restaurantId") FROM stdin;
cm8qzd9gy0001e6cch1py0sjl	Lunch	Adult	60	56	cm8qzc2by0000cce65rgp6825
cm8qzd9gy0002e6ccnz8xgq34	Lunch	Child	90	20	cm8qzc2by0000cce65rgp6825
cm92ah8e3000ce6vgmws96wlj	Lunch	Adult	0	0	cm92aguaj0001vge6c2bx6eju
cm96c7kn10003e60gw8hs3req	Lunch	Adult	67	46	cm96c7klu00010ge61iy5hvs6
cmakkp6rd0000e5lcbq8rsk82	Dinner	Adult	120	100	cm9bnfc3j0001cannh4qbfhra
cmakkp6re0001e5lc94se7x3q	Breakfast	Child	10	5	cm9bnfc3j0001cannh4qbfhra
cmakkp6re0002e5lcn9gvvu48	Lunch	Adult	100	100	cm9bnfc3j0001cannh4qbfhra
cmakrn2qj00bsnnb1b38l1o5h	Lunch	Adult	30	30	cm6uf79bs1e6t101yxkqncc9l
cmakrn2qj00btnnb17oz8f0ak	Lunch	Child	30	30	cm6uf79bs1e6t101yxkqncc9l
cmancfnf1004fnnut9r7ke3ev	Lunch	Adult	53	53	cm1uh3wse01wepo0psq6s2gb9
cmancfnf1004gnnut6yyyv016	Lunch	Child	53	53	cm1uh3wse01wepo0psq6s2gb9
cmanchdad004hnnutkb0q5ll1	Dinner	Adult	40	40	cm5ug1jye1cj4hemdie12z9bi
cmanchdad004innutm40ngn2s	Dinner	Child	40	40	cm5ug1jye1cj4hemdie12z9bi
cmap650qr005ynnqrx6zfuum8	Lunch	Adult	40	40	cm5ug0xvz1cj0hemd2bvbdoh9
cmap650qr005znnqr8lps4o3m	Lunch	Child	40	40	cm5ug0xvz1cj0hemd2bvbdoh9
cmap664cj0060nnqr47xseark	Dinner	Adult	40	40	cm5qniwhb1bdohemdnx4ljcv7
cmap664cj0061nnqrhb2dbs2e	Dinner	Child	40	40	cm5qniwhb1bdohemdnx4ljcv7
cmap675z50062nnqr2w1zest0	Lunch	Adult	40	40	cm5qni89y1bdkhemd7hcf8owi
cmap675z50063nnqrhn9znlzt	Lunch	Child	40	40	cm5qni89y1bdkhemd7hcf8owi
cmap6mb940064nnqrakpd1d2i	Dinner	Adult	70	70	cm5qlz3ra1bdghemds80b358m
cmap6mb940065nnqrjucnl35s	Dinner	Child	70	70	cm5qlz3ra1bdghemds80b358m
cmap6nra30066nnqrdwda8ffn	Lunch	Adult	70	70	cm5qlye5s1bdchemdayq5d4qd
cmap6nra30067nnqrf34f28ew	Lunch	Child	70	70	cm5qlye5s1bdchemdayq5d4qd
cmap6or1k0068nnqrgh530kqq	Dinner	Adult	30	30	cm5qlxdxr1bd8hemdy3f6ihzs
cmap6or1k0069nnqrmfjspzwu	Dinner	Child	30	30	cm5qlxdxr1bd8hemdy3f6ihzs
cmap6r2p9006annqrjoqpm87e	Lunch	Adult	30	30	cm5qlwke41bcyhemdy1nk6a0v
cmap6r2p9006bnnqrb79o1w8v	Lunch	Child	30	30	cm5qlwke41bcyhemdy1nk6a0v
cmap6tdaj006cnnqr2m31y7dv	Lunch	Adult	40	40	cm1ukrq3r027dpo0pd2doarar
cmap6tdaj006dnnqrb0fabhmf	Lunch	Child	40	40	cm1ukrq3r027dpo0pd2doarar
cmap6ubzr006ennqrwd1rnjjf	Dinner	Adult	40	40	cm1uktlr8027kpo0pidop8la5
cmap6ubzr006fnnqrdbpra393	Dinner	Child	40	40	cm1uktlr8027kpo0pidop8la5
cmap6vi80006gnnqrrzhphfyt	Lunch	Adult	40	40	cm1ukopqw0276po0p99rz5d36
cmap6vi80006hnnqrhph5xupk	Lunch	Child	40	40	cm1ukopqw0276po0p99rz5d36
cmap6wdzh006innqrd8gslh23	Lunch	Adult	30	30	cm1ugzjhw01w0po0pr4vpjazc
cmap6wdzh006jnnqrx9nw64zd	Lunch	Child	30	30	cm1ugzjhw01w0po0pr4vpjazc
cmap72q7u006knnqrleuw0thg	Lunch	Adult	40	40	cm25z74yh06o8p4z6qw6sf83g
cmap72q7u006lnnqryszilokr	Lunch	Child	40	40	cm25z74yh06o8p4z6qw6sf83g
cmap77h27006snnqres9oidv7	Breakfast	Adult	18	18	cm22zctat02bxp4z60p6jiie9
cmap77h27006tnnqrmodvy7ip	Breakfast	Child	18	18	cm22zctat02bxp4z60p6jiie9
cmap7bs2e006wnnqr5nxvnknh	Lunch	Adult	27	27	cm1uh38of01wbpo0pqprz72tw
cmap7bs2e006xnnqrmkh80dha	Lunch	Child	27	27	cm1uh38of01wbpo0pqprz72tw
cmap7cmyj006ynnqrvmhov47z	Lunch	Adult	53	53	cm1ukyeui0284po0phde5lqot
cmap7cmyj006znnqr827wdpi7	Lunch	Child	53	53	cm1ukyeui0284po0phde5lqot
cmap7dbgu0070nnqr4idtzs7t	Dinner	Adult	40	40	cm1ukxaof0280po0pqookbepy
cmap7dbgu0071nnqr0n1jb14s	Dinner	Child	40	40	cm1ukxaof0280po0pqookbepy
cmap7e1gg0072nnqrt5c5x20n	Dinner	Adult	30	30	cm1uh2d6c01w8po0pxrmuhhl4
cmap7e1gg0073nnqrbsbuv9bs	Dinner	Child	30	30	cm1uh2d6c01w8po0pxrmuhhl4
cmk2gn0730000e5tgbxwgyy01	Dinner	Child	100	150	cmk2gn05v0000tge5dby6gkrp
\.


--
-- Data for Name: Notification; Type: TABLE DATA; Schema: public; Owner: postgres
--

COPY public."Notification" (id, type, title, message, "entityType", "entityId", "recipientId", "isRead", "createdAt") FROM stdin;
cmel2bpk4000vnng1ifh8mye7	lead_assigned_operations	Lead Assigned to Operations	Booking BK-393999-RNZIT101 has been assigned to you in the Operations team.	lead	cmejvej7a000he57s2a36avwp	cmboy188x0001e59k0ghf56mj	f	2025-08-21 07:10:58.084
cmel9it5s000pe6j4cswncjot	FINANCE	New Invoice Generated	Invoice INV-934338-RNZIT101 created for booking BK-934338-RNZIT101.	paymentInvoice	cmel9issz000me6j4vlewgp47	finance_user_1	f	2025-08-21 10:32:26.601
cmf7ukufr001pnnxbrhli0a64	lead_assigned_operations	Lead Assigned to Operations	Booking BK-428984-RVTT-R2 has been assigned to you in the Operations team.	lead	cmemkvxv3002znng1iftreiyj	cmboy188x0001e59k0ghf56mj	f	2025-09-06 05:52:49.432
cmf7ul363001qnnxb4f5gwjaw	lead_assigned_operations	Lead Assigned to Operations	Booking BK-301812-TPCL has been assigned to you in the Operations team.	lead	cmelb16c6000de6t8fux02qrr	cmboy188x0001e59k0ghf56mj	f	2025-09-06 05:53:00.747
cmfcdbcgx0000e60sa3knzgss	lead_assigned_assessment	Lead Assigned to Assessment	Booking BK-428984-RVTT-R2 has been assigned to you for assessment. Please review it.	assessment	cmemkvxv3002znng1iftreiyj	cmb4pl8us0001e4d4k64djxw9	f	2025-09-09 09:48:23.649
cmfdnb5x9001se6r8yl68vh2p	lead_assigned_assessment	Lead Assigned to Assessment	Booking BK-561716-RNZIT101 has been assigned to you for assessment. Please review it.	assessment	cmfdn2jat0017e6r83kycoz5i	cmb4pl8us0001e4d4k64djxw9	f	2025-09-10 07:15:57.502
cmfdnp37b002me6r8aeqyupfz	lead_assigned_assessment	Lead Assigned to Assessment	Booking BK-364482-RNZIT101-R2 has been assigned to you for assessment. Please review it.	assessment	cmfdno3fi002ie6r8dsvr82pt	cmb4pl8us0001e4d4k64djxw9	f	2025-09-10 07:26:47.159
cmj8nc8yf0001nnz9bgeavsaq	lead_created	New Lead Created	A new lead LD-126144-PNGV was created by the  sales-team	lead	bDcKkgQ1XPeAMwJddt_GD	admin	f	2025-12-16 13:56:46.551
cmj9tc80g000bfz2a5kte54r0	lead_created	New Agent Lead Created	New lead created by agent ssworld.	lead	cmj9tc78j0009fz2a5bf3pj8m	admin	f	2025-12-17 09:32:29.2
\.


--
-- Data for Name: Package; Type: TABLE DATA; Schema: public; Owner: postgres
--

COPY public."Package" (id, "packageName", "tagLine", "briefDescription", "detailedDescription", terms, notes, remarks, "imageUrl", "starRating", price, hotel, "daysNights", members, deleted, "createdAt", "updatedAt", "hotelId") FROM stdin;
12	Safari Adventure	Experience the wild in Kenya	5-day safari tour in the Maasai Mara.	Witness the Great Migration, enjoy game drives, and stay in luxury tents.	Valid for travel from July to September. Limited availability.	Includes meals, park fees, and guided tours.	Travel insurance is recommended.	https://sscloud.sixthstar.org/webim/package-1744087040877-136699465.jpg	5	2,800		5 Days / 4 Nights	Group size limited to 10 members.	f	2025-04-08 04:37:22.988	\N	cm3438g000hlkw3vswyw6daht
13	Cultural Japan	Discover the beauty of Japan	A 7-day tour of Tokyo, Kyoto, and Osaka.	Explore ancient temples, modern cities, and enjoy authentic Japanese cuisine.	Valid for travel year-round. Booking must be made 60 days in advance.	Includes transportation, accommodations, and some meals.	Dress code may apply for temple visits.	https://sscloud.sixthstar.org/webim/package-1744087266109-939274314.jpg	4	1,800		7 Days / 6 Nights	Up to 5 members per booking.	f	2025-04-08 04:41:08.906	\N	cm7egzke12fvr101ykiahm4cd
14	Australian Outback	Adventure in the wild 	Explore the natural wonders of Australia.	Visit the Great Barrier Reef, Uluru, and enjoy wildlife experiences.	Valid for travel from March to November.	Includes flights, accommodations, and guided tours.	Participants must be in good health.	https://sscloud.sixthstar.org/webim/package-1744088721920-562744288.jpg	5	3,000		10 Days / 9 Nights	Group size limited to 12 members.	f	2025-04-08 05:05:35.687	\N	cm3438g000hlkw3vswyw6daht
15	Cameron Highlands Retreat	Experience the cool highlands	2 days of nature and tea plantations.	Explore tea estates, strawberry farms, and enjoy the cool climate.	Valid for travel year-round.	Includes accommodations and guided tours.	Ideal for nature lovers.	https://sscloud.sixthstar.org/webim/package-1744091242957-95206797.jpg	4	900		2 Days / 1 Night	Maximum 5 members per booking.	f	2025-04-08 05:47:25.106	\N	clyy7fgmz00kwii6i68pbhg6o
10	Goa (Beach + Culture)	Relax in the Maldives	Stay in an overwater bungalow, enjoy snorkeling, and unwind with spa treatments.	Day 1: Arrival in Goa  Check-in to hotel/resort  Visit Calangute, Baga, and Anjuna Beaches  Enjoy beach shacks, seafood, and live music  Day 2: North Goa  Fort Aguada, Chapora Fort (Dil Chahta Hai Point)  Vagator Beach  Try water sports at Baga or Candolim  Nightlife at Tito’s Lane  Day 3: South Goa  Visit Colva, Palolem, and Butterfly Beach  Cabo de Rama Fort, Our Lady of Remedios Church  Relaxed sunset cruise or wellness spa  Day 4:  Panjim city walk, Immaculate Conception Church  Fontainhas Latin Quarter  Shop at Mapusa Market  Depart	All-inclusive package. Valid for travel from May to October.	Includes meals, drinks, and activities.	Children under 12 stay free with parents.	https://sscloud.sixthstar.org/webim/package-1744086811421-857281361.jpg	4	3,200		4 Days / 3 Nights	Maximum 2 adults and 2 children.	f	2025-04-08 04:33:33.901	\N	cm91ebhgn0000fwe5dq9h5fmd
22	MUNNAR	History buffs, adventure travelers, those interested in ancient civilizations.	High-speed train tickets between cities.  Accommodation in 4-star hotels in each city (centrally located).  Guided food tours and cooking classes as specified.  Entrance fees to Parmigiano-Reggiano factory and balsamic vinegar producer.  Meals as specified (B=Breakfast, L=Lunch, D=Dinner).  English-speaking guide throughout the tour.	Enjoy a romantic escape to Paris with visits to the Eiffel Tower, Louvre Museum, and a Seine River dinner cruise...	dshhrthrth	rthrthrthh	rthrthhe	https://sscloud.sixthstar.org/webim/package-1744302457489-226032022.jpg	4	1200		 7 Days/6 Nights	6	f	2025-04-10 16:27:39.751	\N	cm91ebhgn0000fwe5dq9h5fmd
26	Majestic Malaysia Escape01	Discover Malaysia's magic – beaches, cities, and culture in one unforgettable journey!	A 7-day adventure across Malaysia covering Kuala Lumpur, Langkawi, and Penang. Perfect for travelers who want a mix of urban vibes, island relaxation, and cultural exploration.	The Majestic Malaysia t Escape is a thoughtfully curated 7-day travel package offering a seamless blend of adventure, relaxation, and cultural discovery. Begin your trip in Kuala Lumpur, where you’ll witness iconic landmarks like the Petronas Twin Towers and enjoy bustling street food markets. Fly to Langkawi, a paradise of turquoise waters and white sand beaches, where you can relax or explore waterfalls and forests. Finally, discover Penang’s historic charm, vibrant art, and delicious local cuisine.  Inclusions:  6 nights accommodation (3-star & 4-star hotels)  Daily breakfast  City tours in Kuala Lumpur and Penang  Langkawi island hopping tour  Domestic flights between destinations  Airport transfers  English-speaking local guide  Exclusions:  International airfare  Personal expenses  Travel insurance  Entry fees not mentioned in the inclusions	A minimum of 2 travelers required for booking.\n\nPackage prices may vary depending on travel dates and availability.\n\nCancellations made 7 days prior to the trip will incur a 30% cancellation fee.\n\nNo refunds for unused services.\n\nTravel insurance is highly recommended.\n\n	Ideal for honeymooners, couples, and families.\n\nCustomization available for solo travelers or large groups.\n\nVegetarian and halal meals can be arranged upon request.\n\n		https://sscloud.sixthstar.org/webim/package-1745040904380-201016577.jpg	5	4999		4 Days / 3 Nights	5	f	2025-04-19 05:35:07.063	\N	cm3438g000hlkw3vswyw6daht
28	package testing	new testing	High-speed train tickets between cities.  Accommodation in 4-star hotels in each city (centrally located).  Guided food tours and cooking classes as specified.  Entrance fees to Parmigiano-Reggiano factory and balsamic vinegar producer.  Meals as specified (B=Breakfast, L=Lunch, D=Dinner).  English-speaking guide throughout the tour.	Enjoy a romantic escape to Paris with visits to the Eiffel Tower, Louvre Museum, and a Seine River dinner cruise...	DONE\tDONE	DONE\tDONE	DONE\tDONE	https://sscloud.sixthstar.org/webim/package-1749812328565-190596861.jpg	5	1520		6days/5 nights	5	f	2025-06-13 10:58:50.516	\N	cmbrlap4z000275nn1dwvh48y
\.


--
-- Data for Name: PaymentImage; Type: TABLE DATA; Schema: public; Owner: postgres
--

COPY public."PaymentImage" (id, "supplierPaymentId", "imageUrl", "imageKey", "createdAt", "updatedAt") FROM stdin;
\.


--
-- Data for Name: PaymentInvoice; Type: TABLE DATA; Schema: public; Owner: postgres
--

COPY public."PaymentInvoice" (id, "quotationId", "bookingId", "issuedDate", "dueDate", "createdAt", "updatedAt", adults, "agentName", "balanceDue", currency, "guestName", "hotelDetails", inclusions, "invoiceNumber", "itinDetails", kids, notes, "paidAmount", "pdfUrl", "referenceNumber", subtotal, terms, status, "bankCharges", "invoiceCurrencyRate", "modeOfPayment", "travelDates", "paidAmountInMYR") FROM stdin;
cmelb1cnf000ke6t82fp781dc	cmelb0ywz0002e6t8nutlmui8	cmelb16c6000de6t8fux02qrr	2025-08-21 11:14:51.333	2025-09-20 11:14:51.333	2025-08-21 11:14:51.339	2025-08-21 11:14:51.339	\N	Tripoclan Travel Private Limited	3318	MYR	vignesh	[{"room": "Superior Room (King / Twin) - (Fri - Sat)\\t", "hotel": "PARKROYAL A'Famosa Melaka Resort", "nights": 2, "checkIn": "2025-08-20T18:30:00.000Z", "checkOut": "2025-08-22T18:30:00.000Z"}]	{}	INV-301812-TPCL	21/8/2025: One Way Transfer from Genting Hotel - Kuala Lumpur Hotel + Enroute Batu Caves (30 Mins) - null	\N	\N	0	\N	QT-301812-TPCL	3318	Payment due within 30 days.	DRAFT	0	1	\N	"21/08/25 - 30/08/25"	0
cmel9issz000me6j4vlewgp47	cmel9iexu0002e6j4ujavqm5g	cmel9il7g000ee6j4zt1kpl8i	2025-08-21 10:32:26.188	2025-09-20 10:32:26.188	2025-08-21 10:32:26.195	2025-08-21 10:32:26.195	\N	RNZIT1001	2146.2	MYR	viky	[{"room": "Superior Room (King / Twin) - (Sun - Thurs)", "hotel": "PARKROYAL A'Famosa Melaka Resort", "nights": 2, "checkIn": "2025-08-20T18:30:00.000Z", "checkOut": "2025-08-22T18:30:00.000Z"}]	{}	INV-934338-RNZIT101	21/8/2025: 02 Way Gunung Raya Transfer from Langkawi Beach Hotel - null	\N	\N	0	\N	QT-934338-RNZIT101	2146.2	Payment due within 30 days.	DRAFT	0	1	\N	"21/08/25 - 26/08/25"	0
cmeladnu2000xe6oslg8tbfh0	cmelacps10002e6osa2e4ll7e	cmelacvw7000je6osnnlaov20	2025-08-21 10:56:26.084	2025-09-20 10:56:26.084	2025-08-21 10:56:26.091	2025-08-21 10:56:26.091	\N	Tripoclan Travel Private Limited	13266.75	MYR	test	[{"room": "Water Villa (Sun - Thurs)", "hotel": "The Banjaran Hotsprings Retreat, Ipoh", "nights": 5, "checkIn": "2025-08-20T18:30:00.000Z", "checkOut": "2025-08-25T18:30:00.000Z"}]	{}	INV-853097-TPCL	21/8/2025: Penang Hill Train Upper Station - Normal Lane - null\n22/8/2025: Genting Skyworld Outdoor Theme Park (Promo) - null	\N	\N	0	\N	QT-853097-TPCL	13266.75	Payment due within 30 days.	DRAFT	0	1	\N	"21/08/25 - 27/08/25"	0
cmemt0cqq004cnng1cggg570k	cmemklf50000znng1lztzudvk	cmemkrqi7001tnng14o86mj6z	2025-08-22 12:25:44.064	2025-09-26 00:00:00	2025-08-22 12:25:44.066	2025-08-22 12:29:43.388	\N	Ravi Tours and Travels	0	USD	Vagu Lakshmi	[{"room": "Deluxe Room", "hotel": "Kingston Hotel 08 @ Bukit Bintang", "nights": 2, "checkIn": "2025-09-03T16:00:00.000Z", "checkOut": "2025-09-05T16:00:00.000Z"}]	{}	INV-428984-RVTT	9/6/2025: One Way Transfer from Kuala Lumpur Hotel - Kuala Lumpur Airport + Enroute Putrajaya ( 30Mins ) - null\n9/4/2025: One Way Transfer from Kuala Lumpur Airport - Kuala Lumpur Hotel - null\n9/4/2025: Full Day Genting Tour ( 8 Hours ) + Enroute Batu Caves ( 30Mins ) (Pvt Basis) - null\n9/6/2025: KL Half Day Country Side Tour ( 3 Hours ) (Pvt Basis) - null\n9/4/2025: 02 Way Dinner Transfer at KL - Pvt Basis - null\n9/4/2025: Dinner at Indian Restaurant KL - null\n9/5/2025: KL Half Day City Tour ( 4 Hours ) (Pvt Basis) - null\n9/5/2025: Petronas Twin Tower Entry Ticket  - null\n9/5/2025: 02 Way Dinner Transfer at KL - Pvt Basis - null\n9/5/2025: Dinner at Indian Restaurant KL - null	\N		495.23	\N	QT-428984-RVTT	473.23	Payment due within 30 days.	PAID	22	4	BANK_TRANSFER	"04/09/25 - 06/09/25"	2092.099135
cmelbk89n000me6p8vt1cb0v9	cmelbjk1r0002e6p8aoc3f5tv	cmelbk2t2000ee6p8xjde37m2	2025-08-21 11:29:32.12	2025-08-23 00:00:00	2025-08-21 11:29:32.123	2025-12-17 09:25:40.585	\N	RNZIT1001	0	MYR	vigneshwaran 	[{"room": "Garden Villa (Sun - Thurs)", "hotel": "The Banjaran Hotsprings Retreat, Ipoh", "nights": 2, "checkIn": "2025-08-20T18:30:00.000Z", "checkOut": "2025-08-22T18:30:00.000Z"}]	{}	INV-361821-RNZIT101	21/8/2025: One Way Transfer from Genting Hotel - Kuala Lumpur Hotel + Enroute Batu Caves (30 Mins) - null	\N		9882.6	\N	QT-361821-RNZIT101	9882.6	Payment due within 30 days.	PAID	0	1	BANK_TRANSFER	"21/08/25 - 27/08/25"	9882.6
cmekyfc69000pnng10k8qmmcj	cmeky0rze0002nng19qwqtnjv	cmeky3hb8000cnng1znj43a2y	2025-08-21 05:21:48.895	2025-09-22 00:00:00	2025-08-21 05:21:48.897	2025-09-22 07:45:00.027	\N	SixthStar	277.5	MYR	Neeraj Nandagopal	[{"room": "Deluxe Room (2A 2C)", "hotel": "Century Pines Resort Cameron Highlands", "nights": 1, "checkIn": "2025-08-29T18:30:00.000Z", "checkOut": "2025-08-30T18:30:00.000Z"}, {"room": "Water Villa (Sun - Thurs)", "hotel": "The Banjaran Hotsprings Retreat, Ipoh", "nights": 2, "checkIn": "2025-08-27T18:30:00.000Z", "checkOut": "2025-08-29T18:30:00.000Z"}]	{}	INV-937787-SS-1310		\N		3500	\N	QT-937787-SS-1310	3727.5	Payment due within 30 days.	OVERDUE	50	1	ONLINE_GATEWAY	"28/08/25 - 31/08/25"	3500
cmejum58b0001e50odq0fh702	cmeji0ejg0002e54w1afl7831	cmejihl2m000le54wz5e9vb0i	2025-08-20 10:47:21.845	2025-09-19 00:00:00	2025-08-20 10:47:21.851	2025-12-17 09:23:41.885	\N	RNZIT1001	0	MYR	test	[{"room": "Superior Room (King / Twin) - (Sun - Thurs)", "hotel": "PARKROYAL A'Famosa Melaka Resort", "nights": 2, "checkIn": "2025-08-19T18:30:00.000Z", "checkOut": "2025-08-21T18:30:00.000Z"}, {"room": "Deluxe Twin - 1 King Bed (Sun - Thu)", "hotel": "Fives Hotel JBCC (N)", "nights": 1, "checkIn": "2025-08-22T18:30:00.000Z", "checkOut": "2025-08-23T18:30:00.000Z"}]	{}	INV-831554-RNZIT101	20/8/2025: One Way Airport Transfer Guide Service @ Penang - confirm141\n21/8/2025: Full Day Guide Service @ Kuala Lumpur - tested 1414	\N	genst	1697.8	\N	QT-831554-RNZIT101	1675.8	Payment due within 30 days.	PAID	22	1	CREDIT_CARD	"20/08/25 - 27/08/25"	1697.8
cmf7trvkx001jnnxbpzujnluz	cmf7tc0ms000gnnxbz4vfcc1w	cmf7tfnjs000znnxbl1l7nd92	2025-09-06 05:30:17.887	2025-09-08 00:00:00	2025-09-06 05:30:17.889	2025-12-17 09:25:11.677	\N	RNZIT1001	0	MYR	Gopi	[{"room": "Deluxe Triple Room", "hotel": "Arena Starr", "nights": 21, "checkIn": "2025-09-07T18:30:00.000Z", "checkOut": "2025-09-28T18:30:00.000Z"}]	{}	INV-994292-RNZIT101-D1	9/29/2025: One Way Transfer from Kuala Lumpur Airport - Kuala Lumpur Hotel - null\n9/8/2025: One Way Transfer from Kuala Lumpur Airport - Kuala Lumpur Hotel - NA	\N		3632.9	\N	QT-994292-RNZIT101-D1	3617.9	Payment due within 30 days.	PAID	15	1	BANK_TRANSFER	"08/09/25 - 29/09/25"	3632.9
cmejvicze000re57sqvmxlmpt	cmejvdkdh0002e57sef54hz1i	cmejvej7a000he57s2a36avwp	2025-08-20 11:12:24.882	2025-09-19 00:00:00	2025-08-20 11:12:24.891	2025-12-17 09:24:06.387	\N	RNZIT1001	0	MYR	test	[{"room": "Superior Room (King / Twin) - (Sun - Thurs)", "hotel": "PARKROYAL A'Famosa Melaka Resort", "nights": 2, "checkIn": "2025-08-19T18:30:00.000Z", "checkOut": "2025-08-21T18:30:00.000Z"}]	{}	INV-393999-RNZIT101	20/8/2025: One Way Transfer from Langkawi Airport - Langkawi Hotel ( from North Hotel ) - null	\N		1084.6	\N	QT-393999-RNZIT101	1062.6	Payment due within 30 days.	PAID	22	1	CASH	"20/08/25 - 27/08/25"	1084.6
\.


--
-- Data for Name: PaymentRecord; Type: TABLE DATA; Schema: public; Owner: postgres
--

COPY public."PaymentRecord" (id, "invoiceId", "amountPaid", "paymentDate", "paymentMethod", "transactionId", notes, "amountPaidInInvoiceCurrency", "conversionRate", "paymentCurrency") FROM stdin;
cmekymlr3000tnng181w34bqg	cmekyfc69000pnng10k8qmmcj	3500	2025-08-21 00:00:00	BANK_TRANSFER	HJKU		3500	1	MYR
cmemdng8c0001e4544n1y3zdu	cmelbk89n000me6p8vt1cb0v9	5000	2025-08-22 00:00:00	BANK_TRANSFER			5000	1	MYR
cmemt26gw004pnng149bcd3tg	cmemt0cqq004cnng1cggg570k	1999.160135	2025-10-29 00:00:00	BANK_TRANSFER			473.23	4.2245	USD
cmemt5heh004rnng17dutzsv0	cmemt0cqq004cnng1cggg570k	92.939	2025-08-22 00:00:00	BANK_TRANSFER			22	4.2245	USD
cmf7u77ex001onnxbrnchighs	cmf7trvkx001jnnxbpzujnluz	2000	2025-09-06 00:00:00	BANK_TRANSFER		REMAINING CASH TO BE PAID ON GROUND UPON ARRIVAL	2000	1	MYR
cmj9t0wz60001fz2a6fzbqjdw	cmejum58b0001e50odq0fh702	1697.8	2025-12-17 00:00:00	BANK_TRANSFER	#577HUHI	paid	1697.8	1	MYR
cmj9t1fyl0003fz2ay459son3	cmejvicze000re57sqvmxlmpt	1084.6	2025-12-17 00:00:00	BANK_TRANSFER	#577ITTHI	paid	1084.6	1	MYR
cmj9t2uc70005fz2ayb4od8vl	cmf7trvkx001jnnxbpzujnluz	1632.9	2025-12-17 00:00:00	BANK_TRANSFER	#577TMRHI	paid	1632.9	1	MYR
cmj9t3gkk0007fz2al31hbbqh	cmelbk89n000me6p8vt1cb0v9	4882.6	2025-12-17 00:00:00	BANK_TRANSFER	#9867THI	paid	4882.6	1	MYR
\.


--
-- Data for Name: PriceDetailItinerary; Type: TABLE DATA; Schema: public; Owner: postgres
--

COPY public."PriceDetailItinerary" (id, "itineraryId", category, price, "priceAfterMarkup", quantity, "totalPrice", "totalPriceAfterMarkup") FROM stdin;
cmeji0eji000de54wsco2si4l	cmeji0ejh000ce54wn6ngxp39	Within City Limit	120.000000000000000000000000000000	126.000000000000000000000000000000	1	120.000000000000000000000000000000	126.000000000000000000000000000000
cmeji0eji000fe54w9ew7wzdo	cmeji0eji000ee54wugped75e	Within City Limit	300.000000000000000000000000000000	315.000000000000000000000000000000	1	300.000000000000000000000000000000	315.000000000000000000000000000000
cmejvdkdh000ae57siwczx43x	cmejvdkdh0009e57skskds6cf	Sedan	70.000000000000000000000000000000	73.500000000000000000000000000000	1	70.000000000000000000000000000000	73.500000000000000000000000000000
cmejvdkdh000be57s4ii808uk	cmejvdkdh0009e57skskds6cf	10 Seater	130.000000000000000000000000000000	136.500000000000000000000000000000	1	130.000000000000000000000000000000	136.500000000000000000000000000000
cmel9iexw0009e6j4jl7ruud1	cmel9iexw0008e6j4boh311ap	Sedan	140.000000000000000000000000000000	147.000000000000000000000000000000	3	420.000000000000000000000000000000	441.000000000000000000000000000000
cmelacps1000ae6osccfou2gp	cmelacps10009e6osnepqcn6o	Private	28.000000000000000000000000000000	29.400000000000000000000000000000	2	56.000000000000000000000000000000	58.800000000000000000000000000000
cmelacps2000be6os8xfmgj81	cmelacps10009e6osnepqcn6o	Private	14.000000000000000000000000000000	14.700000000000000000000000000000	2	28.000000000000000000000000000000	29.400000000000000000000000000000
cmelacps2000de6osp2fxpof3	cmelacps2000ce6osttkg50oa	Private	110.000000000000000000000000000000	115.500000000000000000000000000000	2	220.000000000000000000000000000000	231.000000000000000000000000000000
cmelacps2000ee6osaa75f7w3	cmelacps2000ce6osttkg50oa	Private	123.000000000000000000000000000000	129.150000000000000000000000000000	2	246.000000000000000000000000000000	258.300000000000000000000000000000
cmelb0yx10008e6t89nqmwr9u	cmelb0yx10007e6t87w9wz7n0	Sedan	190.000000000000000000000000000000	199.500000000000000000000000000000	4	760.000000000000000000000000000000	798.000000000000000000000000000000
cmelbjk1s0009e6p87x34naaj	cmelbjk1s0008e6p8g64gm8v6	10 Seater	240.000000000000000000000000000000	252.000000000000000000000000000000	2	480.000000000000000000000000000000	504.000000000000000000000000000000
cmemklf510015nng1u12m9wd6	cmemklf510014nng1e23ad2yi	SEDAN	27.500000000000000000000000000000	31.620000000000000000000000000000	1	27.500000000000000000000000000000	31.620000000000000000000000000000
cmemklf510017nng14cf9w4mc	cmemklf510016nng1ycadn4he	SEDAN	80.000000000000000000000000000000	92.000000000000000000000000000000	1	80.000000000000000000000000000000	92.000000000000000000000000000000
cmemklf510019nng1rm5w457s	cmemklf510018nng1siyrnz05	Sedan	32.500000000000000000000000000000	37.380000000000000000000000000000	1	32.500000000000000000000000000000	37.380000000000000000000000000000
cmemklf51001bnng13n9d9fri	cmemklf51001anng1fd3vdatg	Dinner	7.500000000000000000000000000000	8.630000000000001000000000000000	2	15.000000000000000000000000000000	17.250000000000000000000000000000
cmemklf51001dnng1gnk5w1lq	cmemklf51001cnng1wk5nzyp3	SEDAN	35.000000000000000000000000000000	40.250000000000000000000000000000	1	35.000000000000000000000000000000	40.250000000000000000000000000000
cmemklf51001fnng1fjkmvks2	cmemklf51001enng1y0m1hhle	Private	24.500000000000000000000000000000	28.170000000000000000000000000000	2	49.000000000000000000000000000000	56.350000000000000000000000000000
cmemklf51001hnng1t8n3jzg2	cmemklf51001gnng1kke9gb0l	Sedan	32.500000000000000000000000000000	37.380000000000000000000000000000	1	32.500000000000000000000000000000	37.380000000000000000000000000000
cmemklf51001jnng1wcfr9icy	cmemklf51001inng13rowighg	Dinner	7.500000000000000000000000000000	8.630000000000001000000000000000	2	15.000000000000000000000000000000	17.250000000000000000000000000000
cmemklf51001lnng1ybwk49gh	cmemklf51001knng16eiu24pi	SEDAN	30.000000000000000000000000000000	34.500000000000000000000000000000	1	30.000000000000000000000000000000	34.500000000000000000000000000000
cmemklf51001nnng1j2iiemaa	cmemklf51001mnng1q6fqbq0s	SEDAN	35.000000000000000000000000000000	40.250000000000000000000000000000	1	35.000000000000000000000000000000	40.250000000000000000000000000000
cmemkvsbv002wnng1q48m8ok9	cmemkvsbv002vnng1u1qaxmnt	SEDAN	162.500000000000000000000000000000	186.870000000000000000000000000000	1	162.500000000000000000000000000000	186.870000000000000000000000000000
cmf7t766u000annxbmwmfzvco	cmf7t766u0009nnxbsfx9139n	SEDAN	110.000000000000000000000000000000	121.000000000000000000000000000000	1	110.000000000000000000000000000000	121.000000000000000000000000000000
cmf7t766u000cnnxbakqbwk9f	cmf7t766u000bnnxbf0a3cseq	SEDAN	110.000000000000000000000000000000	121.000000000000000000000000000000	1	110.000000000000000000000000000000	121.000000000000000000000000000000
cmfdn1wpg0011e6r8lzodeedh	cmfdn1wpg0010e6r8pzp0yxb9	Sedan	190.000000000000000000000000000000	199.500000000000000000000000000000	3	570.000000000000000000000000000000	598.500000000000000000000000000000
cmfdn1wpg0012e6r8pepcxroi	cmfdn1wpg0010e6r8pzp0yxb9	10 Seater	240.000000000000000000000000000000	252.000000000000000000000000000000	1	240.000000000000000000000000000000	252.000000000000000000000000000000
cmfdn1wpg0014e6r8uevur4rg	cmfdn1wpg0013e6r8beauaq13	Sedan	190.000000000000000000000000000000	199.500000000000000000000000000000	2	380.000000000000000000000000000000	399.000000000000000000000000000000
cmfdn396m001re6r8sa8tpx4c	cmfdn396m001qe6r8quxljjf6	STAREX	185.000000000000000000000000000000	203.500000000000000000000000000000	1	185.000000000000000000000000000000	203.500000000000000000000000000000
cmfdnj9ap0025e6r83qimyzyr	cmfdnj9ap0024e6r8mct12wcs	Sedan	70.000000000000000000000000000000	73.500000000000000000000000000000	2	140.000000000000000000000000000000	147.000000000000000000000000000000
cmfdnj9ap0026e6r8z6i6thvr	cmfdnj9ap0024e6r8mct12wcs	10 Seater	130.000000000000000000000000000000	136.500000000000000000000000000000	1	130.000000000000000000000000000000	136.500000000000000000000000000000
cmj9tgwmt000ifz2a3mc0uy9n	cmj9tgwmt000hfz2a45ueg2im	Sedan	197.600000000000000000000000000000	199.576000000000000000000000000000	4	790.400000000000000000000000000000	798.304000000000000000000000000000
\.


--
-- Data for Name: PriceDetailsAccommodation; Type: TABLE DATA; Schema: public; Owner: postgres
--

COPY public."PriceDetailsAccommodation" (id, "accommodationId", "roomId", pax, price, "priceAfterMarkup", "costPrice", "optionalPrice", quantity, "totalPrice", "totalPriceAfterMarkup", category) FROM stdin;
cmeji0ejg0004e54w1m2ieu27	cmeji0ejg0003e54wzn2qtqex	cmbrkzh0a00dtnn75c4j91h9s	Adult	350.000000000000000000000000000000	367.500000000000000000000000000000	350.000000000000000000000000000000	350.000000000000000000000000000000	1	700.000000000000000000000000000000	735.000000000000000000000000000000	Per Room Per Night
cmeji0ejg0005e54wiobkzufo	cmeji0ejg0003e54wzn2qtqex	cmbrkzh0a00dtnn75c4j91h9s	Adult	56.000000000000000000000000000000	58.800000000000000000000000000000	56.000000000000000000000000000000	56.000000000000000000000000000000	1	112.000000000000000000000000000000	117.600000000000000000000000000000	Breakfast
cmeji0ejh0006e54w7fz6818x	cmeji0ejg0003e54wzn2qtqex	cmbrkzh0a00dtnn75c4j91h9s	Child	42.000000000000000000000000000000	44.100000000000000000000000000000	42.000000000000000000000000000000	42.000000000000000000000000000000	1	84.000000000000000000000000000000	88.200000000000000000000000000000	Child Breakfast
cmeji0ejh0008e54wdfncod3y	cmeji0ejh0007e54wb8hrkfoe	cmaxky9tl002pnnwp4z4y6loa	Adult	180.000000000000000000000000000000	189.000000000000000000000000000000	180.000000000000000000000000000000	180.000000000000000000000000000000	1	180.000000000000000000000000000000	189.000000000000000000000000000000	Per Room Per Night
cmeji0ejh0009e54wry2mls0d	cmeji0ejh0007e54wb8hrkfoe	cmaxky9tl002pnnwp4z4y6loa	Adult	100.000000000000000000000000000000	105.000000000000000000000000000000	100.000000000000000000000000000000	100.000000000000000000000000000000	1	100.000000000000000000000000000000	105.000000000000000000000000000000	Extra Bed
cmejvdkdh0004e57schhajb76	cmejvdkdh0003e57sc5v1nnyd	cmbrkzh0a00dtnn75c4j91h9s	Adult	350.000000000000000000000000000000	367.500000000000000000000000000000	350.000000000000000000000000000000	350.000000000000000000000000000000	1	700.000000000000000000000000000000	735.000000000000000000000000000000	Per Room Per Night
cmejvdkdh0005e57scqxcnttv	cmejvdkdh0003e57sc5v1nnyd	cmbrkzh0a00dtnn75c4j91h9s	Adult	56.000000000000000000000000000000	58.800000000000000000000000000000	56.000000000000000000000000000000	56.000000000000000000000000000000	1	112.000000000000000000000000000000	117.600000000000000000000000000000	Breakfast
cmeky0rze0004nng1450gc7f3	cmeky0rze0003nng1uinj2pam	cmbrlcwvz00e8nn75lf7zrs4l	Adult	1641.000000000000000000000000000000	1723.050000000000000000000000000000	1641.000000000000000000000000000000	1641.000000000000000000000000000000	1	3282.000000000000000000000000000000	3446.100000000000000000000000000000	Per Room Per Night
cmeky0rze0006nng1hwgenl3c	cmeky0rze0005nng1ls1m50vs	cmaywd5wh009ynnwpz4nyn4bw	Adult	268.000000000000000000000000000000	281.400000000000000000000000000000	268.000000000000000000000000000000	268.000000000000000000000000000000	1	268.000000000000000000000000000000	281.400000000000000000000000000000	Per Room Per Night
cmel9iexv0004e6j44e5rcs13	cmel9iexv0003e6j4y34tg1mo	cmbrkzh0a00dtnn75c4j91h9s	Adult	350.000000000000000000000000000000	367.500000000000000000000000000000	350.000000000000000000000000000000	350.000000000000000000000000000000	2	1400.000000000000000000000000000000	1470.000000000000000000000000000000	Per Room Per Night
cmel9iexv0005e6j4iuh4upzt	cmel9iexv0003e6j4y34tg1mo	cmbrkzh0a00dtnn75c4j91h9s	Adult	56.000000000000000000000000000000	58.800000000000000000000000000000	56.000000000000000000000000000000	56.000000000000000000000000000000	2	224.000000000000000000000000000000	235.200000000000000000000000000000	Breakfast
cmelacps10004e6osbecp51p0	cmelacps10003e6os7cwgb40c	cmbrlcwvz00e8nn75lf7zrs4l	Adult	1641.000000000000000000000000000000	1723.050000000000000000000000000000	1641.000000000000000000000000000000	1641.000000000000000000000000000000	1	8205.000000000000000000000000000000	8615.250000000000000000000000000000	Per Room Per Night
cmelacps10005e6osu6bcq64q	cmelacps10003e6os7cwgb40c	cmbrlcwvz00e8nn75lf7zrs4l	Adult	388.000000000000000000000000000000	407.400000000000000000000000000000	388.000000000000000000000000000000	388.000000000000000000000000000000	2	3880.000000000000000000000000000000	4074.000000000000000000000000000000	Extra Bed
cmelb0yx00004e6t8qoebuc40	cmelb0yx00003e6t8xq01t3m1	cmbrl0cni00dznn75cdk2ls6o	Adult	400.000000000000000000000000000000	420.000000000000000000000000000000	400.000000000000000000000000000000	400.000000000000000000000000000000	3	2400.000000000000000000000000000000	2520.000000000000000000000000000000	Per Room Per Night
cmelbjk1r0004e6p8h8zkzumw	cmelbjk1r0003e6p8grocaho9	cmbrldkk000ednn75973b8bsk	Adult	1845.000000000000000000000000000000	1937.250000000000000000000000000000	1845.000000000000000000000000000000	1845.000000000000000000000000000000	2	7380.000000000000000000000000000000	7749.000000000000000000000000000000	Per Room Per Night
cmelbjk1r0005e6p80s30vbfl	cmelbjk1r0003e6p8grocaho9	cmbrldkk000ednn75973b8bsk	Adult	388.000000000000000000000000000000	407.400000000000000000000000000000	388.000000000000000000000000000000	388.000000000000000000000000000000	2	1552.000000000000000000000000000000	1629.600000000000000000000000000000	Extra Bed
cmemklf510011nng12u2an17z	cmemklf510010nng189g46mwu	cm9wjntyd0063nnppgznlx2y5	Adult	30.000000000000000000000000000000	34.500000000000000000000000000000	120.000000000000000000000000000000	120.000000000000000000000000000000	1	60.000000000000000000000000000000	69.000000000000000000000000000000	Per Room Per Night
cmf7t766u0006nnxblfx53eqy	cmf7t766u0005nnxbrrn5crir	cmc08g87l0072nnok3apd9zp7	Adult	139.000000000000000000000000000000	152.900000000000000000000000000000	139.000000000000000000000000000000	139.000000000000000000000000000000	1	2919.000000000000000000000000000000	3210.900000000000000000000000000000	Per Room Per Night
cmfdn1wpg000se6r8nk2yw1bo	cmfdn1wpg000re6r89prjxewx	cmbrkzh0a00dtnn75c4j91h9s	Adult	350.000000000000000000000000000000	367.500000000000000000000000000000	350.000000000000000000000000000000	350.000000000000000000000000000000	2	1400.000000000000000000000000000000	1470.000000000000000000000000000000	Per Room Per Night
cmfdn1wpg000te6r8lwcw3mj6	cmfdn1wpg000re6r89prjxewx	cmbrkzh0a00dtnn75c4j91h9s	Adult	56.000000000000000000000000000000	58.800000000000000000000000000000	56.000000000000000000000000000000	56.000000000000000000000000000000	2	224.000000000000000000000000000000	235.200000000000000000000000000000	Breakfast
cmfdn1wpg000ve6r8q0c1oeme	cmfdn1wpg000ue6r8crekq1tk	cmbrl0cni00dznn75cdk2ls6o	Adult	400.000000000000000000000000000000	400.000000000000000000000000000000	\N	\N	2	1600.000000000000000000000000000000	1600.000000000000000000000000000000	Per Room Per Night
cmfdn1wpg000we6r8czn1aycr	cmfdn1wpg000ue6r8crekq1tk	cmbrl0cni00dznn75cdk2ls6o	Adult	56.000000000000000000000000000000	56.000000000000000000000000000000	\N	\N	1	112.000000000000000000000000000000	112.000000000000000000000000000000	Breakfast
cmfdn396m001ne6r8gacbxv0x	cmfdn396l001me6r8gcstgpzq	cmc08g87l0072nnok3apd9zp7	Adult	139.000000000000000000000000000000	152.900000000000000000000000000000	139.000000000000000000000000000000	139.000000000000000000000000000000	1	2919.000000000000000000000000000000	3210.900000000000000000000000000000	Per Room Per Night
cmfdnj9ap0020e6r8ig28s9xi	cmfdnj9ao001ze6r872l1dboj	cmbrkzh0a00dtnn75c4j91h9s	Adult	350.000000000000000000000000000000	367.500000000000000000000000000000	350.000000000000000000000000000000	350.000000000000000000000000000000	2	1400.000000000000000000000000000000	1470.000000000000000000000000000000	Per Room Per Night
cmfdnnqrl002ce6r8v4dp7x9j	cmfdnnqrl002be6r8czq1a2mm	cmb7t25ag004lnn4a2z2ea14m	Adult	419.000000000000000000000000000000	439.950000000000000000000000000000	419.000000000000000000000000000000	419.000000000000000000000000000000	2	838.000000000000000000000000000000	879.900000000000000000000000000000	Per Room Per Night
cmfqsvv640004nn9vfu4wlary	cmfqsvv640003nn9v464zez9s	cmbrkzh0a00dtnn75c4j91h9s	Adult	350.000000000000000000000000000000	367.500000000000000000000000000000	350.000000000000000000000000000000	350.000000000000000000000000000000	2	1400.000000000000000000000000000000	1470.000000000000000000000000000000	Per Room Per Night
cmfqsvv640005nn9vpcnoq1fl	cmfqsvv640003nn9v464zez9s	cmbrkzh0a00dtnn75c4j91h9s	Adult	56.000000000000000000000000000000	58.800000000000000000000000000000	56.000000000000000000000000000000	56.000000000000000000000000000000	2	224.000000000000000000000000000000	235.200000000000000000000000000000	Breakfast
cmj9tgwmt000ffz2afo8vkzjd	cmj9tgwmt000efz2atax7b2mm	\N	Adult	1706.640000000000000000000000000000	1723.706400000000000000000000000000	1641.000000000000000000000000000000	\N	3	5119.920000000000000000000000000000	5171.119200000000000000000000000000	Per Room Per Night
cmj9tgwmt000gfz2a144wkhvb	cmj9tgwmt000efz2atax7b2mm	\N	Adult	403.520000000000000000000000000000	407.555200000000100000000000000000	388.000000000000000000000000000000	\N	2	807.040000000000100000000000000000	815.110400000000100000000000000000	Extra Bed
\.


--
-- Data for Name: Quotation; Type: TABLE DATA; Schema: public; Owner: postgres
--

COPY public."Quotation" (id, "refNo", "leadAgent", "guestName", remarks, currency, "totalPax", "travelDates", "updatedAt", "leadRefNo", "totalAfterMarkup", "totalBeforeMarkup", userid, "agentId", status, "currencyRate", "termsAndConditions", "importantNotes") FROM stdin;
cmelb0ywz0002e6t8nutlmui8	QT-301812-TPCL	Tripoclan Travel Private Limited	vignesh		MYR	\N	21/08/25 - 30/08/25	2025-08-21 11:14:40.846	LD-301812-TPCL	3318.000000000000000000000000000000	3160.000000000000000000000000000000	\N	\N	Accepted	1		\N
cmelbjk1r0002e6p8aoc3f5tv	QT-361821-RNZIT101	RNZIT1001	vigneshwaran 		MYR	\N	21/08/25 - 27/08/25	2025-08-21 11:29:21.786	LD-361821-RNZIT101	9882.600000000000000000000000000000	9412.000000000000000000000000000000	\N	\N	Accepted	1		\N
cmemklf50000znng1lztzudvk	QT-428984-RVTT	Ravi Tours and Travels	Vagu Lakshmi		USD	\N	04/09/25 - 06/09/25	2025-08-22 08:35:05.037	LD-428984-RVTT	473.230000000000000000000000000000	411.500000000000000000000000000000	\N	\N	Accepted	4		\N
cmejvdkdh0002e57sef54hz1i	QT-393999-RNZIT101	RNZIT1001	test		MYR	\N	20/08/25 - 27/08/25	2025-08-20 11:09:24.605	LD-393999-RNZIT101	1062.600000000000000000000000000000	1012.000000000000000000000000000000	\N	\N	Accepted	1		\N
cmeky0rze0002nng19qwqtnjv	QT-937787-SS-1310	SixthStar	Neeraj Nandagopal		MYR	\N	28/08/25 - 31/08/25	2025-08-21 05:12:35.656	LD-937787-SS-1310	3727.500000000000000000000000000000	3550.000000000000000000000000000000	\N	\N	Accepted	1		\N
cmeji0ejg0002e54w1afl7831	QT-831554-RNZIT101	RNZIT1001	test	testu	MYR	\N	20/08/25 - 27/08/25	2025-08-21 07:09:52.068	LD-831554-RNZIT101	1675.800000000000000000000000000000	1596.000000000000000000000000000000	\N	\N	Accepted	1	testu	\N
cmel9iexu0002e6j4ujavqm5g	QT-934338-RNZIT101	RNZIT1001	viky		MYR	\N	21/08/25 - 26/08/25	2025-08-21 10:32:14.552	LD-934338-RNZIT101	2146.200000000000000000000000000000	2044.000000000000000000000000000000	\N	\N	Accepted	1		\N
cmelacps10002e6osa2e4ll7e	QT-853097-TPCL	Tripoclan Travel Private Limited	test		MYR	\N	21/08/25 - 27/08/25	2025-08-21 10:55:47.479	LD-853097-TPCL	13266.750000000000000000000000000000	12635.000000000000000000000000000000	\N	\N	Accepted	1		\N
cmf7t766t0004nnxbon3n0x1c	QT-994292-RNZIT101	RNZIT1001	Gopi		MYR	\N	08/09/25 - 29/09/25	2025-09-06 05:20:45.534	LD-994292-RNZIT101	3452.900000000000000000000000000000	3139.000000000000000000000000000000	\N	\N	Cancelled	1		\N
cmemkvgss002mnng15frvpxgh	QT-428984-RVTT-R2	Ravi Tours and Travels	Vagu Lakshmi		USD	\N	04/09/25 - 06/09/25	2025-09-09 12:11:33.53	LD-428984-RVTT	186.870000000000000000000000000000	162.500000000000000000000000000000	\N	\N	Accepted	4		\N
cmf7tc0ms000gnnxbz4vfcc1w	QT-994292-RNZIT101-D1	RNZIT1001	Gopi	Duplicate of QT-994292-RNZIT101 (created by Admin)	MYR	\N	08/09/25 - 29/09/25	2025-09-10 07:19:57.754	LD-994292-RNZIT101	3414.400000000000000000000000000000	3104.000000000000000000000000000000	\N	\N	Accepted	1		\N
cmfdmtvk70002e6r8nb0i6ks1	QT-561716-RNZIT101	RNZIT1001	test		MYR	\N	10/09/25 - 16/09/25	2025-09-10 07:20:03.465	LD-561716-RNZIT101	4666.700000000000000000000000000000	4526.000000000000000000000000000000	\N	\N	Accepted	1		\N
cmfdnj9ao001ye6r8f0kt1q0f	QT-364482-RNZIT101	RNZIT1001	Vignesh Waran		MYR	\N	10/09/25 - 13/09/25	2025-09-10 07:22:15.121	LD-364482-RNZIT101	1753.500000000000000000000000000000	1670.000000000000000000000000000000	\N	\N	Draft	1		\N
cmfdnnqrl002ae6r8mxs6q7zq	QT-364482-RNZIT101-R2	RNZIT1001	Vignesh Waran		MYR	\N	10/09/25 - 13/09/25	2025-09-10 07:25:59.163	LD-364482-RNZIT101	879.900000000000000000000000000000	838.000000000000000000000000000000	\N	\N	Accepted	1		\N
cmfqsvv640002nn9vd7l83vk7	QT-247234-RNZIT101	RNZIT1001	Vignesh Waran		MYR	\N	19/09/25 - 27/09/25	2025-09-19 12:13:01.708	LD-247234-RNZIT101	1705.200000000000000000000000000000	1624.000000000000000000000000000000	\N	\N	Draft	1		\N
cmj9tgwmt000dfz2a99h2m405	QT-452133-AGT1891	ssworld	Vignesh Waran		MYR	\N	22/12/25 - 25/12/25	2025-12-17 09:36:07.733	LD-452133-AGT1891	6784.530000000000000000000000000000	6717.360000000000000000000000000000	\N	cm9tf8g5t0000nn7np2p6jzuy	Draft	1	\N	\N
\.


--
-- Data for Name: Reminder; Type: TABLE DATA; Schema: public; Owner: postgres
--

COPY public."Reminder" (id, title, description, "recipientEmail", "remindAt", "isSent", "createdAt", "updatedAt") FROM stdin;
\.


--
-- Data for Name: Restaurant; Type: TABLE DATA; Schema: public; Owner: postgres
--

COPY public."Restaurant" (id, name, location, "targetMarket", description, "termsAndConditions", "updatedAt", "supplierId") FROM stdin;
cm3gvjjfb11yrw3vsw9722z1i	Add On Window Table @ Aras Restaurant KL Tower	Kuala Lumpur	All Market			\N	clywdj95s00liiq9xphh3wo2v
cm4ntjdz41273y65z24axvm8q	Romantic Beach Dinner @ Berjaya Langkawi Resort	Langkawi	All Market			\N	clywdj95s00liiq9xphh3wo2v
cm4atfc8u08ciy65z3iv7mjm5	Romantic Candlelight Dinner @ The Tamarra Penang (With Balloons) 	Penang	All Market			\N	clywdj95s00liiq9xphh3wo2v
cm3ydhodh0z92u9cgncnnld0m	Aras Restaurant KL Tower Add On Balloons Only	Kuala Lumpur	All Market			\N	clywdj95s00liiq9xphh3wo2v
cm3ydg6tc0z8zu9cgzstqd41v	Aras Restaurant KL Tower Add On Flower Bouquet / Basket	Kuala Lumpur	All Market			\N	clywdj95s00liiq9xphh3wo2v
cm3ydioiy0z95u9cg3oeagk8v	Aras Restaurant KL Tower Add On 1kg Chocolate Moist Cake	Kuala Lumpur	All Market			\N	clywdj95s00liiq9xphh3wo2v
cm3ydjqjk0z98u9cg65hfsbdb	Aras Restaurant KL Tower Add On 1/2kg Chocolate Moist Cake	Kuala Lumpur	All Market			\N	clywdj95s00liiq9xphh3wo2v
cm3ydfh980z8wu9cgnjdt0fwj	Aras Restaurant KL Tower - Artificial Flowers (Balloons + Table Decor)	Kuala Lumpur	All Market			\N	clywdj95s00liiq9xphh3wo2v
cm3ydedg70z8tu9cgi1p0we6t	Aras Restaurant KL Tower Fresh Flowers (Fresh Flower Bouquet + Balloons +Table Decor)	Kuala Lumpur	All Market			\N	clywdj95s00liiq9xphh3wo2v
cm5ug1jye1cj4hemdie12z9bi	Dinner @ Malay Restaurant Johor	Johor	Indonesia			2025-05-14 02:52:01.285	clywdj95s00liiq9xphh3wo2v
cm96c7klu00010ge61iy5hvs6	Vignesh Waran	Johor	japan	hik		2025-04-07 00:32:36.883	clyw0nrip00ieiq9xyf4c7c1x
cm92aguaj0001vge6c2bx6eju	Vignesh Waran 0001	Genting Highlands	test001	hgjj		2025-04-04 04:33:03.675	clyw0r0y300ihiq9x5bmgav7j
cm9bnfc3j0001cannh4qbfhra	ranjith	kerla-india	dvsdgsfhfnf	gss	gsdg	2025-05-12 04:18:44.471	clyw0rskt00iiiq9xpgyxzkvg
cm6uf79bs1e6t101yxkqncc9l	Lunch @ Indian Restaurant at Johor	Johor	India			2025-05-12 07:33:03.259	clywdj95s00liiq9xphh3wo2v
cm8qzc2by0000cce65rgp6825	test22222	test22222	test22222	test22222	test22222	2025-03-27 06:36:34.738	\N
cm1uh3wse01wepo0psq6s2gb9	Lunch at Indian Restaurant Genting	Genting	India			2025-05-14 02:50:41.101	clywdj95s00liiq9xphh3wo2v
cm5ug0xvz1cj0hemd2bvbdoh9	Lunch @ Malay Restaurant Johor	Johor	Indonesia			2025-05-15 09:29:59.811	clywdj95s00liiq9xphh3wo2v
cm5qniwhb1bdohemdnx4ljcv7	Dinner @ Malay Restaurant Malacca	Malacca	Indonesia			2025-05-15 09:30:51.139	clywdj95s00liiq9xphh3wo2v
cm5qni89y1bdkhemd7hcf8owi	Lunch @ Malay Restaurant Malacca	Malacca	Indonesia			2025-05-15 09:31:39.905	clywdj95s00liiq9xphh3wo2v
cm5qlz3ra1bdghemds80b358m	Dinner @ Malay Restaurant Genting	Genting	Indonesia			2025-05-15 09:43:26.585	clywdj95s00liiq9xphh3wo2v
cm5qlye5s1bdchemdayq5d4qd	Lunch @ Malay Restaurant Genting	Genting	Indonesia			2025-05-15 09:44:34.011	clywdj95s00liiq9xphh3wo2v
cm5qlxdxr1bd8hemdy3f6ihzs	Dinner @ Malay Restaurant KL	Kuala Lumpur	Indonesia			2025-05-15 09:45:20.361	clywdj95s00liiq9xphh3wo2v
cm5qlwke41bcyhemdy1nk6a0v	Lunch @ Malay Restaurant KL	Kuala Lumpur	Indonesia			2025-05-15 09:47:08.781	clywdj95s00liiq9xphh3wo2v
cm1ukrq3r027dpo0pd2doarar	Lunch at Indian Restaurant Langkawi	Langkawi	India			2025-05-15 09:48:55.819	clywdj95s00liiq9xphh3wo2v
cm1uktlr8027kpo0pidop8la5	Dinner at Indian Restaurant Penang	Penang	India			2025-05-15 09:49:40.791	clywdj95s00liiq9xphh3wo2v
cm1ukopqw0276po0p99rz5d36	Lunch at Indian Restaurant Penang	Penang	India			2025-05-15 09:50:35.52	clywdj95s00liiq9xphh3wo2v
cm1ugzjhw01w0po0pr4vpjazc	Lunch at Indian Restaurant KL	Kuala Lumpur	India			2025-05-15 09:51:16.685	clywdj95s00liiq9xphh3wo2v
cm25z74yh06o8p4z6qw6sf83g	Lunch at Malacca Indian Restaurant 	Malacca	India			2025-05-15 09:56:12.474	clywdj95s00liiq9xphh3wo2v
cm22zctat02bxp4z60p6jiie9	Breakfast at Indian Restaurant KL	Kuala Lumpur	India			2025-05-15 09:59:53.887	clyw0nrin00idiq9xvn9jsdc7
cm1ukxaof0280po0pqookbepy	Dinner at Indian Restaurant Langkawi	Langkawi	India			2025-05-15 10:04:26.575	clywdj95s00liiq9xphh3wo2v
cm1uh38of01wbpo0pqprz72tw	Meal Voucher @ Sunway Lagoon worth RM30	Sunway Lagoon	India			2025-05-15 10:03:14.774	clywdj95s00liiq9xphh3wo2v
cm1ukyeui0284po0phde5lqot	Dinner at Indian Restaurant Genting	Genting	India			2025-05-15 10:03:54.811	clywdj95s00liiq9xphh3wo2v
cm1uh2d6c01w8po0pxrmuhhl4	Dinner at Indian Restaurant KL	Kuala Lumpur	India			2025-05-15 10:05:00.256	clywdj95s00liiq9xphh3wo2v
cmk2gn05v0000tge5dby6gkrp	maruthapandi14	DINDIGUL	th	xvbf	dfbhdfgb	2026-01-06 10:42:16.341	\N
\.


--
-- Data for Name: Room; Type: TABLE DATA; Schema: public; Owner: postgres
--

COPY public."Room" (id, "hotelId", "maxPax", "extraBeds", name) FROM stdin;
cm9v50a6g0001nnpplrtvjhpr	clyy7fgmz00kwii6i68pbhg6o	2	1	Superior Room
cm9v54bge0009nnppto95xk1v	clyy7fgmz00kwii6i68pbhg6o	2	1	Deluxe Room (King / Twin)
cm9v56ae7000hnnppus99lc90	clyy7fgmz00kwii6i68pbhg6o	2	1	Premier Seaview Room (King / Twin)
cm9v590dr000pnnppxwffs3sf	clyy7fgmz00kwii6i68pbhg6o	4	0	Deluxe Family Suite
cm9v5bfvf000unnpp4ducdi2j	clyy7fgmz00kwii6i68pbhg6o	2	1	Executive Suite (King)
cm9v5hw780012nnppkgq6ujw3	clyy7fgmz00kwii6i68pbhg6o	2	1	Superior Room (Twin) - 19 Feb 2025 - 19 Mar 2026
cm9v5sup1001annppfd8f18lp	clyy7fgmz00kwii6i68pbhg6o	2	1	Deluxe Room (King / Twin) - 19 Feb 2025 - 19 Mar 2026
cm9v5yk6p001innpp4t1tqm1y	clyy7fgmz00kwii6i68pbhg6o	2	1	Premier Seaview Room (King / Twin) - 19 Feb 2025 - 19 Mar 2026
cm9v617x4001qnnpph5xtpu6p	clyy7fgmz00kwii6i68pbhg6o	4	0	Deluxe Family Suite - 19 Feb 2025 - 19 Mar 2026
cm9v63qe3001vnnppvn1hcdbq	clyy7fgmz00kwii6i68pbhg6o	2	1	Executive Suite (King) - 19 Feb 2025 - 19 Mar 2026
cm9v6rujn0023nnppxug0pial	cm2bma1u50di3p4z6uuu0321m	2	1	Deluxe Room
cm9v7cggd002jnnpp9gzq07vl	clyy7fgfr00joii6ih9b39edg	2	0	Y5 Deluxe Room
cm9wiehri002onnppkoiryaft	cm0utjrmk00z6rdhp5uo87p6q	2	0	Executive Pool Room (Breakfast for 2)
cm9wih032002snnpp6lvof4gu	cm0utjrmk00z6rdhp5uo87p6q	4	0	Premium Pool Suite (Breakfast for 2)
cm9wii1p7002ynnpphtqn2foe	cm0utjrmk00z6rdhp5uo87p6q	4	0	Panorama Pool Suite
cm9wija7a0034nnppyax2fg2l	cm0utjrmk00z6rdhp5uo87p6q	4	0	2-Bedroom Suite (Breakfast for 2)
cm9wivxfq003annppe773gti1	clyy7fgm300klii6iclvlelpg	2	1	Superior Room
cm9wiygjo003innpplgu7u4pw	clyy7fgm300klii6iclvlelpg	2	1	Studio Room
cm9wj26kc003qnnppuucnayw6	clyy7fgm300klii6iclvlelpg	2	1	Deluxe Room
cm9wj3kx2003ynnpp3nifnub1	clyy7fgm300klii6iclvlelpg	2	1	Premier Room
cm9wj64dh0046nnppehoo00ti	clyy7fgm300klii6iclvlelpg	2	1	Royale Club Room
cm9wj976s004ennpp75ne6u1x	clyy7fgm300klii6iclvlelpg	2	1	Executive Suite
cm9wjahea004mnnppd9kvitpz	clyy7fgm300klii6iclvlelpg	2	1	Premier Suite
cm9wjcoq9004unnppzz3h4277	clyy7fgm300klii6iclvlelpg	2	1	1-Bedroom Apartment
cm9wjdtpk0052nnpp107jrywb	clyy7fgm300klii6iclvlelpg	4	1	2-Bedroom Apartment
cm9wjfib2005annpp696o6fc2	clyy7fgm300klii6iclvlelpg	4	1	2-Bedroom Executive Apartment
cm9wjjc3p005innpp9o6epgpv	cm0ur48c300tlrdhp10qya99h	2	1	Deluxe Room
cm9wjk9ef005pnnppx581r7rn	cm0ur48c300tlrdhp10qya99h	2	1	Executive Room
cm9wjmp3y005wnnppw7k98cii	cm5xqzkt21ialhemdl7qfoeu6	2	1	Standard Room (Windowless)
cm9wjntyd0063nnppgznlx2y5	cm5xqzkt21ialhemdl7qfoeu6	2	1	Deluxe Room
cm9wjovib006annppybri6lfj	cm5xqzkt21ialhemdl7qfoeu6	3	0	Triple Room
cm9wjpr8e006fnnppr7ymnj72	cm5xqzkt21ialhemdl7qfoeu6	4	0	Family Room
cm9wkawt0006knnpp6y1het6h	cm5uh2fbu1cmwhemdzy7oejim	2	1	Standard Room (Windowless)
cm9wktzzu006rnnpp28g0fzfv	cm5uh2fbu1cmwhemdzy7oejim	2	1	Deluxe Room
cm9wkvjbm006ynnppm3ntlqgz	cm5uh2fbu1cmwhemdzy7oejim	3	0	Triple Room
cm9wkwjw00075nnppfhy4a971	cm5uh2fbu1cmwhemdzy7oejim	4	0	Family Room
cm9wkzb5l007cnnppe76y3yv7	cm75m0lxy25e0101yr9wmtqkp	2	1	Standard Room
cm9wl0d36007jnnppb9b38bn7	cm75m0lxy25e0101yr9wmtqkp	2	1	Deluxe Room
cm9wl1fbe007qnnpp6tn23tk6	cm75m0lxy25e0101yr9wmtqkp	3	0	Triple Room
cm9wl2pc4007vnnppxk3yu4q4	cm75m0lxy25e0101yr9wmtqkp	4	0	Family Room
cm9wl8eb90080nnpp8qynnjap	cm9wl6qjm0000ppnnajbx5p3n	2	1	Superior Room
cm9wlduhq0088nnpp3cq3o6tg	cm9wl6qjm0000ppnnajbx5p3n	2	1	Deluxe Room
cm9wlezp0008gnnppyg1s2rab	cm9wl6qjm0000ppnnajbx5p3n	2	1	Executive Room
cm9wlgsmf008onnppqsf2munm	cm9wl6qjm0000ppnnajbx5p3n	4	0	Family Room
cm9wlu5mg008unnppsf9lhhpb	clyy7fglv00khii6irivsgx5r	2	1	Superior Room
cm9wlvhx50093nnpploqf3h9m	clyy7fglv00khii6irivsgx5r	2	1	Premier Room
cm9wlx54s009cnnppb6ki84cc	clyy7fglv00khii6irivsgx5r	4	0	2-Bedroom Suite
cm9wn6822009jnnppwdw061ie	clyy7fglv00khii6irivsgx5r	2	1	Club Premier Room
cm9wobt4p009snnppt75kog2k	clyy7fglv00khii6irivsgx5r	4	0	Club Premier Suite
cm9wowl4j009znnpp4mqsj8r6	cm75sbbs825gc101ycl51b564	2	0	Superior Room
cm9wox1h800a2nnpp2c9p9ea4	cm75sbbs825gc101ycl51b564	2	0	Deluxe Room
cm9woxgug00a5nnpp8qv7azzt	cm75sbbs825gc101ycl51b564	2	0	Executive Suite
cm9xmuhok00a8nnppaz4iprio	clyy7fgfr00joii6ih9b39edg	3	0	Y5 Triple Room
cm9xmwpce00adnnpprrgd9pno	clyy7fgfr00joii6ih9b39edg	2	0	Superior Deluxe Room
cm9xmzhhk00ainnppar5go8x4	clyy7fghr00k0ii6id4ej51ky	2	0	Superior Deluxe
cm9xn2rbg00annnppyi8z4tjr	clyy7fghr00k0ii6id4ej51ky	6	0	Superior Deluxe Sixers
cm9xnd2c100asnnpp5efq16db	clyy7fghr00k0ii6id4ej51ky	2	0	Executive Suite
cm9xnggyp00axnnppw0omwtkk	clyy7fghf00jyii6it2lfj3o2	2	0	Deluxe Room
cm9xnhkfn00b2nnppmp60kakh	clyy7fgg600jqii6iyhldz2na	2	0	Double Room (Quads)
cm9xniaxx00b7nnpplw8846yy	clyy7fgg600jqii6iyhldz2na	4	0	Quad Room
cm9xnj0zl00bcnnppbpkzs3gw	clyy7fgg600jqii6iyhldz2na	6	0	Sixers Room
cm9xnk6ce00bhnnppne5z7m4k	cm6uimrix1fbh101ygkbglav4	2	0	Premier Room
cm9xnl0m600bmnnppduiefjye	clyy7fgjp00k6ii6i5oidk1sw	2	0	Superior Room
cm9xnq5ch00bpnnppzosrh8pn	cm15y9ugy02fur9f6atypndal	2	1	Studio Room (King / Twin)
cm9xnr27o00bxnnppnuggduj6	cm15y9ugy02fur9f6atypndal	4	0	Family Room
cm9xns6jd00c3nnppsbj2b4k4	cm15y9ugy02fur9f6atypndal	4	0	2-Bedroom (King + Bunkbed)
cm9xoz90e00cfnnppzsbq21p0	cm5kxbwmb0v4whemd2v8gyua7	2	1	Deluxe Room (King / Twin)
cm9xp0n2x00cnnnppijbv62ge	cm5kxbwmb0v4whemd2v8gyua7	4	0	Deluxe Quad Room
cm9xp1mkj00ctnnppqq76umjo	cm5kxbwmb0v4whemd2v8gyua7	4	0	Deluxe Family
cm9v6tpaj0029nnppfy2natw8	cm2bma1u50di3p4z6uuu0321m	3	0	Executive 2-Bedroom (Queen + Single)
cm9xp7y4h00cznnppu1ektpao	cm5kxbwmb0v4whemd2v8gyua7	2	0	Junior Suite
cm9xpllna00dbnnpp5vz05b2d	clyy7fgge00jsii6ibubptzoe	2	0	Deluxe Room
cm9xpn4cc00djnnppvgzusfyb	clyy7fgge00jsii6ibubptzoe	2	1	Deluxe Loft Room
cm9xpxbnv00drnnpp6khaijii	clyy7fgge00jsii6ibubptzoe	2	1	Bella Vista Suite
cm9xq535z00dznnpp7t2jageg	clyy7fgge00jsii6ibubptzoe	2	1	Garden Suite
cm9xq63ka00e7nnppre6rwchf	clyy7fgge00jsii6ibubptzoe	4	0	Family Room
cma0uen7u00fgnnppct6jbfrv	cm40t5s1c12hzu9cglpjdekxv	2	1	Deluxe Room
cma0ufwyd00fonnppdaiyc6w5	cm40t5s1c12hzu9cglpjdekxv	2	1	Deluxe Premium Room
cma0uhxe200fwnnppvx1aflkg	cm40t5s1c12hzu9cglpjdekxv	2	1	Pool Terrace
cma0uizck00g4nnppdvnykc96	cm40t5s1c12hzu9cglpjdekxv	2	1	Studio Room
cma0uk5gb00gcnnppjfbnksw3	cm40t5s1c12hzu9cglpjdekxv	2	1	Prima Suite
cma0usipg00gknnppp0v7w9of	clyy7fghs00k1ii6i5u0gpkn9	2	1	Superior Hill View Room
cma0utmk800gqnnpp9skt0lu0	clyy7fghs00k1ii6i5u0gpkn9	2	1	Superior Ocean View Room
cma0uwi1d00gwnnppvsrmx52l	cm0uhfmqo00ihrdhp4c0ly1fz	2	1	Superior Room
cma0uxorx00h4nnpp6p3u5cj7	cm0uhfmqo00ihrdhp4c0ly1fz	2	1	Deluxe Room
cma3sspp100hgnnpp8ybn8axq	cm75mrfur25f6101ynl6ug1mj	2	0	Standard Room
cma3t89u400hlnnppmtz2zw6y	cm75mrfur25f6101ynl6ug1mj	3	1	Deluxe Room
cma3tg4je00hsnnppr39jeuxn	cm75mrfur25f6101ynl6ug1mj	3	1	Junior Suites 
cma3tm5yp00hznnppznbcbl2s	cm75mrfur25f6101ynl6ug1mj	3	1	Executive Suites 
cma3tptd100i6nnppen18f32m	cm75mrfur25f6101ynl6ug1mj	2	0	1 Bedroom Suite
cma3trekh00icnnpp1kq8zxlw	cm75mrfur25f6101ynl6ug1mj	4	0	2 Bedroom Suite
cma6i7avz00iinnppnds75t0s	cm2o5iys103adw3vss4fgbwfp	3	1	Studio Suite
cma6icip000ipnnpp17kv1mmc	cm2o5iys103adw3vss4fgbwfp	3	1	One Bedroom Suite
cma6if4e900ixnnppofqqodeu	cm2o5iys103adw3vss4fgbwfp	3	1	One Bedroom Premier
cma6iip1d00j5nnppu4gfwwg4	cm2o5iys103adw3vss4fgbwfp	5	1	Two Bedroom Suite
cma6mzgps00jdnnpp6z287rhg	cm2o5iys103adw3vss4fgbwfp	3	1	Two Bedroom Premier
cma6n4ec100jlnnppl3s0k8io	cm2o5iys103adw3vss4fgbwfp	6	0	Three Bedroom Suite
cma6nbma400jtnnppiz9303cw	clyy7fgkb00k8ii6if0r7hi9b	2	0	Deluxe Twin Room
cma6ndhtn00jznnppuq7fdqrh	clyy7fgkb00k8ii6if0r7hi9b	3	1	Deluxe King Room
cma6niv0x00k6nnppny5h0i4h	clyy7fgkb00k8ii6if0r7hi9b	2	0	Heritage Twin Room
cma6nktw200kcnnppwa08nmay	clyy7fgkb00k8ii6if0r7hi9b	3	1	Heritage King Room
cma6nmzsm00kjnnppocao27mx	clyy7fgkb00k8ii6if0r7hi9b	2	0	Premiere Twin Room
cma6nom6p00kpnnpp2nl2wxbu	clyy7fgkb00k8ii6if0r7hi9b	3	1	Premiere King Room
cma6nq9do00kwnnppe44svaci	clyy7fgkb00k8ii6if0r7hi9b	4	0	Grand Premiere 
cma6nzm4h00l2nnppep305l04	clyy7fgnc00l1ii6ia1fb7m7w	2	0	Standard Room (Windowless)
cma6o14yi00l7nnppzsk4a85j	clyy7fgnc00l1ii6ia1fb7m7w	2	1	Deluxe Room
cma6o1z2100lennppok6g0vc5	clyy7fgnc00l1ii6ia1fb7m7w	3	0	Family Triple Room
cma6o27wi00ljnnppphtt0o4r	cm3i8u4vo12srw3vsr0udafha	2	0	King Standard Room
cma6o36o600lnnnppba42l8pt	cm3i8u4vo12srw3vsr0udafha	2	0	King Twin Sharing Room
cma6o45cn00lrnnppod4zth5z	cm3i8u4vo12srw3vsr0udafha	2	0	King Suites
cma6o5kef00lvnnppsx5y45es	cm3i8u4vo12srw3vsr0udafha	2	0	King Suite Premier Corner Room
cma6o67kb00lznnpp7fg7euoz	clyy7fglf00kbii6it8f7y8o5	2	0	Deluxe Room
cma6o6nfk00m5nnpput2zz8om	cm3i8u4vo12srw3vsr0udafha	2	0	Bedroom Suite
cma6o94ta00m9nnpp7j33yh41	clyy7fglf00kbii6it8f7y8o5	2	0	Grand Deluxe Room
cma6oard600mfnnppdjrs8nkz	clyy7fglf00kbii6it8f7y8o5	2	0	Club Room
cma6ohg3q00mlnnppjf8iv8sw	clyy7fgln00keii6i8y43evrz	3	1	Signature Room
cma6oig7300mpnnppocz4bbt3	clyy7fgln00keii6i8y43evrz	3	1	Executive Room
cma6oj8kc00mtnnpp9lp8tbyz	clyy7fgln00keii6i8y43evrz	3	1	Signature Suite
cma6pfrw200mxnnppix33wig8	clyy7fglf00kbii6it8f7y8o5	2	0	Business Suite
cma6pgqj200n3nnppzisbspn4	clyy7fglf00kbii6it8f7y8o5	2	0	Executive Suite
cma6phnbp00n9nnppg5ozpx7g	clyy7fglf00kbii6it8f7y8o5	2	0	Wellness Suite
cma6pih3w00nfnnpp2e4psff0	clyy7fglf00kbii6it8f7y8o5	2	0	Premier Suite
cma6pjo1b00nlnnppsarpplja	clyy7fglf00kbii6it8f7y8o5	2	0	One-Bedroom Villa
cma6pln5a00nrnnpp3y84e0jk	clyy7fglf00kbii6it8f7y8o5	4	0	Water Venture Terrace
cma6pms9600nxnnppuq3kuybu	clyy7fglf00kbii6it8f7y8o5	4	0	Family Terrace
cma6pnm1d00o3nnppyia6m7zc	clyy7fglf00kbii6it8f7y8o5	4	0	Family Fun Suite
cmaaox2o000o9nnppkqkgcpje	clyy7fgli00kcii6i70uar6ym	3	1	Standard Single Room 
cmaaoz4qq00oennppavw5y9zf	clyy7fgli00kcii6i70uar6ym	3	1	Satandard Double Room
cmabzeccw00ojnnpp1yfq4y76	cm0vuv5cz019mrdhpb0p58s8j	2	0	Deluxe Single Room 
cmabzf7vc00omnnpp4v7ltji2	cm0vuv5cz019mrdhpb0p58s8j	2	0	Deluxe Double Room 
cmabzihrr00opnnppd389kh0n	cm0vuv5cz019mrdhpb0p58s8j	3	1	Deluxe King Room
cmabzk6jf00otnnppolol2gq9	cm0vuv5cz019mrdhpb0p58s8j	3	1	Deluxe 2 Twin Room 
cmabzlp6z00oxnnppbnaxfawc	cm0vuv5cz019mrdhpb0p58s8j	2	0	Executive Single Room 
cmabzn94f00p0nnpplkxmv91a	cm0vuv5cz019mrdhpb0p58s8j	3	1	Executive King Room
cmabzobsb00p4nnppwiebvu6q	cm0vuv5cz019mrdhpb0p58s8j	2	0	Executive Double Room 
cmabzpet300p7nnppfqvdalla	cm0vuv5cz019mrdhpb0p58s8j	2	0	Premier Single Room
cmabzq6rn00pannppowqqh4p8	cm0vuv5cz019mrdhpb0p58s8j	2	0	Premier Double Room 
cmabzrkrn00pdnnppn1unupid	cm0vuv5cz019mrdhpb0p58s8j	3	1	Premier King Room 
cmabzsfqs00phnnpp942wvdpz	cm0vuv5cz019mrdhpb0p58s8j	3	1	Premier 2 Twin Room 
cmabztf6f00plnnppqlyt333a	cm0vuv5cz019mrdhpb0p58s8j	2	0	Suite Single Room 
cmabzu3yp00ponnppm5t0b66d	cm0vuv5cz019mrdhpb0p58s8j	2	0	Suite Double Room
cmabzv4zr00prnnppbmj258xr	cm0vuv5cz019mrdhpb0p58s8j	2	0	Suite King Room 
cma0udgze00f8nnpp6pdurx9k	cm40t5s1c12hzu9cglpjdekxv	2	1	Superior Room
cmabzyhw600punnppxdwd9dka	cm3zcptno0zvpu9cgnhmnsfi2	3	1	Standard Room 
cmabzzsfc00q0nnppvkdbmxym	cm3zcptno0zvpu9cgnhmnsfi2	3	1	Deluxe Room
cmac07i8t00q6nnpp1ltnuego	cm0vwsu5801bqrdhpzmsjzqu0	3	1	Superior King/Twin  Room
cmac09k9600qennppkdjk9msa	cm0vwsu5801bqrdhpzmsjzqu0	3	1	Deluxe King/Twin Room 
cmac0bjxt00qmnnppwvt6ogtd	cm0vwsu5801bqrdhpzmsjzqu0	3	1	Peral Deluxe King/Twin Room 
cmac0i0mh00qunnppluptztke	cm0vwsu5801bqrdhpzmsjzqu0	4	1	Pearl Executive Deluxe King/Twin Room
cmac0mrmq00r2nnpp3afd0wzo	clyy7fgle00kaii6i7azbtx00	3	1	Melia Guestroom 
cmac0qdg100rannpp4sp2z8te	clyy7fgle00kaii6i7azbtx00	4	1	Melia Guestroom (Triple -3 person)
cmac0s0ww00rinnpp90kf6ujp	clyy7fgle00kaii6i7azbtx00	3	1	Premium Guestroom
cmac0u6z800rqnnpppifqgob2	clyy7fgle00kaii6i7azbtx00	4	1	Premium Guestroom (Triple - 3 person)
cmac0wuou00rynnpp6k02nxtu	clyy7fgle00kaii6i7azbtx00	1	0	Level Room + Benefits (1 Adult)
cmac12bbs00s1nnpp4c1apf6l	clyy7fgle00kaii6i7azbtx00	2	0	Level Room + Benefits (2 Adults)
cmac13kjk00s5nnppadxsc1qe	clyy7fgle00kaii6i7azbtx00	1	0	Level Room + Benefits (1 Adults)
cmac15tmo00s9nnpp9j4rjg8s	clyy7fgle00kaii6i7azbtx00	5	1	Family Room (2 Adult + 2 Children) 
cmac1o86g00shnnppgk6utlkq	cmac1lmc50001ppnn689a57x9	3	1	Classic Single Room
cmacdqj3q0002nngalzxxvcpr	cmac1lmc50001ppnn689a57x9	3	1	Classic Double/Twin Room
cmacdww34000gnngau3x52t1w	cmac1lmc50001ppnn689a57x9	3	1	Privilege Double/Twin Room
cmacdyqq9000nnngaebbsjwwy	cmac1lmc50001ppnn689a57x9	3	1	Suite  Single Room
cmace0nfa000unnga1b949dhq	cmac1lmc50001ppnn689a57x9	3	1	Suite Double/Twin Room
cmace4i8f0011nngap5zv9elg	clyy7fgft00jpii6ijc3xrt0b	2	0	Superior Room
cmace7fyn0017nnga5g38nhnq	clyy7fgft00jpii6ijc3xrt0b	2	0	Deluxe Single Room
cmace930d001dnngavnno0quk	clyy7fgft00jpii6ijc3xrt0b	3	1	Deluxe Twin Room
cmacebli0001lnngaqa7x0gx3	clyy7fgft00jpii6ijc3xrt0b	3	1	Family Triple Room
cmacegit6001tnngatdwxpn0t	clyy7fgft00jpii6ijc3xrt0b	4	0	Family Quad Room
cmacgfm8h0002e5jkfiq8qxlj	cmacgf52z0000jke5fdcc7o2t	3	1	room-test-01
cmadeqlpb0023nngadk5kvo75	clyy7fgn700kzii6irwqhqs18	3	1	Superior Single/Double Room
cmadeupgm002bnnga2wikvfa2	clyy7fgn700kzii6irwqhqs18	3	1	Deluxe Singe/Double Room
cmadewmz9002jnnga2a6yxfk0	clyy7fgn700kzii6irwqhqs18	3	1	Suite Single/Double Room
cmadfgaq1002rnngadigrygys	cmadf2ibo0000gannhmz9ewkm	3	1	One Bedroom Suite
cmadfikrk002znngaj7je4l8g	cmadf2ibo0000gannhmz9ewkm	5	1	Two Bedroom Suite
cmadg638a0036nngan4rn07zh	clyy7fglm00kdii6ikzneljye	3	1	Superior Single Room
cmadg8g71003dnnga7gqpz7th	clyy7fglm00kdii6ikzneljye	4	1	Superior Double/Twin Room
cmadgaawp003knngaizugmogg	clyy7fglm00kdii6ikzneljye	3	1	Deluxe Single Room
cmadgc7oy003rnngap4g7p0bq	clyy7fglm00kdii6ikzneljye	4	1	Deluxe Double/Twin Room
cmadgee8w003ynnga01c6miu8	clyy7fglm00kdii6ikzneljye	3	1	Club Single Room
cmadgfyhq0045nngamabfplhn	clyy7fglm00kdii6ikzneljye	4	1	Club Double/Twin Room
cmadgi2ed004cnnga0trjbocd	clyy7fglm00kdii6ikzneljye	3	1	Executive Suite Single Room
cmadgk2ne004jnnga33xbg0qv	clyy7fglm00kdii6ikzneljye	3	1	Executive Suite Double/Twin Room
cmadgsmcc004qnngahjdc6j44	clyy7fgni00l4ii6ilz2cs36u	3	1	Standard Single/Double Room (INDIA MARKET)
cmadgugfp004vnngasa96y21d	clyy7fgni00l4ii6ilz2cs36u	3	1	Standard Single/Double Room (WORLDWIDE MARKET)
cmadha4im0050nnga1s29quns	cmadgx7x50001ganna6to2dux	3	1	Deluxe King Room Single/Double
cmadhb5tf0055nnga91ry0jp2	cmadgx7x50001ganna6to2dux	2	0	Deluxe Twin Room Single/Double
cmadhcarm0058nnga1il0yh9v	cmadgx7x50001ganna6to2dux	3	1	Studio Room Single/Double 
cmaf4yp4z001tnn9it8ua8d4h	cm21q94d60158p4z6gt6amh1r	3	1	Deluxe KIng/Twin Room - FIT
cmaewyy920006e67ovsjc46up	cmacgf52z0000jke5fdcc7o2t	3	2	room-test-3
cmaf50kuh001znn9i2x41yped	cm21q94d60158p4z6gt6amh1r	3	1	Executive King Room - FIT
cmaf5250f0025nn9iz2no5n05	cm21q94d60158p4z6gt6amh1r	3	1	Cosmo King/Twin Room (No windiw) - GIT
cmaf53k5t002bnn9i23jjv7sj	cm21q94d60158p4z6gt6amh1r	3	1	Deluxe King/Twin Room - GIT
cmaf54qc5002hnn9ikb4xnnwh	cm21q94d60158p4z6gt6amh1r	3	1	Executive King Room - GIT
cmaewwcsm0003e67oq2lu50af	cmacgf52z0000jke5fdcc7o2t	2	3	room-test-2
cmaf327ap0008nn9irqojvrz0	cmaf2tubt00009inn852vdnne	3	1	Deluxe Room Single/Double (GIT)
cmaf376oc000fnn9iad2y3xzv	cmaf2tubt00009inn852vdnne	3	1	Superior Room Single/Double (FIT)
cmaf38p0t000mnn9iadnm3g4o	cmaf2tubt00009inn852vdnne	3	1	Superior Room Single/Double (GIT)
cmaf3rmj0000tnn9ihj7doj0w	cm0ypen7h02t6rdhpr9f18mhl	2	0	Wyndham Executive Suites (2 Bedroom)
cmaf3tuh9000ynn9ioanmdx5q	cm0ypen7h02t6rdhpr9f18mhl	2	0	Wyndham Executive Suites KLCC View (2 Bedroom)
cmaf42psf0013nn9ibkowvr6c	clyy7fgmj00kqii6ibz8xxfy9	3	1	Studio Executive King/Twin Room
cmaf48heq001ann9iwxik9bgs	clyy7fgmj00kqii6ibz8xxfy9	4	1	Studio Family Quadruple Room
cmaf4bp8t001gnn9ixav3jh93	clyy7fgmj00kqii6ibz8xxfy9	4	1	2 Bedroom Executive 
cmaf4w83t001nnn9i0hlrx3qe	cm21q94d60158p4z6gt6amh1r	3	1	Cosmo King/Twin Room (No Window) - FIT
cmaf5gu12002nnn9ik0y73664	cm0yoghc002qordhpfkq6odcn	4	1	1 Bedroom Superior
cmaf5ivz0002vnn9ikyouwm8o	cm0yoghc002qordhpfkq6odcn	4	1	1 Bedroom Deluxe
cmaf5l5n90033nn9i8na2t58d	cm0yoghc002qordhpfkq6odcn	4	1	1 Bedrrom Premier
cmaf5pkpx003bnn9idoeilu6l	cm0yoghc002qordhpfkq6odcn	6	1	2 Bedroom Superior
cmaf5r4ie003jnn9in4t7xs16	cm0yoghc002qordhpfkq6odcn	6	1	2 Bedroom Deluxe
cmaf5sqnl003rnn9i2k3ikkm2	cm0yoghc002qordhpfkq6odcn	6	1	2 Bedroom Premier
cmafixxer000ynntodwy44u40	cmafiw5ck0000tonn7hipbw2w	3	1	pugazh's rooms
cmakjgd37000mnnb1i8x8qzy1	clyy7fgn900l0ii6if8eid2r3	2	0	Premium Single/Double Room
cmakjms3r000tnnb1royl9wtl	clyy7fgn900l0ii6if8eid2r3	3	0	Premium Triple Room
cmakjoulq000znnb1585y420x	clyy7fgn900l0ii6if8eid2r3	4	0	Premium Quad Room
cmakjqbpg0015nnb1a4zt6bm2	clyy7fgn900l0ii6if8eid2r3	2	0	City Suite Room
cmakjrh6r001bnnb1vvovsx6q	clyy7fgn900l0ii6if8eid2r3	2	0	KLCC Suite Room
cmakjsvwy001hnnb1z7k01827	clyy7fgn900l0ii6if8eid2r3	2	0	Bridal Suite Room
cmakk2qxu001nnnb1ocgw3dxp	clyy7fgne00l2ii6ixgrxprio	2	0	Standard Queen Room (No Window)
cmakk42w1001snnb124sl00w0	clyy7fgne00l2ii6ixgrxprio	2	0	Superior Queen
cmakk56pb001xnnb1w2gvsgsq	clyy7fgne00l2ii6ixgrxprio	2	0	Superior Twin Room
cmakk6ucv0022nnb1cplx7you	clyy7fgne00l2ii6ixgrxprio	3	0	1 Superior Queen & 1 Single Room (Triple Sharing)
cmakkdgtx0027nnb1njuc3h4z	cm0xb2i8401nerdhpz1h6xj18	2	0	Urban Single/Twin Room 
cmakkeo4d002bnnb1u0u9enkb	cm0xb2i8401nerdhpz1h6xj18	3	1	Premier Single/Twin Room
cmakkfodu002gnnb1koda079v	cm0xb2i8401nerdhpz1h6xj18	3	1	Suite Single/Twin Room
cmakkk3r7002lnnb1kqfynsc7	clyy7fgm600kmii6iysfdq298	3	1	Standard Room (Windowless)
cmakklhdd002snnb15dqy4anr	clyy7fgm600kmii6iysfdq298	3	1	Superior Room
cmakkmldv002znnb1sfuywmpv	clyy7fgm600kmii6iysfdq298	3	1	Pacific Room
cmakkr9nx0036nnb1yznh036x	clyy7fglp00kfii6i31tm6soi	3	1	Standard Room (Windowless) 
cmakksguc003dnnb142byl2rj	clyy7fglp00kfii6i31tm6soi	3	1	Superior Room
cmakktv2s003knnb1o41rpjid	clyy7fglp00kfii6i31tm6soi	3	0	Deluxe Triple Room
cmakkwveu003qnnb12bsfcoym	clyy7fglp00kfii6i31tm6soi	4	0	Premier Quad Room (Windowless)
cmakle8au0045nnb13jqv8yxn	cmaklb9gv0001b1nn8slt3pu6	2	0	Economy Queen Room 
cmaklf6c6004bnnb1wz94zw2p	cmaklb9gv0001b1nn8slt3pu6	2	0	Economy Twin Sharing Room
cmaklg4zu004innb18s296hom	cmaklb9gv0001b1nn8slt3pu6	2	0	Economy King Room
cmakli4kx004pnnb1bpatgrqp	cmaklb9gv0001b1nn8slt3pu6	2	0	Business Twin Sharing Room
cmakljdfv004wnnb1tltmogwz	cmaklb9gv0001b1nn8slt3pu6	2	0	Business Queen Room
cmaklkj4w0053nnb1clmvp5sw	cmaklb9gv0001b1nn8slt3pu6	2	0	Business King Room
cmakllm2s0058nnb1x3do4ari	cmaklb9gv0001b1nn8slt3pu6	3	0	Premium Triple Room
cmaklmsz3005dnnb14dyg6dot	cmaklb9gv0001b1nn8slt3pu6	4	0	First Class Family Room
cmaklo0sj005innb11h8ubois	cmaklb9gv0001b1nn8slt3pu6	2	0	First Class King Room
cmakm751l0069nnb12kiw65zl	cm7egzke12fvr101ykiahm4cd	3	1	Deluxe City View Weekdays (Sun - Thursday)
cmakm8vmt006innb1mfvcxu00	cm7egzke12fvr101ykiahm4cd	3	1	Deluxe Sea View Weekdyas (Sun - Thu)
cmakmb8x6006pnnb1nmk3o5os	cm7egzke12fvr101ykiahm4cd	4	1	Family Suite Weekdays (Sun - Thu)
cmakmeuh1006wnnb1qdx0woha	cm7egzke12fvr101ykiahm4cd	4	0	Seri Menanti Junior Suite Weekdays (Sun - Thu)
cmakmghfm0072nnb1z4p5an13	cm7egzke12fvr101ykiahm4cd	4	0	Seri Menanti Suite Weekdays (Sun - Thu)
cmakmiboo0078nnb1wrya72vb	cm7egzke12fvr101ykiahm4cd	8	0	Istana Penthouse Weekdays (Sun - Thu)
cmakpi2i9007ennb1ykfhrxss	cmakl09i10000b1nn5pj3bccv	2	0	Deluxe Twin/Queen Room
cmakq06yh007jnnb1puvf1a04	cmakl09i10000b1nn5pj3bccv	3	0	Deluxe Triple Room
cmakq1fbm007onnb1mjcsi0js	cmakl09i10000b1nn5pj3bccv	4	0	Alamis Ambassador Suite Room
cmakq2h2r007tnnb1eq7mbkil	cmakl09i10000b1nn5pj3bccv	6	0	Alamis Presidential suite
cmakq8fq70084nnb1ac14zauj	clyy7fgg800jrii6ixqqi228j	2	0	Premium Single/Twin Room
cmakqb3nc008annb1yz9pu1bf	clyy7fgg800jrii6ixqqi228j	3	0	Premium Triple Room
cmakqfcb6008gnnb1mx5q4cyt	clyy7fgg800jrii6ixqqi228j	3	0	Premium Family Room
cmakqggii008mnnb1tje67d5v	clyy7fgg800jrii6ixqqi228j	3	0	Junior Suite Room
cmakqjvvq008ynnb1hlb85hb3	cm7egzke12fvr101ykiahm4cd	3	1	Deluxe City View Weekend (Fri - Sat)
cmakqlfko0099nnb1h3o0ssjn	cm7egzke12fvr101ykiahm4cd	3	1	Deluxe Sea View Weekend (Fri - Sat)
cmakqn301009knnb1uv75ud92	cm7egzke12fvr101ykiahm4cd	4	1	Family Suite Weekend (Fri - Sat)
cmakqoy8p009rnnb1zgla3sdc	cm7egzke12fvr101ykiahm4cd	4	0	Seri Menanti Junior Suite Weekend (Fri - Sat)
cmakqquvh009ynnb1gt45u72c	cm7egzke12fvr101ykiahm4cd	4	0	Seri Menanti Suite Weeked (Fri - Sat)
cmakqslfm00a5nnb1w5kamc3z	cm7egzke12fvr101ykiahm4cd	8	0	Istana Penthouse Weeken (Fri - Sat)
cmakr2gs300aennb1nu8nosh4	cm17b850i05m4r9f6i4uirayt	2	0	Deluxe Room
cmakr358m00ajnnb18lzhbkzy	cm17b850i05m4r9f6i4uirayt	2	0	Executive King
cmakr3ojk00amnnb1azknu6tw	cm17b850i05m4r9f6i4uirayt	2	0	Eastin Deluxe Room
cmakr9acj00b5nnb1gxzizh5m	cm0yqjh0x02vkrdhpm38w1b7s	2	0	Standard Room 
cmakraiuj00bannb1dnphhtj6	cm0yqjh0x02vkrdhpm38w1b7s	2	0	Superior Room
cmakrbvbr00bfnnb1kctjd54q	cm0yqjh0x02vkrdhpm38w1b7s	2	0	Deluxe Room
cmakrd40900bknnb141hq6uqp	cm0yqjh0x02vkrdhpm38w1b7s	2	0	Junior Suite Room
cmakrjy5h00bpnnb1ouhmoff1	cm0yq9pfa02v1rdhpwupqrl0a	3	1	Superior King/Twin Room
cmakrsv3d00bvnnb1wzus2u1b	cmakrpbkw0004b1nn8i3a2hi7	3	1	Superior Twin/Queen Room
cmakru3t800c2nnb19xihrdra	cmakrpbkw0004b1nn8i3a2hi7	3	1	Deluxe Twin/King Room
cmakrv8ub00c9nnb1y91ipemj	cmakrpbkw0004b1nn8i3a2hi7	3	1	i-Suite King Room
cmaf30jhh0001nn9i4b552if6	cmaf2tubt00009inn852vdnne	3	1	Deluxe Room Single/Double (FIT)
cmalyls1s001dnnut1r7m43fj	clyy7fgmw00kvii6ikjtfy59k	4	0	Sky Pool Villa Room (2 King Bed + breakfast inclusive for 2persons)
cmalyoa7e001innut3eb4fevy	clyy7fgmw00kvii6ikjtfy59k	4	0	Executive Pool Villa Room (2 King Bed + inclusive breakfast for 2persons)
cmalyq59x001nnnutyymfyxqk	clyy7fgmw00kvii6ikjtfy59k	4	0	Premium pool Villa Room (2 King Bed + inclusive breakfast for 2persons)
cmalyshfp001snnutawk0wu3o	clyy7fgmw00kvii6ikjtfy59k	4	0	Premium Pool Villa Room (Beach View) (2 King Bed + inclusive breakfast for 2persons)
cmalz7udf001znnutibbdnher	clyy7fgmw00kvii6ikjtfy59k	4	0	Premium Pool Villa (Sea View) (2 King Bed + inclusive breakfast for 2persons)
cmalzatc70024nnuturg6ec22	clyy7fgmw00kvii6ikjtfy59k	4	0	Panorama Pool Villa Room (2 King Bed) (2 King Bed + inclusive breakfast for 2persons)
cmalzclyx0029nnut4c8od63b	clyy7fgmw00kvii6ikjtfy59k	4	0	Panorama Pool Villa (Beach View) (2 King Bed + inclusive breakfast for 2persons)
cmalzdx2c002ennutfl528lff	clyy7fgmw00kvii6ikjtfy59k	4	0	Panorama Pool Villa (Sea View) (2 King Bed + inclusive breakfast for 2persons)
cmalzz1bz002jnnut3gshn7zr	cm1068xin00abr9f64pu95yc8	3	1	Deluxe Room (Fri - Sun) 
cmam00h8a002qnnuta01jbdhi	cm1068xin00abr9f64pu95yc8	3	1	Deluxe Room (Sat)
cmam04far002xnnut00y9t7rt	cm108y9i700cjr9f695x61gyj	2	0	Suite Room (Fri - Sun) 
cmam06qte0033nnutcsrv23q6	cm108y9i700cjr9f695x61gyj	2	0	Studio Suite (Sat)
cm9v6utea002fnnpplyig52aa	cm2bma1u50di3p4z6uuu0321m	4	0	Premier 2-Bedroom
cmameibbi003ennuts9c2xnbd	cm10fhe4j00hnr9f6x5ihgisj	3	1	Deluxe Room (Sun - Thu)
cm9xnt1gw00c9nnppfyquzkqt	cm15y9ugy02fur9f6atypndal	5	0	3-Bedroom Suite (1 King + 1 Single + 1 Bunkbed)
cmamejrrj003lnnut8pysrx4l	cm10fhe4j00hnr9f6x5ihgisj	3	1	Deluxe Room (Fri & Sat)
cmamf007k003snnutcspmjpbl	cm10gw7eg00idr9f6xkd0k2ke	3	1	Hibiscus / Ruiella Room
cmamf1p7v003ynnutjrqu1js5	cm10gw7eg00idr9f6xkd0k2ke	3	1	Ruiella with Balcony
cmamf3ieg0044nnutamvlhhjg	cm10gw7eg00idr9f6xkd0k2ke	4	1	Azaalea (Junior Suite)
cmamf51zt004annutysb0qy0v	cm10gw7eg00idr9f6xkd0k2ke	4	0	Peony (Family Suite)
cmangxj8u004knnutz7ay2bb7	cm10hxdfv00k3r9f6j0w9o5xi	3	1	Standard Room Queen/Twin Room
cmap0rk3h000qnnqrmpaojzhl	cmap0onng0000qrnnebzwf420	3	1	Garden Terrace (1 July - 31 Aug
cmap0ttxa000xnnqrdryt242p	cmap0onng0000qrnnebzwf420	3	1	Lakefront (1 July - 31 Aug)
cmap0vw4j0014nnqr4etqdj2f	cmap0onng0000qrnnebzwf420	3	1	Pool Terrace (1 July - 31 Aug)
cmap0ybco001bnnqr8e8bbuwm	cmap0onng0000qrnnebzwf420	3	1	Island View (1 July - 31 Aug)
cmap1f7cu001innqrjlo3dw6m	cmap0onng0000qrnnebzwf420	3	1	Seaview (1 July - 31 Aug)
cmap20a2u001pnnqriakqu1q3	cmap0onng0000qrnnebzwf420	3	1	Garden Family Room (1 July - 31 Aug)
cmap22ryr001wnnqrna2odnoi	cmap0onng0000qrnnebzwf420	4	1	Island View - Family Room
cmap24oh20023nnqr4cosmh0l	cmap0onng0000qrnnebzwf420	3	1	Pelangi Junior Suite (1 July - 31 Aug)
cmap269em002annqrlp4q42ca	cmap0onng0000qrnnebzwf420	3	1	Pelangi Suite (1 July - 31 Aug)
cmap29k4q002hnnqr3fxz1h96	cmap0onng0000qrnnebzwf420	3	1	Garden Terrace (1 Sep - 30 Nov)
cmap2b8sg002onnqrirpqy2sd	cmap0onng0000qrnnebzwf420	3	1	Lakefront (1 Sep - 30 Nov)
cmap2cxc0002vnnqrl22s0eau	cmap0onng0000qrnnebzwf420	3	1	Pool Terrace (1 Sep - 31 Nov)
cmap2hjno0032nnqra3b3lyyu	cmap0onng0000qrnnebzwf420	3	1	Island View (1 Sep - 30 Nov)
cmap2jvay0039nnqrtiua6pad	cmap0onng0000qrnnebzwf420	3	1	Seaview (1 Sep - 30 Nov)
cmap2lt84003gnnqrqamg1lgy	cmap0onng0000qrnnebzwf420	4	1	Garden Family Room (1 Sep - 30 Nov)
cmap30jyt003nnnqrscy8tosx	cmap0onng0000qrnnebzwf420	4	1	Island View Family Room (1 Sep - 30 Nov)
cmap35mq7003unnqrfceynmwe	cmap0onng0000qrnnebzwf420	3	1	Pelangi Junior Suite (1 July - 30 Nov)
cmap37kqa0041nnqr28qqc5hd	cmap0onng0000qrnnebzwf420	3	1	Pelangi Suite (1 Sep - 30 Nov)
cmap3b6p30048nnqrafz4dm8f	cmap0onng0000qrnnebzwf420	3	1	Golden Terrace (1 - 19 Dec)
cmap3eymg004fnnqrkhoorxts	cmap0onng0000qrnnebzwf420	3	1	Lakefront (1 - 19 Dec)
cmap3omgx004mnnqr1viuczcq	cmap0onng0000qrnnebzwf420	3	1	Pool Terrace (1 - 19 Dec)
cmap3qlwh004tnnqrtmtt0r18	cmap0onng0000qrnnebzwf420	3	1	Island View 
cmap4m2pc0050nnqrqwypawzz	cmap0onng0000qrnnebzwf420	3	1	Seaview (1 - 19 Dec)
cmap4o3400057nnqr9f5iyho5	cmap0onng0000qrnnebzwf420	4	1	Garden Family Room (1 July - 19 Dec)
cmap4qvka005ennqrqh2cqq7v	cmap0onng0000qrnnebzwf420	4	1	Island View Family Room (1 - 19 Dec)
cmap4t2ki005lnnqrm9a016e7	cmap0onng0000qrnnebzwf420	3	1	Pelangi Junior Suite (1 - 19 Dec)
cmap4uvsr005snnqrgkmqttnt	cmap0onng0000qrnnebzwf420	3	1	Pelangi Suite (1 - 19 Dec) 
cmaqc38r1007rnnqrfxhzg0tu	cmaqbov2u0005qrnn3yuh714i	2	1	Premier Suite (Sun - Thurs) **Inclusive of 2 Entrance Tickets to Hot Springs Night Park
cmaqc0xyu007lnnqrzx61bvoy	cmaqbov2u0005qrnn3yuh714i	2	1	Deluxe Room (Sun - Thurs) (Sun - Thurs) **Inclusive of 2 Entrance Tickets to Hot Springs Night Park
cmaqc066j007fnnqrdptcq2qc	cmaqbov2u0005qrnn3yuh714i	2	1	Classical Room (Sun - Thurs) (Sun - Thurs) **Inclusive of 2 Entrance Tickets to Hot Springs Night Park
cmaqbz7t30079nnqr66b7s8ky	cmaqbov2u0005qrnn3yuh714i	2	1	Exotic Room (Sun - Thurs) (Sun - Thurs) **Inclusive of 2 Entrance Tickets to Hot Springs Night Park
cmaqc50wh007xnnqr1af6r4ll	cmaqbov2u0005qrnn3yuh714i	4	1	Family Suite (Sun - Thurs) **Inclusive of 4 Entrance Tickets to Hot Springs Night Park
cmaqc6rfp0083nnqrr3uix4wa	cmaqbov2u0005qrnn3yuh714i	2	1	Exotic Room (Fri - Sat) **Inclusive of 2 Entrance Tickets to Hot Springs Night Park
cmaqc7voq0089nnqr4kn3ruks	cmaqbov2u0005qrnn3yuh714i	2	1	Classical Room (Fri - Sat) **Inclusive of 2 Entrance Tickets to Hot Springs Night Park
cmaqc904x008fnnqrzpt2lv0p	cmaqbov2u0005qrnn3yuh714i	2	1	Deluxe Room (Fri - Sat) **Inclusive of 2 Entrance Tickets to Hot Springs Night Park
cmauk1bl10002nnzbdwxzp683	cmap0onng0000qrnnebzwf420	3	1	Golden Terrace (20 Dec - 05 Jan)
cmauk3i5y0009nnzb5y6galwu	cmap0onng0000qrnnebzwf420	3	1	Lakefront (21 Dec - 05 Jan)
cmauk59ur000gnnzbsi8pwq5w	cmap0onng0000qrnnebzwf420	3	1	Pool Terrace (20 Dec - 05 Jan)
cmauk6xxy000nnnzbbke0tp4d	cmap0onng0000qrnnebzwf420	3	1	Island View (20 Dec - 05 Jan)
cmaulsvwz000unnzb7qp5gkza	cmap0onng0000qrnnebzwf420	3	1	Seaview (20 Dec - 05 Jan)
cmaulv2gb0011nnzbenr1jhbo	cmap0onng0000qrnnebzwf420	4	1	Garden Family Room (20 Dec - 05 Jan) 
cmaulwt4y0018nnzb14zcv40v	cmap0onng0000qrnnebzwf420	4	1	Island View - Family Room (20 Dec - 05 Jan)
cmaulyk0y001fnnzbqzkeanev	cmap0onng0000qrnnebzwf420	2	0	Pelangi Junior Suite (20 Dec - 05 Jan)
cmaulzpyh001mnnzb9vxawv72	cmap0onng0000qrnnebzwf420	2	0	Pelangi Suite
cmauuuv4m001tnnzbruogqzgr	clyy7fgih00k4ii6im4zkajwe	3	1	Studio Suites King
cmauuwv12001znnzbq15pgw0p	clyy7fgih00k4ii6im4zkajwe	3	1	Studio Suites Twin
cmauuys8t0025nnzbfcb94uxm	clyy7fgih00k4ii6im4zkajwe	4	0	1 Bedroom Family
cmauv16dj002bnnzbp0sx08kf	clyy7fgih00k4ii6im4zkajwe	2	0	1 Bedroom Deluxe
cmauv3420002hnnzb7y0gavfe	clyy7fgih00k4ii6im4zkajwe	2	0	1 Bedroom King
cmauv4lmp002nnnzbl4sgnlma	clyy7fgih00k4ii6im4zkajwe	4	0	2 Bedroom Superior
cmbpb18i1005qnn75914stbao	cm6lwt6bf0sbf101yuovrsl5c	2	0	Deluxe Room
cmauv5ym5002tnnzbb7ddowe1	clyy7fgih00k4ii6im4zkajwe	4	0	2 Bedroom Queen 
cmauvahxn002znnzbmryip8lb	clyy7fgkb00k9ii6imsuspoxd	2	0	Studio Executive 
cmauvccaz0034nnzbri830jzo	clyy7fgkb00k9ii6imsuspoxd	2	0	Studio Premier 
cmauvdzz80039nnzbiz7cq6i9	clyy7fgkb00k9ii6imsuspoxd	2	0	1 Bedroom Deluxe
cmauvfecd003ennzbhx3k9fh0	clyy7fgkb00k9ii6imsuspoxd	2	0	1 Bedroom Executive
cmauvgmry003jnnzbkpwjrreu	clyy7fgkb00k9ii6imsuspoxd	2	0	1 Bedroom Duplex
cmauvhzga003onnzbkl5liywd	clyy7fgkb00k9ii6imsuspoxd	4	0	2 Bedroom Deluxe
cmauy4ql3003tnnzbmtbya1cj	clyy7fgme00kpii6it9nl5trk	2	0	Rainforest Chalet 
cmauyem6g003ynnzb5gre1hno	cm2u6q6g809z4w3vsc3regjff	2	1	Deluxe Twin (1 Jun - 30 Sep)
cmauyg1nr0043nnzbalqrit3q	cm2u6q6g809z4w3vsc3regjff	3	0	Studio Mountain King (1 Jun - 30 Sep)
cmauyhebw0048nnzbil89us1h	cm2u6q6g809z4w3vsc3regjff	3	0	Studio Seaview
cmauyixym004dnnzbhasggiaw	cm2u6q6g809z4w3vsc3regjff	4	0	Premier Two Bedroom Suite (1 Jun - 30 Sep)
cmaw10dwo004innzbid8fbnix	cmaw07ons0001zbnn3k7242wk	3	1	Deluxe Garden 
cmaw12eve004pnnzbcn1c1vo6	cmaw07ons0001zbnn3k7242wk	2	0	Premium Garden View
cmaw13yrx004wnnzbhyolg7v5	cmaw07ons0001zbnn3k7242wk	3	1	Premium Sea view
cmaw15gf80053nnzb1ucbzbyi	cmaw07ons0001zbnn3k7242wk	4	1	One Bedroom Garden View Suite
cmaw16zep005annzbn12e7hzc	cmaw07ons0001zbnn3k7242wk	3	1	Studio Sea View Suite
cmaw18tmn005hnnzbg526kldk	cmaw07ons0001zbnn3k7242wk	6	2	Two Bedroom Garden View Suite
cmaw4xsx4005onnzbtr92eyd4	cmaw4tal60002zbnnhedt5nxb	2	0	Suprior Hill View
cmaw4yw7z005tnnzbeuo3kr9i	cmaw4tal60002zbnnhedt5nxb	2	0	Deluxe Sea View
cmaw504xk005ynnzbgtweomae	cmaw4tal60002zbnnhedt5nxb	3	1	Junior Suit Hill View
cmaw51y8q0063nnzbcj2ya8pq	cmaw4tal60002zbnnhedt5nxb	2	0	Deluxe Suite Hill View
cmaw59kkk0067nnzbyiigkcut	clyy7fgme00kpii6it9nl5trk	2	0	Premier Seaview Chalet 
cmaw5b3p8006cnnzb37c0ujk2	clyy7fgme00kpii6it9nl5trk	2	0	Rainforest Studio 
cmaw5c4j8006hnnzb7qj8jdre	clyy7fgme00kpii6it9nl5trk	4	0	Family Chalet
cmaw5dayf006mnnzbt5ieub5g	clyy7fgme00kpii6it9nl5trk	2	0	Premier Chalet on Water
cmawanfsk006rnnzbulp72vfb	clyy7fggq00juii6i0cp1qadv	2	0	Courtyard (Double Bed)
cmawaozr3006ynnzbz66o1hz5	clyy7fggq00juii6i0cp1qadv	2	0	Skylight (Twin/Double Bed)
cmawawbz60074nnzbqi15twir	clyy7fggq00juii6i0cp1qadv	2	0	Hill View (Double Bed)
cmaway47b007annzb6rhdkc3d	clyy7fggq00juii6i0cp1qadv	4	0	Jetty View / Hill View Family (Quardruple Bed)
cmawazpkj007gnnzbuk63licz	clyy7fggq00juii6i0cp1qadv	3	1	Mommodore Suite 2 Bedroom (Double Bed)
cmawbgypd007nnnzbn8k22w2z	clyy7fggq00juii6i0cp1qadv	6	1	Marina Cottage 3 Bedroom (Single/Twin/Double)
cmawbil3w007unnzbc01p6yx9	clyy7fggq00juii6i0cp1qadv	6	1	Admiral Suite 3 Bedroom (Double Bed)
cmaxjuqne0002nnwpcgkn8stv	cmaxejno00000wpnn6llidu7z	3	1	Superior Twin (2 Single Bed)
cmaxjvwqv0007nnwpfpcfvnwn	cmaxejno00000wpnn6llidu7z	3	1	Deluxe King (1 King Bed)
cmaxjx2p8000cnnwpwadcv3gd	cmaxejno00000wpnn6llidu7z	4	1	Super Deluxe (1 Queen Bed + 1 Single Bed)
cmaxjyijg000hnnwplbi0lzn3	cmaxguoff0001wpnn9m5d20nq	3	1	Standard King (1 King Bed)
cmaxjzgwu000mnnwptufsvil0	cmaxguoff0001wpnn9m5d20nq	3	1	Standard Twin (2 Single Bed)
cmaxk0sn5000rnnwpfbuq92d4	cmaxguoff0001wpnn9m5d20nq	4	1	Superior Queen (1 Queen Bed & 1 Single Bed)
cmaxk24d4000wnnwp8nbmfu1e	cmaxguoff0001wpnn9m5d20nq	4	1	Deluxw Queen (1 Queen Bed & 1 Single Bed)
cmaxk79bl0011nnwp5vkvfpar	cmaxgwhnb0002wpnn4k6k4u5q	3	1	Deluxe King (1 King Bed)
cmaxk8ei80016nnwpbb8q6y2i	cmaxgwhnb0002wpnn4k6k4u5q	3	1	Deluxe Twin (2 Single Bed)
cmaxk9t8b001bnnwppxv0juyh	cmaxgwhnb0002wpnn4k6k4u5q	3	1	Family Suites (Twin Bed with Living Room)
cmaxkaw93001gnnwp4bw4l844	cmaxgwhnb0002wpnn4k6k4u5q	3	1	Family Suite (King Bed with Living Room)
cmaxkcnh8001lnnwpx5hu7rv1	cmaxk5gak0005wpnn36hxebme	3	1	Deluxe Room (1 King Bed)
cmaxkdd4x001qnnwppu2eiyjm	cmaxk5gak0005wpnn36hxebme	3	1	Deluxe Room (1 Twin Bed)
cmaxkjys5001vnnwpg3ajwkal	cmaxk5gak0005wpnn36hxebme	3	1	Junior Suite Twin (2 Single Bed)
cmaxkkxno0020nnwp5qiw9x1k	cmaxk5gak0005wpnn36hxebme	3	1	Junior Suite King (1 King Bed)
cmaxkt80q0025nnwprcq1yg5s	cmaxh5c960003wpnn3aifb34g	3	1	Standard Queen (1 Queen Bed)
cmaxkuc82002annwppw69rh61	cmaxh5c960003wpnn3aifb34g	3	1	Standard King (1 King Bed)
cmaxkv7qu002fnnwpl369rl7j	cmaxh5c960003wpnn3aifb34g	3	1	Standard Twin (2 Single Bed)
cmaxkxcvc002knnwpzx5rqiw0	cmaxhqu3a0004wpnn3rkp6c1l	3	1	Deluxe King - 1 Queen Bed (Sun - Thu)
cmaxky9tl002pnnwp4z4y6loa	cmaxhqu3a0004wpnn3rkp6c1l	3	1	Deluxe Twin - 1 King Bed (Sun - Thu)
cmaxkz7ju002unnwp6ln3n4wc	cmaxhqu3a0004wpnn3rkp6c1l	3	1	Deluxe King - 1 Queen Bed (Fri & Sat)
cmaxl03gy002znnwp41rli2q2	cmaxhqu3a0004wpnn3rkp6c1l	3	1	Deluxe Twin - 1 King Bed (Fri - Sat)
cmaxmgi7x003bnnwp70pcuqyl	cmaxmaiz20007wpnnbhngft0y	3	1	Premier Sea Facing 
cmaxmf2pb0034nnwp46gyegf6	cmaxmaiz20007wpnnbhngft0y	2	0	Deluxe Room
cmaxmn6n2003innwpkcbntm28	cm2a3rqwp09ncp4z6b3njpf1n	3	1	Studio Room
cmaxmo61p003pnnwppgg9eh2q	cm2a3rqwp09ncp4z6b3njpf1n	3	1	Tioga deluxe Suite
cmaxmqnvt0043nnwp1w9xludc	cm2a3rqwp09ncp4z6b3njpf1n	6	0	Shasta Family Suite
cmaxmpgwo003wnnwpvnfwtw63	cm2a3rqwp09ncp4z6b3njpf1n	4	0	Fresno Family Suite
cmaxn83he0049nnwpzlrg9zc2	cmaxn3thh0008wpnneqs877di	2	0	Garden View
cmaxn9018004fnnwpcvzxrqj5	cmaxn3thh0008wpnneqs877di	2	0	Golf View
cmaxna7tb004lnnwp2tszot0i	cmaxn3thh0008wpnneqs877di	3	0	Family Room 
cmaxnruuk004rnnwpgfy65n05	cm3r54v2g0anfu9cg4wkh36v1	3	1	Superior Premium (Sun - Thu)
cmaxo1ria004xnnwp3ut3o4cx	cm3r54v2g0anfu9cg4wkh36v1	3	1	Deluxe (Sun - Thu)
cmaxo55920059nnwpyc6dwn3n	cm3r54v2g0anfu9cg4wkh36v1	3	1	Executive (Sun - Thu)
cmaxoctc8005fnnwpjf8xymfw	cm3r54v2g0anfu9cg4wkh36v1	3	1	Superior Premium (Fri - Sat)
cmaxoflqt005lnnwp78cvndfy	cm3r54v2g0anfu9cg4wkh36v1	3	1	Deluxe (Fri - Sat)
cmaxo3lgp0053nnwpbx65n4nq	cm3r54v2g0anfu9cg4wkh36v1	3	1	Premier (Sun - Thu)
cmaxoj3dj005rnnwpxhzny9dr	cm3r54v2g0anfu9cg4wkh36v1	3	1	Premier (Fri - Sat)
cmaxp099r005xnnwp9eocmg8d	cm3r54v2g0anfu9cg4wkh36v1	3	1	Executive Suite (Fri - Sat)
cmaxpvcn10063nnwpfsusxk2x	clyy7fgmk00krii6iiir8bekk	2	0	Studio Suite (Sun - Thu) 
cmaxpwcnh0068nnwpwteg9z5l	clyy7fgmk00krii6iiir8bekk	4	0	2 Bedroom Family Suite (Sun - Thu)
cmaxpy3y9006dnnwpgm9wr7kn	clyy7fgmk00krii6iiir8bekk	2	0	Studio Residence (Sun - Thu)
cmaxq00u9006innwpg6qgyzn7	clyy7fgmk00krii6iiir8bekk	4	0	2 Bedroom Family Residence (Sun - Thu)
cmaxq1664006nnnwp3bxwzm17	clyy7fgmk00krii6iiir8bekk	6	0	3 Bedroom Family Residence (Sun - Thu) 
cmaxq2jed006snnwp0bjbcxuv	clyy7fgmk00krii6iiir8bekk	2	0	Studio Suite (Fri - Sat)
cmaxq3zau006xnnwpzt88nvgq	clyy7fgmk00krii6iiir8bekk	4	0	2 Bedroom Family Suite (Fri - Sat)
cmaxq56j30072nnwpu6gue2r3	clyy7fgmk00krii6iiir8bekk	2	0	Studio Residence (Fri - Sat)
cmaxr0nnq0077nnwp1v3vjkk5	clyy7fgmk00krii6iiir8bekk	4	0	2 Bedroom Family Residence (Fri - Sat)
cmaxr2dvx007cnnwpucf526kf	clyy7fgmk00krii6iiir8bekk	6	0	3 Bedroom Family Residence (Fri - Sat)
cmaxrl317007hnnwp26b2b3nu	clyy7fgmr00ktii6i14dn8xoa	4	0	VIP Villa, Private Pool 
cmaxrm1k0007nnnwpi193g5vw	clyy7fgmr00ktii6i14dn8xoa	2	0	Family Villa
cmaxrncyp007tnnwprw6i5vlh	clyy7fgmr00ktii6i14dn8xoa	2	0	TAB Villa Balcony 
cmaxrofa3007znnwp4f3nh6b4	clyy7fgmr00ktii6i14dn8xoa	2	0	1 Bedroom Villa 
cmaxrpgnu0085nnwp7z0pvkw6	clyy7fgmr00ktii6i14dn8xoa	2	0	TAB Villa 
cmaxrqbvh008bnnwptaciiwfe	clyy7fgmr00ktii6i14dn8xoa	2	0	Ocean Suite Balcony
cmaxrr6x9008hnnwpn9v4vjc6	clyy7fgmr00ktii6i14dn8xoa	2	0	Ocean Suite
cmaxrxa6g008nnnwptd469xam	cm3y9dly60z6qu9cgp7nr3jbp	4	0	VIP Villa, Private Pool 
cmaxry676008tnnwpqthf6xls	cm3y9dly60z6qu9cgp7nr3jbp	2	0	Family Villa 
cmaxrza8d008znnwpxtixyngx	cm3y9dly60z6qu9cgp7nr3jbp	2	0	TAB Villa Balcony 
cmaxs0oao0095nnwphwhdqwg1	cm3y9dly60z6qu9cgp7nr3jbp	2	0	1 Bedroom Villa
cmaxs21jx009bnnwparhnbm0y	cm3y9dly60z6qu9cgp7nr3jbp	2	0	TAB Villa 
cmaxs2zba009hnnwpg0jfjmil	cm3y9dly60z6qu9cgp7nr3jbp	2	0	Ocean Suite Balcony 
cmaxs3wu3009nnnwpy34g2ykf	cm3y9dly60z6qu9cgp7nr3jbp	2	0	Ocean Suite 
cmaywd5wh009ynnwpz4nyn4bw	cmayvu7le0009wpnnatfw3nfh	3	1	Deluxe Room (2A 2C)
cmaywl6tf00a5nnwp3qxwquud	cmayvu7le0009wpnnatfw3nfh	3	1	Pines Room (2A 2C)
cmaywmj2l00abnnwp7qgagqiw	cmayvu7le0009wpnnatfw3nfh	3	1	Superior with Garden Room (2A 2C)
cmaywnsy000ahnnwpoupfppth	cmayvu7le0009wpnnatfw3nfh	3	1	Deluxe with Garden Room (2A 2C)
cmb7lxwl40007nn4a4xqlv7ou	cmb4z5ma100004ann2nqz3blq	3	1	Noordin King Bed with Lanai Room (Sun - Thu)
cmb7lznzx000dnn4a0vmz5282	cmb4z5ma100004ann2nqz3blq	3	1	Macallum Twin Bed with Lanai Room (Sun - Thu)
cmb7m1vtv000jnn4alezp4c1d	cmb4z5ma100004ann2nqz3blq	3	1	Cecil Deluxe King/Twin Room (Fri - Sat)
cmaywp9yq00annnwpwrqtylj1	cmayvu7le0009wpnnatfw3nfh	5	1	Duplex Suite Room (4A 2C)
cmaywszk900aunnwp5g2i1lgi	cmayvu7le0009wpnnatfw3nfh	3	1	Superior Room (2A 2C) (Fri - Sat)
cmaywudqt00b0nnwplo8xcbta	cmayvu7le0009wpnnatfw3nfh	3	1	Deluxe Room (2A 2C) (Fri - Sat)
cmayww4gc00b6nnwpnef3e6rg	cmayvu7le0009wpnnatfw3nfh	3	1	Pines Room (2A 2C) (Fri - Sat) 
cmaywxmy900bcnnwpgufrmzsg	cmayvu7le0009wpnnatfw3nfh	3	1	Superior with Garden (2A 2C) (Fri - Sat) 
cmaywyytm00binnwpcepwsdoo	cmayvu7le0009wpnnatfw3nfh	3	1	Deluxe Garden Room (2A 2C) (Fri - Sat)
cmayx0lfp00bonnwpl58ybmtr	cmayvu7le0009wpnnatfw3nfh	5	1	Duplex Suite Room (4A 2C) (Fri - Sat)
cmaz3criq00bunnwpa9pol7hg	cm4jdgq9l0p0uy65zkonx8eod	4	1	Garden Family Villa
cmaz3e73u00c0nnwpopi3ient	cm4jdgq9l0p0uy65zkonx8eod	3	1	Rainforest Villa Deluxe
cmaz3g29900c6nnwpy8sifefm	cm4jdgq9l0p0uy65zkonx8eod	4	1	Rainforest Family Villa
cmaz3ib5w00ccnnwpi8pomvpl	cm4jdgq9l0p0uy65zkonx8eod	4	1	Semi Beach Villa 
cmaz3jsfq00cinnwpi8r8hija	cm4jdgq9l0p0uy65zkonx8eod	3	1	Beach Cluster Villa
cmaz3kv5500connwpwf86epsw	cm4jdgq9l0p0uy65zkonx8eod	3	1	Beach Villa Deluxe
cmaz3lvvr00cunnwp5fqnt0qv	cm4jdgq9l0p0uy65zkonx8eod	4	1	Beach Family Villa
cmaz4g0vx00d0nnwpuuq27vaz	cmaxldied0006wpnnbqi42awo	2	0	Superior Single/Twin Room 
cmaz4goil00d3nnwpf6v7ddzn	cmaxldied0006wpnnbqi42awo	3	0	Superior Triple/Family Room
cmaz4hez200d6nnwp3es8b4ge	cmaxldied0006wpnnbqi42awo	2	0	Deluxe Single/Twin Room
cmaz4i40x00d9nnwp1ye1errm	cmaxldied0006wpnnbqi42awo	3	0	Deluxe Triple/Family
cmaz4iwpj00dcnnwpuz1gk9dx	cmaxldied0006wpnnbqi42awo	2	0	Superior Suite Single Room
cmaz4jjpj00dfnnwph4gvpjej	cmaxldied0006wpnnbqi42awo	2	0	Executive Single Room
cmaz4kgel00dinnwpxhmebwm5	cmaxldied0006wpnnbqi42awo	4	0	2 Bedroom Suite Room (Quad)
cmaz4l3sn00dlnnwptaq5aquy	cmaxldied0006wpnnbqi42awo	2	0	VIP Suite Single Room
cmb7lt5ke0001nn4ajuoohp8b	cmb4z5ma100004ann2nqz3blq	3	1	Cecil Deluxe King/Twin Room (Sun - Thu)
cmb7m3c7r000pnn4aaszmkhw1	cmb4z5ma100004ann2nqz3blq	3	1	Noordin King Bed with Lanai Room (Fri - Sat)
cmb7m5c5o000vnn4aigvf6tc3	cmb4z5ma100004ann2nqz3blq	3	1	Macallum Twin Bed with Lanai Room (Fri - Sat)
cmb7mf3y10011nn4azel80pzb	clyy7fghi00jzii6iu6vje5al	2	0	Deluxe Hill View (Single/Twin)
cmb7mg0ve0014nn4a7qn89jcv	clyy7fghi00jzii6iu6vje5al	2	0	Deluxe Sea View (Single/Twin)
cmb7mgils0018nn4a8104e43b	clyy7fghi00jzii6iu6vje5al	4	0	02 Bedroom Suite 
cmb7mgyjw001bnn4ay3635i37	clyy7fghi00jzii6iu6vje5al	6	0	03 Bedroom Suite
cmb7mlycm001enn4adl6af28v	cm7e9uswd2fbb101y03zejkyf	3	1	Deluxe Room
cmb7mnote001lnn4ahl6s3wll	cm7e9uswd2fbb101y03zejkyf	3	1	Executive Room 
cmb7movr6001tnn4a3j6ryyav	cm7e9uswd2fbb101y03zejkyf	3	1	L Suite (1 Bedroom) 
cmb7mqfns0020nn4afoe4u0jx	cm7eadxvv2fci101yxcgsreiy	3	1	Deluxe Room 
cmb7mrxc00027nn4acxoeky85	cm7eadxvv2fci101yxcgsreiy	3	1	Executive Room 
cmb7msybb002enn4ayi345eau	cm7eadxvv2fci101yxcgsreiy	3	1	Executive Premier
cmb7mxe7v002knn4aimcf5hgn	cm75nhoc225fu101y54ngisdu	3	1	Superior (City View) 
cmb7n0okc002qnn4a55n7ngux	cm75nhoc225fu101y54ngisdu	3	1	Deluxe (Sea View) 
cmb7of0lw002wnn4an2asfive	cm3438g000hlkw3vswyw6daht	3	1	Heritage Wing - Georgetown Suite  
cmb7p09400033nn4a58bmre5u	cm3438g000hlkw3vswyw6daht	3	1	Heritage Wing - Deluxe Suite
cmb7p1idd003ann4amy72ublm	cm3438g000hlkw3vswyw6daht	3	1	Heritage Wing - Premier Suite 
cmb7p30t3003hnn4abli18r68	cm3438g000hlkw3vswyw6daht	3	1	Heritage Wing - Straits Suite
cmb7p4efl003onn4a61e02y6r	cm3438g000hlkw3vswyw6daht	3	1	Heritage Wing - Writers Suite
cmb7p6h0o003vnn4arubwql6k	cm3438g000hlkw3vswyw6daht	3	1	Heritage Wing - Pinang Suite
cmb7pbd1u0042nn4acqea4hm1	cm3438g000hlkw3vswyw6daht	3	1	Victory Annexe - Studio Suite
cmb7pcp630049nn4aiu6y7zdu	cm3438g000hlkw3vswyw6daht	3	1	Victory Annexe - Corner Suite
cmb7t25ag004lnn4a2z2ea14m	cmb7placq00014annacvx0vz7	2	0	Deluxe King/Twin Room (Sun - Thu)
cmb7qav8v004gnn4azakwq25g	cmb7placq00014annacvx0vz7	2	0	Superior King/Twin Room (Sun - Thu)
cmbacmca0000knnyibs8xae11	cmb7placq00014annacvx0vz7	2	0	Superior Room (Fri - Sat)
cmbaco7wc000qnnyiawhy9onx	cmb7placq00014annacvx0vz7	2	0	Deluxe Room (Fri - Sat)
cmaywbr0l009tnnwp3lo12t49	cmayvu7le0009wpnnatfw3nfh	3	1	Superior Room (2A 2C)
cmboydbcd0031nn75z57xni0p	cm7efad882fts101yvkh8pg7m	3	1	Executive Deluxe Room (Fri - Sat)
cmbkbh50h001lnnmfp0w8namt	cm0ynu5sn02oardhpz9n3csfe	4	1	One Bedroom Superior (2pax Breakfast) 
cmbkbiyli001snnmfeoi92dbv	cm0ynu5sn02oardhpz9n3csfe	5	1	Two Bedroom Superior (4pax Breakfast)
cmbkbkizf001znnmf7kbomzbe	cm0ynu5sn02oardhpz9n3csfe	5	1	Two Bedroom Deluxe (4pax Breakfast)
cmboyez2m0037nn75qbqsh0gp	cm7efad882fts101yvkh8pg7m	3	1	Executive Deluxe Seaview Room (Fri - Sat)
cmboygm7r003dnn75bflxiuf0	cm7efad882fts101yvkh8pg7m	4	1	Executive Studio Suite (Fri - Sat)
cmbkbbmzo0017nnmf89nq42uf	cm0ynu5sn02oardhpz9n3csfe	4	1	Executive Deluxe City View (2pax Breakfast)
cmbkbd6va001ennmfq4w3f9q1	cm0ynu5sn02oardhpz9n3csfe	4	1	Grand Premier King (2pax Breakfast)
cmbkba0qz0010nnmfc5m6wt6l	cm0ynu5sn02oardhpz9n3csfe	4	1	Executive Deluxe King (2pax Breakfast)
cmbkb8ji6000tnnmffcia7aff	cm0ynu5sn02oardhpz9n3csfe	4	1	Premier King (2pax Breakfast)
cmbkb718j000mnnmf86wqasdf	cm0ynu5sn02oardhpz9n3csfe	4	1	Junior Premier King (2pax Breakfast)
cmbkb5r6n000fnnmfr49qould	cm0ynu5sn02oardhpz9n3csfe	4	1	Deluxe King (2pax Breakfast)
cmbkb4jnx0008nnmfhwsqkoeb	cm0ynu5sn02oardhpz9n3csfe	4	1	Deluxe Twin (2pax Breakfast)
cmbkb30fq0001nnmf5z4kb30d	cm0ynu5sn02oardhpz9n3csfe	3	1	Superior King
cm9xpfg3k00d5nnpp3obw0876	cm7efad882fts101yvkh8pg7m	3	1	Deluxe Room (Sun - Thu)
cmbox7uyk0001nn75mk78w3ik	cm7efad882fts101yvkh8pg7m	3	1	Deluxe Seaview Room 
cmboxa3h40007nn75qnjgl51a	cm7efad882fts101yvkh8pg7m	4	1	Studio Suite Room (Sun - Thu)
cmboxc3gl000dnn75q71xykta	cm7efad882fts101yvkh8pg7m	4	1	Studio Suite Seaview Room (Sun - Thu)
cmboxdqea000jnn752807yz30	cm7efad882fts101yvkh8pg7m	4	1	Family Studio Suite Room (Sun - Thu)
cmboxg58f000pnn75ng0bi4na	cm7efad882fts101yvkh8pg7m	4	1	Family Studio Suite Seaview Room (sun - Thu)
cmboxhp97000vnn75bjohnkc0	cm7efad882fts101yvkh8pg7m	3	1	Executive Deluxe Room (Sun - Thu)
cmboxm9ge0011nn75ic2f6u5i	cm7efad882fts101yvkh8pg7m	3	1	Executive Deluxe Seaview Room (Sun - Thu)
cmboxoek00017nn75g6wdk79p	cm7efad882fts101yvkh8pg7m	4	1	Executive Studio Suite Room (Sun - Thu)
cmboxr79h001dnn75ronrhp5s	cm7efad882fts101yvkh8pg7m	4	1	Executive Studio Suite Seaview Room (Sun - Thu)
cmboxt3ob001jnn75vbiknafz	cm7efad882fts101yvkh8pg7m	4	1	Executive Family Studio Suite Room (Sun - Thu)
cmboxux7y001pnn75xsdbhd94	cm7efad882fts101yvkh8pg7m	4	1	Executive Family Studio Suite Seaview Room (Sun - Thu)
cmboxxgbq001vnn759xr52c1e	cm7efad882fts101yvkh8pg7m	6	1	2 Bedroom Suite Room (Sun - Thu) 
cmboy03cf0021nn750s7y0lgg	cm7efad882fts101yvkh8pg7m	3	1	Deluxe Room (Fri - Sat)
cmboy1ixv0027nn75e4w5ofwx	cm7efad882fts101yvkh8pg7m	3	1	Deluxe Seaview (Fri - Sat)
cmboy4hqs002dnn75cx2ffyvq	cm7efad882fts101yvkh8pg7m	4	1	Studio Suite Room (Fri  - Sat)
cmboy6h3t002jnn756vh5a1gh	cm7efad882fts101yvkh8pg7m	4	1	Studio Suite Seaview Room (Fri - Sat)
cmboy8hkl002pnn75uijcudvz	cm7efad882fts101yvkh8pg7m	4	1	Family Studio Suite Room (Fri - Sat) 
cmboybdhs002vnn75s9invtyb	cm7efad882fts101yvkh8pg7m	4	1	Family Studio Suite Seaview Room (Fri - Sat)
cmboyiqya003jnn751djzaiza	cm7efad882fts101yvkh8pg7m	4	1	Executive Studio Suite Seaview Room (Fri - Sat)
cmboyl3ih003pnn7551he63u4	cm7efad882fts101yvkh8pg7m	4	1	Execuitve Family Studio Suite Room (Fri - Sat)
cmboynpnm003vnn75j08gptmw	cm7efad882fts101yvkh8pg7m	4	1	Executive Family Studio Suite Seaview Room (Fri - Sat)
cmboypejk0041nn75qv74o126	cm7efad882fts101yvkh8pg7m	6	1	2 Bedroom Suite (Fri - Sat)
cmboyrgqa0047nn75g6uf5658	cm7efad882fts101yvkh8pg7m	6	1	2 Bedroom Suite View (Fri - Sat)
cmboyut5d004enn758o1pr6g0	cm7efad882fts101yvkh8pg7m	3	1	Deluxe Room (Peak Season) 
cmboywbtp004knn75v39i4ike	cm7efad882fts101yvkh8pg7m	3	1	Deluxe Seaview Room (Peak Season) 
cmboyypgg004qnn75fpuy0o67	cm7efad882fts101yvkh8pg7m	4	1	Studio Suite Room (Peak Season)
cmboz0wk9004wnn75n9klwmem	cm7efad882fts101yvkh8pg7m	4	1	Studio Suite Seaview Room (Peak Season) 
cmboz34ll0052nn75el6t8602	cm7efad882fts101yvkh8pg7m	4	1	Family Studio Suite Seaview Room (Peak Season)
cmboz5tze0058nn75bqj2686g	cm7efad882fts101yvkh8pg7m	3	1	Executive Deluxe Room (Peak Season)
cmboz7qd3005enn75hcy4ler0	cm7efad882fts101yvkh8pg7m	3	1	Executive Deluxe Seaview Room (Peak Season)
cmboz9ia6005knn75o0qytljl	cm7efad882fts101yvkh8pg7m	4	1	Executive Studio Suite Room (Peak Season)
cmbpb2sl9005wnn75y3qzy2kx	cm6lwt6bf0sbf101yuovrsl5c	3	0	Deluxe Plus Room
cmbpb3xuo0062nn75zx0x7pn7	cm6lwt6bf0sbf101yuovrsl5c	4	0	Family Room
cmbpb4v0n0068nn75b2mad76r	cm6lwt6bf0sbf101yuovrsl5c	6	0	Family Suite
cmbpb5waz006enn758plwwibf	cm6lwt6bf0sbf101yuovrsl5c	2	0	Executive Room
cmbpb6vbk006knn75smtfftme	cm6lwt6bf0sbf101yuovrsl5c	4	0	Executive Suite
cmbpbm7yk006qnn75ikpksqxr	cmbpbklyw000075nnheuze9yi	1	0	Chalet Single
cmbpbrci8006unn75e1nr6zmp	cmbpbklyw000075nnheuze9yi	2	1	Chalet (Twin / Double)
cmbpbt6wb0071nn759158nncw	cmbpbklyw000075nnheuze9yi	3	0	Chalet Triple
cmbpbuwlw0077nn75jokw6l4e	cmbpbklyw000075nnheuze9yi	4	0	Chalet Quad
cmbpbwn4f007dnn75mdc9wh1x	cmbpbklyw000075nnheuze9yi	2	0	1 Bedroom Chalet
cmbpby07d007jnn757my2vhqt	cmbpbklyw000075nnheuze9yi	4	0	2 Bedroom Bungalow
cmbrk7mlt00chnn75b1t0cnd2	clyy7fgh400jxii6iaa52fxye	2	0	Family Studio Condotel
cmbrk8p3b00cnnn75ctepeigk	clyy7fgh400jxii6iaa52fxye	4	0	2 Bedroom Condotel
cmbrk9h8d00ctnn75cutr9cs3	clyy7fgh400jxii6iaa52fxye	6	0	3 Bedroom Condotel
cmbrkczfc00cznn75g74m9xhm	clyy7fgh400jxii6iaa52fxye	4	0	2 Bedroom Apartment
cmbrkff8c00d5nn75hgoede8f	clyy7fgh400jxii6iaa52fxye	8	0	Standard Villa with Pool (4 Bedroom)
cmbrkghei00dbnn75gsnk6sh8	clyy7fgh400jxii6iaa52fxye	8	0	Superior Villa with Pool (4 Bedroom)
cmbrkhpxy00dhnn757ni1x7dj	clyy7fgh400jxii6iaa52fxye	8	0	Fence Up Villa with Pool (4 Bedroom)
cmbrkim7i00dnnn755ldied5o	clyy7fgh400jxii6iaa52fxye	4	0	Villa Suite
cmbrkzh0a00dtnn75c4j91h9s	cmbrkxp3n000175nngpfc58sh	2	0	Superior Room (King / Twin) - (Sun - Thurs)
cmbrl0cni00dznn75cdk2ls6o	cmbrkxp3n000175nngpfc58sh	2	0	Superior Room (King / Twin) - (Fri - Sat)\t
cmbrlc45g00e5nn75a4w8gdl5	cmbrlap4z000275nn1dwvh48y	2	0	Lake Villa (Sun - Thurs)
cmbrlcwvz00e8nn75lf7zrs4l	cmbrlap4z000275nn1dwvh48y	2	1	Water Villa (Sun - Thurs)
cmbrldkk000ednn75973b8bsk	cmbrlap4z000275nn1dwvh48y	2	1	Garden Villa (Sun - Thurs)
cmbrlgcq600einn753bjy96s7	cmbrlap4z000275nn1dwvh48y	2	0	Lake Villa (Fri - Sat)
cmbrlh3un00elnn75225cla5c	cmbrlap4z000275nn1dwvh48y	2	1	Water Villa (Fri - Sat)
cmbrlhtav00eqnn75ckbbrg3h	cmbrlap4z000275nn1dwvh48y	2	1	Garden Villa (Fri - Sat)
cmbrpdv1v00evnn7547frjnid	cm1yhigce00ylqbbu2lhh6jbd	2	1	Superior Room (King / Twin) - (26 May 25 - 14 Dec 25, 11 Jan 26 - 11 Feb 26, 1 Mar 26 - 31 Mar 26)
cmc08g87l0072nnok3apd9zp7	cmc08eum70000oknn2vok6es6	3	1	Deluxe Triple Room
\.


--
-- Data for Name: RoomPrice; Type: TABLE DATA; Schema: public; Owner: postgres
--

COPY public."RoomPrice" (id, "roomId", category, pax, "costPrice", "optionalPrice") FROM stdin;
cm9v6tpaj002annpp39icys3g	cm9v6tpaj0029nnppfy2natw8	Per Room Per Night	Adult	350	350
cm9v6utea002hnnpp1f7vzztz	cm9v6utea002fnnpplyig52aa	Surcharge	Adult	50	50
cm9v50a6h0002nnppbpmmprtm	cm9v50a6g0001nnpplrtvjhpr	Per Room Per Night	Adult	255	255
cm9v50a6h0003nnppze7fqiri	cm9v50a6g0001nnpplrtvjhpr	Extra Bed	Adult	112	112
cm9v50a6h0004nnppxkxr1s68	cm9v50a6g0001nnpplrtvjhpr	Extra Bed	Child	112	112
cm9v50a6h0005nnppa1noqx4j	cm9v50a6g0001nnpplrtvjhpr	Breakfast	Adult	35	35
cm9v50a6h0006nnpp52p9te0j	cm9v50a6g0001nnpplrtvjhpr	Child Breakfast	Child	21	21
cm9v50a6h0007nnpp0la214yt	cm9v50a6g0001nnpplrtvjhpr	Surcharge	All	50	50
cm9v54bge000annppnu951t5y	cm9v54bge0009nnppto95xk1v	Per Room Per Night	Adult	280	280
cm9v54bge000bnnpphjvf3f35	cm9v54bge0009nnppto95xk1v	Extra Bed	Adult	112	112
cm9v54bge000cnnpp4fjn8h3b	cm9v54bge0009nnppto95xk1v	Extra Bed	Child	112	112
cm9v54bge000dnnppg5ik925b	cm9v54bge0009nnppto95xk1v	Breakfast	Adult	35	35
cm9v54bge000ennppe08u8prn	cm9v54bge0009nnppto95xk1v	Child Breakfast	Child	21	21
cm9v54bge000fnnpp397xb7bt	cm9v54bge0009nnppto95xk1v	Surcharge	All	50	50
cm9v56ae7000innppa4bvuaq9	cm9v56ae7000hnnppus99lc90	Per Room Per Night	Adult	315	315
cm9v56ae7000jnnppcajw5j32	cm9v56ae7000hnnppus99lc90	Extra Bed	Adult	112	112
cm9v56ae7000knnpp4rznpw5x	cm9v56ae7000hnnppus99lc90	Extra Bed	Child	112	112
cm9v56ae7000lnnppcp8ayg45	cm9v56ae7000hnnppus99lc90	Breakfast	Adult	35	35
cm9v56ae7000mnnppr1sna6rw	cm9v56ae7000hnnppus99lc90	Child Breakfast	Child	21	21
cm9v56ae7000nnnpp3n15szpm	cm9v56ae7000hnnppus99lc90	Surcharge	All	50	50
cm9v590dr000qnnppn3k2x4r6	cm9v590dr000pnnppxwffs3sf	Per Room Per Night	Adult	625	625
cm9v590dr000rnnppp1ag1s4r	cm9v590dr000pnnppxwffs3sf	Child Breakfast	Child	21	21
cm9v590dr000snnppyvqub71s	cm9v590dr000pnnppxwffs3sf	Surcharge	Adult	50	50
cm9v5bfvf000vnnppmpkkzcwn	cm9v5bfvf000unnpp4ducdi2j	Per Room Per Night	Adult	575	575
cm9v5bfvf000wnnppnkt70xzs	cm9v5bfvf000unnpp4ducdi2j	Extra Bed	Adult	112	112
cm9v5bfvf000xnnpp7okgwh9q	cm9v5bfvf000unnpp4ducdi2j	Extra Bed	Child	112	112
cm9v5bfvf000ynnppjbf22mec	cm9v5bfvf000unnpp4ducdi2j	Breakfast	Adult	35	35
cm9v5bfvf000znnppjlnjdawx	cm9v5bfvf000unnpp4ducdi2j	Child Breakfast	Child	21	21
cm9v5bfvf0010nnpp0dhouemr	cm9v5bfvf000unnpp4ducdi2j	Surcharge	Adult	50	50
cm9v5hw780013nnpplfkjqz2u	cm9v5hw780012nnppkgq6ujw3	Per Room Per Night	Adult	220	220
cm9v5hw780014nnppx8d91ber	cm9v5hw780012nnppkgq6ujw3	Extra Bed	Adult	112	112
cm9v5hw780015nnppm7rbsacv	cm9v5hw780012nnppkgq6ujw3	Extra Bed	Child	112	112
cm9v5hw780016nnppn4n3pfxr	cm9v5hw780012nnppkgq6ujw3	Breakfast	Adult	35	35
cm9v5hw780017nnppe5f75m8u	cm9v5hw780012nnppkgq6ujw3	Child Breakfast	Child	21	21
cm9v5hw780018nnppsgp6flij	cm9v5hw780012nnppkgq6ujw3	Surcharge	Adult	50	50
cm9v5sup1001bnnpp0yix66jw	cm9v5sup1001annppfd8f18lp	Per Room Per Night	Adult	245	245
cm9v5sup1001cnnppeo5bw4tc	cm9v5sup1001annppfd8f18lp	Extra Bed	Adult	112	112
cm9v5sup1001dnnppayhk2ezk	cm9v5sup1001annppfd8f18lp	Extra Bed	Child	112	112
cm9v5sup2001ennppuqboi1cf	cm9v5sup1001annppfd8f18lp	Breakfast	Adult	35	35
cm9v5sup2001fnnppev0y9zt6	cm9v5sup1001annppfd8f18lp	Child Breakfast	Child	21	21
cm9v5sup2001gnnppwa4g4m23	cm9v5sup1001annppfd8f18lp	Surcharge	Adult	50	50
cm9v5yk6p001jnnppaij5x2fs	cm9v5yk6p001innpp4t1tqm1y	Per Room Per Night	Adult	280	280
cm9v5yk6p001knnppoh9u07fd	cm9v5yk6p001innpp4t1tqm1y	Extra Bed	Adult	112	112
cm9v5yk6p001lnnpp47f33n0t	cm9v5yk6p001innpp4t1tqm1y	Extra Bed	Child	112	112
cm9v5yk6p001mnnpp8nb4ntii	cm9v5yk6p001innpp4t1tqm1y	Breakfast	Adult	35	35
cm9v5yk6p001nnnppkpnw2ad3	cm9v5yk6p001innpp4t1tqm1y	Child Breakfast	Child	21	21
cm9v5yk6p001onnppfzr5z80x	cm9v5yk6p001innpp4t1tqm1y	Surcharge	Adult	50	50
cm9v617x5001rnnpp6n0uitc4	cm9v617x4001qnnpph5xtpu6p	Per Room Per Night	Adult	590	590
cm9v617x5001snnppgstol4rq	cm9v617x4001qnnpph5xtpu6p	Child Breakfast	Child	21	21
cm9v617x5001tnnpph1retsot	cm9v617x4001qnnpph5xtpu6p	Surcharge	Adult	50	50
cm9v63qe3001wnnppzn8ar5si	cm9v63qe3001vnnppvn1hcdbq	Per Room Per Night	Adult	540	540
cm9v63qe3001xnnppn4feei2o	cm9v63qe3001vnnppvn1hcdbq	Extra Bed	Adult	112	112
cm9v63qe3001ynnppfv5y7xib	cm9v63qe3001vnnppvn1hcdbq	Extra Bed	Child	112	112
cm9v63qe3001znnpp2etpuztb	cm9v63qe3001vnnppvn1hcdbq	Breakfast	Adult	35	35
cm9v63qe30020nnppaabgw4fc	cm9v63qe3001vnnppvn1hcdbq	Child Breakfast	Child	21	21
cm9v63qe30021nnpp75o1vn6k	cm9v63qe3001vnnppvn1hcdbq	Surcharge	Adult	50	50
cm9v6rujn0024nnppghszbhjv	cm9v6rujn0023nnppxug0pial	Per Room Per Night	Adult	240	240
cm9v6rujn0025nnppvh4zun3g	cm9v6rujn0023nnppxug0pial	Extra Bed	Adult	150	150
cm9v6rujn0026nnppzira4atk	cm9v6rujn0023nnppxug0pial	Extra Bed	Child	150	150
cm9v6rujn0027nnppmrjz8gbj	cm9v6rujn0023nnppxug0pial	Surcharge	Adult	50	50
cm9v6tpaj002bnnppns01aidl	cm9v6tpaj0029nnppfy2natw8	Extra Bed	Adult	150	150
cm9v6tpaj002cnnppqd5kujqj	cm9v6tpaj0029nnppfy2natw8	Extra Bed	Child	150	150
cm9v7cggd002knnppdisg7iwa	cm9v7cggd002jnnpp9gzq07vl	Per Room Per Night	Adult	227	227
cm9v7cggd002lnnppcg7qsmye	cm9v7cggd002jnnpp9gzq07vl	Surcharge	Adult	100	100
cm9v7cggd002mnnppn23uqs86	cm9v7cggd002jnnpp9gzq07vl	Surcharge	Adult	250	250
cm9wiehri002pnnppsfn5eddk	cm9wiehri002onnppkoiryaft	Per Room Per Night	Adult	788	788
cm9wiehri002qnnppcqxboo9g	cm9wiehri002onnppkoiryaft	Surcharge	Adult	150	150
cm9wih032002tnnpp9zjfol2o	cm9wih032002snnpp6lvof4gu	Per Room Per Night	Adult	958	958
cm9wih032002unnpppbk0zpfn	cm9wih032002snnpp6lvof4gu	Breakfast	Adult	130	130
cm9wih032002vnnppfgo3ckgq	cm9wih032002snnpp6lvof4gu	Child Breakfast	Child	90	90
cm9wih032002wnnppca5er5kq	cm9wih032002snnpp6lvof4gu	Surcharge	Adult	150	150
cm9wii1p7002znnpp7fshyfhb	cm9wii1p7002ynnpphtqn2foe	Per Room Per Night	Adult	1108	1108
cm9wii1p70030nnppniob9gnj	cm9wii1p7002ynnpphtqn2foe	Breakfast	Adult	130	130
cm9wii1p70031nnppccwlk0tv	cm9wii1p7002ynnpphtqn2foe	Child Breakfast	Child	90	90
cm9wii1p70032nnpp9rf5y3dd	cm9wii1p7002ynnpphtqn2foe	Surcharge	Adult	150	150
cm9wija7a0035nnpp81cvcbx8	cm9wija7a0034nnppyax2fg2l	Per Room Per Night	Adult	820	820
cm9wija7a0036nnpp5ik484o5	cm9wija7a0034nnppyax2fg2l	Breakfast	Adult	130	130
cm9wija7a0037nnpp74tbh182	cm9wija7a0034nnppyax2fg2l	Child Breakfast	Child	90	90
cm9wija7a0038nnppjqiks6sp	cm9wija7a0034nnppyax2fg2l	Surcharge	Adult	150	150
cm9wivxfq003bnnpp6fk21x3d	cm9wivxfq003annppe773gti1	Per Room Per Night	Adult	285	285
cm9wivxfq003cnnpplthzbcjt	cm9wivxfq003annppe773gti1	Extra Bed	Adult	150	150
cm9wivxfq003dnnppg1jafe0f	cm9wivxfq003annppe773gti1	Extra Bed	Child	150	150
cm9wivxfq003ennppr66sju1a	cm9wivxfq003annppe773gti1	Breakfast	Adult	68	68
cm9wivxfq003fnnpppunlxo5j	cm9wivxfq003annppe773gti1	Child Breakfast	Child	40	40
cm9wivxfq003gnnpphmqh6g8t	cm9wivxfq003annppe773gti1	Surcharge	Adult	100	100
cm9wiygjo003jnnppx9w2pnce	cm9wiygjo003innpplgu7u4pw	Per Room Per Night	Adult	285	285
cm9wiygjo003knnpp8xx763sl	cm9wiygjo003innpplgu7u4pw	Extra Bed	Adult	150	150
cm9wiygjo003lnnppr8phj8yj	cm9wiygjo003innpplgu7u4pw	Extra Bed	Child	150	150
cm9wiygjo003mnnppmkxhide5	cm9wiygjo003innpplgu7u4pw	Breakfast	Adult	68	68
cm9wiygjo003nnnppwjnemtuf	cm9wiygjo003innpplgu7u4pw	Child Breakfast	Child	40	40
cm9wiygjo003onnppra72605r	cm9wiygjo003innpplgu7u4pw	Surcharge	Adult	100	100
cm9wj26kc003rnnppnlcftaaq	cm9wj26kc003qnnppuucnayw6	Per Room Per Night	Adult	330	330
cm9wj26kc003snnpph2vx3fe8	cm9wj26kc003qnnppuucnayw6	Extra Bed	Adult	150	150
cm9wj26kc003tnnpp5o4atiqk	cm9wj26kc003qnnppuucnayw6	Extra Bed	Child	150	150
cm9wj26kc003unnppycl6tk0b	cm9wj26kc003qnnppuucnayw6	Breakfast	Adult	68	68
cm9wj26kc003vnnpprea2r54v	cm9wj26kc003qnnppuucnayw6	Child Breakfast	Child	40	40
cm9wj26kc003wnnppyya5c093	cm9wj26kc003qnnppuucnayw6	Surcharge	Adult	100	100
cm9wj3kx3003znnpp2vw1qv2a	cm9wj3kx2003ynnpp3nifnub1	Per Room Per Night	Adult	375	375
cm9wj3kx30040nnppnuwmtmlw	cm9wj3kx2003ynnpp3nifnub1	Extra Bed	Adult	150	150
cm9wj3kx30041nnppo55f999o	cm9wj3kx2003ynnpp3nifnub1	Extra Bed	Child	150	150
cm9wj3kx30042nnppebo4i6sl	cm9wj3kx2003ynnpp3nifnub1	Breakfast	Adult	68	68
cm9wj3kx30043nnppy6rn8ri0	cm9wj3kx2003ynnpp3nifnub1	Child Breakfast	Child	40	40
cm9wj3kx30044nnppu0x4kukk	cm9wj3kx2003ynnpp3nifnub1	Surcharge	Adult	100	100
cm9wj64dh0047nnppxbcq9gew	cm9wj64dh0046nnppehoo00ti	Per Room Per Night	Adult	520	520
cm9wj64dh0048nnppgr0z7vca	cm9wj64dh0046nnppehoo00ti	Extra Bed	Adult	150	150
cm9wj64dh0049nnpply5dtdi7	cm9wj64dh0046nnppehoo00ti	Extra Bed	Child	150	150
cm9wj64dh004annpp6yed876e	cm9wj64dh0046nnppehoo00ti	Breakfast	Adult	68	68
cm9wj64dh004bnnppmusk52w3	cm9wj64dh0046nnppehoo00ti	Child Breakfast	Child	40	40
cm9wj64di004cnnppzn6kceft	cm9wj64dh0046nnppehoo00ti	Surcharge	Adult	100	100
cm9wj976s004fnnppmk427ovt	cm9wj976s004ennpp75ne6u1x	Per Room Per Night	Adult	650	650
cm9wj976s004gnnpp95wujypw	cm9wj976s004ennpp75ne6u1x	Extra Bed	Adult	150	150
cm9wj976s004hnnppe3jw5366	cm9wj976s004ennpp75ne6u1x	Extra Bed	Child	150	150
cm9wj976s004innpp5xtdykwx	cm9wj976s004ennpp75ne6u1x	Breakfast	Adult	68	68
cm9wj976s004jnnpp72t3n8lb	cm9wj976s004ennpp75ne6u1x	Child Breakfast	Child	40	40
cm9wj976s004knnppa8thu8ka	cm9wj976s004ennpp75ne6u1x	Surcharge	Adult	100	100
cm9wjahea004nnnppfwuzr5le	cm9wjahea004mnnppd9kvitpz	Per Room Per Night	Adult	870	870
cm9wjahea004onnppmpm4k21s	cm9wjahea004mnnppd9kvitpz	Extra Bed	Adult	150	150
cm9wjahea004pnnppzhfuab9g	cm9wjahea004mnnppd9kvitpz	Extra Bed	Child	150	150
cm9wjahea004qnnppym721kzo	cm9wjahea004mnnppd9kvitpz	Breakfast	Adult	68	68
cm9wjahea004rnnpp40co4fhf	cm9wjahea004mnnppd9kvitpz	Child Breakfast	Child	40	40
cm9wjahea004snnppbbqgqjaf	cm9wjahea004mnnppd9kvitpz	Surcharge	Adult	100	100
cm9wjcoq9004vnnppmr8mlt0f	cm9wjcoq9004unnppzz3h4277	Per Room Per Night	Adult	390	390
cm9wjcoq9004wnnppgyp19yro	cm9wjcoq9004unnppzz3h4277	Extra Bed	Adult	150	150
cm9wjcoq9004xnnpp03s54lgr	cm9wjcoq9004unnppzz3h4277	Extra Bed	Child	150	150
cm9wjcoq9004ynnppniw1lyae	cm9wjcoq9004unnppzz3h4277	Breakfast	Adult	68	68
cm9wjcoq9004znnpp2yjxtei6	cm9wjcoq9004unnppzz3h4277	Child Breakfast	Child	40	40
cm9wjcoq90050nnppn0m52qxm	cm9wjcoq9004unnppzz3h4277	Surcharge	Adult	100	100
cm9wjdtpk0053nnpp5qacvdbs	cm9wjdtpk0052nnpp107jrywb	Per Room Per Night	Adult	495	495
cm9wjdtpk0054nnpprdvu6roc	cm9wjdtpk0052nnpp107jrywb	Extra Bed	Adult	150	150
cm9wjdtpk0055nnppirhnzft8	cm9wjdtpk0052nnpp107jrywb	Extra Bed	Child	150	150
cm9wjdtpk0056nnpp53l4xlb6	cm9wjdtpk0052nnpp107jrywb	Breakfast	Adult	68	68
cm9wjdtpk0057nnppxbkads5k	cm9wjdtpk0052nnpp107jrywb	Child Breakfast	Child	40	40
cm9wjdtpk0058nnppbnn4d6bf	cm9wjdtpk0052nnpp107jrywb	Surcharge	Adult	100	100
cm9wjfib2005bnnppsbla857l	cm9wjfib2005annpp696o6fc2	Per Room Per Night	Adult	720	720
cm9wjfib2005cnnppiab2rsza	cm9wjfib2005annpp696o6fc2	Extra Bed	Adult	150	150
cm9wjfib2005dnnpp7gzt11hq	cm9wjfib2005annpp696o6fc2	Extra Bed	Child	150	150
cm9wjfib2005ennppi58yqmah	cm9wjfib2005annpp696o6fc2	Breakfast	Adult	68	68
cm9wjfib2005fnnppearnfig0	cm9wjfib2005annpp696o6fc2	Child Breakfast	Child	40	40
cm9wjfib2005gnnppfypebgyd	cm9wjfib2005annpp696o6fc2	Surcharge	Adult	100	100
cm9wjjc3p005jnnppa0yft0sj	cm9wjjc3p005innpp9o6epgpv	Per Room Per Night	Adult	240	240
cm9wjjc3p005knnppbr64buz5	cm9wjjc3p005innpp9o6epgpv	Extra Bed	Adult	110	110
cm9wjjc3p005lnnppbo8cr5at	cm9wjjc3p005innpp9o6epgpv	Extra Bed	Child	110	110
cm9wjjc3p005mnnppmp85t49s	cm9wjjc3p005innpp9o6epgpv	Breakfast	Adult	45	45
cm9wjjc3p005nnnppx0tjb52f	cm9wjjc3p005innpp9o6epgpv	Child Breakfast	Child	27	27
cm9wjk9ef005qnnpphjeadae4	cm9wjk9ef005pnnppx581r7rn	Per Room Per Night	Adult	270	270
cm9wjk9ef005rnnppzdis2l8m	cm9wjk9ef005pnnppx581r7rn	Extra Bed	Adult	110	110
cm9wjk9ef005snnpppxydumi3	cm9wjk9ef005pnnppx581r7rn	Extra Bed	Child	110	110
cm9wjk9eg005tnnpp0oyeubnc	cm9wjk9ef005pnnppx581r7rn	Breakfast	Adult	45	45
cm9wjk9eg005unnppvkqbdhll	cm9wjk9ef005pnnppx581r7rn	Child Breakfast	Child	27	27
cm9wjmp3y005xnnppxyoa4chu	cm9wjmp3y005wnnppw7k98cii	Per Room Per Night	Adult	110	110
cm9wjmp3y005ynnpp5obc3vbp	cm9wjmp3y005wnnppw7k98cii	Extra Bed	Adult	50	50
cm9wjmp3y005znnppx753f8wz	cm9wjmp3y005wnnppw7k98cii	Extra Bed	Child	50	50
cm9wjmp3y0060nnppbnc2w7vi	cm9wjmp3y005wnnppw7k98cii	Breakfast	Adult	30	30
cm9wjmp3y0061nnppxd81jbk6	cm9wjmp3y005wnnppw7k98cii	Child Breakfast	Child	15	15
cm9wjntyd0064nnpps9ftwl67	cm9wjntyd0063nnppgznlx2y5	Per Room Per Night	Adult	120	120
cm9wjntyd0065nnpp49idq1k5	cm9wjntyd0063nnppgznlx2y5	Extra Bed	Adult	50	50
cm9wjntyd0066nnppmyrfefoi	cm9wjntyd0063nnppgznlx2y5	Extra Bed	Child	50	50
cm9wjntyd0067nnpppgg6wq9z	cm9wjntyd0063nnppgznlx2y5	Breakfast	Adult	30	30
cm9wjntyd0068nnpp9sa3j6tt	cm9wjntyd0063nnppgznlx2y5	Child Breakfast	Child	15	15
cm9wjovib006bnnpp7qk6ahas	cm9wjovib006annppybri6lfj	Per Room Per Night	Adult	200	200
cm9wjovib006cnnpp7fip16gw	cm9wjovib006annppybri6lfj	Breakfast	Adult	30	30
cm9wjovib006dnnppb7hi0n01	cm9wjovib006annppybri6lfj	Child Breakfast	Child	15	15
cm9wjpr8e006gnnppftib1rud	cm9wjpr8e006fnnppr7ymnj72	Per Room Per Night	Adult	230	230
cm9wjpr8e006hnnpp2au1ztz8	cm9wjpr8e006fnnppr7ymnj72	Breakfast	Adult	30	30
cm9wjpr8e006innppa80j8lh8	cm9wjpr8e006fnnppr7ymnj72	Child Breakfast	Child	15	15
cm9wkawt0006lnnpprb06cvmn	cm9wkawt0006knnpp6y1het6h	Per Room Per Night	Adult	90	90
cm9wkawt0006mnnppp36a5ywv	cm9wkawt0006knnpp6y1het6h	Extra Bed	Adult	50	50
cm9wkawt0006nnnppx8evfcpu	cm9wkawt0006knnpp6y1het6h	Extra Bed	Child	50	50
cm9wkawt0006onnpphdd4s2vo	cm9wkawt0006knnpp6y1het6h	Breakfast	Adult	30	30
cm9wkawt0006pnnppr8g5tqvl	cm9wkawt0006knnpp6y1het6h	Child Breakfast	Child	15	15
cm9wktzzu006snnppyirmmjke	cm9wktzzu006rnnpp28g0fzfv	Per Room Per Night	Adult	100	100
cm9wktzzu006tnnpphtluz8l0	cm9wktzzu006rnnpp28g0fzfv	Extra Bed	Adult	50	50
cm9wktzzu006unnpp4ziujy5u	cm9wktzzu006rnnpp28g0fzfv	Extra Bed	Child	50	50
cm9wktzzu006vnnppzy93j96l	cm9wktzzu006rnnpp28g0fzfv	Breakfast	Adult	30	30
cm9wktzzu006wnnppwfgcdg2g	cm9wktzzu006rnnpp28g0fzfv	Child Breakfast	Child	15	15
cm9wkvjbm006znnpp63riqqxx	cm9wkvjbm006ynnppm3ntlqgz	Per Room Per Night	Adult	150	150
cm9wkvjbm0070nnpp6hm4f9xv	cm9wkvjbm006ynnppm3ntlqgz	Extra Bed	Adult	50	50
cm9wkvjbm0071nnppirzo2qf2	cm9wkvjbm006ynnppm3ntlqgz	Extra Bed	Child	50	50
cm9wkvjbm0072nnpp6e0uxdtm	cm9wkvjbm006ynnppm3ntlqgz	Breakfast	Adult	30	30
cm9wkvjbm0073nnppu5v4s7al	cm9wkvjbm006ynnppm3ntlqgz	Child Breakfast	Child	15	15
cm9wkwjw00076nnpp713fb3nl	cm9wkwjw00075nnppfhy4a971	Per Room Per Night	Adult	230	230
cm9wkwjw00077nnppskhfsx0l	cm9wkwjw00075nnppfhy4a971	Extra Bed	Adult	50	50
cm9wkwjw00078nnpppea4qakb	cm9wkwjw00075nnppfhy4a971	Extra Bed	Child	50	50
cm9wkwjw00079nnpprtdkxlut	cm9wkwjw00075nnppfhy4a971	Breakfast	Adult	30	30
cm9wkwjw0007annppfch7zzoo	cm9wkwjw00075nnppfhy4a971	Child Breakfast	Child	15	15
cm9wkzb5l007dnnppmc7sebrg	cm9wkzb5l007cnnppe76y3yv7	Per Room Per Night	Adult	110	110
cm9wkzb5l007ennppk0821tmi	cm9wkzb5l007cnnppe76y3yv7	Extra Bed	Adult	50	50
cm9wkzb5l007fnnppbaxd9yji	cm9wkzb5l007cnnppe76y3yv7	Extra Bed	Child	50	50
cm9wkzb5l007gnnppr0ohvmus	cm9wkzb5l007cnnppe76y3yv7	Breakfast	Adult	30	30
cm9wkzb5m007hnnppip92cm30	cm9wkzb5l007cnnppe76y3yv7	Child Breakfast	Child	15	15
cm9wl0d36007knnpp1d1w3iz0	cm9wl0d36007jnnppb9b38bn7	Per Room Per Night	Adult	120	120
cm9wl0d36007lnnppo6e54dre	cm9wl0d36007jnnppb9b38bn7	Extra Bed	Adult	50	50
cm9wl0d36007mnnpphmj78841	cm9wl0d36007jnnppb9b38bn7	Extra Bed	Child	50	50
cm9wl0d36007nnnpp7es7wju1	cm9wl0d36007jnnppb9b38bn7	Breakfast	Adult	30	30
cm9wl0d36007onnpp2wtwwkbo	cm9wl0d36007jnnppb9b38bn7	Child Breakfast	Child	15	15
cm9wl1fbe007rnnppddzdez7o	cm9wl1fbe007qnnpp6tn23tk6	Per Room Per Night	Adult	190	190
cm9wl1fbe007snnpp9bxjhgfp	cm9wl1fbe007qnnpp6tn23tk6	Breakfast	Adult	30	30
cm9wl1fbe007tnnpprq3ebjfk	cm9wl1fbe007qnnpp6tn23tk6	Child Breakfast	Child	15	15
cm9wl2pc5007wnnpp3jthgpm0	cm9wl2pc4007vnnppxk3yu4q4	Per Room Per Night	Adult	230	230
cm9wl2pc5007xnnppb05i13se	cm9wl2pc4007vnnppxk3yu4q4	Breakfast	Adult	30	30
cm9wl2pc5007ynnpp3tbdyie1	cm9wl2pc4007vnnppxk3yu4q4	Child Breakfast	Child	15	15
cm9wl8eb90081nnpp5e2ojnwo	cm9wl8eb90080nnpp8qynnjap	Per Room Per Night	Adult	175	175
cm9wl8eb90082nnpprxkaf9yk	cm9wl8eb90080nnpp8qynnjap	Extra Bed	Adult	115	115
cm9wl8eba0083nnppls3tglw9	cm9wl8eb90080nnpp8qynnjap	Extra Bed	Child	115	115
cm9wl8eba0084nnpphwa82uei	cm9wl8eb90080nnpp8qynnjap	Breakfast	Adult	30	30
cm9wl8eba0085nnppb4eqzbd0	cm9wl8eb90080nnpp8qynnjap	Child Breakfast	Child	15	15
cm9wl8eba0086nnppo6g89ac1	cm9wl8eb90080nnpp8qynnjap	Surcharge	Adult	30	30
cm9wlduhq0089nnpprgkqyrut	cm9wlduhq0088nnpp3cq3o6tg	Per Room Per Night	Adult	195	195
cm9wlduhq008annppk0parhm1	cm9wlduhq0088nnpp3cq3o6tg	Extra Bed	Adult	115	115
cm9wlduhq008bnnppq3fx5rdb	cm9wlduhq0088nnpp3cq3o6tg	Extra Bed	Child	115	115
cm9wlduhq008cnnppruyotybw	cm9wlduhq0088nnpp3cq3o6tg	Breakfast	Adult	30	30
cm9wlduhq008dnnpppcamwlds	cm9wlduhq0088nnpp3cq3o6tg	Child Breakfast	Child	15	15
cm9wlduhq008ennppjsk1jagf	cm9wlduhq0088nnpp3cq3o6tg	Surcharge	Adult	30	30
cm9wlezp0008hnnpp1jszubuk	cm9wlezp0008gnnppyg1s2rab	Per Room Per Night	Adult	255	255
cm9wlezp0008innppr79hqv0z	cm9wlezp0008gnnppyg1s2rab	Extra Bed	Adult	115	115
cm9wlezp0008jnnpp1ayeeccn	cm9wlezp0008gnnppyg1s2rab	Extra Bed	Child	115	115
cm9wlezp0008knnpp6pzdqdmk	cm9wlezp0008gnnppyg1s2rab	Breakfast	Adult	30	30
cm9wlezp0008lnnppj3uchyum	cm9wlezp0008gnnppyg1s2rab	Child Breakfast	Child	15	15
cm9wlezp0008mnnpp7pv9hsj9	cm9wlezp0008gnnppyg1s2rab	Surcharge	Adult	30	30
cm9wlgsmg008pnnppdrcdajsf	cm9wlgsmf008onnppqsf2munm	Per Room Per Night	Adult	500	500
cm9wlgsmg008qnnppnp014gbw	cm9wlgsmf008onnppqsf2munm	Breakfast	Adult	30	30
cm9wlgsmg008rnnpptmrimprc	cm9wlgsmf008onnppqsf2munm	Child Breakfast	Child	15	15
cm9wlgsmg008snnppca4at954	cm9wlgsmf008onnppqsf2munm	Surcharge	Adult	30	30
cm9wlu5mg008vnnppwad34heh	cm9wlu5mg008unnppsf9lhhpb	Per Room Per Night	Adult	330	330
cm9wlu5mg008wnnpp83gm772l	cm9wlu5mg008unnppsf9lhhpb	Extra Bed	Adult	160	160
cm9wlu5mg008xnnpp7gsa2a0e	cm9wlu5mg008unnppsf9lhhpb	Extra Bed	Child	160	160
cm9wlu5mg008ynnppbukq2y8q	cm9wlu5mg008unnppsf9lhhpb	Breakfast	Adult	52	52
cm9wlu5mg008znnpp713c8j0m	cm9wlu5mg008unnppsf9lhhpb	Child Breakfast	Child	27	27
cm9wlu5mg0090nnppqsr77jji	cm9wlu5mg008unnppsf9lhhpb	Surcharge	Adult	100	100
cm9wlu5mg0091nnppy9lrltb8	cm9wlu5mg008unnppsf9lhhpb	Surcharge	Adult	50	50
cm9wlvhx50094nnppwd6irpus	cm9wlvhx50093nnpploqf3h9m	Per Room Per Night	Adult	360	360
cm9wlvhx50095nnpphpz7psvt	cm9wlvhx50093nnpploqf3h9m	Extra Bed	Adult	160	160
cm9wlvhx50096nnppo67dsyxw	cm9wlvhx50093nnpploqf3h9m	Extra Bed	Child	160	160
cm9wlvhx50097nnpph7vfngat	cm9wlvhx50093nnpploqf3h9m	Breakfast	Adult	52	52
cm9wlvhx50098nnpp5149phes	cm9wlvhx50093nnpploqf3h9m	Child Breakfast	Child	27	27
cm9wlvhx50099nnppk32sa31a	cm9wlvhx50093nnpploqf3h9m	Surcharge	Adult	100	100
cm9wlvhx5009annppwucw82py	cm9wlvhx50093nnpploqf3h9m	Surcharge	Adult	50	50
cm9wlx54s009dnnppyqj87pdi	cm9wlx54s009cnnppb6ki84cc	Per Room Per Night	Adult	850	850
cm9wlx54s009ennppa9idk8ei	cm9wlx54s009cnnppb6ki84cc	Breakfast	Adult	52	52
cm9wlx54s009fnnppds99rkp5	cm9wlx54s009cnnppb6ki84cc	Child Breakfast	Child	27	27
cm9wlx54s009gnnpp7sf279sl	cm9wlx54s009cnnppb6ki84cc	Surcharge	Adult	100	100
cm9wlx54s009hnnpp1zubdg0a	cm9wlx54s009cnnppb6ki84cc	Surcharge	Adult	50	50
cm9wn6822009knnpp25ivbl3s	cm9wn6822009jnnppwdw061ie	Per Room Per Night	Adult	600	600
cm9wn6822009lnnppdb3oboh3	cm9wn6822009jnnppwdw061ie	Extra Bed	Adult	190	190
cm9wn6822009mnnppsv89k1fr	cm9wn6822009jnnppwdw061ie	Extra Bed	Child	190	190
cm9wn6822009nnnppwgnh0etu	cm9wn6822009jnnppwdw061ie	Breakfast	Adult	52	52
cm9wn6822009onnpp6rc1gj83	cm9wn6822009jnnppwdw061ie	Child Breakfast	Child	27	27
cm9wn6822009pnnppe9c3qlyo	cm9wn6822009jnnppwdw061ie	Surcharge	Adult	100	100
cm9wn6822009qnnppdrvf6fxa	cm9wn6822009jnnppwdw061ie	Surcharge	Adult	50	50
cm9wobt4p009tnnpprk5f6v84	cm9wobt4p009snnppt75kog2k	Per Room Per Night	Adult	1100	1100
cm9wobt4p009unnppn50y1ni4	cm9wobt4p009snnppt75kog2k	Breakfast	Adult	52	52
cm9wobt4p009vnnpp5s5c496o	cm9wobt4p009snnppt75kog2k	Child Breakfast	Child	27	27
cm9wobt4p009wnnppkjj29ahi	cm9wobt4p009snnppt75kog2k	Surcharge	Adult	100	100
cm9wobt4p009xnnpp7qyd6zcf	cm9wobt4p009snnppt75kog2k	Surcharge	Adult	50	50
cm9wowl4j00a0nnppch3eixhu	cm9wowl4j009znnpp4mqsj8r6	Per Room Per Night	Adult	310	310
cm9wox1h800a3nnpp9czlkj7r	cm9wox1h800a2nnpp2c9p9ea4	Per Room Per Night	Adult	370	370
cm9woxgug00a6nnppk2f1x4vl	cm9woxgug00a5nnpp8qv7azzt	Per Room Per Night	Adult	750	750
cm9xmuhok00a9nnppmqqmjz4d	cm9xmuhok00a8nnppaz4iprio	Per Room Per Night	Adult	302	302
cm9xmuhok00aannpp3j472kdl	cm9xmuhok00a8nnppaz4iprio	Surcharge	Adult	100	100
cm9xmuhok00abnnpp2mwzjhhp	cm9xmuhok00a8nnppaz4iprio	Surcharge	Adult	250	250
cm9xmwpce00aennpp01fpf354	cm9xmwpce00adnnpprrgd9pno	Per Room Per Night	Adult	353	353
cm9xmwpcf00afnnppvyal0rhh	cm9xmwpce00adnnpprrgd9pno	Surcharge	Adult	100	100
cm9xmwpcf00agnnppgjnumuq1	cm9xmwpce00adnnpprrgd9pno	Surcharge	Adult	250	250
cm9xmzhhk00ajnnppf06u7u2g	cm9xmzhhk00ainnppar5go8x4	Per Room Per Night	Adult	326	326
cm9xmzhhk00aknnppppe8h7so	cm9xmzhhk00ainnppar5go8x4	Surcharge	Adult	80	80
cm9xmzhhk00alnnpptbotsqti	cm9xmzhhk00ainnppar5go8x4	Surcharge	Adult	250	250
cm9xn2rbg00aonnppvtqqw0kp	cm9xn2rbg00annnppyi8z4tjr	Per Room Per Night	Adult	639	639
cm9xn2rbg00apnnppiaqc1z03	cm9xn2rbg00annnppyi8z4tjr	Surcharge	Adult	80	80
cm9xn2rbg00aqnnppia10mv0j	cm9xn2rbg00annnppyi8z4tjr	Surcharge	Adult	250	250
cm9xnd2c100atnnppknv4tuqk	cm9xnd2c100asnnpp5efq16db	Per Room Per Night	Adult	716	716
cm9xnd2c100aunnpp9ksynsvh	cm9xnd2c100asnnpp5efq16db	Surcharge	Adult	80	80
cm9xnd2c100avnnppr0qeq5ca	cm9xnd2c100asnnpp5efq16db	Surcharge	Adult	250	250
cm9xnggyp00aynnppdqwerbg3	cm9xnggyp00axnnppw0omwtkk	Per Room Per Night	Adult	353	353
cm9xnggyp00aznnpptrxe152b	cm9xnggyp00axnnppw0omwtkk	Surcharge	Adult	100	100
cm9xnggyp00b0nnppm70rvakr	cm9xnggyp00axnnppw0omwtkk	Surcharge	Adult	250	250
cm9xnhkfn00b3nnpph515xx9l	cm9xnhkfn00b2nnppmp60kakh	Per Room Per Night	Adult	444	444
cm9xnhkfn00b4nnppye81kp57	cm9xnhkfn00b2nnppmp60kakh	Surcharge	Adult	100	100
cm9xnhkfn00b5nnppdt3derzm	cm9xnhkfn00b2nnppmp60kakh	Surcharge	Adult	250	250
cm9xniaxx00b8nnppzcb0rhhg	cm9xniaxx00b7nnpplw8846yy	Per Room Per Night	Adult	557	557
cm9xniaxx00b9nnpp78f5w79r	cm9xniaxx00b7nnpplw8846yy	Surcharge	Adult	100	100
cm9xniaxx00bannppq1nk0goi	cm9xniaxx00b7nnpplw8846yy	Surcharge	Adult	250	250
cm9xnj0zl00bdnnppirkcv5lm	cm9xnj0zl00bcnnppbpkzs3gw	Per Room Per Night	Adult	594	594
cm9xnj0zl00bennppf7y2ldnq	cm9xnj0zl00bcnnppbpkzs3gw	Surcharge	Adult	100	100
cm9xnj0zl00bfnnppt1exgder	cm9xnj0zl00bcnnppbpkzs3gw	Surcharge	Adult	250	250
cm9xnk6ce00binnppo878dmxr	cm9xnk6ce00bhnnppne5z7m4k	Per Room Per Night	Adult	818	818
cm9xnk6ce00bjnnpp1yv7346u	cm9xnk6ce00bhnnppne5z7m4k	Surcharge	Adult	100	100
cm9xnk6ce00bknnppcxapov7y	cm9xnk6ce00bhnnppne5z7m4k	Surcharge	Adult	250	250
cm9xnl0m600bnnnppneyyo7iy	cm9xnl0m600bmnnppduiefjye	Per Room Per Night	Adult	1855	1855
cm9xnq5ch00bqnnppljisl5ti	cm9xnq5ch00bpnnppzosrh8pn	Per Room Per Night	Adult	320	320
cm9xnq5ch00brnnpp6wrhc6ao	cm9xnq5ch00bpnnppzosrh8pn	Extra Bed	Adult	130	130
cm9xnq5ch00bsnnppbjzoe2o6	cm9xnq5ch00bpnnppzosrh8pn	Extra Bed	Child	130	130
cm9xnq5ch00btnnpp0h7as6fg	cm9xnq5ch00bpnnppzosrh8pn	Breakfast	Adult	50	50
cm9xnq5ch00bunnppywqya3ra	cm9xnq5ch00bpnnppzosrh8pn	Child Breakfast	Child	30	30
cm9xnq5ch00bvnnpp6rdpkoq2	cm9xnq5ch00bpnnppzosrh8pn	Surcharge	Adult	50	50
cm9xnr27o00bynnpp705injmh	cm9xnr27o00bxnnppnuggduj6	Per Room Per Night	Adult	580	580
cm9xnr27o00bznnppbwg8gcvs	cm9xnr27o00bxnnppnuggduj6	Breakfast	Adult	50	50
cm9xnr27o00c0nnpp75evv1mu	cm9xnr27o00bxnnppnuggduj6	Child Breakfast	Child	30	30
cm9xnr27p00c1nnpphvdsriv4	cm9xnr27o00bxnnppnuggduj6	Surcharge	Adult	50	50
cm9xns6jd00c4nnppophzahwn	cm9xns6jd00c3nnppsbj2b4k4	Per Room Per Night	Adult	680	680
cm9xns6jd00c5nnppc6x4nvog	cm9xns6jd00c3nnppsbj2b4k4	Breakfast	Adult	50	50
cm9xns6jd00c6nnppl18wnvwy	cm9xns6jd00c3nnppsbj2b4k4	Child Breakfast	Child	30	30
cm9xns6jd00c7nnpp8rsw3qp6	cm9xns6jd00c3nnppsbj2b4k4	Surcharge	Adult	50	50
cm9xoz90e00cgnnppdsrmspng	cm9xoz90e00cfnnppzsbq21p0	Per Room Per Night	Adult	230	230
cm9xoz90e00chnnppavwpm64p	cm9xoz90e00cfnnppzsbq21p0	Extra Bed	Adult	75	75
cm9xoz90e00cinnpp8qnncvf8	cm9xoz90e00cfnnppzsbq21p0	Extra Bed	Child	75	75
cm9xoz90e00cjnnppuisbd905	cm9xoz90e00cfnnppzsbq21p0	Breakfast	Adult	35	35
cm9xoz90e00cknnppr2tnreik	cm9xoz90e00cfnnppzsbq21p0	Child Breakfast	Child	35	35
cm9xoz90e00clnnppvqn6j688	cm9xoz90e00cfnnppzsbq21p0	Surcharge	Adult	30	30
cm9xp0n2x00connpps52q6zvi	cm9xp0n2x00cnnnppijbv62ge	Per Room Per Night	Adult	330	330
cm9xp0n2x00cpnnppkeqmde30	cm9xp0n2x00cnnnppijbv62ge	Breakfast	Adult	35	35
cm9xp0n2x00cqnnpp62bfhn16	cm9xp0n2x00cnnnppijbv62ge	Child Breakfast	Child	35	35
cm9xp0n2x00crnnpp9s4kt7cv	cm9xp0n2x00cnnnppijbv62ge	Surcharge	Adult	30	30
cm9xp1mkj00cunnpp4fud0p1p	cm9xp1mkj00ctnnppqq76umjo	Per Room Per Night	Adult	430	430
cm9xp1mkj00cvnnppsnwoxb8l	cm9xp1mkj00ctnnppqq76umjo	Breakfast	Adult	35	35
cm9xp1mkj00cwnnpp42ca8bv4	cm9xp1mkj00ctnnppqq76umjo	Child Breakfast	Child	35	35
cm9xp1mkj00cxnnppfiek4ih5	cm9xp1mkj00ctnnppqq76umjo	Surcharge	Adult	30	30
cm9xp7y4h00d0nnpp360eu0h3	cm9xp7y4h00cznnppu1ektpao	Per Room Per Night	Adult	530	530
cm9xp7y4h00d1nnppju6g5wjc	cm9xp7y4h00cznnppu1ektpao	Breakfast	Adult	35	35
cm9xp7y4h00d2nnppvliileaj	cm9xp7y4h00cznnppu1ektpao	Child Breakfast	Child	35	35
cm9xp7y4h00d3nnppy7aedy4v	cm9xp7y4h00cznnppu1ektpao	Surcharge	Adult	30	30
cm9xpfg3k00d7nnpph042nyil	cm9xpfg3k00d5nnpp3obw0876	Breakfast	Adult	20	20
cm9xpllna00dcnnpp71ffilgi	cm9xpllna00dbnnpp5vz05b2d	Per Room Per Night	Adult	140	140
cm9xpllnb00ddnnpppkey8r6a	cm9xpllna00dbnnpp5vz05b2d	Extra Bed	Adult	100	100
cm9xpllnb00dennppa4fyoe69	cm9xpllna00dbnnpp5vz05b2d	Extra Bed	Child	100	100
cm9xpllnb00dfnnpphb520po3	cm9xpllna00dbnnpp5vz05b2d	Breakfast	Adult	30	30
cm9xpllnb00dgnnpp36pal69v	cm9xpllna00dbnnpp5vz05b2d	Child Breakfast	Child	15	15
cm9xpllnb00dhnnpp6nnxrgzv	cm9xpllna00dbnnpp5vz05b2d	Surcharge	Adult	30	30
cm9xpn4cc00dknnppt7is3hz3	cm9xpn4cc00djnnppvgzusfyb	Per Room Per Night	Adult	220	220
cm9xpn4cc00dlnnppc3wppuo0	cm9xpn4cc00djnnppvgzusfyb	Extra Bed	Adult	100	100
cm9xpfg3k00d6nnppnlblsal5	cm9xpfg3k00d5nnpp3obw0876	Per Room Per Night	Adult	238	238
cm9xpfg3k00d8nnppufaout7g	cm9xpfg3k00d5nnpp3obw0876	Breakfast	Adult	42.5	42.5
cm9xpfg3k00d9nnppngyhqw5p	cm9xpfg3k00d5nnpp3obw0876	Child Breakfast	Child	28.5	28.5
cm9xpn4cc00dmnnppupt4nwso	cm9xpn4cc00djnnppvgzusfyb	Extra Bed	Child	100	100
cm9xpn4cc00dnnnpptyzlpuhu	cm9xpn4cc00djnnppvgzusfyb	Breakfast	Adult	20	20
cm9xpn4cc00donnpp5q9arvxq	cm9xpn4cc00djnnppvgzusfyb	Child Breakfast	Child	15	15
cm9xpn4cc00dpnnppit0dapjv	cm9xpn4cc00djnnppvgzusfyb	Surcharge	Adult	30	30
cm9xpxbnv00dsnnppsn21adoc	cm9xpxbnv00drnnpp6khaijii	Per Room Per Night	Adult	320	320
cm9xpxbnv00dtnnpp2zsojdbv	cm9xpxbnv00drnnpp6khaijii	Extra Bed	Adult	100	100
cm9xpxbnv00dunnpp5se0c833	cm9xpxbnv00drnnpp6khaijii	Extra Bed	Child	100	100
cm9xpxbnv00dvnnpphrqbnuhz	cm9xpxbnv00drnnpp6khaijii	Breakfast	Adult	20	20
cm9xpxbnv00dwnnppz8sq6jq8	cm9xpxbnv00drnnpp6khaijii	Child Breakfast	Child	20	20
cm9xpxbnw00dxnnpp9kljt6kn	cm9xpxbnv00drnnpp6khaijii	Surcharge	Adult	30	30
cm9xq535z00e0nnppk9k2v3a1	cm9xq535z00dznnpp7t2jageg	Per Room Per Night	Adult	460	460
cm9xq535z00e1nnppp1skj7w9	cm9xq535z00dznnpp7t2jageg	Extra Bed	Adult	100	100
cm9xq535z00e2nnpp5wb8pqn6	cm9xq535z00dznnpp7t2jageg	Extra Bed	Child	100	100
cm9xq535z00e3nnppnlm2fx02	cm9xq535z00dznnpp7t2jageg	Breakfast	Adult	20	20
cm9xq535z00e4nnpp02ubfsua	cm9xq535z00dznnpp7t2jageg	Child Breakfast	Child	15	15
cm9xq535z00e5nnppts3y9519	cm9xq535z00dznnpp7t2jageg	Surcharge	Adult	30	30
cm9xq63ka00e8nnppnc90bi0v	cm9xq63ka00e7nnppre6rwchf	Per Room Per Night	Adult	300	300
cm9xq63ka00e9nnppm8pp3b2d	cm9xq63ka00e7nnppre6rwchf	Breakfast	Adult	20	20
cm9xq63ka00eannppzaoc9hmh	cm9xq63ka00e7nnppre6rwchf	Child Breakfast	Child	15	15
cm9xq63ka00ebnnppkkxal7rr	cm9xq63ka00e7nnppre6rwchf	Surcharge	Adult	30	30
cma0uen7u00fhnnpplj2rarmm	cma0uen7u00fgnnppct6jbfrv	Per Room Per Night	Adult	510	510
cma0uen7u00finnpp4mvd610l	cma0uen7u00fgnnppct6jbfrv	Extra Bed	Adult	96	96
cma0uen7u00fjnnppbmh92pvl	cma0uen7u00fgnnppct6jbfrv	Extra Bed	Child	86	86
cma0uen7u00fknnppz4pm9w98	cma0uen7u00fgnnppct6jbfrv	Breakfast	Adult	72	72
cma0uen7u00flnnppgfbvymof	cma0uen7u00fgnnppct6jbfrv	Child Breakfast	Child	36	36
cma0uen7u00fmnnpphlq3rt82	cma0uen7u00fgnnppct6jbfrv	Surcharge	Adult	80	80
cma0ufwyd00fpnnppa54xm7gt	cma0ufwyd00fonnppdaiyc6w5	Per Room Per Night	Adult	540	540
cma0ufwyd00fqnnppxrylumws	cma0ufwyd00fonnppdaiyc6w5	Extra Bed	Adult	96	96
cma0ufwyd00frnnppv5ub9w87	cma0ufwyd00fonnppdaiyc6w5	Extra Bed	Child	86	86
cma0ufwyd00fsnnpp2hvnn54i	cma0ufwyd00fonnppdaiyc6w5	Breakfast	Adult	72	72
cma0ufwyd00ftnnpplnp5p63r	cma0ufwyd00fonnppdaiyc6w5	Child Breakfast	Child	36	36
cma0ufwyd00funnppenlw9xen	cma0ufwyd00fonnppdaiyc6w5	Surcharge	Adult	80	80
cma0uhxe200fxnnpp2cqq597h	cma0uhxe200fwnnppvx1aflkg	Per Room Per Night	Adult	570	570
cma0uhxe200fynnpp28w4ovzm	cma0uhxe200fwnnppvx1aflkg	Extra Bed	Adult	96	96
cma0uhxe200fznnpp715aw98j	cma0uhxe200fwnnppvx1aflkg	Extra Bed	Child	86	86
cma0uhxe200g0nnpp2r9h8ffi	cma0uhxe200fwnnppvx1aflkg	Breakfast	Adult	72	72
cma0uhxe200g1nnppkh2f30ti	cma0uhxe200fwnnppvx1aflkg	Child Breakfast	Child	36	36
cma0uhxe200g2nnppg4dybfbp	cma0uhxe200fwnnppvx1aflkg	Surcharge	Adult	80	80
cma0uizck00g5nnppwqjiu063	cma0uizck00g4nnppdvnykc96	Per Room Per Night	Adult	600	600
cma0uizck00g6nnppujxv6xli	cma0uizck00g4nnppdvnykc96	Extra Bed	Adult	96	96
cma0uizck00g7nnpp4fl13fjt	cma0uizck00g4nnppdvnykc96	Extra Bed	Child	86	86
cma0uizck00g8nnppwrsjdxwg	cma0uizck00g4nnppdvnykc96	Breakfast	Adult	72	72
cma0uizck00g9nnppfxqxidt0	cma0uizck00g4nnppdvnykc96	Child Breakfast	Child	36	36
cma0uizck00gannpp2nzwdjjv	cma0uizck00g4nnppdvnykc96	Surcharge	Adult	80	80
cma0uk5gb00gdnnppdyws0gjb	cma0uk5gb00gcnnppjfbnksw3	Per Room Per Night	Adult	1000	1000
cma0uk5gb00gennppr1sz580j	cma0uk5gb00gcnnppjfbnksw3	Extra Bed	Adult	96	96
cma0uk5gb00gfnnppevdggnzz	cma0uk5gb00gcnnppjfbnksw3	Extra Bed	Child	86	86
cma0uk5gb00ggnnpp4u55914p	cma0uk5gb00gcnnppjfbnksw3	Breakfast	Adult	72	72
cma0uk5gb00ghnnppa2ciraf8	cma0uk5gb00gcnnppjfbnksw3	Child Breakfast	Child	36	36
cma0uk5gb00ginnppv1fwwzb6	cma0uk5gb00gcnnppjfbnksw3	Surcharge	Adult	80	80
cma0usipg00glnnppbl87s50g	cma0usipg00gknnppp0v7w9of	Per Room Per Night	Adult	290	290
cma0usipg00gmnnppzqdqwr4v	cma0usipg00gknnppp0v7w9of	Extra Bed	Adult	150	150
cma0usipg00gnnnppof0if4yg	cma0usipg00gknnppp0v7w9of	Extra Bed	Child	150	150
cma0usipg00gonnppgfkjf0jf	cma0usipg00gknnppp0v7w9of	Surcharge	Adult	80	80
cma0utmk900grnnppaj3lhb8a	cma0utmk800gqnnpp9skt0lu0	Per Room Per Night	Adult	360	360
cma0utmk900gsnnpp9kv2dpcx	cma0utmk800gqnnpp9skt0lu0	Extra Bed	Adult	150	150
cma0utmk900gtnnppe2ydkkin	cma0utmk800gqnnpp9skt0lu0	Extra Bed	Child	150	150
cma0utmk900gunnppex544jg2	cma0utmk800gqnnpp9skt0lu0	Surcharge	Adult	80	80
cma0uwi1d00gxnnppnaudnei4	cma0uwi1d00gwnnppvsrmx52l	Per Room Per Night	Adult	176	176
cma0uwi1d00gynnppbab930rc	cma0uwi1d00gwnnppvsrmx52l	Extra Bed	Adult	85	85
cma0uwi1d00gznnpp2bemg5rd	cma0uwi1d00gwnnppvsrmx52l	Extra Bed	Child	85	85
cma0uwi1d00h0nnpph7k3x58z	cma0uwi1d00gwnnppvsrmx52l	Breakfast	Adult	33	33
cma0uwi1d00h1nnpp0r8pqssw	cma0uwi1d00gwnnppvsrmx52l	Child Breakfast	Child	20	20
cma0uwi1d00h2nnppicx4l1ox	cma0uwi1d00gwnnppvsrmx52l	Surcharge	Adult	20	20
cma0uxorx00h5nnpp83iuz0sf	cma0uxorx00h4nnpp6p3u5cj7	Per Room Per Night	Adult	190	190
cma0uxorx00h6nnppbyefbz5b	cma0uxorx00h4nnpp6p3u5cj7	Extra Bed	Adult	85	85
cma0uxorx00h7nnppq6u80wlp	cma0uxorx00h4nnpp6p3u5cj7	Extra Bed	Child	85	85
cma0uxorx00h8nnppb4xs70qa	cma0uxorx00h4nnpp6p3u5cj7	Breakfast	Adult	33	33
cma0uxorx00h9nnppdvvtadgq	cma0uxorx00h4nnpp6p3u5cj7	Child Breakfast	Child	20	20
cma0uxorx00hannpplcib6u0i	cma0uxorx00h4nnpp6p3u5cj7	Surcharge	Adult	20	20
cma3sspp100hhnnppbdj8d0xg	cma3sspp100hgnnpp8ybn8axq	Per Room Per Night	Adult	275	275
cma3sspp100hinnpp4tn6dslb	cma3sspp100hgnnpp8ybn8axq	Surcharge	Adult	60	60
cma3sspp100hjnnpptp2ok708	cma3sspp100hgnnpp8ybn8axq	Child Breakfast	Child	25	25
cma3t89u500hmnnpp4q4ci3zr	cma3t89u400hlnnppmtz2zw6y	Per Room Per Night	Adult	350	350
cma3t89u500hnnnppj1a38v2b	cma3t89u400hlnnppmtz2zw6y	Surcharge	Adult	60	60
cma3t89u500honnpp933e2hqt	cma3t89u400hlnnppmtz2zw6y	Breakfast	Adult	35	35
cma3t89u500hpnnppnwnsp6g9	cma3t89u400hlnnppmtz2zw6y	Child Breakfast	Child	25	25
cma3t89u500hqnnppxczo6up0	cma3t89u400hlnnppmtz2zw6y	Extra Bed	Adult	110	110
cma3tg4je00htnnpp15mii1od	cma3tg4je00hsnnppr39jeuxn	Per Room Per Night	Adult	415	415
cma3tg4je00hunnppx1x13s41	cma3tg4je00hsnnppr39jeuxn	Surcharge	Adult	60	60
cma3tg4je00hvnnpp0dtow2ek	cma3tg4je00hsnnppr39jeuxn	Breakfast	Adult	35	35
cma3tg4je00hwnnppqf2h9yl9	cma3tg4je00hsnnppr39jeuxn	Child Breakfast	Adult	25	25
cma3tg4je00hxnnppzpnuo60v	cma3tg4je00hsnnppr39jeuxn	Extra Bed	Adult	110	110
cma3tm5yp00i0nnppec1wbejc	cma3tm5yp00hznnppznbcbl2s	Per Room Per Night	Adult	475	475
cma3tm5yp00i1nnppp81l06oq	cma3tm5yp00hznnppznbcbl2s	Surcharge	Adult	60	60
cma3tm5yp00i2nnppadhg2pxn	cma3tm5yp00hznnppznbcbl2s	Breakfast	Adult	35	35
cma3tm5yp00i3nnppljq7mdck	cma3tm5yp00hznnppznbcbl2s	Child Breakfast	Child	25	25
cma3tm5yp00i4nnpp9hti0pfu	cma3tm5yp00hznnppznbcbl2s	Extra Bed	Adult	110	110
cma3tptd100i7nnppc52cz1uu	cma3tptd100i6nnppen18f32m	Per Room Per Night	Adult	440	440
cma3tptd100i8nnpps3cmzcwg	cma3tptd100i6nnppen18f32m	Surcharge	Adult	60	60
cma3tptd100i9nnppnp3bflo5	cma3tptd100i6nnppen18f32m	Breakfast	Adult	35	35
cma3tptd100iannpp38u5z80w	cma3tptd100i6nnppen18f32m	Child Breakfast	Child	25	25
cma3trekh00idnnppgbtqe02s	cma3trekh00icnnpp1kq8zxlw	Per Room Per Night	Adult	680	680
cma3trekh00iennpphy8omt44	cma3trekh00icnnpp1kq8zxlw	Surcharge	Adult	60	60
cma3trekh00ifnnppizmmgkmt	cma3trekh00icnnpp1kq8zxlw	Breakfast	Adult	35	35
cma3trekh00ignnppfr4o60om	cma3trekh00icnnpp1kq8zxlw	Child Breakfast	Child	25	25
cma6i7avz00ijnnpp05lejnsv	cma6i7avz00iinnppnds75t0s	Per Room Per Night	Adult	350	350
cma6i7avz00iknnpptidyd6op	cma6i7avz00iinnppnds75t0s	Surcharge	Adult	200	200
cma6i7aw000ilnnppeb3dvgh6	cma6i7avz00iinnppnds75t0s	Breakfast	Adult	35	35
cma6i7aw000imnnppb28zbk4u	cma6i7avz00iinnppnds75t0s	Child Breakfast	Child	25	25
cma6i7aw000innnppqnqubxqa	cma6i7avz00iinnppnds75t0s	Extra Bed	Adult	70	70
cma6icip000iqnnppo5ngxd3r	cma6icip000ipnnpp17kv1mmc	Per Room Per Night	Adult	450	450
cma6icip000irnnppzk9y2sz0	cma6icip000ipnnpp17kv1mmc	Surcharge	Adult	200	200
cma6icip000isnnppm1mda4fr	cma6icip000ipnnpp17kv1mmc	Breakfast	Adult	35	35
cma6icip000itnnppyxrnfwmx	cma6icip000ipnnpp17kv1mmc	Child Breakfast	Child	25	25
cma6icip000iunnpp3m47nxy4	cma6icip000ipnnpp17kv1mmc	Extra Bed	Adult	110	110
cma6icip000ivnnppu5ic94xd	cma6icip000ipnnpp17kv1mmc	Extra Bed	Child	90	90
cma6if4e900iynnpp8jp0wmiq	cma6if4e900ixnnppofqqodeu	Per Room Per Night	Adult	530	530
cma6if4e900iznnpp9306yy18	cma6if4e900ixnnppofqqodeu	Surcharge	Adult	200	200
cma6if4e900j0nnppvz4hw0eu	cma6if4e900ixnnppofqqodeu	Breakfast	Adult	35	35
cma6if4e900j1nnpposqm0of2	cma6if4e900ixnnppofqqodeu	Breakfast	Child	25	25
cma6if4e900j2nnpp4jiuhozg	cma6if4e900ixnnppofqqodeu	Extra Bed	Adult	110	110
cma6if4e900j3nnppl2kjb86s	cma6if4e900ixnnppofqqodeu	Extra Bed	Child	90	90
cma6iip1d00j6nnppge5qp6uv	cma6iip1d00j5nnppu4gfwwg4	Per Room Per Night	Adult	910	910
cma6iip1d00j7nnppuxbszm52	cma6iip1d00j5nnppu4gfwwg4	Surcharge	Adult	200	200
cma6iip1d00j8nnppsha4v8j8	cma6iip1d00j5nnppu4gfwwg4	Breakfast	Adult	35	35
cma6iip1d00j9nnpp4dyfw9hk	cma6iip1d00j5nnppu4gfwwg4	Child Breakfast	Child	25	25
cma6iip1d00jannpp94sk96cz	cma6iip1d00j5nnppu4gfwwg4	Extra Bed	Adult	110	110
cma6iip1d00jbnnppt8c3lw3z	cma6iip1d00j5nnppu4gfwwg4	Extra Bed	Child	90	90
cma6mzgps00jennpphco5uq76	cma6mzgps00jdnnpp6z287rhg	Per Room Per Night	Adult	960	960
cma6mzgps00jfnnpp885ewldp	cma6mzgps00jdnnpp6z287rhg	Surcharge	Adult	200	200
cma6mzgps00jgnnpp7vkbs0hu	cma6mzgps00jdnnpp6z287rhg	Breakfast	Adult	35	35
cma6mzgps00jhnnppihuq71xa	cma6mzgps00jdnnpp6z287rhg	Child Breakfast	Child	25	25
cma6mzgps00jinnpp9ax4eywl	cma6mzgps00jdnnpp6z287rhg	Extra Bed	Adult	110	110
cma6mzgps00jjnnppqis31d8b	cma6mzgps00jdnnpp6z287rhg	Extra Bed	Child	90	90
cma6n4ec200jmnnpp8gvowogh	cma6n4ec100jlnnppl3s0k8io	Per Room Per Night	Adult	1040	1040
cma6n4ec200jnnnpptq2z3ev0	cma6n4ec100jlnnppl3s0k8io	Surcharge	Adult	200	200
cma6n4ec200jonnppf83d4jhi	cma6n4ec100jlnnppl3s0k8io	Breakfast	Adult	35	35
cma6n4ec200jpnnppbph6tlwa	cma6n4ec100jlnnppl3s0k8io	Child Breakfast	Adult	25	25
cma6n4ec200jqnnpp9mhq3349	cma6n4ec100jlnnppl3s0k8io	Extra Bed	Adult	110	110
cma6n4ec200jrnnpp22s2og1r	cma6n4ec100jlnnppl3s0k8io	Extra Bed	Child	90	90
cma6nbma400junnppqji4vfxg	cma6nbma400jtnnppiz9303cw	Per Room Per Night	Adult	357	357
cma6nbma400jvnnppdx4ql3qv	cma6nbma400jtnnppiz9303cw	Surcharge	Adult	200	200
cma6nbma400jwnnpp2eq3t0d7	cma6nbma400jtnnppiz9303cw	Breakfast	Adult	55	55
cma6nbma400jxnnppcme5lv9e	cma6nbma400jtnnppiz9303cw	Child Breakfast	Adult	29	29
cma6ndhtn00k0nnppp8z0kn06	cma6ndhtn00jznnppuq7fdqrh	Per Room Per Night	Adult	357	357
cma6ndhtn00k1nnppxz2dn59z	cma6ndhtn00jznnppuq7fdqrh	Surcharge	Adult	200	200
cma6ndhtn00k2nnpp38v86tb5	cma6ndhtn00jznnppuq7fdqrh	Breakfast	Adult	55	55
cma6ndhtn00k3nnppdf6mk2as	cma6ndhtn00jznnppuq7fdqrh	Child Breakfast	Child	29	29
cma6ndhtn00k4nnppetqvrx1q	cma6ndhtn00jznnppuq7fdqrh	Extra Bed	Adult	100	100
cma6niv0x00k7nnpptsst6tup	cma6niv0x00k6nnppny5h0i4h	Per Room Per Night	Adult	408	408
cma6niv0x00k8nnpptu9x1w40	cma6niv0x00k6nnppny5h0i4h	Surcharge	Adult	200	200
cma6niv0x00k9nnppa3bav0p0	cma6niv0x00k6nnppny5h0i4h	Breakfast	Adult	55	55
cma6niv0x00kannpps56320sk	cma6niv0x00k6nnppny5h0i4h	Child Breakfast	Child	29	29
cma6nktw200kdnnppllg4f4yt	cma6nktw200kcnnppwa08nmay	Per Room Per Night	Adult	408	408
cma6nktw200kennppbzsvbo2v	cma6nktw200kcnnppwa08nmay	Surcharge	Adult	200	200
cma6nktw200kfnnpphcaj5ewa	cma6nktw200kcnnppwa08nmay	Breakfast	Adult	55	55
cma6nktw200kgnnppxttj8ol0	cma6nktw200kcnnppwa08nmay	Child Breakfast	Child	29	29
cma6nktw200khnnppe5055cw4	cma6nktw200kcnnppwa08nmay	Extra Bed	Adult	100	100
cma6nmzsm00kknnpp5tlg35a2	cma6nmzsm00kjnnppocao27mx	Per Room Per Night	Adult	438	438
cma6nmzsm00klnnppvwrnici9	cma6nmzsm00kjnnppocao27mx	Surcharge	Adult	200	200
cma6nmzsm00kmnnppwb4x73x6	cma6nmzsm00kjnnppocao27mx	Breakfast	Adult	55	55
cma6nmzsm00knnnppqsovju6y	cma6nmzsm00kjnnppocao27mx	Child Breakfast	Adult	29	29
cma6nom6p00kqnnppe24ubdbn	cma6nom6p00kpnnpp2nl2wxbu	Per Room Per Night	Adult	438	438
cma6nom6p00krnnpp27t8ce0y	cma6nom6p00kpnnpp2nl2wxbu	Surcharge	Adult	200	200
cma6nom6p00ksnnppvuuj4zo7	cma6nom6p00kpnnpp2nl2wxbu	Breakfast	Adult	55	55
cma6nom6p00ktnnppezxu0mzb	cma6nom6p00kpnnpp2nl2wxbu	Child Breakfast	Child	29	29
cma6nom6p00kunnppj3civ0fs	cma6nom6p00kpnnpp2nl2wxbu	Extra Bed	Adult	100	100
cma6nq9do00kxnnppxpgkridw	cma6nq9do00kwnnppe44svaci	Per Room Per Night	Adult	580	58
cma6nq9do00kynnpplh4ywsid	cma6nq9do00kwnnppe44svaci	Surcharge	Adult	200	200
cma6nq9do00kznnpphx43fdr7	cma6nq9do00kwnnppe44svaci	Breakfast	Adult	55	55
cma6nq9dp00l0nnpp60t4kkn5	cma6nq9do00kwnnppe44svaci	Child Breakfast	Child	29	29
cma6nzm4i00l3nnppqk1ugbl7	cma6nzm4h00l2nnppep305l04	Per Room Per Night	Adult	120	120
cma6nzm4i00l4nnppx6jwrkq4	cma6nzm4h00l2nnppep305l04	Breakfast	Adult	25	25
cma6nzm4i00l5nnpp7bjohtlq	cma6nzm4h00l2nnppep305l04	Child Breakfast	Child	13	13
cma6o14yi00l8nnpp3gptyhjg	cma6o14yi00l7nnppzsk4a85j	Per Room Per Night	Adult	140	140
cma6o14yi00l9nnppc8s4yhqv	cma6o14yi00l7nnppzsk4a85j	Extra Bed	Adult	70	70
cma6o14yi00lannppubr57a64	cma6o14yi00l7nnppzsk4a85j	Extra Bed	Child	70	70
cma6o14yi00lbnnppwmm4rb92	cma6o14yi00l7nnppzsk4a85j	Breakfast	Adult	25	25
cma6o14yj00lcnnppc2wthkei	cma6o14yi00l7nnppzsk4a85j	Child Breakfast	Child	13	13
cma6o1z2100lfnnpp6wm93wjm	cma6o1z2100lennppok6g0vc5	Per Room Per Night	Adult	195	195
cma6o1z2100lgnnppsnz5naa5	cma6o1z2100lennppok6g0vc5	Breakfast	Adult	25	25
cma6o1z2100lhnnpp95qa8f2r	cma6o1z2100lennppok6g0vc5	Child Breakfast	Child	13	13
cma6o27wi00lknnpp0aw1vgms	cma6o27wi00ljnnppphtt0o4r	Per Room Per Night	Adult	410	410
cma6o27wi00llnnpp2trtqs1y	cma6o27wi00ljnnppphtt0o4r	Surcharge	Adult	150	150
cma6o36o600lonnppmat7r7zl	cma6o36o600lnnnppba42l8pt	Per Room Per Night	Adult	410	410
cma6o36o600lpnnpphh3saccw	cma6o36o600lnnnppba42l8pt	Surcharge	Adult	150	150
cma6o45co00lsnnpprd9eo0o7	cma6o45cn00lrnnppod4zth5z	Per Room Per Night	Adult	590	590
cma6o45co00ltnnpp6lnsr3t5	cma6o45cn00lrnnppod4zth5z	Surcharge	Adult	150	150
cma6o5kef00lwnnpp5nhea1s3	cma6o5kef00lvnnppsx5y45es	Per Room Per Night	Adult	600	600
cma6o5kef00lxnnpppau7uony	cma6o5kef00lvnnppsx5y45es	Surcharge	Adult	150	150
cma6o67kb00m0nnppjrukpo7n	cma6o67kb00lznnpp7fg7euoz	Per Room Per Night	Adult	770	770
cma6o67kb00m1nnppegc1ptic	cma6o67kb00lznnpp7fg7euoz	Breakfast	Adult	130	130
cma6o67kb00m2nnpphcfy0rj1	cma6o67kb00lznnpp7fg7euoz	Child Breakfast	Child	65	65
cma6o67kb00m3nnpp9bwbq98g	cma6o67kb00lznnpp7fg7euoz	Surcharge	Adult	120	120
cma6o6nfk00m6nnpp6lqtunhz	cma6o6nfk00m5nnpput2zz8om	Per Room Per Night	Adult	750	750
cma6o6nfk00m7nnpprvhsbyey	cma6o6nfk00m5nnpput2zz8om	Surcharge	Adult	150	150
cma6o94ta00mannpp0c2pyxbr	cma6o94ta00m9nnpp7j33yh41	Per Room Per Night	Adult	930	930
cma6o94ta00mbnnpp805aj6no	cma6o94ta00m9nnpp7j33yh41	Per Room Per Night	Adult	130	130
cma6o94ta00mcnnpp9m6j8vdv	cma6o94ta00m9nnpp7j33yh41	Child Breakfast	Child	65	65
cma6o94ta00mdnnppoaemecyu	cma6o94ta00m9nnpp7j33yh41	Surcharge	Adult	120	120
cma6oard600mgnnpp2np7fq91	cma6oard600mfnnppdjrs8nkz	Per Room Per Night	Adult	1122	1122
cma6oard600mhnnpp8nrblze6	cma6oard600mfnnppdjrs8nkz	Breakfast	Adult	130	130
cma6oard600minnppriep8aul	cma6oard600mfnnppdjrs8nkz	Child Breakfast	Child	65	65
cma6oard600mjnnppa67pfmj3	cma6oard600mfnnppdjrs8nkz	Surcharge	Adult	120	120
cma6ohg3q00mmnnppubeerxir	cma6ohg3q00mlnnppjf8iv8sw	Per Room Per Night	Adult	208	208
cma6ohg3q00mnnnpp55t9iys5	cma6ohg3q00mlnnppjf8iv8sw	Extra Bed	Adult	150	150
cma6oig7300mqnnpphrnea48u	cma6oig7300mpnnppocz4bbt3	Per Room Per Night	Adult	350	350
cma6oig7300mrnnppw6fyflxh	cma6oig7300mpnnppocz4bbt3	Extra Bed	Adult	150	150
cma6oj8kc00munnpp3avsc4xa	cma6oj8kc00mtnnpp9lp8tbyz	Per Room Per Night	Adult	608	608
cma6oj8kc00mvnnppkkt6tbzs	cma6oj8kc00mtnnpp9lp8tbyz	Extra Bed	Adult	150	150
cma6pfrw200mynnppg21cj9yi	cma6pfrw200mxnnppix33wig8	Per Room Per Night	Adult	1510	1510
cma6pfrw200mznnppwjritvrb	cma6pfrw200mxnnppix33wig8	Breakfast	Adult	130	130
cma6pfrw200n0nnppvpmth5u8	cma6pfrw200mxnnppix33wig8	Child Breakfast	Child	65	65
cma6pfrw200n1nnppdyvqmxvd	cma6pfrw200mxnnppix33wig8	Surcharge	Adult	120	120
cma6pgqj200n4nnppgsaqlrkk	cma6pgqj200n3nnppzisbspn4	Per Room Per Night	Adult	1710	1710
cma6pgqj200n5nnppgzi9y3ch	cma6pgqj200n3nnppzisbspn4	Breakfast	Adult	130	130
cma6pgqj200n6nnppfn3b6v4i	cma6pgqj200n3nnppzisbspn4	Child Breakfast	Child	65	65
cma6pgqj200n7nnppodpey2yd	cma6pgqj200n3nnppzisbspn4	Surcharge	Adult	120	120
cma6phnbp00nannpprld5cr8z	cma6phnbp00n9nnppg5ozpx7g	Per Room Per Night	Adult	2410	2410
cma6phnbp00nbnnpp66i2vtyb	cma6phnbp00n9nnppg5ozpx7g	Breakfast	Adult	130	130
cma6phnbp00ncnnppz4q84uty	cma6phnbp00n9nnppg5ozpx7g	Child Breakfast	Child	65	65
cma6phnbp00ndnnppb8eq81jx	cma6phnbp00n9nnppg5ozpx7g	Surcharge	Adult	120	120
cma6pih3w00ngnnpptm5o2oth	cma6pih3w00nfnnpp2e4psff0	Per Room Per Night	Adult	3910	3910
cma6pih3w00nhnnppgvfsprni	cma6pih3w00nfnnpp2e4psff0	Breakfast	Adult	130	130
cma6pih3w00ninnpprgozih41	cma6pih3w00nfnnpp2e4psff0	Child Breakfast	Child	65	65
cma6pih3w00njnnppbbjw0dm7	cma6pih3w00nfnnpp2e4psff0	Surcharge	Adult	120	120
cma6pjo1b00nmnnpp7drvm5jk	cma6pjo1b00nlnnppsarpplja	Per Room Per Night	Adult	2300	2300
cma6pjo1b00nnnnppe76n5ac2	cma6pjo1b00nlnnppsarpplja	Breakfast	Adult	130	130
cma6pjo1b00nonnppsah8j04x	cma6pjo1b00nlnnppsarpplja	Child Breakfast	Child	65	65
cma6pjo1b00npnnppekuhy1il	cma6pjo1b00nlnnppsarpplja	Surcharge	Adult	120	120
cma6pln5a00nsnnppib81wda2	cma6pln5a00nrnnpp3y84e0jk	Per Room Per Night	Adult	2260	2260
cma6pln5a00ntnnpp9agwzr3t	cma6pln5a00nrnnpp3y84e0jk	Breakfast	Adult	130	130
cma6pln5a00nunnppsxpbq70q	cma6pln5a00nrnnpp3y84e0jk	Child Breakfast	Child	65	65
cma6pln5a00nvnnppakd1iffd	cma6pln5a00nrnnpp3y84e0jk	Surcharge	Adult	120	120
cma6pms9600nynnppc2u1avl0	cma6pms9600nxnnppuq3kuybu	Per Room Per Night	Adult	1810	1810
cma6pms9600nznnpphbbr87je	cma6pms9600nxnnppuq3kuybu	Breakfast	Adult	130	130
cma6pms9600o0nnpptsjmbmq4	cma6pms9600nxnnppuq3kuybu	Child Breakfast	Child	65	65
cma6pms9600o1nnppdatmysoz	cma6pms9600nxnnppuq3kuybu	Surcharge	Adult	120	120
cma6pnm1d00o4nnppo5cymvsd	cma6pnm1d00o3nnppyia6m7zc	Per Room Per Night	Adult	2860	2860
cma6pnm1d00o5nnpp05osfktn	cma6pnm1d00o3nnppyia6m7zc	Breakfast	Adult	130	130
cma6pnm1d00o6nnpp1tfos1i1	cma6pnm1d00o3nnppyia6m7zc	Child Breakfast	Child	65	65
cma6pnm1d00o7nnppu0hg37r4	cma6pnm1d00o3nnppyia6m7zc	Surcharge	Adult	120	120
cmaaox2o000oannppzmfw7txo	cmaaox2o000o9nnppkqkgcpje	Per Room Per Night	Adult	150	150
cmaaox2o000obnnppgwdwo1bh	cmaaox2o000o9nnppkqkgcpje	Breakfast	Child	15.9	15.9
cmaaox2o000ocnnppgfyoj3u8	cmaaox2o000o9nnppkqkgcpje	Extra Bed	Adult	60	60
cmaaoz4qq00ofnnpp45xt7lc6	cmaaoz4qq00oennppavw5y9zf	Per Room Per Night	Adult	150	150
cmaaoz4qq00ognnppfd0qwb0s	cmaaoz4qq00oennppavw5y9zf	Child Breakfast	Child	15.9	15.9
cmaaoz4qq00ohnnpp3cb2lns6	cmaaoz4qq00oennppavw5y9zf	Extra Bed	Adult	60	60
cmabzeccw00oknnpp9zutnrbh	cmabzeccw00ojnnpp1yfq4y76	Per Room Per Night	Adult	340	340
cmabzf7vc00onnnppuqpbedyu	cmabzf7vc00omnnpp4v7ltji2	Per Room Per Night	Adult	340	340
cmabzihrr00oqnnppxlsfuhu9	cmabzihrr00opnnppd389kh0n	Per Room Per Night	Adult	300	300
cmabzihrr00ornnpptpe94al6	cmabzihrr00opnnppd389kh0n	Extra Bed	Adult	162	162
cmabzk6jf00ounnppvtaxapjs	cmabzk6jf00otnnppolol2gq9	Per Room Per Night	Adult	300	300
cmabzk6jf00ovnnppr43kj6xr	cmabzk6jf00otnnppolol2gq9	Extra Bed	Adult	162	162
cmabzlp6z00oynnpp5kgm8rp0	cmabzlp6z00oxnnppbnaxfawc	Per Room Per Night	Adult	390	390
cmabzn94f00p1nnppyyv3dfy5	cmabzn94f00p0nnpplkxmv91a	Per Room Per Night	Adult	350	350
cmabzn94f00p2nnppmkie6ycl	cmabzn94f00p0nnpplkxmv91a	Extra Bed	Adult	162	162
cmabzobsb00p5nnpp56mmqmgs	cmabzobsb00p4nnppwiebvu6q	Per Room Per Night	Adult	390	390
cmabzpet400p8nnpp6xtbp8l6	cmabzpet300p7nnppfqvdalla	Per Room Per Night	Adult	550	550
cmabzq6rn00pbnnppnjkc6f6j	cmabzq6rn00pannppowqqh4p8	Per Room Per Night	Adult	550	550
cmabzrkrn00pennppbj285i29	cmabzrkrn00pdnnppn1unupid	Per Room Per Night	Adult	510	510
cmabzrkrn00pfnnppa48xxzx0	cmabzrkrn00pdnnppn1unupid	Extra Bed	Adult	162	162
cmabzsfqs00pinnppkeufmt7f	cmabzsfqs00phnnpp942wvdpz	Per Room Per Night	Adult	510	510
cmabzsfqs00pjnnpps3j4tnab	cmabzsfqs00phnnpp942wvdpz	Extra Bed	Adult	162	162
cmabztf6f00pmnnppwotxm9tb	cmabztf6f00plnnppqlyt333a	Per Room Per Night	Adult	840	840
cmabzu3yp00ppnnpphvfe67uc	cmabzu3yp00ponnppm5t0b66d	Per Room Per Night	Adult	840	840
cmabzv4zr00psnnppba10jk3j	cmabzv4zr00prnnppbmj258xr	Per Room Per Night	Adult	800	800
cmabzyhw600pvnnpppqo7edbc	cmabzyhw600punnppxdwd9dka	Per Room Per Night	Adult	110	110
cmabzyhw600pwnnppkcjlq4gh	cmabzyhw600punnppxdwd9dka	Surcharge	Adult	50	50
cmabzyhw600pxnnpp8lubogn7	cmabzyhw600punnppxdwd9dka	Extra Bed	Adult	90	90
cmabzyhw600pynnpp1ax45s93	cmabzyhw600punnppxdwd9dka	Extra Bed	Child	90	90
cmabzzsfc00q1nnppc69u7wtd	cmabzzsfc00q0nnppvkdbmxym	Per Room Per Night	Adult	130	130
cmabzzsfc00q2nnppddxann3i	cmabzzsfc00q0nnppvkdbmxym	Surcharge	Adult	50	50
cmabzzsfc00q3nnppdfl4lm0w	cmabzzsfc00q0nnppvkdbmxym	Extra Bed	Adult	90	90
cmabzzsfc00q4nnppgivwfirc	cmabzzsfc00q0nnppvkdbmxym	Extra Bed	Child	90	90
cmac07i8t00q7nnpp3lhri494	cmac07i8t00q6nnpp1ltnuego	Per Room Per Night	Adult	150	150
cmac07i8t00q8nnpp8b8vabea	cmac07i8t00q6nnpp1ltnuego	Surcharge	Adult	80	80
cmac07i8t00q9nnpptxu0ziug	cmac07i8t00q6nnpp1ltnuego	Breakfast	Adult	38	38
cmac07i8t00qannppsokz9vl5	cmac07i8t00q6nnpp1ltnuego	Child Breakfast	Child	28	28
cmac07i8t00qbnnpp86qt3n1a	cmac07i8t00q6nnpp1ltnuego	Extra Bed	Adult	90	90
cmac07i8t00qcnnpps3isko1l	cmac07i8t00q6nnpp1ltnuego	Extra Bed	Child	90	90
cmac09k9600qfnnpps7aqvv09	cmac09k9600qennppkdjk9msa	Per Room Per Night	Adult	150	150
cmac09k9600qgnnpp330h73dl	cmac09k9600qennppkdjk9msa	Surcharge	Adult	80	80
cmac09k9600qhnnpp5f50yehg	cmac09k9600qennppkdjk9msa	Breakfast	Adult	38	38
cmac09k9600qinnppp9iu1qol	cmac09k9600qennppkdjk9msa	Child Breakfast	Child	28	28
cmac09k9600qjnnppfryx6j5h	cmac09k9600qennppkdjk9msa	Extra Bed	Adult	90	90
cmac09k9600qknnppykv396d5	cmac09k9600qennppkdjk9msa	Extra Bed	Child	90	90
cmac0bjxt00qnnnppieasokhh	cmac0bjxt00qmnnppwvt6ogtd	Per Room Per Night	Adult	250	250
cmac0bjxt00qonnpp9alcm3vr	cmac0bjxt00qmnnppwvt6ogtd	Surcharge	Adult	80	80
cmac0bjxt00qpnnppjnsedhpp	cmac0bjxt00qmnnppwvt6ogtd	Breakfast	Adult	38	38
cmac0bjxt00qqnnppnjhij9sq	cmac0bjxt00qmnnppwvt6ogtd	Child Breakfast	Child	28	28
cmac0bjxt00qrnnpppdxicdm3	cmac0bjxt00qmnnppwvt6ogtd	Extra Bed	Adult	90	90
cmac0bjxt00qsnnpptfzhu0p4	cmac0bjxt00qmnnppwvt6ogtd	Extra Bed	Child	90	90
cmac0i0mh00qvnnpp7p8kwxti	cmac0i0mh00qunnppluptztke	Per Room Per Night	Adult	300	300
cmac0i0mh00qwnnppskthw9tz	cmac0i0mh00qunnppluptztke	Surcharge	Adult	80	80
cmac0i0mh00qxnnppneuwb14l	cmac0i0mh00qunnppluptztke	Breakfast	Adult	380	38
cmac0i0mh00qynnppzeo7497m	cmac0i0mh00qunnppluptztke	Child Breakfast	Child	28	28
cmac0i0mh00qznnppa3vb4051	cmac0i0mh00qunnppluptztke	Extra Bed	Adult	90	90
cmac0i0mh00r0nnppum092jpv	cmac0i0mh00qunnppluptztke	Extra Bed	Child	90	90
cmac0mrmq00r3nnppaa6pa5lp	cmac0mrmq00r2nnpp3afd0wzo	Per Room Per Night	Adult	420	420
cmac0mrmq00r4nnpp6d9ydq7k	cmac0mrmq00r2nnpp3afd0wzo	Surcharge	Adult	50	50
cmac0mrmq00r5nnppb5npy74u	cmac0mrmq00r2nnpp3afd0wzo	Breakfast	Adult	70	70
cmac0mrmq00r6nnppb9h1hr9z	cmac0mrmq00r2nnpp3afd0wzo	Child Breakfast	Child	35	35
cmac0mrmq00r7nnppg34120ex	cmac0mrmq00r2nnpp3afd0wzo	Extra Bed	Adult	135	135
cmac0mrmq00r8nnppb0eqoglx	cmac0mrmq00r2nnpp3afd0wzo	Extra Bed	Child	135	135
cmac0qdg100rbnnpp8h3t2los	cmac0qdg100rannpp4sp2z8te	Per Room Per Night	Adult	555	555
cmac0qdg100rcnnppg4w3hrdh	cmac0qdg100rannpp4sp2z8te	Surcharge	Adult	50	50
cmac0qdg100rdnnpp366dt3v4	cmac0qdg100rannpp4sp2z8te	Breakfast	Adult	70	70
cmac0qdg100rennpph0e40w9m	cmac0qdg100rannpp4sp2z8te	Child Breakfast	Child	350	35
cmac0qdg100rfnnpprukh23k4	cmac0qdg100rannpp4sp2z8te	Extra Bed	Adult	135	135
cmac0qdg100rgnnpphlfx5x0g	cmac0qdg100rannpp4sp2z8te	Extra Bed	Child	135	135
cmac0s0ww00rjnnpp7kfb3jtv	cmac0s0ww00rinnpp90kf6ujp	Per Room Per Night	Adult	435	435
cmac0s0ww00rknnpp22auo4pt	cmac0s0ww00rinnpp90kf6ujp	Surcharge	Adult	50	50
cmac0s0ww00rlnnppq6hjzkia	cmac0s0ww00rinnpp90kf6ujp	Breakfast	Adult	70	70
cmac0s0ww00rmnnppxicr3y2b	cmac0s0ww00rinnpp90kf6ujp	Child Breakfast	Child	35	35
cmac0s0ww00rnnnpp0rar9vch	cmac0s0ww00rinnpp90kf6ujp	Extra Bed	Adult	135	135
cmac0s0ww00ronnppvli3oa81	cmac0s0ww00rinnpp90kf6ujp	Extra Bed	Child	135	135
cmac0u6z800rrnnppwl60iivl	cmac0u6z800rqnnpppifqgob2	Per Room Per Night	Adult	570	570
cmac0u6z800rsnnpppokjkgyl	cmac0u6z800rqnnpppifqgob2	Surcharge	Adult	50	50
cmac0u6z800rtnnpp094d786g	cmac0u6z800rqnnpppifqgob2	Breakfast	Adult	70	70
cmac0u6z800runnppy0niphvl	cmac0u6z800rqnnpppifqgob2	Child Breakfast	Child	35	35
cmac0u6z800rvnnppezcp10y0	cmac0u6z800rqnnpppifqgob2	Extra Bed	Adult	135	135
cmac0u6z800rwnnppsn4u4rpy	cmac0u6z800rqnnpppifqgob2	Extra Bed	Child	135	135
cmac0wuou00rznnppob6tidk6	cmac0wuou00rynnpp6k02nxtu	Per Room Per Night	Adult	490	490
cmac12bbs00s2nnpp005o0j64	cmac12bbs00s1nnpp4c1apf6l	Per Room Per Night	Adult	550	550
cmac12bbs00s3nnppshvce24k	cmac12bbs00s1nnpp4c1apf6l	Surcharge	Adult	50	50
cmac13kjk00s6nnpp0e8xm178	cmac13kjk00s5nnppadxsc1qe	Per Room Per Night	Adult	490	490
cmac13kjk00s7nnppz5qd4vhe	cmac13kjk00s5nnppadxsc1qe	Surcharge	Adult	50	50
cmac15tmo00sannppd7akj172	cmac15tmo00s9nnpp9j4rjg8s	Per Room Per Night	Adult	625	625
cmac15tmo00sbnnpplpvxx4yt	cmac15tmo00s9nnpp9j4rjg8s	Surcharge	Adult	50	50
cmac15tmo00scnnpp4e7qqy2x	cmac15tmo00s9nnpp9j4rjg8s	Breakfast	Adult	70	70
cmac15tmo00sdnnppsp94gtbo	cmac15tmo00s9nnpp9j4rjg8s	Child Breakfast	Child	35	35
cmac15tmo00sennppe4le7qex	cmac15tmo00s9nnpp9j4rjg8s	Extra Bed	Adult	135	135
cmac15tmo00sfnnppthh7mhie	cmac15tmo00s9nnpp9j4rjg8s	Extra Bed	Child	135	135
cmac1o86g00sinnppcdy9uqfr	cmac1o86g00shnnppgk6utlkq	Per Room Per Night	Adult	258	258
cmac1o86g00sjnnppc9quqgg1	cmac1o86g00shnnppgk6utlkq	Surcharge	Adult	30	30
cmac1o86g00sknnppomp9zfoy	cmac1o86g00shnnppgk6utlkq	Child Breakfast	Child	48	48
cmac1o86g00slnnppoqdpu244	cmac1o86g00shnnppgk6utlkq	Extra Bed	Adult	120	120
cmac1o86g00smnnppgc7dqveu	cmac1o86g00shnnppgk6utlkq	Extra Bed	Child	120	120
cmacdqj3q0003nnga6xj6i5vj	cmacdqj3q0002nngalzxxvcpr	Per Room Per Night	Adult	258	258
cmacdqj3q0004nnga3o02e9w2	cmacdqj3q0002nngalzxxvcpr	Surcharge	Adult	30	30
cmacdqj3q0005nnga0eqvbf2e	cmacdqj3q0002nngalzxxvcpr	Child Breakfast	Child	48	48
cmacdqj3q0006nngag86g4d0g	cmacdqj3q0002nngalzxxvcpr	Extra Bed	Adult	120	120
cmacdqj3q0007nngays2ru6nc	cmacdqj3q0002nngalzxxvcpr	Extra Bed	Child	120	120
cmalzz1bz002knnutk5mpooaj	cmalzz1bz002jnnut3gshn7zr	Per Room Per Night	Adult	245	245
cmalzz1bz002lnnutbopxc93r	cmalzz1bz002jnnut3gshn7zr	Surcharge	Adult	150	150
cmalzz1bz002mnnutp3ojgpwb	cmalzz1bz002jnnut3gshn7zr	Breakfast	Adult	35	35
cmalzz1bz002nnnut1ocsxrt6	cmalzz1bz002jnnut3gshn7zr	Child Breakfast	Child	25	25
cmalzz1bz002onnutr482s31k	cmalzz1bz002jnnut3gshn7zr	Extra Bed	Adult	100	100
cmacdww34000hnngaynim3ryj	cmacdww34000gnngau3x52t1w	Per Room Per Night	Adult	438	438
cmacdww34000innga4uq05zsc	cmacdww34000gnngau3x52t1w	Surcharge	Adult	30	30
cmacdww34000jnnga8jw3624i	cmacdww34000gnngau3x52t1w	Child Breakfast	Child	48	48
cmacdww34000knngayioehe7o	cmacdww34000gnngau3x52t1w	Extra Bed	Adult	120	120
cmacdww34000lnngaxlrzeacz	cmacdww34000gnngau3x52t1w	Extra Bed	Child	120	120
cmacdyqq9000onnga9a9gx55l	cmacdyqq9000nnngaebbsjwwy	Per Room Per Night	Adult	518	518
cmacdyqq9000pnngaaf8dtgv1	cmacdyqq9000nnngaebbsjwwy	Surcharge	Adult	30	30
cmacdyqq9000qnngahprjytpl	cmacdyqq9000nnngaebbsjwwy	Child Breakfast	Child	48	48
cmacdyqq9000rnnga6rep2luy	cmacdyqq9000nnngaebbsjwwy	Extra Bed	Adult	120	120
cmacdyqq9000snngapfnd7u1o	cmacdyqq9000nnngaebbsjwwy	Extra Bed	Child	120	120
cmace0nfa000vnngaa3cbr2rv	cmace0nfa000unnga1b949dhq	Per Room Per Night	Adult	568	568
cmace0nfa000wnngaenmg2nhm	cmace0nfa000unnga1b949dhq	Surcharge	Adult	30	30
cmace0nfa000xnngankvkh6vo	cmace0nfa000unnga1b949dhq	Child Breakfast	Child	48	48
cmace0nfa000ynnga8rtuh0vr	cmace0nfa000unnga1b949dhq	Extra Bed	Adult	120	120
cmace0nfa000znngau16f6byu	cmace0nfa000unnga1b949dhq	Extra Bed	Child	120	120
cmace4i8f0012nnga69036sgx	cmace4i8f0011nngap5zv9elg	Per Room Per Night	Adult	120	120
cmace4i8f0013nngaxad28pns	cmace4i8f0011nngap5zv9elg	Surcharge	Adult	30	30
cmace4i8f0014nnga2ikgzptn	cmace4i8f0011nngap5zv9elg	Breakfast	Adult	30	30
cmace4i8f0015nngaq7vwkjf3	cmace4i8f0011nngap5zv9elg	Child Breakfast	Child	25	25
cmace7fyn0018nngaqmh5ybvm	cmace7fyn0017nnga5g38nhnq	Per Room Per Night	Adult	130	130
cmace7fyn0019nngaw5vrha7a	cmace7fyn0017nnga5g38nhnq	Surcharge	Adult	30	30
cmace7fyn001anngaw43h577v	cmace7fyn0017nnga5g38nhnq	Breakfast	Adult	30	30
cmace7fyn001bnngakideych1	cmace7fyn0017nnga5g38nhnq	Child Breakfast	Child	25	25
cmace930d001enngadrir1jxk	cmace930d001dnngavnno0quk	Per Room Per Night	Adult	130	130
cmace930d001fnngakmpt4i5b	cmace930d001dnngavnno0quk	Surcharge	Adult	30	30
cmace930d001gnngak2607j8i	cmace930d001dnngavnno0quk	Breakfast	Adult	30	30
cmace930d001hnngawx69m6fh	cmace930d001dnngavnno0quk	Child Breakfast	Child	25	25
cmace930d001inngaido53qv1	cmace930d001dnngavnno0quk	Extra Bed	Adult	70	70
cmace930d001jnngamucrqw5u	cmace930d001dnngavnno0quk	Extra Bed	Child	70	70
cmacebli0001mnngafb2ca2rv	cmacebli0001lnngaqa7x0gx3	Per Room Per Night	Adult	195	195
cmacebli0001nnngacy17q7e3	cmacebli0001lnngaqa7x0gx3	Surcharge	Adult	30	30
cmacebli0001onngahyfqyzoe	cmacebli0001lnngaqa7x0gx3	Breakfast	Adult	30	30
cmacebli0001pnngak1l3qq6k	cmacebli0001lnngaqa7x0gx3	Child Breakfast	Child	25	25
cmacebli0001qnngamz0pg2jo	cmacebli0001lnngaqa7x0gx3	Extra Bed	Adult	70	70
cmacebli0001rnnga8p7qx8lm	cmacebli0001lnngaqa7x0gx3	Extra Bed	Child	70	70
cmacegit7001unngap8so4iih	cmacegit6001tnngatdwxpn0t	Per Room Per Night	Adult	235	235
cmacegit7001vnngacte9wbho	cmacegit6001tnngatdwxpn0t	Surcharge	Adult	30	30
cmacegit7001wnngavowz6b68	cmacegit6001tnngatdwxpn0t	Breakfast	Adult	30	30
cmacegit7001xnngas6rwsenz	cmacegit6001tnngatdwxpn0t	Child Breakfast	Child	25	25
cmacgfm8h0003e5jkd0dxfpqm	cmacgfm8h0002e5jkfiq8qxlj	Per Room Per Night	Adult	10	10
cmam00h8a002rnnutqhbqp69a	cmam00h8a002qnnuta01jbdhi	Per Room Per Night	Adult	295	295
cmam00h8a002snnut5betffhs	cmam00h8a002qnnuta01jbdhi	Surcharge	Adult	150	150
cmadeqlpb0024nngarwq8llps	cmadeqlpb0023nngadk5kvo75	Per Room Per Night	Adult	120	120
cmadeqlpb0025nngaqrrkqrab	cmadeqlpb0023nngadk5kvo75	Surcharge	Adult	20	20
cmadeqlpb0026nngaa7rxw4sp	cmadeqlpb0023nngadk5kvo75	Breakfast	Adult	25	25
cmadeqlpb0027nngablcoxhds	cmadeqlpb0023nngadk5kvo75	Child Breakfast	Child	15	15
cmadeqlpb0028nngae0x95qp4	cmadeqlpb0023nngadk5kvo75	Extra Bed	Adult	100	100
cmadeqlpb0029nnga2dyzoa00	cmadeqlpb0023nngadk5kvo75	Extra Bed	Child	100	100
cmadeupgm002cnngav9cih6cm	cmadeupgm002bnnga2wikvfa2	Per Room Per Night	Adult	160	160
cmadeupgm002dnnga5mdmorhd	cmadeupgm002bnnga2wikvfa2	Surcharge	Adult	20	20
cmadeupgm002ennga92ng2jj7	cmadeupgm002bnnga2wikvfa2	Breakfast	Adult	25	25
cmadeupgm002fnngarrws9hy1	cmadeupgm002bnnga2wikvfa2	Child Breakfast	Child	15	15
cmadeupgm002gnngalpntgmr5	cmadeupgm002bnnga2wikvfa2	Extra Bed	Adult	100	100
cmadeupgm002hnngavlalr1ga	cmadeupgm002bnnga2wikvfa2	Extra Bed	Child	100	100
cmadewmz9002knngaeok2htqb	cmadewmz9002jnnga2a6yxfk0	Per Room Per Night	Adult	300	300
cmadewmz9002lnngafjrodfaw	cmadewmz9002jnnga2a6yxfk0	Surcharge	Adult	20	20
cmadewmz9002mnngatuduqz5v	cmadewmz9002jnnga2a6yxfk0	Breakfast	Adult	25	25
cmadewmz9002nnnga6dxvxkgu	cmadewmz9002jnnga2a6yxfk0	Child Breakfast	Child	15	15
cmadewmz9002onngafsa1djje	cmadewmz9002jnnga2a6yxfk0	Extra Bed	Adult	100	100
cmadewmz9002pnngarhw96j1m	cmadewmz9002jnnga2a6yxfk0	Extra Bed	Child	100	100
cmadfgaq1002snngaw0f99pz5	cmadfgaq1002rnngadigrygys	Per Room Per Night	Adult	450	450
cmadfgaq1002tnngam1su20jw	cmadfgaq1002rnngadigrygys	Surcharge	Adult	100	100
cmadfgaq1002unnga4h0cqjgw	cmadfgaq1002rnngadigrygys	Breakfast	Adult	30	30
cmadfgaq1002vnnga9qg7zegz	cmadfgaq1002rnngadigrygys	Child Breakfast	Adult	30	30
cmadfgaq1002wnngaol4dj59t	cmadfgaq1002rnngadigrygys	Extra Bed	Adult	183.6	183.6
cmadfgaq1002xnnga1ivvfpww	cmadfgaq1002rnngadigrygys	Extra Bed	Child	183.6	183.6
cmadfikrk0030nnga39kgvdxq	cmadfikrk002znngaj7je4l8g	Per Room Per Night	Adult	760	760
cmadfikrk0031nnga9eyzdbh4	cmadfikrk002znngaj7je4l8g	Surcharge	Adult	200	200
cmadfikrk0032nnga1vmu2bog	cmadfikrk002znngaj7je4l8g	Breakfast	Adult	30	30
cmadfikrk0033nngaejddqax7	cmadfikrk002znngaj7je4l8g	Child Breakfast	Child	30	30
cmadfikrk0034nnga603mhffa	cmadfikrk002znngaj7je4l8g	Extra Bed	Adult	183.6	183.6
cmadg638a0037nnga8kq1ylvj	cmadg638a0036nngan4rn07zh	Per Room Per Night	Adult	270	270
cmadg638a0038nngaou4o74r3	cmadg638a0036nngan4rn07zh	Breakfast	Adult	45	45
cmadg638a0039nnga1lxpvhj3	cmadg638a0036nngan4rn07zh	Child Breakfast	Child	25	25
cmadg638a003annga9n5zbtov	cmadg638a0036nngan4rn07zh	Extra Bed	Adult	119	119
cmadg638a003bnngaudhpjgtf	cmadg638a0036nngan4rn07zh	Extra Bed	Child	119	119
cmadg8g71003enngaddahjdkq	cmadg8g71003dnnga7gqpz7th	Per Room Per Night	Adult	292	292
cmadg8g71003fnnga8q3dcbre	cmadg8g71003dnnga7gqpz7th	Breakfast	Adult	45	45
cmadg8g71003gnngahwib44n3	cmadg8g71003dnnga7gqpz7th	Child Breakfast	Child	25	25
cmadg8g71003hnngach7ot4um	cmadg8g71003dnnga7gqpz7th	Extra Bed	Adult	119	119
cmadg8g71003inngan91wd5eq	cmadg8g71003dnnga7gqpz7th	Extra Bed	Child	119	119
cmadgaawp003lnngaakflck4u	cmadgaawp003knngaizugmogg	Per Room Per Night	Adult	280	280
cmadgaawp003mnngaen4tuzul	cmadgaawp003knngaizugmogg	Breakfast	Adult	45	45
cmadgaawp003nnngacnyyv1v5	cmadgaawp003knngaizugmogg	Child Breakfast	Child	25	25
cmadgaawp003onngakyddm8lp	cmadgaawp003knngaizugmogg	Extra Bed	Adult	119	119
cmadgaawp003pnngasxpxor3u	cmadgaawp003knngaizugmogg	Extra Bed	Child	119	119
cmadgc7oz003snngav2gr2927	cmadgc7oy003rnngap4g7p0bq	Per Room Per Night	Adult	324	324
cmadgc7oz003tnngaap6ldh7p	cmadgc7oy003rnngap4g7p0bq	Breakfast	Adult	45	45
cmadgc7oz003unngaqq1yhajv	cmadgc7oy003rnngap4g7p0bq	Child Breakfast	Child	25	25
cmadgc7oz003vnnga0lkbnzcn	cmadgc7oy003rnngap4g7p0bq	Extra Bed	Adult	119	119
cmadgc7oz003wnnga981nkxt6	cmadgc7oy003rnngap4g7p0bq	Extra Bed	Child	119	119
cmadgee8w003znngalevy3eq3	cmadgee8w003ynnga01c6miu8	Per Room Per Night	Adult	432	432
cmadgee8w0040nngayoq4c2vu	cmadgee8w003ynnga01c6miu8	Breakfast	Adult	45	45
cmadgee8w0041nnga7cjdn9vz	cmadgee8w003ynnga01c6miu8	Child Breakfast	Child	25	25
cmadgee8w0042nnga4oqlt67g	cmadgee8w003ynnga01c6miu8	Extra Bed	Adult	173	173
cmadgee8w0043nngarww5rq96	cmadgee8w003ynnga01c6miu8	Extra Bed	Child	173	173
cmadgfyhq0046nngahnu3v7zv	cmadgfyhq0045nngamabfplhn	Per Room Per Night	Adult	486	486
cmadgfyhq0047nngaj3jcl9yp	cmadgfyhq0045nngamabfplhn	Breakfast	Adult	45	45
cmadgfyhq0048nngayej253l4	cmadgfyhq0045nngamabfplhn	Child Breakfast	Child	25	25
cmadgfyhq0049nngayg46p2xj	cmadgfyhq0045nngamabfplhn	Extra Bed	Adult	173	173
cmadgfyhq004anngabt9oalzc	cmadgfyhq0045nngamabfplhn	Extra Bed	Child	173	173
cmadgi2ed004dnngaf43azxm6	cmadgi2ed004cnnga0trjbocd	Per Room Per Night	Adult	648	648
cmadgi2ed004enngatmwqrsbk	cmadgi2ed004cnnga0trjbocd	Breakfast	Adult	45	45
cmadgi2ed004fnngaxvxt0kjg	cmadgi2ed004cnnga0trjbocd	Child Breakfast	Child	25	25
cmadgi2ed004gnngao87z5viu	cmadgi2ed004cnnga0trjbocd	Extra Bed	Adult	173	173
cmadgi2ed004hnngarqxpq6z1	cmadgi2ed004cnnga0trjbocd	Extra Bed	Child	173	173
cmadgk2ne004knngazwxduogm	cmadgk2ne004jnnga33xbg0qv	Per Room Per Night	Adult	702	702
cmadgk2ne004lnngai7693u4u	cmadgk2ne004jnnga33xbg0qv	Breakfast	Adult	45	45
cmadgk2ne004mnngaaf6j89hq	cmadgk2ne004jnnga33xbg0qv	Child Breakfast	Child	25	25
cmadgk2ne004nnnga7kovscwf	cmadgk2ne004jnnga33xbg0qv	Extra Bed	Adult	173	173
cmadgk2ne004onnga1r7geffu	cmadgk2ne004jnnga33xbg0qv	Extra Bed	Child	173	173
cmadgsmcc004rnngap5mq3hf1	cmadgsmcc004qnngahjdc6j44	Per Room Per Night	Adult	115	115
cmadgsmcc004snngakaf93yfg	cmadgsmcc004qnngahjdc6j44	Extra Bed	Adult	60	60
cmadgsmcc004tnngae6kdmo0x	cmadgsmcc004qnngahjdc6j44	Extra Bed	Child	60	60
cmadgugfp004wnngasv7fo4ic	cmadgugfp004vnngasa96y21d	Per Room Per Night	Adult	150	150
cmadgugfp004xnngawb8eqckz	cmadgugfp004vnngasa96y21d	Extra Bed	Adult	60	60
cmadgugfp004ynngab469vivq	cmadgugfp004vnngasa96y21d	Extra Bed	Child	60	60
cmadha4im0051nngahnlg1ot6	cmadha4im0050nnga1s29quns	Per Room Per Night	Adult	395	395
cmadha4im0052nngav74uzcun	cmadha4im0050nnga1s29quns	Extra Bed	Adult	160	160
cmadha4im0053nnga36l4cchb	cmadha4im0050nnga1s29quns	Extra Bed	Child	160	160
cmadhb5tf0056nngay1l9phz4	cmadhb5tf0055nnga91ry0jp2	Per Room Per Night	Adult	395	395
cmadhcarm0059nngauzgxirup	cmadhcarm0058nnga1il0yh9v	Per Room Per Night	Adult	515	515
cmadhcarm005anngarrortpf0	cmadhcarm0058nnga1il0yh9v	Extra Bed	Adult	160	160
cmadhcarm005bnngapnaue5yh	cmadhcarm0058nnga1il0yh9v	Extra Bed	Child	160	160
cmam00h8a002tnnutdbpnydql	cmam00h8a002qnnuta01jbdhi	Breakfast	Adult	35	35
cmaewyy920007e67oz47u4igy	cmaewyy920006e67ovsjc46up	Surcharge	Adult	34	24
cmaezdvgp0000e66076b7lk5q	cmaewwcsm0003e67oq2lu50af	Surcharge	Adult	32	34
cmaezdvgp0001e6601s7z42j6	cmaewwcsm0003e67oq2lu50af	Breakfast	Adult	56	45
cmaezdvgp0002e660y6yir4if	cmaewwcsm0003e67oq2lu50af	Extra Bed	Adult	56	56
cmaewwcsm0004e67of13dv4k8	cmaewwcsm0003e67oq2lu50af	Per Room Per Night	Adult	74	56
cmam00h8a002unnutr2l9z299	cmam00h8a002qnnuta01jbdhi	Child Breakfast	Child	25	25
cmam00h8a002vnnutv1rt2ssc	cmam00h8a002qnnuta01jbdhi	Extra Bed	Adult	100	100
cmaf327ap0009nn9il1b1dh6v	cmaf327ap0008nn9irqojvrz0	Per Room Per Night	Adult	130	130
cmaf327ap000ann9if1wtmgeo	cmaf327ap0008nn9irqojvrz0	Breakfast	Adult	30	30
cmaf327ap000bnn9ivj9g0hql	cmaf327ap0008nn9irqojvrz0	Child Breakfast	Child	15	15
cmaf327ap000cnn9ihbaanyrp	cmaf327ap0008nn9irqojvrz0	Extra Bed	Adult	70	70
cmaf327ap000dnn9ircayxfsx	cmaf327ap0008nn9irqojvrz0	Extra Bed	Child	70	70
cmaf376od000gnn9i51oa7lus	cmaf376oc000fnn9iad2y3xzv	Per Room Per Night	Adult	140	140
cmaf376od000hnn9iwtn7vbmz	cmaf376oc000fnn9iad2y3xzv	Breakfast	Adult	30	30
cmaf376od000inn9is35sendk	cmaf376oc000fnn9iad2y3xzv	Child Breakfast	Child	15	15
cmaf376od000jnn9i3c5pm0wk	cmaf376oc000fnn9iad2y3xzv	Extra Bed	Adult	70	70
cmaf376od000knn9impsgbna8	cmaf376oc000fnn9iad2y3xzv	Extra Bed	Child	70	70
cmaf38p0t000nnn9i0z4bgve4	cmaf38p0t000mnn9iadnm3g4o	Per Room Per Night	Adult	120	120
cmaf38p0t000onn9iu9vd01x0	cmaf38p0t000mnn9iadnm3g4o	Breakfast	Adult	30	30
cmaf38p0t000pnn9iich6ul7x	cmaf38p0t000mnn9iadnm3g4o	Child Breakfast	Child	15	15
cmaf38p0t000qnn9i54ixwjfl	cmaf38p0t000mnn9iadnm3g4o	Extra Bed	Adult	70	70
cmaf38p0t000rnn9i9op5p2h0	cmaf38p0t000mnn9iadnm3g4o	Extra Bed	Child	70	70
cmaf3rmj0000unn9iwwlqnv1a	cmaf3rmj0000tnn9ihj7doj0w	Per Room Per Night	Adult	370	370
cmaf3rmj0000vnn9i3757mayq	cmaf3rmj0000tnn9ihj7doj0w	Breakfast	Adult	750	75
cmaf3rmj0000wnn9iyq8q48w4	cmaf3rmj0000tnn9ihj7doj0w	Child Breakfast	Child	37.5	37.5
cmaf3tuh9000znn9i3czjnc76	cmaf3tuh9000ynn9ioanmdx5q	Per Room Per Night	Adult	470	470
cmaf3tuh90010nn9io4hnhjjv	cmaf3tuh9000ynn9ioanmdx5q	Breakfast	Adult	75	75
cmaf3tuh90011nn9isqej2fx8	cmaf3tuh9000ynn9ioanmdx5q	Child Breakfast	Adult	37.5	37.5
cmaf42psf0014nn9ignnne6zs	cmaf42psf0013nn9ibkowvr6c	Per Room Per Night	Adult	265	265
cmaf42psf0015nn9iysf53taw	cmaf42psf0013nn9ibkowvr6c	Surcharge	Adult	60	60
cmaf42psf0016nn9iq9ptupxi	cmaf42psf0013nn9ibkowvr6c	Child Breakfast	Child	17.5	17.5
cmaf42psf0017nn9i2dbr8dlb	cmaf42psf0013nn9ibkowvr6c	Extra Bed	Adult	110	110
cmaf42psf0018nn9isnx2vh9s	cmaf42psf0013nn9ibkowvr6c	Extra Bed	Child	110	110
cmaf48heq001bnn9i8svmwne1	cmaf48heq001ann9iwxik9bgs	Per Room Per Night	Adult	365	365
cmaf48heq001cnn9i2iigv3i5	cmaf48heq001ann9iwxik9bgs	Child Breakfast	Adult	17.5	17.5
cmaf48heq001dnn9ic0kyzpdm	cmaf48heq001ann9iwxik9bgs	Extra Bed	Adult	110	110
cmaf48heq001enn9ifp4hjolo	cmaf48heq001ann9iwxik9bgs	Extra Bed	Child	110	110
cmaf4bp8t001hnn9iren8wre2	cmaf4bp8t001gnn9ixav3jh93	Per Room Per Night	Adult	580	580
cmaf4bp8t001inn9ifdyx17u3	cmaf4bp8t001gnn9ixav3jh93	Surcharge	Adult	120	120
cmaf4bp8t001jnn9i40ec27nw	cmaf4bp8t001gnn9ixav3jh93	Child Breakfast	Child	17.5	17.5
cmaf4bp8t001knn9iroqkud96	cmaf4bp8t001gnn9ixav3jh93	Extra Bed	Adult	110	110
cmaf4bp8t001lnn9iyudkpr1f	cmaf4bp8t001gnn9ixav3jh93	Extra Bed	Child	120	120
cmaf4w83t001onn9ioxws8olg	cmaf4w83t001nnn9i0hlrx3qe	Per Room Per Night	Adult	140	140
cmaf4w83t001pnn9iw5858bjy	cmaf4w83t001nnn9i0hlrx3qe	Surcharge	Adult	50	50
cmaf4w83t001qnn9i5i656to8	cmaf4w83t001nnn9i0hlrx3qe	Extra Bed	Adult	1000	100
cmaf4w83t001rnn9ic4remk0u	cmaf4w83t001nnn9i0hlrx3qe	Extra Bed	Child	100	100
cmaf4yp4z001unn9ibnlm9nhz	cmaf4yp4z001tnn9it8ua8d4h	Per Room Per Night	Adult	160	160
cmaf4yp4z001vnn9iod068a91	cmaf4yp4z001tnn9it8ua8d4h	Surcharge	Adult	50	50
cmaf4yp4z001wnn9it52snddb	cmaf4yp4z001tnn9it8ua8d4h	Extra Bed	Adult	100	100
cmaf4yp4z001xnn9i7a3ygiye	cmaf4yp4z001tnn9it8ua8d4h	Extra Bed	Child	100	100
cmaf50kui0020nn9inwwp4o5u	cmaf50kuh001znn9i2x41yped	Per Room Per Night	Adult	200	200
cmaf50kui0021nn9i0afp71rg	cmaf50kuh001znn9i2x41yped	Surcharge	Adult	50	50
cmaf50kui0022nn9i7luyje8e	cmaf50kuh001znn9i2x41yped	Extra Bed	Adult	100	100
cmaf50kui0023nn9i5w6xrbre	cmaf50kuh001znn9i2x41yped	Extra Bed	Child	100	100
cmaf5250f0026nn9i5ijc9u93	cmaf5250f0025nn9iz2no5n05	Per Room Per Night	Adult	135	135
cmaf5250f0027nn9i3c08cpp9	cmaf5250f0025nn9iz2no5n05	Surcharge	Adult	50	50
cmaf5250f0028nn9ivlsmttkq	cmaf5250f0025nn9iz2no5n05	Extra Bed	Adult	100	100
cmaf5250f0029nn9i5ryrzzlg	cmaf5250f0025nn9iz2no5n05	Extra Bed	Child	100	100
cmaf53k5t002cnn9ijs2h6hh6	cmaf53k5t002bnn9i23jjv7sj	Per Room Per Night	Adult	155	155
cmaf53k5t002dnn9i9wdnq38r	cmaf53k5t002bnn9i23jjv7sj	Surcharge	Adult	50	50
cmaf53k5t002enn9if3au4eo5	cmaf53k5t002bnn9i23jjv7sj	Extra Bed	Adult	100	100
cmaf53k5t002fnn9iegv71hn7	cmaf53k5t002bnn9i23jjv7sj	Extra Bed	Child	100	100
cmaf54qc5002inn9i6ln4d08j	cmaf54qc5002hnn9ikb4xnnwh	Per Room Per Night	Adult	190	190
cmaf54qc5002jnn9ivvm3os36	cmaf54qc5002hnn9ikb4xnnwh	Surcharge	Adult	50	50
cmaf54qc5002knn9ies0fl233	cmaf54qc5002hnn9ikb4xnnwh	Extra Bed	Adult	1000	100
cmaf54qc5002lnn9in41z21k4	cmaf54qc5002hnn9ikb4xnnwh	Extra Bed	Child	100	100
cmaf5gu12002onn9ii5mlotwd	cmaf5gu12002nnn9ik0y73664	Per Room Per Night	Adult	500	500
cmaf5gu12002pnn9itydx8c49	cmaf5gu12002nnn9ik0y73664	Surcharge	Adult	100	100
cmaf5gu12002qnn9ivku5oumw	cmaf5gu12002nnn9ik0y73664	Breakfast	Adult	45	45
cmaf5gu12002rnn9iwh4vmssk	cmaf5gu12002nnn9ik0y73664	Child Breakfast	Child	30	30
cmaf5gu12002snn9i9hlwtpfk	cmaf5gu12002nnn9ik0y73664	Extra Bed	Adult	110	110
cmaf5gu12002tnn9iy3dt91hu	cmaf5gu12002nnn9ik0y73664	Extra Bed	Child	110	110
cmaf5ivz0002wnn9iqersmw7r	cmaf5ivz0002vnn9ikyouwm8o	Per Room Per Night	Adult	530	530
cmaf5ivz0002xnn9id87q2jir	cmaf5ivz0002vnn9ikyouwm8o	Surcharge	Adult	100	100
cmaf5ivz0002ynn9itf9vnr1j	cmaf5ivz0002vnn9ikyouwm8o	Breakfast	Adult	45	45
cmaf5ivz0002znn9ijgcv6mfl	cmaf5ivz0002vnn9ikyouwm8o	Child Breakfast	Child	30	30
cmaf5ivz00030nn9i4g0fze23	cmaf5ivz0002vnn9ikyouwm8o	Extra Bed	Adult	110	110
cmaf5ivz00031nn9i9p2f9nja	cmaf5ivz0002vnn9ikyouwm8o	Extra Bed	Child	110	110
cmaf5l5n90034nn9ivsgz1c0l	cmaf5l5n90033nn9i8na2t58d	Per Room Per Night	Adult	580	580
cmaf5l5n90035nn9icqxbse3e	cmaf5l5n90033nn9i8na2t58d	Surcharge	Adult	140	140
cmaf5l5n90036nn9iyritl3py	cmaf5l5n90033nn9i8na2t58d	Breakfast	Adult	45	45
cmaf5l5n90037nn9ifrvywloy	cmaf5l5n90033nn9i8na2t58d	Child Breakfast	Child	30	30
cmaf5l5n90038nn9i8gd1afe2	cmaf5l5n90033nn9i8na2t58d	Extra Bed	Adult	110	110
cmaf5l5n90039nn9ikyxgyw9t	cmaf5l5n90033nn9i8na2t58d	Extra Bed	Child	110	110
cmaf5pkpx003cnn9i2e68u202	cmaf5pkpx003bnn9idoeilu6l	Per Room Per Night	Adult	660	660
cmaf5pkpx003dnn9i1h6nubf6	cmaf5pkpx003bnn9idoeilu6l	Surcharge	Adult	180	180
cmaf5pkpx003enn9i1tg7mlkn	cmaf5pkpx003bnn9idoeilu6l	Breakfast	Adult	45	45
cmaf5pkpx003fnn9itysqkt0n	cmaf5pkpx003bnn9idoeilu6l	Child Breakfast	Child	30	30
cmaf5pkpx003gnn9iwktxroj2	cmaf5pkpx003bnn9idoeilu6l	Extra Bed	Adult	110	110
cmaf5pkpx003hnn9ivu6b9epo	cmaf5pkpx003bnn9idoeilu6l	Extra Bed	Child	110	110
cmaf5r4ie003knn9ik2advosh	cmaf5r4ie003jnn9in4t7xs16	Per Room Per Night	Adult	710	710
cmaf5r4ie003lnn9i4jehohfq	cmaf5r4ie003jnn9in4t7xs16	Surcharge	Adult	180	180
cmaf5r4if003mnn9i17gljc2l	cmaf5r4ie003jnn9in4t7xs16	Breakfast	Adult	45	45
cmaf5r4if003nnn9imos53f06	cmaf5r4ie003jnn9in4t7xs16	Child Breakfast	Child	30	30
cmaf5r4if003onn9itbhbomkj	cmaf5r4ie003jnn9in4t7xs16	Extra Bed	Adult	110	110
cmaf5r4if003pnn9i0pbrj284	cmaf5r4ie003jnn9in4t7xs16	Extra Bed	Child	110	110
cmaf5sqnl003snn9ik42ax5rt	cmaf5sqnl003rnn9i2k3ikkm2	Per Room Per Night	Adult	810	810
cmaf5sqnl003tnn9iswb9sjse	cmaf5sqnl003rnn9i2k3ikkm2	Surcharge	Adult	180	180
cmaf5sqnl003unn9i31ndgqm3	cmaf5sqnl003rnn9i2k3ikkm2	Breakfast	Adult	45	45
cmaf5sqnl003vnn9iuhfcx7jg	cmaf5sqnl003rnn9i2k3ikkm2	Child Breakfast	Child	30	30
cmaf5sqnl003wnn9i4a6bl1ny	cmaf5sqnl003rnn9i2k3ikkm2	Extra Bed	Adult	110	110
cmaf5sqnl003xnn9ixtvkmvh3	cmaf5sqnl003rnn9i2k3ikkm2	Extra Bed	Child	110	110
cmakjqbpg0016nnb1if9cjvdx	cmakjqbpg0015nnb1a4zt6bm2	Per Room Per Night	Adult	260	260
cmakjqbpg0017nnb12ja4grpb	cmakjqbpg0015nnb1a4zt6bm2	Surcharge	Adult	60	60
cmakjqbpg0018nnb1rvcudv02	cmakjqbpg0015nnb1a4zt6bm2	Breakfast	Adult	30	30
cmakjqbpg0019nnb1xcllr1gn	cmakjqbpg0015nnb1a4zt6bm2	Child Breakfast	Child	15	15
cmakjrh6r001cnnb1vcjdbo52	cmakjrh6r001bnnb1vvovsx6q	Per Room Per Night	Adult	360	360
cmakjrh6r001dnnb1idl8gqtt	cmakjrh6r001bnnb1vvovsx6q	Surcharge	Adult	60	60
cmakjrh6r001ennb1693scwal	cmakjrh6r001bnnb1vvovsx6q	Breakfast	Adult	30	30
cmakjrh6r001fnnb1ocql85mn	cmakjrh6r001bnnb1vvovsx6q	Child Breakfast	Child	15	15
cmafixxer000znnto5lqv4o10	cmafixxer000ynntodwy44u40	Per Room Per Night	Adult	300	200
cmafixxer0010nntok60fkvhy	cmafixxer000ynntodwy44u40	Extra Bed	Adult	200	300
cmafixxer0011nntou79gxyvm	cmafixxer000ynntodwy44u40	Child Breakfast (N)	Adult	100	0
cmafixxer0012nntomdnl6z0g	cmafixxer000ynntodwy44u40	Per Room Per Night	Child	380	200
cmakjgd37000nnnb10sp8akom	cmakjgd37000mnnb1i8x8qzy1	Per Room Per Night	Adult	190	190
cmakjgd37000onnb1f8sfgrtm	cmakjgd37000mnnb1i8x8qzy1	Surcharge	Adult	60	60
cmakjgd37000pnnb1578c5dbu	cmakjgd37000mnnb1i8x8qzy1	Breakfast	Adult	30	30
cmakjgd37000qnnb1zuuf38o5	cmakjgd37000mnnb1i8x8qzy1	Child Breakfast	Child	15	15
cmakjgd37000rnnb1xi3sqtzn	cmakjgd37000mnnb1i8x8qzy1	Per Room Per Night	Adult	0	0
cmakjms3r000unnb1bb79l60x	cmakjms3r000tnnb1royl9wtl	Per Room Per Night	Adult	260	260
cmakjms3r000vnnb1qdwil789	cmakjms3r000tnnb1royl9wtl	Surcharge	Adult	60	60
cmakjms3r000wnnb19tbwh8dr	cmakjms3r000tnnb1royl9wtl	Breakfast	Adult	30	30
cmakjms3r000xnnb1ylaqbeis	cmakjms3r000tnnb1royl9wtl	Child Breakfast	Child	15	15
cmakjoulq0010nnb1eey0yn31	cmakjoulq000znnb1585y420x	Per Room Per Night	Adult	330	330
cmakjoulq0011nnb1on51ovmt	cmakjoulq000znnb1585y420x	Surcharge	Adult	60	60
cmakjoulq0012nnb1j3gh5aqc	cmakjoulq000znnb1585y420x	Breakfast	Adult	30	30
cmakjoulq0013nnb1k4571fiy	cmakjoulq000znnb1585y420x	Child Breakfast	Child	15	15
cmakjsvwy001innb105xxg05y	cmakjsvwy001hnnb1z7k01827	Per Room Per Night	Adult	810	810
cmakjsvwy001jnnb19po52mwl	cmakjsvwy001hnnb1z7k01827	Surcharge	Adult	60	60
cmakjsvwy001knnb17na0dshv	cmakjsvwy001hnnb1z7k01827	Breakfast	Adult	30	30
cmakjsvwy001lnnb1y1bc0096	cmakjsvwy001hnnb1z7k01827	Child Breakfast	Child	15	15
cmakk2qxu001onnb1puyqycu1	cmakk2qxu001nnnb1ocgw3dxp	Per Room Per Night	Adult	90	90
cmakk2qxu001pnnb1g1ngsfmf	cmakk2qxu001nnnb1ocgw3dxp	Breakfast	Adult	25	25
cmakk2qxu001qnnb1adq97zf1	cmakk2qxu001nnnb1ocgw3dxp	Child Breakfast	Child	12.5	12.5
cmakk42w1001tnnb1at0zj6mt	cmakk42w1001snnb124sl00w0	Per Room Per Night	Adult	110	110
cmakk42w1001unnb12a0kybn4	cmakk42w1001snnb124sl00w0	Breakfast	Adult	25	25
cmakk42w1001vnnb1488622v8	cmakk42w1001snnb124sl00w0	Child Breakfast	Child	12.5	12.5
cmakk56pc001ynnb1rcgag5cz	cmakk56pb001xnnb1w2gvsgsq	Per Room Per Night	Adult	110	110
cmakk56pc001znnb10e3zbz4o	cmakk56pb001xnnb1w2gvsgsq	Breakfast	Adult	25	25
cmakk56pc0020nnb1373kterm	cmakk56pb001xnnb1w2gvsgsq	Child Breakfast	Child	12.5	12.5
cmakk6ucv0023nnb1ancf5w7g	cmakk6ucv0022nnb1cplx7you	Per Room Per Night	Adult	160	160
cmakk6ucv0024nnb1zzqucemb	cmakk6ucv0022nnb1cplx7you	Breakfast	Adult	25	25
cmakk6ucv0025nnb1b0gp6xto	cmakk6ucv0022nnb1cplx7you	Child Breakfast	Child	12.5	12.5
cmakkdgtx0028nnb1num3coio	cmakkdgtx0027nnb1njuc3h4z	Per Room Per Night	Adult	310	310
cmakkdgtx0029nnb1pr57tn77	cmakkdgtx0027nnb1njuc3h4z	Child Breakfast	Child	18	18
cmakkeo4d002cnnb1z6wjhrwb	cmakkeo4d002bnnb1u0u9enkb	Per Room Per Night	Adult	360	360
cmakkeo4d002dnnb19n95t3mf	cmakkeo4d002bnnb1u0u9enkb	Child Breakfast	Child	18	18
cmakkeo4d002ennb133br5w1b	cmakkeo4d002bnnb1u0u9enkb	Extra Bed	Adult	135	135
cmakkfodu002hnnb1ge399ufx	cmakkfodu002gnnb1koda079v	Per Room Per Night	Adult	610	610
cmakkfodu002innb15y8sb6dp	cmakkfodu002gnnb1koda079v	Child Breakfast	Child	18	18
cmakkfodu002jnnb1f5ean085	cmakkfodu002gnnb1koda079v	Extra Bed	Adult	135	135
cmakkk3r7002mnnb161apuvqj	cmakkk3r7002lnnb1kqfynsc7	Per Room Per Night	Adult	220	220
cmakkk3r7002nnnb1hh4qcepr	cmakkk3r7002lnnb1kqfynsc7	Surcharge	Adult	50	50
cmakkk3r7002onnb1j4tucgyu	cmakkk3r7002lnnb1kqfynsc7	Breakfast	Adult	20	20
cmakkk3r7002pnnb1smtjowry	cmakkk3r7002lnnb1kqfynsc7	Child Breakfast	Child	20	20
cmakkk3r7002qnnb1iv577jzu	cmakkk3r7002lnnb1kqfynsc7	Extra Bed	Adult	70	70
cmakklhdd002tnnb1umtvyggv	cmakklhdd002snnb15dqy4anr	Per Room Per Night	Adult	240	240
cmakklhdd002unnb1o6nu6cev	cmakklhdd002snnb15dqy4anr	Surcharge	Adult	50	50
cmakklhdd002vnnb1c9q1z7y6	cmakklhdd002snnb15dqy4anr	Breakfast	Adult	20	20
cmakklhdd002wnnb1aywjcsdn	cmakklhdd002snnb15dqy4anr	Child Breakfast	Child	20	20
cmakklhdd002xnnb1ws6p8f7v	cmakklhdd002snnb15dqy4anr	Extra Bed	Adult	70	70
cmakkmldv0030nnb12zfqxjqk	cmakkmldv002znnb1sfuywmpv	Per Room Per Night	Adult	420	420
cmakkmldv0031nnb1e9itgv0m	cmakkmldv002znnb1sfuywmpv	Surcharge	Adult	50	50
cmakkmldw0032nnb1hppqmtd3	cmakkmldv002znnb1sfuywmpv	Breakfast	Adult	20	20
cmakkmldw0033nnb1rpa982uk	cmakkmldv002znnb1sfuywmpv	Child Breakfast	Child	20	20
cmakkmldw0034nnb1mgn06l4i	cmakkmldv002znnb1sfuywmpv	Extra Bed	Adult	70	70
cmakkr9ny0037nnb1apzvjrdx	cmakkr9nx0036nnb1yznh036x	Per Room Per Night	Adult	200	200
cmakkr9ny0038nnb1ee4cuvas	cmakkr9nx0036nnb1yznh036x	Surcharge	Adult	50	50
cmakkr9ny0039nnb1ys79hitt	cmakkr9nx0036nnb1yznh036x	Breakfast	Adult	20	20
cmakkr9ny003annb17ponx9sv	cmakkr9nx0036nnb1yznh036x	Child Breakfast	Child	20	20
cmakkr9ny003bnnb1fqaugbcd	cmakkr9nx0036nnb1yznh036x	Extra Bed	Adult	70	70
cmakksguc003ennb1f64xpgda	cmakksguc003dnnb142byl2rj	Per Room Per Night	Adult	220	220
cmakksguc003fnnb1lqtxs87n	cmakksguc003dnnb142byl2rj	Surcharge	Adult	50	50
cmakksguc003gnnb159rh1rcb	cmakksguc003dnnb142byl2rj	Breakfast	Adult	20	20
cmakksguc003hnnb127hyyp87	cmakksguc003dnnb142byl2rj	Child Breakfast	Child	20	20
cmakksguc003innb1isxohwwt	cmakksguc003dnnb142byl2rj	Extra Bed	Adult	70	70
cmakktv2s003lnnb16vih9y3f	cmakktv2s003knnb1o41rpjid	Per Room Per Night	Adult	290	290
cmakktv2s003mnnb17nnlvks4	cmakktv2s003knnb1o41rpjid	Surcharge	Adult	50	50
cmakktv2s003nnnb1v5z4vnzo	cmakktv2s003knnb1o41rpjid	Breakfast	Adult	20	20
cmakktv2s003onnb1mtbepb2m	cmakktv2s003knnb1o41rpjid	Child Breakfast	Child	20	20
cmakkwvev003rnnb1b64a2s48	cmakkwveu003qnnb12bsfcoym	Per Room Per Night	Adult	360	360
cmakkwvev003snnb18coia6de	cmakkwveu003qnnb12bsfcoym	Surcharge	Adult	50	50
cmakkwvev003tnnb1gztxk0jx	cmakkwveu003qnnb12bsfcoym	Breakfast	Adult	20	20
cmakkwvev003unnb1bbzit9hz	cmakkwveu003qnnb12bsfcoym	Child Breakfast	Child	20	20
cmakle8au0046nnb17zk1lbg4	cmakle8au0045nnb13jqv8yxn	Per Room Per Night	Adult	100	100
cmakle8au0047nnb1nch220sc	cmakle8au0045nnb13jqv8yxn	Breakfast	Adult	15	15
cmakle8au0048nnb1v6qea3kd	cmakle8au0045nnb13jqv8yxn	Child Breakfast	Child	15	15
cmakle8au0049nnb1b496nzor	cmakle8au0045nnb13jqv8yxn	Per Room Per Night	Adult	0	0
cmaklf6c6004cnnb12trjgf1q	cmaklf6c6004bnnb1wz94zw2p	Per Room Per Night	Adult	100	100
cmaklf6c6004dnnb1v0xyh69p	cmaklf6c6004bnnb1wz94zw2p	Breakfast	Adult	15	15
cmaklf6c6004ennb1m3ugpdp1	cmaklf6c6004bnnb1wz94zw2p	Child Breakfast	Child	15	15
cmaklg4zu004jnnb18fa6xj6k	cmaklg4zu004innb18s296hom	Per Room Per Night	Adult	100	100
cmaklg4zu004knnb12aep8nrg	cmaklg4zu004innb18s296hom	Breakfast	Adult	15	15
cmaklg4zu004lnnb1vawdy8qn	cmaklg4zu004innb18s296hom	Child Breakfast	Child	15	15
cmakli4ky004qnnb1wpzixtmg	cmakli4kx004pnnb1bpatgrqp	Per Room Per Night	Adult	140	140
cmakli4ky004rnnb1lhnk2qkq	cmakli4kx004pnnb1bpatgrqp	Breakfast	Adult	15	15
cmakli4ky004snnb1js4v5cbu	cmakli4kx004pnnb1bpatgrqp	Child Breakfast	Child	15	15
cmakljdfv004xnnb19lwwslrr	cmakljdfv004wnnb1tltmogwz	Per Room Per Night	Adult	140	140
cmakljdfv004ynnb1wk9x0eav	cmakljdfv004wnnb1tltmogwz	Breakfast	Adult	15	15
cmakljdfv004znnb140a045us	cmakljdfv004wnnb1tltmogwz	Child Breakfast	Child	15	15
cmaklkj4w0054nnb1eg7y2t1t	cmaklkj4w0053nnb1clmvp5sw	Per Room Per Night	Adult	150	150
cmaklkj4w0055nnb1ty8bttw3	cmaklkj4w0053nnb1clmvp5sw	Breakfast	Adult	15	15
cmaklkj4w0056nnb1x1bllwa5	cmaklkj4w0053nnb1clmvp5sw	Child Breakfast	Child	15	15
cmakllm2s0059nnb1xv4w7e4q	cmakllm2s0058nnb1x3do4ari	Per Room Per Night	Adult	180	180
cmakllm2s005annb13obpnb1d	cmakllm2s0058nnb1x3do4ari	Breakfast	Adult	15	15
cmakllm2s005bnnb1ag59sf67	cmakllm2s0058nnb1x3do4ari	Child Breakfast	Child	15	15
cmaklmsz3005ennb1lo173ag1	cmaklmsz3005dnnb14dyg6dot	Per Room Per Night	Adult	230	230
cmaklmsz3005fnnb1xkzjwj6i	cmaklmsz3005dnnb14dyg6dot	Breakfast	Adult	15	15
cmaklmsz3005gnnb1tachepk4	cmaklmsz3005dnnb14dyg6dot	Child Breakfast	Child	15	15
cmaklo0sj005jnnb1v4zt1x1l	cmaklo0sj005innb11h8ubois	Per Room Per Night	Adult	190	190
cmaklo0sj005knnb1hbv5lfy6	cmaklo0sj005innb11h8ubois	Breakfast	Adult	15	15
cmaklo0sj005lnnb182zkt33y	cmaklo0sj005innb11h8ubois	Child Breakfast	Child	15	15
cmakm751l006annb15j3ctpqs	cmakm751l0069nnb12kiw65zl	Per Room Per Night	Adult	420	420
cmakm751l006bnnb15lhvm0hu	cmakm751l0069nnb12kiw65zl	Surcharge	Adult	100	100
cmakm751l006cnnb163y0bxwb	cmakm751l0069nnb12kiw65zl	Breakfast	Adult	23	23
cmakm751l006dnnb1ffg4wi1r	cmakm751l0069nnb12kiw65zl	Child Breakfast	Child	23	23
cmakm751l006ennb1nvcuhwwx	cmakm751l0069nnb12kiw65zl	Extra Bed	Adult	100	100
cmakm8vmt006jnnb1ei7fwlg3	cmakm8vmt006innb1mfvcxu00	Per Room Per Night	Adult	470	470
cmakm8vmt006knnb1ftrpex3e	cmakm8vmt006innb1mfvcxu00	Surcharge	Adult	100	100
cmakm8vmt006lnnb1ie38qmv9	cmakm8vmt006innb1mfvcxu00	Breakfast	Adult	23	23
cmakm8vmt006mnnb1ijqmdja1	cmakm8vmt006innb1mfvcxu00	Child Breakfast	Child	23	23
cmakm8vmt006nnnb1bjzqeb5k	cmakm8vmt006innb1mfvcxu00	Extra Bed	Adult	100	100
cmakmb8x6006qnnb1etws4g9j	cmakmb8x6006pnnb1nmk3o5os	Per Room Per Night	Adult	970	970
cmakmb8x6006rnnb1zuepdv63	cmakmb8x6006pnnb1nmk3o5os	Surcharge	Adult	100	100
cmakmb8x6006snnb1n0eg3yx5	cmakmb8x6006pnnb1nmk3o5os	Breakfast	Adult	23	23
cmakmb8x6006tnnb1doyzsy2u	cmakmb8x6006pnnb1nmk3o5os	Child Breakfast	Child	23	23
cmakmb8x6006unnb1fov5xsxh	cmakmb8x6006pnnb1nmk3o5os	Extra Bed	Adult	100	100
cmakmeuh2006xnnb1w6f9u4u0	cmakmeuh1006wnnb1qdx0woha	Per Room Per Night	Adult	1300	1300
cmakmeuh2006ynnb1bs7lgap8	cmakmeuh1006wnnb1qdx0woha	Surcharge	Adult	100	100
cmakmeuh2006znnb1tfea8wqy	cmakmeuh1006wnnb1qdx0woha	Breakfast	Adult	23	23
cmakmeuh20070nnb12b3bdzlw	cmakmeuh1006wnnb1qdx0woha	Child Breakfast	Child	23	23
cmakmghfn0073nnb1nklhbjp6	cmakmghfm0072nnb1z4p5an13	Per Room Per Night	Adult	1500	1500
cmakmghfn0074nnb131mz4bw1	cmakmghfm0072nnb1z4p5an13	Surcharge	Adult	100	100
cmakmghfn0075nnb1i2be8k0t	cmakmghfm0072nnb1z4p5an13	Breakfast	Adult	23	23
cmakmghfn0076nnb1wqk1d6z6	cmakmghfm0072nnb1z4p5an13	Child Breakfast	Child	23	23
cmakmibop0079nnb1vx6ocity	cmakmiboo0078nnb1wrya72vb	Per Room Per Night	Adult	7000	7000
cmakmibop007annb1hmxs5lbx	cmakmiboo0078nnb1wrya72vb	Surcharge	Adult	100	100
cmakmibop007bnnb1m7ylh8z5	cmakmiboo0078nnb1wrya72vb	Breakfast	Adult	23	23
cmakmibop007cnnb1a53ta700	cmakmiboo0078nnb1wrya72vb	Child Breakfast	Child	23	23
cmakpi2i9007fnnb1m2d7hyph	cmakpi2i9007ennb1ykfhrxss	Per Room Per Night	Adult	115	115
cmakpi2i9007gnnb11t3uf79e	cmakpi2i9007ennb1ykfhrxss	Breakfast	Adult	25	25
cmakpi2i9007hnnb161kezct6	cmakpi2i9007ennb1ykfhrxss	Child Breakfast	Child	15	15
cmakq06yh007knnb1u5zj6gnw	cmakq06yh007jnnb1puvf1a04	Per Room Per Night	Adult	155	155
cmakq06yh007lnnb1n1xuiu7u	cmakq06yh007jnnb1puvf1a04	Breakfast	Adult	25	25
cmakq06yh007mnnb188xbxc4q	cmakq06yh007jnnb1puvf1a04	Child Breakfast	Child	15	15
cmakq1fbm007pnnb1p11h6edq	cmakq1fbm007onnb1mjcsi0js	Per Room Per Night	Adult	400	400
cmakq1fbm007qnnb1jd4nkq6l	cmakq1fbm007onnb1mjcsi0js	Breakfast	Adult	25	25
cmakq1fbm007rnnb15ukpyz1j	cmakq1fbm007onnb1mjcsi0js	Child Breakfast	Child	15	15
cmakq2h2r007unnb1wbsm5zfy	cmakq2h2r007tnnb1eq7mbkil	Per Room Per Night	Adult	550	550
cmakq2h2r007vnnb1qffg5x4z	cmakq2h2r007tnnb1eq7mbkil	Breakfast	Adult	25	25
cmakq2h2r007wnnb1j9el3tum	cmakq2h2r007tnnb1eq7mbkil	Child Breakfast	Child	15	15
cmakq8fq80085nnb1sgitnsxk	cmakq8fq70084nnb1ac14zauj	Per Room Per Night	Adult	153	153
cmakq8fq80086nnb11si9lfss	cmakq8fq70084nnb1ac14zauj	Surcharge	Adult	30	30
cmakq8fq80087nnb1x4wj5nd2	cmakq8fq70084nnb1ac14zauj	Breakfast	Adult	30	30
cmakq8fq80088nnb1rkkih1u0	cmakq8fq70084nnb1ac14zauj	Child Breakfast	Child	20	20
cmakqb3nc008bnnb121xl3igk	cmakqb3nc008annb1yz9pu1bf	Per Room Per Night	Adult	223	223
cmakqb3nc008cnnb1mjcui28h	cmakqb3nc008annb1yz9pu1bf	Surcharge	Adult	30	30
cmakqb3nc008dnnb1km5lfw8j	cmakqb3nc008annb1yz9pu1bf	Breakfast	Adult	30	30
cmakqb3nc008ennb1hyx06wgj	cmakqb3nc008annb1yz9pu1bf	Child Breakfast	Child	20	20
cmakqfcb6008hnnb1y6y7x7vm	cmakqfcb6008gnnb1mx5q4cyt	Per Room Per Night	Adult	283	283
cmakqfcb6008innb1xifsjvqe	cmakqfcb6008gnnb1mx5q4cyt	Surcharge	Adult	30	30
cmakqfcb6008jnnb1uwgqbd5m	cmakqfcb6008gnnb1mx5q4cyt	Breakfast	Adult	30	30
cmakqfcb6008knnb1ybs1nyks	cmakqfcb6008gnnb1mx5q4cyt	Child Breakfast	Child	20	20
cmakqggii008nnnb14f8pkelh	cmakqggii008mnnb1tje67d5v	Per Room Per Night	Adult	403	403
cmakqggii008onnb11fw0iyc1	cmakqggii008mnnb1tje67d5v	Surcharge	Adult	30	30
cmakqggii008pnnb1nqbou43r	cmakqggii008mnnb1tje67d5v	Breakfast	Adult	30	30
cmakqggii008qnnb1wdzffao5	cmakqggii008mnnb1tje67d5v	Child Breakfast	Child	20	20
cmakqjvvq008znnb1q23mowzq	cmakqjvvq008ynnb1hlb85hb3	Per Room Per Night	Adult	440	440
cmakqjvvq0090nnb10acvz5g8	cmakqjvvq008ynnb1hlb85hb3	Surcharge	Adult	100	100
cmakqjvvq0091nnb1wi03jk9r	cmakqjvvq008ynnb1hlb85hb3	Breakfast	Adult	23	23
cmakqjvvq0092nnb1h0bgqim4	cmakqjvvq008ynnb1hlb85hb3	Child Breakfast	Child	23	23
cmakqjvvq0093nnb1s2c4gvqi	cmakqjvvq008ynnb1hlb85hb3	Extra Bed	Adult	100	100
cmakqlfko009annb1xsqs05ed	cmakqlfko0099nnb1h3o0ssjn	Per Room Per Night	Adult	490	490
cmakqlfko009bnnb1ijxexki5	cmakqlfko0099nnb1h3o0ssjn	Surcharge	Adult	100	100
cmakqlfko009cnnb1gqz4oygj	cmakqlfko0099nnb1h3o0ssjn	Breakfast	Adult	23	23
cmakqlfko009dnnb1u5whb4qb	cmakqlfko0099nnb1h3o0ssjn	Child Breakfast	Child	23	23
cmakqlfko009ennb1ecpx7g68	cmakqlfko0099nnb1h3o0ssjn	Extra Bed	Adult	100	100
cmakqn301009lnnb1smvygpk8	cmakqn301009knnb1uv75ud92	Per Room Per Night	Adult	1020	1020
cmakqn301009mnnb16z577112	cmakqn301009knnb1uv75ud92	Surcharge	Adult	100	100
cmakqn301009nnnb1d2dbp8r7	cmakqn301009knnb1uv75ud92	Breakfast	Adult	23	23
cmakqn301009onnb1yk9v0t8e	cmakqn301009knnb1uv75ud92	Child Breakfast	Child	23	23
cmakqn301009pnnb1cnoc452j	cmakqn301009knnb1uv75ud92	Extra Bed	Adult	100	100
cmakqoy8p009snnb16pr1flbi	cmakqoy8p009rnnb1zgla3sdc	Per Room Per Night	Adult	1400	1400
cmakqoy8p009tnnb1ifiayxmf	cmakqoy8p009rnnb1zgla3sdc	Surcharge	Adult	100	100
cmakqoy8p009unnb12e2b43x9	cmakqoy8p009rnnb1zgla3sdc	Breakfast	Adult	23	23
cmakqoy8p009vnnb1ktxvyr47	cmakqoy8p009rnnb1zgla3sdc	Child Breakfast	Child	223	23
cmakqoy8p009wnnb1mzagak6g	cmakqoy8p009rnnb1zgla3sdc	Extra Bed	Adult	100	100
cmakqquvh009znnb13dltehhn	cmakqquvh009ynnb1gt45u72c	Per Room Per Night	Adult	1500	1500
cmakqquvh00a0nnb1whx85jim	cmakqquvh009ynnb1gt45u72c	Surcharge	Adult	100	100
cmakqquvh00a1nnb1c8tj2qxa	cmakqquvh009ynnb1gt45u72c	Breakfast	Adult	23	23
cmakqquvh00a2nnb11q86m0u0	cmakqquvh009ynnb1gt45u72c	Child Breakfast	Child	23	23
cmakqquvh00a3nnb1l8nbxz1n	cmakqquvh009ynnb1gt45u72c	Extra Bed	Adult	100	100
cmakqslfm00a6nnb1ryoncj03	cmakqslfm00a5nnb1w5kamc3z	Per Room Per Night	Adult	7200	7200
cmakqslfm00a7nnb1964nnh1z	cmakqslfm00a5nnb1w5kamc3z	Surcharge	Adult	100	100
cmakqslfm00a8nnb1ny6lvo3i	cmakqslfm00a5nnb1w5kamc3z	Breakfast	Adult	23	23
cmakqslfm00a9nnb1no60p4va	cmakqslfm00a5nnb1w5kamc3z	Child Breakfast	Child	23	23
cmakqslfm00aannb1dp3h7ngc	cmakqslfm00a5nnb1w5kamc3z	Extra Bed	Adult	100	100
cmakr2gs300afnnb13gygc95f	cmakr2gs300aennb1nu8nosh4	Per Room Per Night	Adult	280	280
cmakr358m00aknnb1wjrpe7r6	cmakr358m00ajnnb18lzhbkzy	Per Room Per Night	Adult	350	350
cmakr3ojk00annnb1ttpj1tip	cmakr3ojk00amnnb1azknu6tw	Per Room Per Night	Adult	400	400
cmakr9acj00b6nnb19clgnhss	cmakr9acj00b5nnb1gxzizh5m	Per Room Per Night	Adult	200	200
cmakr9acj00b7nnb1lubr7jb4	cmakr9acj00b5nnb1gxzizh5m	Breakfast	Adult	50	50
cmakr9acj00b8nnb1grmcl59r	cmakr9acj00b5nnb1gxzizh5m	Child Breakfast	Child	35	35
cmakraiuj00bbnnb1butfgaig	cmakraiuj00bannb1dnphhtj6	Per Room Per Night	Adult	250	250
cmakraiuj00bcnnb1olgo7grs	cmakraiuj00bannb1dnphhtj6	Breakfast	Adult	50	50
cmakraiuj00bdnnb1v3wmz328	cmakraiuj00bannb1dnphhtj6	Child Breakfast	Child	35	35
cmakrbvbs00bgnnb19soyru1h	cmakrbvbr00bfnnb1kctjd54q	Per Room Per Night	Adult	300	300
cmakrbvbs00bhnnb16ljhcgiq	cmakrbvbr00bfnnb1kctjd54q	Breakfast	Adult	50	50
cmakrbvbs00binnb1hnp2p3gv	cmakrbvbr00bfnnb1kctjd54q	Child Breakfast	Child	35	35
cmakrd40a00blnnb10ckkmxyt	cmakrd40900bknnb141hq6uqp	Per Room Per Night	Adult	350	350
cmakrd40a00bmnnb1ynavc1q0	cmakrd40900bknnb141hq6uqp	Breakfast	Adult	50	50
cmakrd40a00bnnnb1spvuv5ws	cmakrd40900bknnb141hq6uqp	Child Breakfast	Child	35	35
cmakrjy5h00bqnnb10g7689g8	cmakrjy5h00bpnnb1ouhmoff1	Per Room Per Night	Adult	250	250
cmakrjy5h00brnnb1gikzzlwl	cmakrjy5h00bpnnb1ouhmoff1	Extra Bed	Adult	130	130
cmakrsv3d00bwnnb178ezvpue	cmakrsv3d00bvnnb1wzus2u1b	Per Room Per Night	Adult	250	250
cmakrsv3d00bxnnb1d37pao8n	cmakrsv3d00bvnnb1wzus2u1b	Surcharge	Adult	50	50
cmakrsv3d00bynnb1n4sdag3e	cmakrsv3d00bvnnb1wzus2u1b	Breakfast	Adult	80	80
cmakrsv3d00bznnb1nfehjhyq	cmakrsv3d00bvnnb1wzus2u1b	Child Breakfast	Child	45	45
cmakrsv3d00c0nnb1r4ue411q	cmakrsv3d00bvnnb1wzus2u1b	Extra Bed	Adult	98	98
cmakru3t800c3nnb19vhglnue	cmakru3t800c2nnb19xihrdra	Per Room Per Night	Adult	290	290
cmakru3t800c4nnb11f1kqeho	cmakru3t800c2nnb19xihrdra	Surcharge	Adult	50	50
cmakru3t800c5nnb12l5ylvll	cmakru3t800c2nnb19xihrdra	Breakfast	Adult	80	80
cmakru3t800c6nnb1gsy7dw28	cmakru3t800c2nnb19xihrdra	Child Breakfast	Child	45	45
cmakru3t800c7nnb1qlezrfqw	cmakru3t800c2nnb19xihrdra	Extra Bed	Adult	98	98
cmakrv8ub00cannb19n051fvv	cmakrv8ub00c9nnb1y91ipemj	Per Room Per Night	Adult	370	370
cmakrv8ub00cbnnb10kewweww	cmakrv8ub00c9nnb1y91ipemj	Surcharge	Adult	50	50
cmakrv8ub00ccnnb10pb8y7hh	cmakrv8ub00c9nnb1y91ipemj	Breakfast	Adult	80	80
cmakrv8ub00cdnnb1fqty31v8	cmakrv8ub00c9nnb1y91ipemj	Child Breakfast	Child	45	45
cmakrv8ub00cennb1ph813mj7	cmakrv8ub00c9nnb1y91ipemj	Extra Bed	Adult	98	98
cmaf30jhh0002nn9itv8xivlf	cmaf30jhh0001nn9i4b552if6	Per Room Per Night	Adult	150	150
cmaf30jhi0003nn9iof1dwch4	cmaf30jhh0001nn9i4b552if6	Breakfast	Adult	30	30
cmaf30jhi0004nn9iiklhzthi	cmaf30jhh0001nn9i4b552if6	Child Breakfast	Child	15	15
cmaf30jhi0005nn9i8njmuv4x	cmaf30jhh0001nn9i4b552if6	Extra Bed	Adult	70	70
cmaf30jhi0006nn9isv8iqd99	cmaf30jhh0001nn9i4b552if6	Extra Bed	Child	70	70
cmalyls1s001ennutvi18scfy	cmalyls1s001dnnut1r7m43fj	Per Room Per Night	Adult	808	808
cmalyls1s001fnnutaabujos4	cmalyls1s001dnnut1r7m43fj	Breakfast	Adult	98	98
cmalyls1s001gnnutq5dtejke	cmalyls1s001dnnut1r7m43fj	Child Breakfast	Child	78	78
cmalyoa7e001jnnutm3htzgqi	cmalyoa7e001innut3eb4fevy	Per Room Per Night	Adult	808	808
cmalyoa7e001knnut1wl5rau9	cmalyoa7e001innut3eb4fevy	Breakfast	Adult	98	98
cmalyoa7e001lnnuty5tvnrc2	cmalyoa7e001innut3eb4fevy	Child Breakfast	Child	78	78
cmalyq59x001onnutaow9bqex	cmalyq59x001nnnutyymfyxqk	Per Room Per Night	Adult	868	868
cmalyq59x001pnnutc3666evg	cmalyq59x001nnnutyymfyxqk	Breakfast	Adult	98	98
cmalyq59x001qnnut2eg6fxas	cmalyq59x001nnnutyymfyxqk	Child Breakfast	Child	78	78
cmalyshfp001tnnutfs6j75uo	cmalyshfp001snnutawk0wu3o	Per Room Per Night	Adult	968	968
cmalyshfp001unnutdvlreiyp	cmalyshfp001snnutawk0wu3o	Breakfast	Adult	98	98
cmalyshfp001vnnuttp0twbhp	cmalyshfp001snnutawk0wu3o	Child Breakfast	Child	78	78
cmalz7udf0020nnut8ihfgb03	cmalz7udf001znnutibbdnher	Per Room Per Night	Adult	1068	1068
cmalz7udf0021nnutkx00l315	cmalz7udf001znnutibbdnher	Breakfast	Adult	98	98
cmalz7udf0022nnutcwm9j75m	cmalz7udf001znnutibbdnher	Child Breakfast	Child	78	78
cmalzatc70025nnutiu8lj8jr	cmalzatc70024nnuturg6ec22	Per Room Per Night	Adult	1118	1118
cmalzatc70026nnutwe3x7q63	cmalzatc70024nnuturg6ec22	Breakfast	Adult	168	168
cmalzatc70027nnut49rv6vif	cmalzatc70024nnuturg6ec22	Child Breakfast	Child	168	168
cmalzclyx002annutphkmiwp9	cmalzclyx0029nnut4c8od63b	Per Room Per Night	Adult	1218	1218
cmalzclyx002bnnutr0maby83	cmalzclyx0029nnut4c8od63b	Breakfast	Adult	168	168
cmalzclyx002cnnutw62m6o42	cmalzclyx0029nnut4c8od63b	Child Breakfast	Child	168	168
cmalzdx2c002fnnutwws6aoyx	cmalzdx2c002ennutfl528lff	Per Room Per Night	Adult	1318	1318
cmalzdx2c002gnnutwk1yud6x	cmalzdx2c002ennutfl528lff	Breakfast	Adult	168	168
cmalzdx2c002hnnutnicixxbf	cmalzdx2c002ennutfl528lff	Child Breakfast	Child	168	168
cmam04far002ynnutb3wrovn5	cmam04far002xnnut00y9t7rt	Per Room Per Night	Adult	205	205
cmam04far002znnut5olpcq4o	cmam04far002xnnut00y9t7rt	Surcharge	Adult	150	150
cmam04far0030nnuth4ztzro9	cmam04far002xnnut00y9t7rt	Breakfast	Adult	35	35
cmam04far0031nnutwsse3opb	cmam04far002xnnut00y9t7rt	Child Breakfast	Child	25	25
cmam06qtf0034nnutat4ri8qy	cmam06qte0033nnutcsrv23q6	Per Room Per Night	Adult	255	255
cmam06qtf0035nnutin6clvxp	cmam06qte0033nnutcsrv23q6	Surcharge	Adult	150	150
cmam06qtf0036nnutkl3l8hms	cmam06qte0033nnutcsrv23q6	Breakfast	Adult	35	35
cmam06qtf0037nnut5e3ngm8e	cmam06qte0033nnutcsrv23q6	Child Breakfast	Child	25	25
cmame9hhl003annutk6l5wsoz	cm9v6utea002fnnpplyig52aa	Extra Bed	Adult	150	150
cmame9hhl003bnnutpzt4g2hk	cm9v6utea002fnnpplyig52aa	Extra Bed	Child	150	150
cm9v6tpaj002dnnppys2kqqpu	cm9v6tpaj0029nnppfy2natw8	Surcharge	Adult	50	50
cmame9hhl003cnnutbbjz2bhi	cm9v6utea002fnnpplyig52aa	Surcharge	All	50	50
cm9v6utea002gnnpp3vjk5koq	cm9v6utea002fnnpplyig52aa	Per Room Per Night	Adult	450	450
cmameibbi003fnnutnt6wcr3c	cmameibbi003ennuts9c2xnbd	Per Room Per Night	Adult	133	133
cmameibbi003gnnut97l5aivp	cmameibbi003ennuts9c2xnbd	Breakfast	Adult	30	30
cmameibbi003hnnutsab2kfe2	cmameibbi003ennuts9c2xnbd	Child Breakfast	Child	20	20
cmameibbi003innutbrozxely	cmameibbi003ennuts9c2xnbd	Extra Bed	Adult	70	70
cmameibbi003jnnut3gsvt2y1	cmameibbi003ennuts9c2xnbd	Surcharge	Adult	50	50
cm9xnt1gw00cannppxtey43bj	cm9xnt1gw00c9nnppfyquzkqt	Per Room Per Night	Adult	850	850
cm9xnt1gw00cbnnppkgjalepf	cm9xnt1gw00c9nnppfyquzkqt	Breakfast	Adult	50	50
cm9xnt1gw00ccnnppt5uszicw	cm9xnt1gw00c9nnppfyquzkqt	Child Breakfast	Child	30	30
cm9xnt1gw00cdnnpprqbj3zij	cm9xnt1gw00c9nnppfyquzkqt	Surcharge	Adult	50	50
cmamejrrj003mnnutth1q894r	cmamejrrj003lnnut8pysrx4l	Per Room Per Night	Adult	144	144
cmamejrrj003nnnutuui8farv	cmamejrrj003lnnut8pysrx4l	Surcharge	Adult	50	50
cmamejrrj003onnutoyl4hand	cmamejrrj003lnnut8pysrx4l	Breakfast	Adult	30	30
cmamejrrj003pnnutkavpp6lg	cmamejrrj003lnnut8pysrx4l	Child Breakfast	Child	20	20
cmamejrrj003qnnut64do3dtj	cmamejrrj003lnnut8pysrx4l	Extra Bed	Adult	70	70
cmamf007k003tnnutvq46t3z4	cmamf007k003snnutcspmjpbl	Per Room Per Night	Adult	450	450
cmamf007k003unnutverigpyr	cmamf007k003snnutcspmjpbl	Surcharge	Adult	60	60
cmamf007k003vnnutgu97pske	cmamf007k003snnutcspmjpbl	Breakfast	Adult	35	35
cmamf007k003wnnuti840ujzk	cmamf007k003snnutcspmjpbl	Extra Bed	Adult	120	120
cmamf1p7v003znnuty1zweowo	cmamf1p7v003ynnutjrqu1js5	Per Room Per Night	Adult	550	550
cmamf1p7v0040nnutwd9j3z2d	cmamf1p7v003ynnutjrqu1js5	Surcharge	Adult	60	60
cmamf1p7v0041nnut4ztl6tqb	cmamf1p7v003ynnutjrqu1js5	Breakfast	Adult	35	35
cmamf1p7v0042nnutomn5zp0z	cmamf1p7v003ynnutjrqu1js5	Extra Bed	Adult	120	120
cmamf3ieg0045nnutbs3f5x8v	cmamf3ieg0044nnutamvlhhjg	Per Room Per Night	Adult	650	650
cmamf3ieg0046nnutp9l0mtg1	cmamf3ieg0044nnutamvlhhjg	Surcharge	Adult	60	60
cmamf3ieg0047nnutni49ma77	cmamf3ieg0044nnutamvlhhjg	Breakfast	Adult	35	35
cmamf3ieg0048nnuttvfl5ty6	cmamf3ieg0044nnutamvlhhjg	Extra Bed	Adult	120	120
cmamf51zt004bnnutf2ttbr0f	cmamf51zt004annutysb0qy0v	Per Room Per Night	Adult	850	850
cmamf51zt004cnnut39mlmtjc	cmamf51zt004annutysb0qy0v	Surcharge	Adult	60	60
cmamf51zt004dnnut4ltcgzh6	cmamf51zt004annutysb0qy0v	Breakfast	Adult	35	35
cmamf51zt004ennutzom6mrx5	cmamf51zt004annutysb0qy0v	Extra Bed	Adult	120	120
cmangxj8u004lnnuthpyd4ucl	cmangxj8u004knnutz7ay2bb7	Per Room Per Night	Adult	185	185
cmangxj8u004mnnut1ey3w80i	cmangxj8u004knnutz7ay2bb7	Surcharge	Adult	30	30
cmangxj8u004nnnutmv2eabsz	cmangxj8u004knnutz7ay2bb7	Breakfast	Adult	30	30
cmangxj8u004onnut8zynux2g	cmangxj8u004knnutz7ay2bb7	Child Breakfast	Child	15	15
cmangxj8u004pnnutks51axes	cmangxj8u004knnutz7ay2bb7	Extra Bed	Adult	85	85
cmap0rk3h000rnnqrvyhyx4be	cmap0rk3h000qnnqrmpaojzhl	Per Room Per Night	Adult	950	950
cmap0rk3h000snnqrc667qqae	cmap0rk3h000qnnqrmpaojzhl	Breakfast	Adult	45	45
cmap0rk3h000tnnqr2r9xrtnd	cmap0rk3h000qnnqrmpaojzhl	Child Breakfast	Child	45	45
cmap0rk3h000unnqrvpomxfl8	cmap0rk3h000qnnqrmpaojzhl	Extra Bed	Adult	280	280
cmap0rk3h000vnnqrywxpzlrh	cmap0rk3h000qnnqrmpaojzhl	Extra Bed	Child	280	280
cmap0ttxa000ynnqrv9m7tdzw	cmap0ttxa000xnnqrdryt242p	Per Room Per Night	Adult	1000	1000
cmap0ttxa000znnqrdos91uwj	cmap0ttxa000xnnqrdryt242p	Breakfast	Adult	45	45
cmap0ttxa0010nnqr5jux0h5v	cmap0ttxa000xnnqrdryt242p	Child Breakfast	Child	45	45
cmap0ttxa0011nnqrjfgg5thn	cmap0ttxa000xnnqrdryt242p	Extra Bed	Adult	280	280
cmap0ttxa0012nnqrtmpqmr1g	cmap0ttxa000xnnqrdryt242p	Extra Bed	Child	280	280
cmap0vw4j0015nnqrtfhoiemg	cmap0vw4j0014nnqr4etqdj2f	Per Room Per Night	Adult	1050	1050
cmap0vw4j0016nnqriawvpaov	cmap0vw4j0014nnqr4etqdj2f	Breakfast	Adult	45	45
cmap0vw4j0017nnqr33yqtmfx	cmap0vw4j0014nnqr4etqdj2f	Child Breakfast	Child	45	45
cmap0vw4j0018nnqroes4btcl	cmap0vw4j0014nnqr4etqdj2f	Extra Bed	Adult	280	280
cmap0vw4j0019nnqr2erek6yp	cmap0vw4j0014nnqr4etqdj2f	Extra Bed	Child	280	280
cmap0ybco001cnnqry6pfonlw	cmap0ybco001bnnqr8e8bbuwm	Per Room Per Night	Adult	1150	1150
cmap0ybco001dnnqr9hn35sl5	cmap0ybco001bnnqr8e8bbuwm	Breakfast	Adult	45	45
cmap0ybco001ennqrex9vlykl	cmap0ybco001bnnqr8e8bbuwm	Child Breakfast	Child	45	45
cmap0ybco001fnnqru07yh0tx	cmap0ybco001bnnqr8e8bbuwm	Extra Bed	Adult	280	280
cmap0ybco001gnnqr5mpr7ykn	cmap0ybco001bnnqr8e8bbuwm	Extra Bed	Child	280	280
cmap1f7cu001jnnqr95a9gd45	cmap1f7cu001innqrjlo3dw6m	Per Room Per Night	Adult	1300	1300
cmap1f7cu001knnqr49h41p2z	cmap1f7cu001innqrjlo3dw6m	Breakfast	Adult	45	45
cmap1f7cu001lnnqrf0efcllf	cmap1f7cu001innqrjlo3dw6m	Child Breakfast	Child	45	45
cmap1f7cu001mnnqrspsabjmi	cmap1f7cu001innqrjlo3dw6m	Extra Bed	Adult	280	280
cmap1f7cu001nnnqr3wajis0n	cmap1f7cu001innqrjlo3dw6m	Extra Bed	Child	280	280
cmap20a2u001qnnqrqcy61hny	cmap20a2u001pnnqriakqu1q3	Per Room Per Night	Adult	1400	1400
cmap20a2u001rnnqricvwzibh	cmap20a2u001pnnqriakqu1q3	Breakfast	Adult	45	45
cmap20a2u001snnqrata0lo3c	cmap20a2u001pnnqriakqu1q3	Child Breakfast	Child	45	45
cmap20a2u001tnnqrb2ipepfj	cmap20a2u001pnnqriakqu1q3	Extra Bed	Adult	280	280
cmap20a2u001unnqrgtvtzhvs	cmap20a2u001pnnqriakqu1q3	Extra Bed	Child	280	280
cmap22ryr001xnnqrovtuo7tw	cmap22ryr001wnnqrna2odnoi	Per Room Per Night	Adult	1550	1550
cmap22ryr001ynnqr0ef5exy3	cmap22ryr001wnnqrna2odnoi	Breakfast	Adult	45	45
cmap22ryr001znnqr93mhrpb6	cmap22ryr001wnnqrna2odnoi	Child Breakfast	Child	45	45
cmap22ryr0020nnqrqgnrqros	cmap22ryr001wnnqrna2odnoi	Extra Bed	Adult	280	280
cmap22ryr0021nnqrtnk4gwld	cmap22ryr001wnnqrna2odnoi	Extra Bed	Child	280	280
cmap24oh20024nnqrfl82a6on	cmap24oh20023nnqr4cosmh0l	Per Room Per Night	Adult	1800	1800
cmap24oh20025nnqra6l8z3yu	cmap24oh20023nnqr4cosmh0l	Breakfast	Adult	45	45
cmap24oh20026nnqrne5be4bp	cmap24oh20023nnqr4cosmh0l	Child Breakfast	Child	45	45
cmap24oh20027nnqr7qim5ye7	cmap24oh20023nnqr4cosmh0l	Extra Bed	Adult	280	280
cmap24oh20028nnqrc7hf7kqt	cmap24oh20023nnqr4cosmh0l	Extra Bed	Child	280	280
cmap269em002bnnqrbet7zi9u	cmap269em002annqrlp4q42ca	Per Room Per Night	Adult	2050	2050
cmap269em002cnnqrrgxtwwkt	cmap269em002annqrlp4q42ca	Breakfast	Adult	45	45
cmap269em002dnnqry3vb73iw	cmap269em002annqrlp4q42ca	Child Breakfast	Child	45	45
cmap269em002ennqr08szln8o	cmap269em002annqrlp4q42ca	Extra Bed	Adult	280	280
cmap269em002fnnqrif5iptgt	cmap269em002annqrlp4q42ca	Extra Bed	Child	280	280
cmap29k4q002innqrehbwh1pn	cmap29k4q002hnnqr3fxz1h96	Per Room Per Night	Adult	900	900
cmap29k4q002jnnqraxe8y71h	cmap29k4q002hnnqr3fxz1h96	Breakfast	Adult	45	45
cmap29k4q002knnqrrxmpobdm	cmap29k4q002hnnqr3fxz1h96	Child Breakfast	Child	45	45
cmap29k4q002lnnqr7edrnz8x	cmap29k4q002hnnqr3fxz1h96	Extra Bed	Adult	280	280
cmap29k4q002mnnqr26pf2uz8	cmap29k4q002hnnqr3fxz1h96	Extra Bed	Child	280	280
cmap2b8sg002pnnqr2xkngb7n	cmap2b8sg002onnqrirpqy2sd	Per Room Per Night	Adult	950	950
cmap2b8sg002qnnqrdtlwo8dc	cmap2b8sg002onnqrirpqy2sd	Breakfast	Adult	45	45
cmap2b8sg002rnnqr9f1hfx9k	cmap2b8sg002onnqrirpqy2sd	Child Breakfast	Child	45	45
cmap2b8sg002snnqrh5f93x2z	cmap2b8sg002onnqrirpqy2sd	Extra Bed	Adult	280	280
cmap2b8sg002tnnqr0oz8171x	cmap2b8sg002onnqrirpqy2sd	Extra Bed	Child	280	280
cmap2cxc0002wnnqryxiqfsw1	cmap2cxc0002vnnqrl22s0eau	Per Room Per Night	Adult	1000	1000
cmap2cxc0002xnnqrl9ixqukh	cmap2cxc0002vnnqrl22s0eau	Breakfast	Adult	45	45
cmap2cxc0002ynnqrmmq2b1w1	cmap2cxc0002vnnqrl22s0eau	Child Breakfast	Child	45	45
cmap2cxc0002znnqrebh4ekkk	cmap2cxc0002vnnqrl22s0eau	Extra Bed	Adult	280	280
cmap2cxc00030nnqrxvroniak	cmap2cxc0002vnnqrl22s0eau	Extra Bed	Child	280	280
cmap2hjno0033nnqrcsxb7u1e	cmap2hjno0032nnqra3b3lyyu	Per Room Per Night	Adult	1100	1100
cmap2hjno0034nnqrggw9vej1	cmap2hjno0032nnqra3b3lyyu	Breakfast	Adult	45	45
cmap2hjno0035nnqr3335mhkm	cmap2hjno0032nnqra3b3lyyu	Child Breakfast	Child	45	45
cmap2hjno0036nnqr3qpdeasf	cmap2hjno0032nnqra3b3lyyu	Extra Bed	Adult	280	280
cmap2hjno0037nnqrxxon019f	cmap2hjno0032nnqra3b3lyyu	Extra Bed	Child	280	280
cmap2jvay003annqrdj77oy9f	cmap2jvay0039nnqrtiua6pad	Per Room Per Night	Adult	1250	1250
cmap2jvay003bnnqrwbqnsl3s	cmap2jvay0039nnqrtiua6pad	Breakfast	Adult	45	45
cmap2jvay003cnnqrgbssx2qz	cmap2jvay0039nnqrtiua6pad	Child Breakfast	Child	45	45
cmap2jvay003dnnqrd5wehe4a	cmap2jvay0039nnqrtiua6pad	Extra Bed	Adult	280	280
cmap2jvay003ennqr994mzwoe	cmap2jvay0039nnqrtiua6pad	Extra Bed	Child	280	280
cmap2lt84003hnnqrl82d8jyo	cmap2lt84003gnnqrqamg1lgy	Per Room Per Night	Adult	1350	1350
cmap2lt84003innqrre0xgxf0	cmap2lt84003gnnqrqamg1lgy	Breakfast	Adult	45	45
cmap2lt84003jnnqrm5oxmtui	cmap2lt84003gnnqrqamg1lgy	Child Breakfast	Child	45	45
cmap2lt84003knnqravyd3uvm	cmap2lt84003gnnqrqamg1lgy	Extra Bed	Adult	280	280
cmap2lt84003lnnqrjjobd2nq	cmap2lt84003gnnqrqamg1lgy	Extra Bed	Child	280	280
cmap30jyt003onnqrjcjdcmgq	cmap30jyt003nnnqrscy8tosx	Per Room Per Night	Adult	1500	1500
cmap30jyt003pnnqrrxhot8oi	cmap30jyt003nnnqrscy8tosx	Breakfast	Adult	45	45
cmap30jyt003qnnqrh7sz99kh	cmap30jyt003nnnqrscy8tosx	Child Breakfast	Child	45	45
cmap30jyt003rnnqrmr3olqw5	cmap30jyt003nnnqrscy8tosx	Extra Bed	Adult	280	280
cmap30jyt003snnqrs3i5vg5c	cmap30jyt003nnnqrscy8tosx	Extra Bed	Child	280	280
cmap35mq7003vnnqrh10a5w15	cmap35mq7003unnqrfceynmwe	Per Room Per Night	Adult	1750	1750
cmap35mq7003wnnqrxkofffcu	cmap35mq7003unnqrfceynmwe	Breakfast	Adult	45	45
cmap35mq8003xnnqrrb9atmou	cmap35mq7003unnqrfceynmwe	Child Breakfast	Child	45	45
cmap35mq8003ynnqrz5c8tpdt	cmap35mq7003unnqrfceynmwe	Extra Bed	Adult	280	280
cmap35mq8003znnqrytysi8db	cmap35mq7003unnqrfceynmwe	Extra Bed	Child	280	280
cmap37kqa0042nnqrzucxfsn8	cmap37kqa0041nnqr28qqc5hd	Per Room Per Night	Adult	2000	2000
cmap37kqa0043nnqrt5umz4z3	cmap37kqa0041nnqr28qqc5hd	Breakfast	Adult	45	45
cmap37kqa0044nnqr0dbg598h	cmap37kqa0041nnqr28qqc5hd	Child Breakfast	Child	45	45
cmap37kqa0045nnqr7k1il6iu	cmap37kqa0041nnqr28qqc5hd	Extra Bed	Adult	280	280
cmap37kqa0046nnqrg3ttbwxo	cmap37kqa0041nnqr28qqc5hd	Extra Bed	Child	280	280
cmap3b6p30049nnqre9gveltl	cmap3b6p30048nnqrafz4dm8f	Per Room Per Night	Adult	1000	1000
cmap3b6p3004annqrfv3iesr3	cmap3b6p30048nnqrafz4dm8f	Breakfast	Adult	45	45
cmap3b6p3004bnnqrs6mqzapj	cmap3b6p30048nnqrafz4dm8f	Child Breakfast	Child	45	45
cmap3b6p3004cnnqr8fxdjt0v	cmap3b6p30048nnqrafz4dm8f	Extra Bed	Adult	280	280
cmap3b6p3004dnnqrc1vxol46	cmap3b6p30048nnqrafz4dm8f	Child Breakfast	Child	280	280
cmap3eymh004gnnqrchshid97	cmap3eymg004fnnqrkhoorxts	Per Room Per Night	Adult	1050	1050
cmap3eymh004hnnqravu741jo	cmap3eymg004fnnqrkhoorxts	Breakfast	Adult	45	45
cmap3eymh004innqrslstqfge	cmap3eymg004fnnqrkhoorxts	Child Breakfast	Adult	45	45
cmap3eymh004jnnqry8x6xxmw	cmap3eymg004fnnqrkhoorxts	Extra Bed	Adult	280	280
cmap3eymh004knnqr8p92weyf	cmap3eymg004fnnqrkhoorxts	Extra Bed	Adult	280	280
cmap3omgx004nnnqrljb9p9ov	cmap3omgx004mnnqr1viuczcq	Per Room Per Night	Adult	1100	1100
cmap3omgx004onnqrbrj60ejr	cmap3omgx004mnnqr1viuczcq	Breakfast	Adult	45	45
cmap3omgy004pnnqrd46ec8wt	cmap3omgx004mnnqr1viuczcq	Child Breakfast	Child	45	45
cmap3omgy004qnnqr4iam1th9	cmap3omgx004mnnqr1viuczcq	Extra Bed	Adult	280	280
cmap3omgy004rnnqrdye1odbs	cmap3omgx004mnnqr1viuczcq	Extra Bed	Child	280	280
cmap3qlwh004unnqrw78ad8w5	cmap3qlwh004tnnqrtmtt0r18	Per Room Per Night	Adult	1200	1200
cmap3qlwh004vnnqr1y7817ce	cmap3qlwh004tnnqrtmtt0r18	Breakfast	Adult	45	45
cmap3qlwh004wnnqr3nahhyml	cmap3qlwh004tnnqrtmtt0r18	Child Breakfast	Child	45	45
cmap3qlwh004xnnqrymwr4opo	cmap3qlwh004tnnqrtmtt0r18	Extra Bed	Adult	280	280
cmap3qlwh004ynnqr2wl7r3s9	cmap3qlwh004tnnqrtmtt0r18	Extra Bed	Child	280	280
cmap4m2pc0051nnqrjlkonfom	cmap4m2pc0050nnqrqwypawzz	Per Room Per Night	Adult	1350	1350
cmap4m2pc0052nnqrqxqdtdtg	cmap4m2pc0050nnqrqwypawzz	Breakfast	Adult	45	45
cmap4m2pc0053nnqrbsk28anb	cmap4m2pc0050nnqrqwypawzz	Child Breakfast	Child	45	45
cmap4m2pc0054nnqruhcvwmn1	cmap4m2pc0050nnqrqwypawzz	Extra Bed	Adult	280	280
cmap4m2pc0055nnqrhrdnklkz	cmap4m2pc0050nnqrqwypawzz	Extra Bed	Child	280	280
cmap4o3400058nnqryi4wfhp9	cmap4o3400057nnqr9f5iyho5	Per Room Per Night	Adult	1450	1450
cmap4o3400059nnqr3l2m5t1j	cmap4o3400057nnqr9f5iyho5	Breakfast	Adult	45	45
cmap4o340005annqrhgwp6wal	cmap4o3400057nnqr9f5iyho5	Child Breakfast	Child	45	45
cmap4o340005bnnqrbh5ooure	cmap4o3400057nnqr9f5iyho5	Extra Bed	Adult	280	280
cmap4o340005cnnqrvrxd1bd3	cmap4o3400057nnqr9f5iyho5	Extra Bed	Child	280	280
cmap4qvka005fnnqr77u4lnxt	cmap4qvka005ennqrqh2cqq7v	Per Room Per Night	Adult	1600	1600
cmap4qvka005gnnqr5tr73b6p	cmap4qvka005ennqrqh2cqq7v	Breakfast	Adult	45	45
cmap4qvka005hnnqrgvl5y046	cmap4qvka005ennqrqh2cqq7v	Child Breakfast	Child	45	45
cmap4qvka005innqrkwsvo897	cmap4qvka005ennqrqh2cqq7v	Extra Bed	Adult	280	280
cmap4qvka005jnnqreija1q34	cmap4qvka005ennqrqh2cqq7v	Extra Bed	Child	280	280
cmap4t2ki005mnnqragfjoj5n	cmap4t2ki005lnnqrm9a016e7	Per Room Per Night	Adult	1850	1850
cmap4t2ki005nnnqrg9sbpiz1	cmap4t2ki005lnnqrm9a016e7	Breakfast	Adult	45	45
cmap4t2ki005onnqrc1bwbnc9	cmap4t2ki005lnnqrm9a016e7	Child Breakfast	Child	45	45
cmap4t2ki005pnnqr22581ra0	cmap4t2ki005lnnqrm9a016e7	Extra Bed	Adult	280	280
cmap4t2ki005qnnqrcq457kh1	cmap4t2ki005lnnqrm9a016e7	Extra Bed	Child	280	280
cmap4uvsr005tnnqrauiuofpl	cmap4uvsr005snnqrgkmqttnt	Per Room Per Night	Adult	2100	2100
cmap4uvsr005unnqri4fldjwk	cmap4uvsr005snnqrgkmqttnt	Breakfast	Adult	45	45
cmap4uvsr005vnnqrcuk2r1i2	cmap4uvsr005snnqrgkmqttnt	Child Breakfast	Child	45	45
cmap4uvsr005wnnqr1o2hxhxy	cmap4uvsr005snnqrgkmqttnt	Extra Bed	Adult	280	280
cmap4uvsr005xnnqrciqpdytr	cmap4uvsr005snnqrgkmqttnt	Extra Bed	Child	280	280
cmaqc38r1007snnqrj91fre3b	cmaqc38r1007rnnqrfxhzg0tu	Per Room Per Night	Adult	354	354
cmaqc38r1007tnnqrqc42qym5	cmaqc38r1007rnnqrfxhzg0tu	Extra Bed	Adult	98	98
cmaqc38r1007unnqrydog7rir	cmaqc38r1007rnnqrfxhzg0tu	Extra Bed	Child	98	98
cmaqc38r1007vnnqrmp04d1yk	cmaqc38r1007rnnqrfxhzg0tu	Surcharge	All	76	76
cmaqc0xyu007mnnqrhgyarp9p	cmaqc0xyu007lnnqrzx61bvoy	Per Room Per Night	Adult	290	290
cmaqc0xyu007nnnqr4dn8vd0s	cmaqc0xyu007lnnqrzx61bvoy	Extra Bed	Adult	98	98
cmaqc0xyu007onnqrrm8atm7x	cmaqc0xyu007lnnqrzx61bvoy	Extra Bed	Child	98	98
cmaqc0xyu007pnnqrgbtvkyxd	cmaqc0xyu007lnnqrzx61bvoy	Surcharge	All	76	76
cmaqc066j007gnnqrm3b8vyla	cmaqc066j007fnnqrdptcq2qc	Per Room Per Night	Adult	236	236
cmaqc066j007hnnqr4wgl2g6b	cmaqc066j007fnnqrdptcq2qc	Extra Bed	Adult	98	98
cmaqc066j007innqr610nwm3p	cmaqc066j007fnnqrdptcq2qc	Extra Bed	Child	98	98
cmaqc066j007jnnqr2w1tzdlr	cmaqc066j007fnnqrdptcq2qc	Surcharge	All	76	76
cmaqbz7t3007annqrhrdlhrmv	cmaqbz7t30079nnqr66b7s8ky	Per Room Per Night	Adult	230	230
cmaqbz7t3007bnnqrrg6ilfp2	cmaqbz7t30079nnqr66b7s8ky	Extra Bed	Adult	98	98
cmaqbz7t3007cnnqr251z9dsc	cmaqbz7t30079nnqr66b7s8ky	Extra Bed	Child	98	98
cmaqbz7t3007dnnqr4vehg9ld	cmaqbz7t30079nnqr66b7s8ky	Surcharge	All	76	76
cmaqc50wh007ynnqrlxfg6gu1	cmaqc50wh007xnnqr1af6r4ll	Per Room Per Night	Adult	581	581
cmaqc50wh007znnqrwa6x4plx	cmaqc50wh007xnnqr1af6r4ll	Extra Bed	Adult	98	98
cmaqc50wh0080nnqrkpce5oty	cmaqc50wh007xnnqr1af6r4ll	Extra Bed	Child	98	98
cmaqc50wh0081nnqr6dozc33n	cmaqc50wh007xnnqr1af6r4ll	Surcharge	All	76	76
cmaqc6rfp0084nnqr3jhhu7r8	cmaqc6rfp0083nnqrr3uix4wa	Per Room Per Night	Adult	300	300
cmaqc6rfp0085nnqr0q2ivpit	cmaqc6rfp0083nnqrr3uix4wa	Extra Bed	Adult	98	98
cmaqc6rfp0086nnqrwa0j4xvv	cmaqc6rfp0083nnqrr3uix4wa	Extra Bed	Child	98	98
cmaqc6rfp0087nnqrymb3af4m	cmaqc6rfp0083nnqrr3uix4wa	Surcharge	All	76	76
cmaqc7voq008annqr42z13j92	cmaqc7voq0089nnqr4kn3ruks	Per Room Per Night	Adult	306	306
cmaqc7voq008bnnqrm6tm1np5	cmaqc7voq0089nnqr4kn3ruks	Extra Bed	Adult	98	98
cmaqc7voq008cnnqrbay9n213	cmaqc7voq0089nnqr4kn3ruks	Extra Bed	Child	98	98
cmaqc7voq008dnnqrkqzh6t76	cmaqc7voq0089nnqr4kn3ruks	Surcharge	Adult	76	76
cmaqc904x008gnnqrv73zg8fv	cmaqc904x008fnnqrzpt2lv0p	Per Room Per Night	Adult	365	365
cmaqc904x008hnnqr4sxt25v9	cmaqc904x008fnnqrzpt2lv0p	Extra Bed	Adult	98	98
cmaqc904x008innqruochrn9j	cmaqc904x008fnnqrzpt2lv0p	Extra Bed	Child	98	98
cmaqc904x008jnnqr42q8uxob	cmaqc904x008fnnqrzpt2lv0p	Surcharge	All	76	76
cmauk1bl10003nnzb4u08ygtb	cmauk1bl10002nnzbdwxzp683	Per Room Per Night	Adult	1200	1200
cmauk1bl10004nnzb6m4t19wl	cmauk1bl10002nnzbdwxzp683	Breakfast	Adult	45	45
cmauk1bl10005nnzb9oc6ilac	cmauk1bl10002nnzbdwxzp683	Child Breakfast	Child	45	45
cmauk1bl10006nnzbp6sh30e7	cmauk1bl10002nnzbdwxzp683	Extra Bed	Adult	280	280
cmauk1bl10007nnzbdns5p7r4	cmauk1bl10002nnzbdwxzp683	Extra Bed	Child	280	280
cmauk3i5y000annzbbo6djkr6	cmauk3i5y0009nnzb5y6galwu	Per Room Per Night	Adult	1250	1250
cmauk3i5y000bnnzbd1adn8gi	cmauk3i5y0009nnzb5y6galwu	Breakfast	Adult	45	45
cmauk3i5y000cnnzb0x6m5a8y	cmauk3i5y0009nnzb5y6galwu	Child Breakfast	Child	45	45
cmauk3i5y000dnnzb1mmwcucq	cmauk3i5y0009nnzb5y6galwu	Extra Bed	Adult	280	280
cmauk3i5z000ennzb5siz01eb	cmauk3i5y0009nnzb5y6galwu	Extra Bed	Child	280	280
cmauk59ur000hnnzbxuuf09xr	cmauk59ur000gnnzbsi8pwq5w	Per Room Per Night	Adult	1300	1300
cmauk59ur000innzbtxrtwvs9	cmauk59ur000gnnzbsi8pwq5w	Breakfast	Adult	45	45
cmauk59us000jnnzbw32qzz7j	cmauk59ur000gnnzbsi8pwq5w	Child Breakfast	Child	45	45
cmauk59us000knnzb1xwbuhbn	cmauk59ur000gnnzbsi8pwq5w	Per Room Per Night	Adult	280	280
cmauk59us000lnnzbd350dzum	cmauk59ur000gnnzbsi8pwq5w	Extra Bed	Child	280	280
cmauk6xxy000onnzbnh216lud	cmauk6xxy000nnnzbbke0tp4d	Per Room Per Night	Adult	1400	1400
cmauk6xxy000pnnzbdnoowygy	cmauk6xxy000nnnzbbke0tp4d	Breakfast	Adult	45	45
cmauk6xxy000qnnzb7po6y2pp	cmauk6xxy000nnnzbbke0tp4d	Child Breakfast	Child	45	45
cmauk6xxy000rnnzba93j821f	cmauk6xxy000nnnzbbke0tp4d	Extra Bed	Adult	280	280
cmauk6xxy000snnzbqhiis2l1	cmauk6xxy000nnnzbbke0tp4d	Extra Bed	Child	280	280
cmaulsvwz000vnnzb80k75hsk	cmaulsvwz000unnzb7qp5gkza	Per Room Per Night	Adult	1550	1550
cmaulsvwz000wnnzbf95j16hx	cmaulsvwz000unnzb7qp5gkza	Breakfast	Adult	45	45
cmaulsvwz000xnnzbys1wgqyx	cmaulsvwz000unnzb7qp5gkza	Child Breakfast	Child	45	45
cmaulsvwz000ynnzbkb6f69zq	cmaulsvwz000unnzb7qp5gkza	Extra Bed	Adult	280	280
cmaulsvwz000znnzber4xfk3h	cmaulsvwz000unnzb7qp5gkza	Extra Bed	Child	280	280
cmaulv2gb0012nnzbdvfpivrr	cmaulv2gb0011nnzbenr1jhbo	Per Room Per Night	Adult	1650	1650
cmaulv2gb0013nnzbcbtj1qli	cmaulv2gb0011nnzbenr1jhbo	Breakfast	Adult	45	45
cmaulv2gb0014nnzbtk4pamte	cmaulv2gb0011nnzbenr1jhbo	Child Breakfast	Child	45	45
cmaulv2gb0015nnzbqdslutrh	cmaulv2gb0011nnzbenr1jhbo	Extra Bed	Adult	280	280
cmaulv2gb0016nnzbra9pnbhe	cmaulv2gb0011nnzbenr1jhbo	Extra Bed	Child	280	280
cmaulwt4y0019nnzbhh41uewx	cmaulwt4y0018nnzb14zcv40v	Per Room Per Night	Adult	1800	1800
cmaulwt4y001annzbg43e1jc7	cmaulwt4y0018nnzb14zcv40v	Breakfast	Adult	45	45
cmaulwt4y001bnnzb7yeqv6a6	cmaulwt4y0018nnzb14zcv40v	Child Breakfast	Child	45	45
cmaulwt4y001cnnzb1xn19hif	cmaulwt4y0018nnzb14zcv40v	Extra Bed	Adult	280	280
cmaulwt4y001dnnzb5zqh6gdt	cmaulwt4y0018nnzb14zcv40v	Extra Bed	Child	280	280
cmaulyk0y001gnnzbkt5qovnd	cmaulyk0y001fnnzbqzkeanev	Per Room Per Night	Adult	2050	2050
cmaulyk0y001hnnzb7t6qy96k	cmaulyk0y001fnnzbqzkeanev	Breakfast	Adult	45	45
cmaulyk0y001innzb5o0cb92t	cmaulyk0y001fnnzbqzkeanev	Child Breakfast	Child	45	45
cmaulyk0y001jnnzbbiexbmms	cmaulyk0y001fnnzbqzkeanev	Extra Bed	Adult	280	280
cmaulyk0y001knnzbzuu1dx7x	cmaulyk0y001fnnzbqzkeanev	Extra Bed	Child	280	280
cmaulzpyh001nnnzb5u25jpbt	cmaulzpyh001mnnzb9vxawv72	Per Room Per Night	Adult	2300	2300
cmaulzpyh001onnzbv385zi1o	cmaulzpyh001mnnzb9vxawv72	Breakfast	Adult	45	45
cmaulzpyh001pnnzbsl01e8t0	cmaulzpyh001mnnzb9vxawv72	Child Breakfast	Child	45	45
cmaulzpyh001qnnzbqrzm7kzw	cmaulzpyh001mnnzb9vxawv72	Extra Bed	Adult	280	280
cmaulzpyh001rnnzbnavf616j	cmaulzpyh001mnnzb9vxawv72	Extra Bed	Child	280	280
cmauuuv4m001unnzba704e6tt	cmauuuv4m001tnnzbruogqzgr	Per Room Per Night	Adult	195	195
cmauuuv4m001vnnzbdoop4oxs	cmauuuv4m001tnnzbruogqzgr	Surcharge	Adult	100	100
cmauuuv4m001wnnzbu24u5p37	cmauuuv4m001tnnzbruogqzgr	Child Breakfast	Child	12.5	12.5
cmauuuv4m001xnnzbsi1b88jh	cmauuuv4m001tnnzbruogqzgr	Extra Bed	Adult	102	102
cmauuwv120020nnzbie0el8bh	cmauuwv12001znnzbq15pgw0p	Per Room Per Night	Adult	195	195
cmauuwv120021nnzb48k3junn	cmauuwv12001znnzbq15pgw0p	Surcharge	Adult	100	100
cmauuwv120022nnzblpumdqgh	cmauuwv12001znnzbq15pgw0p	Child Breakfast	Child	12.5	12.5
cmauuwv120023nnzbudtymlu0	cmauuwv12001znnzbq15pgw0p	Extra Bed	Adult	102	102
cmauuys8t0026nnzb7tmn8qsf	cmauuys8t0025nnzbfcb94uxm	Per Room Per Night	Adult	290	290
cmauuys8t0027nnzbr0blxrcs	cmauuys8t0025nnzbfcb94uxm	Surcharge	Adult	100	100
cmauuys8t0028nnzbtclvy97j	cmauuys8t0025nnzbfcb94uxm	Child Breakfast	Child	12.5	12.5
cmauuys8t0029nnzbdxo7rta1	cmauuys8t0025nnzbfcb94uxm	Extra Bed	Adult	102	102
cmauv16dj002cnnzbusz9zdhx	cmauv16dj002bnnzbp0sx08kf	Per Room Per Night	Adult	290	290
cmauv16dj002dnnzbit01qddz	cmauv16dj002bnnzbp0sx08kf	Surcharge	Adult	100	100
cmauv16dj002ennzbx2fsue69	cmauv16dj002bnnzbp0sx08kf	Child Breakfast	Child	12.5	12.5
cmauv16dj002fnnzb3xc013tj	cmauv16dj002bnnzbp0sx08kf	Extra Bed	Adult	102	102
cmauv3420002innzb9ehj65vr	cmauv3420002hnnzb7y0gavfe	Per Room Per Night	Adult	290	290
cmauv3420002jnnzb1p1ic1vv	cmauv3420002hnnzb7y0gavfe	Surcharge	Adult	100	100
cmauv3420002knnzbm13911vb	cmauv3420002hnnzb7y0gavfe	Child Breakfast	Child	12.5	12.5
cmauv3420002lnnzbpj33bpnh	cmauv3420002hnnzb7y0gavfe	Extra Bed	Adult	102	102
cmauv4lmp002onnzbcy8zjxbz	cmauv4lmp002nnnzbl4sgnlma	Per Room Per Night	Adult	490	490
cmauv4lmp002pnnzbn5e2q8k3	cmauv4lmp002nnnzbl4sgnlma	Surcharge	Adult	100	100
cmauv4lmp002qnnzbikmribyt	cmauv4lmp002nnnzbl4sgnlma	Child Breakfast	Child	12.5	12.5
cmauv4lmp002rnnzbnfdm5uia	cmauv4lmp002nnnzbl4sgnlma	Extra Bed	Adult	102	102
cmauv5ym5002unnzbw04siorh	cmauv5ym5002tnnzbb7ddowe1	Per Room Per Night	Adult	490	490
cmauv5ym5002vnnzb64vp3rfb	cmauv5ym5002tnnzbb7ddowe1	Surcharge	Adult	100	100
cmauv5ym5002wnnzbrqnzqtph	cmauv5ym5002tnnzbb7ddowe1	Child Breakfast	Child	12.5	12.5
cmauv5ym5002xnnzbds9beed5	cmauv5ym5002tnnzbb7ddowe1	Extra Bed	Adult	102	102
cmauvahxn0030nnzb30vsgkjy	cmauvahxn002znnzbmryip8lb	Per Room Per Night	Adult	195	195
cmauvahxn0031nnzbhcd5t146	cmauvahxn002znnzbmryip8lb	Surcharge	Adult	60	60
cmauvahxn0032nnzbccutdwvx	cmauvahxn002znnzbmryip8lb	Child Breakfast	Child	12.5	12.5
cmauvccaz0035nnzbeu5bv0og	cmauvccaz0034nnzbri830jzo	Per Room Per Night	Adult	195	195
cmauvccaz0036nnzbhy2spvmg	cmauvccaz0034nnzbri830jzo	Surcharge	Adult	60	60
cmauvccaz0037nnzbw00oq246	cmauvccaz0034nnzbri830jzo	Child Breakfast	Child	12.5	12.5
cmauvdzz8003annzbg1kzbzgx	cmauvdzz80039nnzbiz7cq6i9	Per Room Per Night	Adult	195	195
cmauvdzz8003bnnzbe9brvab2	cmauvdzz80039nnzbiz7cq6i9	Surcharge	Adult	60	60
cmauvdzz8003cnnzbylbgj8ez	cmauvdzz80039nnzbiz7cq6i9	Child Breakfast	Child	12.5	12.5
cmauvfece003fnnzbzz3cdcbm	cmauvfecd003ennzbhx3k9fh0	Per Room Per Night	Adult	300	300
cmauvfece003gnnzbhhuvz86d	cmauvfecd003ennzbhx3k9fh0	Surcharge	Adult	60	60
cmauvfece003hnnzbvqreipua	cmauvfecd003ennzbhx3k9fh0	Child Breakfast	Child	12.5	12.5
cmauvgmry003knnzbjcbhks1e	cmauvgmry003jnnzbkpwjrreu	Per Room Per Night	Adult	320	320
cmauvgmry003lnnzb01yfavrm	cmauvgmry003jnnzbkpwjrreu	Surcharge	Adult	60	60
cmauvgmry003mnnzb9x9s8954	cmauvgmry003jnnzbkpwjrreu	Child Breakfast	Child	12.5	12.5
cmauvhzga003pnnzbxcd23ftq	cmauvhzga003onnzbkl5liywd	Per Room Per Night	Adult	570	570
cmauvhzga003qnnzbj8w47lsn	cmauvhzga003onnzbkl5liywd	Surcharge	Adult	60	60
cmauvhzga003rnnzb3ag70yel	cmauvhzga003onnzbkl5liywd	Child Breakfast	Child	12.5	12.5
cmauy4ql3003unnzbkgjtugru	cmauy4ql3003tnnzbmtbya1cj	Per Room Per Night	Adult	660	660
cmauy4ql3003vnnzb3enwci6n	cmauy4ql3003tnnzbmtbya1cj	Breakfast	Adult	55	55
cmauy4ql3003wnnzb6dlarsfj	cmauy4ql3003tnnzbmtbya1cj	Child Breakfast	Child	28	28
cmauyem6g003znnzbz66uty50	cmauyem6g003ynnzb5gre1hno	Per Room Per Night	Adult	465	465
cmauyem6g0040nnzbczwaj45t	cmauyem6g003ynnzb5gre1hno	Breakfast	Adult	88	88
cmauyem6g0041nnzb4apm9xs8	cmauyem6g003ynnzb5gre1hno	Child Breakfast	Child	45	45
cmauyg1nr0044nnzb9ij7mf1n	cmauyg1nr0043nnzbalqrit3q	Per Room Per Night	Adult	465	465
cmauyg1nr0045nnzbn8i7q1kg	cmauyg1nr0043nnzbalqrit3q	Breakfast	Adult	88	88
cmauyg1nr0046nnzbrkj75s5c	cmauyg1nr0043nnzbalqrit3q	Child Breakfast	Child	45	45
cmauyhebw0049nnzbf5f5fozt	cmauyhebw0048nnzbil89us1h	Per Room Per Night	Adult	510	510
cmauyhebw004annzb397y1nt2	cmauyhebw0048nnzbil89us1h	Breakfast	Adult	88	88
cmauyhebw004bnnzbzch19k75	cmauyhebw0048nnzbil89us1h	Child Breakfast	Child	55	55
cmauyixym004ennzbf6258r72	cmauyixym004dnnzbhasggiaw	Per Room Per Night	Adult	1000	1000
cmauyixym004fnnzbjm83o3ef	cmauyixym004dnnzbhasggiaw	Breakfast	Adult	88	88
cmauyixym004gnnzbc9kg5y0x	cmauyixym004dnnzbhasggiaw	Child Breakfast	Child	45	45
cmaw10dwo004jnnzbletsad9t	cmaw10dwo004innzbid8fbnix	Per Room Per Night	Adult	420	420
cmaw10dwo004knnzb1iewjdnb	cmaw10dwo004innzbid8fbnix	Breakfast	Adult	55	55
cmaw10dwo004lnnzb8ynkkwd0	cmaw10dwo004innzbid8fbnix	Child Breakfast	Child	27.5	27.5
cmaw10dwo004mnnzbkcbf4lkj	cmaw10dwo004innzbid8fbnix	Extra Bed	Adult	110	110
cmaw10dwo004nnnzb5o5wh4sa	cmaw10dwo004innzbid8fbnix	Extra Bed	Child	110	110
cmaw12evf004qnnzbbp2uo165	cmaw12eve004pnnzbcn1c1vo6	Per Room Per Night	Adult	475	475
cmaw12evf004rnnzb9x9t1m5u	cmaw12eve004pnnzbcn1c1vo6	Breakfast	Adult	55	55
cmaw12evf004snnzbbah1lmy9	cmaw12eve004pnnzbcn1c1vo6	Child Breakfast	Child	27.5	27.5
cmaw12evf004tnnzb0e4yhof9	cmaw12eve004pnnzbcn1c1vo6	Extra Bed	Adult	110	110
cmaw12evf004unnzbidobgzbl	cmaw12eve004pnnzbcn1c1vo6	Extra Bed	Child	110	110
cmaw13yrx004xnnzbbx8e36ev	cmaw13yrx004wnnzbhyolg7v5	Per Room Per Night	Adult	585	585
cmaw13yrx004ynnzbpi3rb7g8	cmaw13yrx004wnnzbhyolg7v5	Breakfast	Adult	55	55
cmaw13yrx004znnzbv5df18g0	cmaw13yrx004wnnzbhyolg7v5	Child Breakfast	Child	27.5	27.5
cmaw13yrx0050nnzbytclfhs3	cmaw13yrx004wnnzbhyolg7v5	Extra Bed	Adult	110	110
cmaw13yrx0051nnzbt3h3it4m	cmaw13yrx004wnnzbhyolg7v5	Extra Bed	Child	110	110
cmaw15gf80054nnzbh74cm8c1	cmaw15gf80053nnzb1ucbzbyi	Per Room Per Night	Adult	695	695
cmaw15gf80055nnzbrq6xlxyi	cmaw15gf80053nnzb1ucbzbyi	Breakfast	Adult	55	55
cmaw15gf80056nnzbp6c3ggeg	cmaw15gf80053nnzb1ucbzbyi	Child Breakfast	Child	27.5	27.5
cmaw15gf80057nnzbzwqcqe7c	cmaw15gf80053nnzb1ucbzbyi	Extra Bed	Adult	110	110
cmaw15gf80058nnzb54kd3qub	cmaw15gf80053nnzb1ucbzbyi	Extra Bed	Child	110	110
cmaw16zep005bnnzbck36kwff	cmaw16zep005annzbn12e7hzc	Per Room Per Night	Adult	860	860
cmaw16zep005cnnzb50y0cjdt	cmaw16zep005annzbn12e7hzc	Breakfast	Adult	55	55
cmaw16zep005dnnzb207ujpjh	cmaw16zep005annzbn12e7hzc	Child Breakfast	Child	27.5	27.5
cmaw16zep005ennzbyk19lf4u	cmaw16zep005annzbn12e7hzc	Extra Bed	Adult	110	110
cmaw16zep005fnnzb3gz501zu	cmaw16zep005annzbn12e7hzc	Extra Bed	Child	110	110
cmaw18tmn005innzbjj91wyv2	cmaw18tmn005hnnzbg526kldk	Per Room Per Night	Adult	1135	1135
cmaw18tmn005jnnzbrd6e5ahm	cmaw18tmn005hnnzbg526kldk	Breakfast	Adult	55	55
cmaw18tmn005knnzb0ysbxdwg	cmaw18tmn005hnnzbg526kldk	Child Breakfast	Child	27.5	27.5
cmaw18tmn005lnnzbsqwajk0i	cmaw18tmn005hnnzbg526kldk	Extra Bed	Adult	110	110
cmaw18tmn005mnnzb2iv0lb60	cmaw18tmn005hnnzbg526kldk	Extra Bed	Child	110	110
cmaw4xsx4005pnnzbxfk76p75	cmaw4xsx4005onnzbtr92eyd4	Per Room Per Night	Adult	133	133
cmaw4xsx4005qnnzbx5u2ll6m	cmaw4xsx4005onnzbtr92eyd4	Surcharge	Adult	30	30
cmaw4xsx4005rnnzbzvz9k33w	cmaw4xsx4005onnzbtr92eyd4	Extra Bed	Adult	65	65
cmaw4yw7z005unnzbvnr9hn4c	cmaw4yw7z005tnnzbeuo3kr9i	Per Room Per Night	Adult	153	153
cmaw4yw7z005vnnzbaxgwmiff	cmaw4yw7z005tnnzbeuo3kr9i	Surcharge	Adult	30	30
cmaw4yw7z005wnnzbdzkr7bpg	cmaw4yw7z005tnnzbeuo3kr9i	Extra Bed	Adult	65	65
cmaw504xk005znnzbqllko3w1	cmaw504xk005ynnzbgtweomae	Per Room Per Night	Adult	193	193
cmaw504xk0060nnzbp0sdb9ii	cmaw504xk005ynnzbgtweomae	Surcharge	Adult	30	30
cmaw504xk0061nnzbiitcmoxx	cmaw504xk005ynnzbgtweomae	Extra Bed	Adult	65	65
cmaw51y8q0064nnzb6bfskkbc	cmaw51y8q0063nnzbcj2ya8pq	Per Room Per Night	Adult	223	223
cmaw51y8q0065nnzb00s2ljn0	cmaw51y8q0063nnzbcj2ya8pq	Surcharge	Adult	30	30
cmaw59kkk0068nnzbb7jmfhb4	cmaw59kkk0067nnzbyiigkcut	Per Room Per Night	Adult	860	860
cmaw59kkk0069nnzb4d8tm314	cmaw59kkk0067nnzbyiigkcut	Breakfast	Adult	55	55
cmaw59kkk006annzbjl86v93o	cmaw59kkk0067nnzbyiigkcut	Child Breakfast	Child	28	28
cmaw5b3p8006dnnzbpsemn7mz	cmaw5b3p8006cnnzb37c0ujk2	Per Room Per Night	Adult	960	960
cmaw5b3p8006ennzb6yt6n7wu	cmaw5b3p8006cnnzb37c0ujk2	Breakfast	Adult	55	55
cmaw5b3p8006fnnzb9kb6gjtt	cmaw5b3p8006cnnzb37c0ujk2	Child Breakfast	Child	28	28
cmaw5c4j8006innzbxq31locz	cmaw5c4j8006hnnzb7qj8jdre	Per Room Per Night	Adult	1400	1400
cmaw5c4j8006jnnzbv2e2icdf	cmaw5c4j8006hnnzb7qj8jdre	Breakfast	Adult	55	55
cmaw5c4j8006knnzbw0mggvqr	cmaw5c4j8006hnnzb7qj8jdre	Child Breakfast	Child	28	28
cmaw5dayf006nnnzb24kne1u7	cmaw5dayf006mnnzbt5ieub5g	Per Room Per Night	Adult	1760	1760
cmaw5dayf006onnzber7jil48	cmaw5dayf006mnnzbt5ieub5g	Breakfast	Adult	55	55
cmaw5dayf006pnnzbf38l00pj	cmaw5dayf006mnnzbt5ieub5g	Child Breakfast	Child	28	28
cmawanfsk006snnzbwe4gngqp	cmawanfsk006rnnzbulp72vfb	Per Room Per Night	Adult	235	235
cmawanfsk006tnnzbzndegb1u	cmawanfsk006rnnzbulp72vfb	Surcharge	Adult	60	60
cmawanfsk006unnzb1euaimyc	cmawanfsk006rnnzbulp72vfb	Breakfast	Adult	45	45
cmawanfsk006vnnzbahrr1flv	cmawanfsk006rnnzbulp72vfb	Child Breakfast	Child	40	40
cmawanfsk006wnnzbdcpcqwuc	cmawanfsk006rnnzbulp72vfb	Extra Bed	Adult	100	100
cmawaozr3006znnzb8o6he4xf	cmawaozr3006ynnzbz66o1hz5	Per Room Per Night	Adult	235	235
cmawaozr30070nnzbliuxp4hw	cmawaozr3006ynnzbz66o1hz5	Surcharge	Adult	60	60
cmawaozr30071nnzboa4ce9zo	cmawaozr3006ynnzbz66o1hz5	Breakfast	Adult	45	45
cmawaozr30072nnzbngbs24r8	cmawaozr3006ynnzbz66o1hz5	Child Breakfast	Child	40	40
cmawawbz70075nnzblm4d0942	cmawawbz60074nnzbqi15twir	Per Room Per Night	Adult	235	235
cmawawbz70076nnzb6xtmllb5	cmawawbz60074nnzbqi15twir	Surcharge	Adult	60	60
cmawawbz70077nnzbdu7naumu	cmawawbz60074nnzbqi15twir	Breakfast	Adult	45	45
cmawawbz70078nnzbxtg9izvl	cmawawbz60074nnzbqi15twir	Child Breakfast	Child	40	40
cmaway47b007bnnzbcq27epnc	cmaway47b007annzb6rhdkc3d	Per Room Per Night	Adult	340	340
cmaway47b007cnnzbwrdv9orw	cmaway47b007annzb6rhdkc3d	Surcharge	Adult	60	60
cmaway47b007dnnzb03ypzo08	cmaway47b007annzb6rhdkc3d	Breakfast	Adult	45	45
cmaway47b007ennzb0flmqj45	cmaway47b007annzb6rhdkc3d	Child Breakfast	Child	40	40
cmawazpkj007hnnzbx6azv0di	cmawazpkj007gnnzbuk63licz	Per Room Per Night	Adult	750	750
cmawazpkj007innzb73l8o3um	cmawazpkj007gnnzbuk63licz	Surcharge	Adult	60	60
cmawazpkj007jnnzb5vwaxt56	cmawazpkj007gnnzbuk63licz	Breakfast	Adult	45	45
cmawazpkj007knnzbrfwq48xj	cmawazpkj007gnnzbuk63licz	Child Breakfast	Child	40	40
cmawazpkj007lnnzbqraephz2	cmawazpkj007gnnzbuk63licz	Extra Bed	Adult	100	100
cmawbgypd007onnzbmw0kg6sd	cmawbgypd007nnnzbn8k22w2z	Per Room Per Night	Adult	850	850
cmawbgypd007pnnzbm0vvn066	cmawbgypd007nnnzbn8k22w2z	Surcharge	Adult	60	60
cmawbgypd007qnnzb7senep5m	cmawbgypd007nnnzbn8k22w2z	Breakfast	Adult	45	45
cmawbgypd007rnnzbckva7jzf	cmawbgypd007nnnzbn8k22w2z	Child Breakfast	Child	40	40
cmawbgypd007snnzbnp1gfv0d	cmawbgypd007nnnzbn8k22w2z	Extra Bed	Adult	100	100
cmawbil3w007vnnzby5czvsi9	cmawbil3w007unnzbc01p6yx9	Per Room Per Night	Adult	2000	2000
cmawbil3w007wnnzbpkk15ggp	cmawbil3w007unnzbc01p6yx9	Surcharge	Adult	60	60
cmawbil3x007xnnzbhs9rlokk	cmawbil3w007unnzbc01p6yx9	Breakfast	Adult	45	45
cmawbil3x007ynnzbu3p6zo6z	cmawbil3w007unnzbc01p6yx9	Child Breakfast	Child	40	40
cmawbil3x007znnzbyiizf73a	cmawbil3w007unnzbc01p6yx9	Extra Bed	Adult	100	100
cmaxjuqne0003nnwpg3wgx9vw	cmaxjuqne0002nnwpcgkn8stv	Per Room Per Night	Adult	160	160
cmaxjuqne0004nnwp0z33fci3	cmaxjuqne0002nnwpcgkn8stv	Surcharge	Adult	30	30
cmaxjuqne0005nnwpypqdmgpi	cmaxjuqne0002nnwpcgkn8stv	Extra Bed	Adult	100	100
cmaxjvwqv0008nnwpdqe4ik9y	cmaxjvwqv0007nnwpfpcfvnwn	Per Room Per Night	Adult	170	170
cmaxjvwqv0009nnwpy3ymwarv	cmaxjvwqv0007nnwpfpcfvnwn	Surcharge	Adult	30	30
cmaxjvwqv000annwprk3kkpkn	cmaxjvwqv0007nnwpfpcfvnwn	Extra Bed	Adult	100	100
cmaxjx2p8000dnnwpz5ljahxt	cmaxjx2p8000cnnwpwadcv3gd	Per Room Per Night	Adult	250	250
cmaxjx2p8000ennwpggzuq5hk	cmaxjx2p8000cnnwpwadcv3gd	Per Room Per Night	Adult	30	30
cmaxjx2p8000fnnwp9b7b6iqr	cmaxjx2p8000cnnwpwadcv3gd	Extra Bed	Adult	100	100
cmaxjyijg000innwpg0psu57q	cmaxjyijg000hnnwplbi0lzn3	Per Room Per Night	Adult	170	170
cmaxjyijg000jnnwp6f0opkhd	cmaxjyijg000hnnwplbi0lzn3	Surcharge	Adult	30	30
cmaxjyijg000knnwpnhmen8xx	cmaxjyijg000hnnwplbi0lzn3	Extra Bed	Adult	100	100
cmaxjzgwu000nnnwpaeihhr4s	cmaxjzgwu000mnnwptufsvil0	Per Room Per Night	Adult	170	170
cmaxjzgwu000onnwp6tlwky3m	cmaxjzgwu000mnnwptufsvil0	Surcharge	Adult	30	30
cmaxjzgwu000pnnwpikjau1q3	cmaxjzgwu000mnnwptufsvil0	Extra Bed	Adult	100	100
cmaxk0sn5000snnwpyfwoaeg4	cmaxk0sn5000rnnwpfbuq92d4	Per Room Per Night	Adult	210	210
cmaxk0sn5000tnnwpsd59jp7x	cmaxk0sn5000rnnwpfbuq92d4	Surcharge	Adult	30	30
cmaxk0sn5000unnwpstl74o7j	cmaxk0sn5000rnnwpfbuq92d4	Extra Bed	Adult	100	100
cmaxk24d4000xnnwp426pu1t2	cmaxk24d4000wnnwp8nbmfu1e	Per Room Per Night	Adult	250	250
cmaxk24d4000ynnwp7ri0cg7l	cmaxk24d4000wnnwp8nbmfu1e	Surcharge	Adult	30	30
cmaxk24d4000znnwpawnovz76	cmaxk24d4000wnnwp8nbmfu1e	Extra Bed	Adult	100	100
cmaxk79bl0012nnwp0s1a1c62	cmaxk79bl0011nnwp5vkvfpar	Per Room Per Night	Adult	130	130
cmaxk79bl0013nnwpgudl7i31	cmaxk79bl0011nnwp5vkvfpar	Surcharge	Adult	30	30
cmaxk79bl0014nnwpnqnofbm5	cmaxk79bl0011nnwp5vkvfpar	Extra Bed	Adult	100	100
cmaxk8ei80017nnwp52vu1jni	cmaxk8ei80016nnwpbb8q6y2i	Per Room Per Night	Adult	130	130
cmaxk8ei80018nnwpfr4ykt5j	cmaxk8ei80016nnwpbb8q6y2i	Surcharge	Adult	30	30
cmaxk8ei80019nnwpojfngvr6	cmaxk8ei80016nnwpbb8q6y2i	Extra Bed	Adult	100	100
cmaxk9t8b001cnnwpcxl602hp	cmaxk9t8b001bnnwppxv0juyh	Per Room Per Night	Adult	240	240
cmaxk9t8b001dnnwpy72xjla9	cmaxk9t8b001bnnwppxv0juyh	Surcharge	Adult	30	30
cmaxk9t8b001ennwptuyojhft	cmaxk9t8b001bnnwppxv0juyh	Extra Bed	Adult	100	100
cmaxkaw93001hnnwp9bu4oncy	cmaxkaw93001gnnwp4bw4l844	Per Room Per Night	Adult	240	240
cmaxkaw93001innwpg3pn01ui	cmaxkaw93001gnnwp4bw4l844	Surcharge	Adult	30	30
cmaxkaw93001jnnwpsx5mpsrv	cmaxkaw93001gnnwp4bw4l844	Extra Bed	Adult	100	100
cmaxkcnh8001mnnwp93jldk4o	cmaxkcnh8001lnnwpx5hu7rv1	Per Room Per Night	Adult	180	180
cmaxkcnh8001nnnwp2rw3zqc1	cmaxkcnh8001lnnwpx5hu7rv1	Surcharge	Adult	30	30
cmaxkcnh8001onnwpq9puandv	cmaxkcnh8001lnnwpx5hu7rv1	Extra Bed	Adult	100	100
cmaxkdd4x001rnnwpc0jeq02j	cmaxkdd4x001qnnwppu2eiyjm	Per Room Per Night	Adult	180	180
cmaxkdd4x001snnwp59k9vqmo	cmaxkdd4x001qnnwppu2eiyjm	Surcharge	Adult	30	30
cmaxkdd4x001tnnwpybeqvqvh	cmaxkdd4x001qnnwppu2eiyjm	Extra Bed	Adult	100	100
cmaxkjys5001wnnwp62ju4pt7	cmaxkjys5001vnnwpg3ajwkal	Per Room Per Night	Adult	220	220
cmaxkjys5001xnnwpautbblxw	cmaxkjys5001vnnwpg3ajwkal	Surcharge	Adult	30	30
cmaxkjys5001ynnwpkmpv6a2k	cmaxkjys5001vnnwpg3ajwkal	Extra Bed	Adult	100	100
cmaxkkxno0021nnwphs8mohg9	cmaxkkxno0020nnwp5qiw9x1k	Per Room Per Night	Adult	220	220
cmaxkkxno0022nnwp1n1fs618	cmaxkkxno0020nnwp5qiw9x1k	Surcharge	Adult	30	30
cmaxkkxno0023nnwppy7dak5e	cmaxkkxno0020nnwp5qiw9x1k	Extra Bed	Adult	100	100
cmaxkt80q0026nnwpsj11m4ev	cmaxkt80q0025nnwprcq1yg5s	Per Room Per Night	Adult	150	150
cmaxkt80q0027nnwp88vszo0r	cmaxkt80q0025nnwprcq1yg5s	Surcharge	Adult	30	30
cmaxkt80q0028nnwpjsfylbmn	cmaxkt80q0025nnwprcq1yg5s	Extra Bed	Adult	100	100
cmaxkuc82002bnnwpdort7uq3	cmaxkuc82002annwppw69rh61	Per Room Per Night	Adult	150	150
cmaxkuc82002cnnwpwj5i0v9l	cmaxkuc82002annwppw69rh61	Surcharge	Adult	30	30
cmaxkuc82002dnnwp103gej7m	cmaxkuc82002annwppw69rh61	Extra Bed	Adult	100	100
cmaxkv7qu002gnnwptdl365tu	cmaxkv7qu002fnnwpl369rl7j	Per Room Per Night	Adult	150	150
cmaxkv7qu002hnnwpx3jn1736	cmaxkv7qu002fnnwpl369rl7j	Surcharge	Adult	30	30
cmaxkv7qu002innwp0fojk6kp	cmaxkv7qu002fnnwpl369rl7j	Extra Bed	Adult	100	100
cmaxkxcvc002lnnwpf4x6juyv	cmaxkxcvc002knnwpzx5rqiw0	Per Room Per Night	Adult	230	230
cmaxkxcvc002mnnwpoz1wa4mu	cmaxkxcvc002knnwpzx5rqiw0	Surcharge	Adult	30	30
cmaxkxcvc002nnnwp2exe9vrs	cmaxkxcvc002knnwpzx5rqiw0	Extra Bed	Adult	100	100
cmaxky9tl002qnnwp2vnh503x	cmaxky9tl002pnnwp4z4y6loa	Per Room Per Night	Adult	180	180
cmaxky9tl002rnnwpjll8uyud	cmaxky9tl002pnnwp4z4y6loa	Surcharge	Adult	30	30
cmaxky9tl002snnwpnpsjfko3	cmaxky9tl002pnnwp4z4y6loa	Extra Bed	Adult	100	100
cmaxkz7ju002vnnwpiqf43tzt	cmaxkz7ju002unnwp6ln3n4wc	Per Room Per Night	Adult	230	230
cmaxkz7ju002wnnwp4jvqhnyu	cmaxkz7ju002unnwp6ln3n4wc	Surcharge	Adult	30	30
cmaxkz7ju002xnnwpyb2izjzc	cmaxkz7ju002unnwp6ln3n4wc	Extra Bed	Adult	100	100
cmaxl03gy0030nnwphtxzf9sn	cmaxl03gy002znnwp41rli2q2	Per Room Per Night	Adult	230	230
cmaxl03gy0031nnwpi9b47kgs	cmaxl03gy002znnwp41rli2q2	Per Room Per Night	Adult	30	30
cmaxl03gy0032nnwpm4h0pa7l	cmaxl03gy002znnwp41rli2q2	Extra Bed	Adult	100	100
cmaxmf2pb0039nnwpe0t3z5pt	cmaxmf2pb0034nnwp46gyegf6	Extra Bed	Adult	195	195
cmaxmgi7x003cnnwpkktg2mpb	cmaxmgi7x003bnnwp70pcuqyl	Per Room Per Night	Adult	562	562
cmaxmgi7x003dnnwpjv8uz9lp	cmaxmgi7x003bnnwp70pcuqyl	Surcharge	Adult	141	141
cmaxmgi7x003ennwpgcd6c1pd	cmaxmgi7x003bnnwp70pcuqyl	Breakfast	Adult	44	44
cmaxmgi7x003fnnwpyhzt5cat	cmaxmgi7x003bnnwp70pcuqyl	Child Breakfast	Child	30.5	30.5
cmaxmgi7x003gnnwp92immx50	cmaxmgi7x003bnnwp70pcuqyl	Extra Bed	Adult	195	195
cmaxmf2pb0035nnwprha71jm4	cmaxmf2pb0034nnwp46gyegf6	Per Room Per Night	Adult	476	476
cmaxmf2pb0036nnwp749lu1rd	cmaxmf2pb0034nnwp46gyegf6	Surcharge	Adult	141	141
cmaxmf2pb0037nnwplerv6xxc	cmaxmf2pb0034nnwp46gyegf6	Breakfast	Adult	45	45
cmaxmf2pb0038nnwpx7iocmvg	cmaxmf2pb0034nnwp46gyegf6	Child Breakfast	Adult	30.5	30.5
cmaxmn6n2003jnnwp7n3gxnom	cmaxmn6n2003innwpkcbntm28	Per Room Per Night	Adult	320	320
cmaxmn6n2003knnwp9lm51041	cmaxmn6n2003innwpkcbntm28	Surcharge	Adult	100	100
cmaxmn6n2003lnnwpgqduk7vp	cmaxmn6n2003innwpkcbntm28	Breakfast	Adult	35	35
cmaxmn6n2003mnnwp6lp0w02g	cmaxmn6n2003innwpkcbntm28	Child Breakfast	Child	25	25
cmaxmn6n2003nnnwpjyvzesxr	cmaxmn6n2003innwpkcbntm28	Extra Bed	Adult	120	120
cmaxmo61p003qnnwptpj1zxnf	cmaxmo61p003pnnwppgg9eh2q	Per Room Per Night	Adult	350	350
cmaxmo61p003rnnwpayjfamrx	cmaxmo61p003pnnwppgg9eh2q	Per Room Per Night	Adult	100	100
cmaxmo61p003snnwp2girr6of	cmaxmo61p003pnnwppgg9eh2q	Breakfast	Adult	35	35
cmaxmo61p003tnnwp35oucbpz	cmaxmo61p003pnnwppgg9eh2q	Child Breakfast	Child	25	25
cmaxmo61p003unnwp64e1sfvv	cmaxmo61p003pnnwppgg9eh2q	Extra Bed	Adult	120	120
cmaxmpgwo0041nnwpm3r53qnk	cmaxmpgwo003wnnwpvnfwtw63	Extra Bed	Adult	120	120
cmaxmqnvt0044nnwplp9pbda0	cmaxmqnvt0043nnwp1w9xludc	Per Room Per Night	Adult	550	550
cmaxmqnvt0045nnwpo4dijqpl	cmaxmqnvt0043nnwp1w9xludc	Surcharge	Adult	100	100
cmaxmqnvt0046nnwpioj2y940	cmaxmqnvt0043nnwp1w9xludc	Breakfast	Adult	35	35
cmaxmqnvt0047nnwpko3li2b7	cmaxmqnvt0043nnwp1w9xludc	Child Breakfast	Child	25	25
cmaxmpgwo003xnnwpzl2bn81j	cmaxmpgwo003wnnwpvnfwtw63	Per Room Per Night	Adult	450	450
cmaxmpgwo003ynnwp01413swl	cmaxmpgwo003wnnwpvnfwtw63	Surcharge	Adult	100	100
cmaxmpgwo003znnwpo4rll881	cmaxmpgwo003wnnwpvnfwtw63	Breakfast	Adult	35	35
cmaxmpgwo0040nnwpqihinyv1	cmaxmpgwo003wnnwpvnfwtw63	Child Breakfast	Child	25	25
cmaxn83he004annwpfa8ujs1y	cmaxn83he0049nnwpzlrg9zc2	Per Room Per Night	Adult	240	240
cmaxn83he004bnnwpnigooibn	cmaxn83he0049nnwpzlrg9zc2	Surcharge	Adult	50	50
cmaxn83he004cnnwp6ugymzxh	cmaxn83he0049nnwpzlrg9zc2	Breakfast	Adult	30	30
cmaxn83he004dnnwpbwyk50od	cmaxn83he0049nnwpzlrg9zc2	Child Breakfast	Child	20	20
cmaxn9018004gnnwp7qxyl03k	cmaxn9018004fnnwpcvzxrqj5	Per Room Per Night	Adult	260	260
cmaxn9018004hnnwpb17uesy2	cmaxn9018004fnnwpcvzxrqj5	Surcharge	Adult	50	50
cmaxn9018004innwpogpwnpeh	cmaxn9018004fnnwpcvzxrqj5	Breakfast	Adult	30	30
cmaxn9018004jnnwpc0x0r40y	cmaxn9018004fnnwpcvzxrqj5	Child Breakfast	Child	20	20
cmaxna7tb004mnnwp8z50rqn1	cmaxna7tb004lnnwp2tszot0i	Per Room Per Night	Adult	425	425
cmaxna7tb004nnnwpzdpcq49u	cmaxna7tb004lnnwp2tszot0i	Surcharge	Adult	50	50
cmaxna7tb004onnwpxt8umhxb	cmaxna7tb004lnnwp2tszot0i	Breakfast	Adult	30	30
cmaxna7tb004pnnwpu839w0av	cmaxna7tb004lnnwp2tszot0i	Child Breakfast	Child	20	20
cmaxnruuk004snnwp1nr0awuj	cmaxnruuk004rnnwpgfy65n05	Per Room Per Night	Adult	235	235
cmaxnruuk004tnnwpe65yuqf9	cmaxnruuk004rnnwpgfy65n05	Breakfast	Adult	28	28
cmaxnruuk004unnwp3mj1d6nr	cmaxnruuk004rnnwpgfy65n05	Child Breakfast	Child	18	18
cmaxnruuk004vnnwpcwlp9kb5	cmaxnruuk004rnnwpgfy65n05	Extra Bed	Adult	80	80
cmaxo1ria004ynnwp9etr0pj4	cmaxo1ria004xnnwp3ut3o4cx	Per Room Per Night	Adult	295	295
cmaxo1ria004znnwpcfwn38bi	cmaxo1ria004xnnwp3ut3o4cx	Breakfast	Adult	28	28
cmaxo1ria0050nnwpxgwmsh4h	cmaxo1ria004xnnwp3ut3o4cx	Child Breakfast	Child	18	18
cmaxo1ria0051nnwp8zajc2tt	cmaxo1ria004xnnwp3ut3o4cx	Extra Bed	Adult	80	80
cmaxo5592005annwpw6grms1a	cmaxo55920059nnwpyc6dwn3n	Per Room Per Night	Adult	415	415
cmaxo5592005bnnwppohcblwi	cmaxo55920059nnwpyc6dwn3n	Breakfast	Adult	28	28
cmaxo5592005cnnwps0g9l0z7	cmaxo55920059nnwpyc6dwn3n	Child Breakfast	Child	18	18
cmaxo5592005dnnwpcrjupi5q	cmaxo55920059nnwpyc6dwn3n	Extra Bed	Adult	80	80
cmaxoctc8005gnnwp0ortflc3	cmaxoctc8005fnnwpjf8xymfw	Per Room Per Night	Adult	320	320
cmaxoctc8005hnnwpztxq4vwi	cmaxoctc8005fnnwpjf8xymfw	Breakfast	Adult	28	28
cmaxoctc8005innwpkdfgbj1b	cmaxoctc8005fnnwpjf8xymfw	Child Breakfast	Child	18	18
cmaxoctc8005jnnwphzzaf6hc	cmaxoctc8005fnnwpjf8xymfw	Extra Bed	Adult	80	80
cmaxoflqt005mnnwpew6vukc5	cmaxoflqt005lnnwp78cvndfy	Per Room Per Night	Adult	380	380
cmaxoflqt005nnnwpc7b5y23k	cmaxoflqt005lnnwp78cvndfy	Breakfast	Adult	28	28
cmaxoflqt005onnwpxoeicdkl	cmaxoflqt005lnnwp78cvndfy	Child Breakfast	Child	18	18
cmaxoflqt005pnnwpvkpd3a94	cmaxoflqt005lnnwp78cvndfy	Extra Bed	Adult	80	80
cmaxo3lgp0054nnwpnktapas4	cmaxo3lgp0053nnwpbx65n4nq	Per Room Per Night	Adult	355	355
cmaxo3lgp0055nnwp621r7o8n	cmaxo3lgp0053nnwpbx65n4nq	Breakfast	Adult	28	28
cmaxo3lgp0056nnwph6zltxo7	cmaxo3lgp0053nnwpbx65n4nq	Child Breakfast	Child	18	18
cmaxo3lgp0057nnwp4rhm3hlg	cmaxo3lgp0053nnwpbx65n4nq	Extra Bed	Adult	80	80
cmaxoj3dk005snnwpwddn74q7	cmaxoj3dj005rnnwpxhzny9dr	Per Room Per Night	Adult	355	355
cmaxoj3dk005tnnwpy6d5d0w0	cmaxoj3dj005rnnwpxhzny9dr	Breakfast	Adult	28	28
cmaxoj3dk005unnwp7xscntzo	cmaxoj3dj005rnnwpxhzny9dr	Child Breakfast	Child	18	18
cmaxoj3dk005vnnwp2phfsltw	cmaxoj3dj005rnnwpxhzny9dr	Extra Bed	Adult	80	80
cmaxp099r005ynnwpra3d9640	cmaxp099r005xnnwp9eocmg8d	Per Room Per Night	Adult	500	500
cmaxp099s005znnwpxm902xz4	cmaxp099r005xnnwp9eocmg8d	Breakfast	Adult	28	28
cmaxp099s0060nnwpti6hpsuz	cmaxp099r005xnnwp9eocmg8d	Child Breakfast	Child	18	18
cmaxp099s0061nnwpsy06y1ha	cmaxp099r005xnnwp9eocmg8d	Extra Bed	Adult	80	80
cmaxpvcn10064nnwpefjpt6rq	cmaxpvcn10063nnwpfsusxk2x	Per Room Per Night	Adult	285	285
cmaxpvcn10065nnwpztptt880	cmaxpvcn10063nnwpfsusxk2x	Breakfast	Adult	58	58
cmaxpvcn10066nnwpjfcp345h	cmaxpvcn10063nnwpfsusxk2x	Child Breakfast	Child	30	30
cmaxpwcnh0069nnwpjkbw3gu8	cmaxpwcnh0068nnwpwteg9z5l	Per Room Per Night	Adult	610	610
cmaxpwcnh006annwp0bsrnmyg	cmaxpwcnh0068nnwpwteg9z5l	Breakfast	Adult	58	58
cmaxpwcnh006bnnwpkd2ao69l	cmaxpwcnh0068nnwpwteg9z5l	Child Breakfast	Child	30	30
cmaxpy3y9006ennwpkhx81r8b	cmaxpy3y9006dnnwpgm9wr7kn	Per Room Per Night	Adult	365	365
cmaxpy3y9006fnnwpr0tj9lxg	cmaxpy3y9006dnnwpgm9wr7kn	Breakfast	Adult	58	58
cmaxpy3y9006gnnwp0m8ni8s7	cmaxpy3y9006dnnwpgm9wr7kn	Child Breakfast	Child	30	30
cmaxq00ua006jnnwpu3agxax7	cmaxq00u9006innwpg6qgyzn7	Per Room Per Night	Adult	830	830
cmaxq00ua006knnwpeb8o650c	cmaxq00u9006innwpg6qgyzn7	Breakfast	Adult	58	58
cmaxq00ua006lnnwp08p9acz7	cmaxq00u9006innwpg6qgyzn7	Child Breakfast	Child	30	30
cmaxq1664006onnwpvs3qxqqx	cmaxq1664006nnnwp3bxwzm17	Per Room Per Night	Adult	1050	1050
cmaxq1664006pnnwpgknkjfd8	cmaxq1664006nnnwp3bxwzm17	Breakfast	Adult	58	58
cmaxq1664006qnnwpfygn1847	cmaxq1664006nnnwp3bxwzm17	Child Breakfast	Child	30	30
cmaxq2jed006tnnwper3uv4ox	cmaxq2jed006snnwp0bjbcxuv	Per Room Per Night	Adult	345	345
cmaxq2jed006unnwpbitxoq8c	cmaxq2jed006snnwp0bjbcxuv	Breakfast	Adult	58	58
cmaxq2jed006vnnwpnnoh76d0	cmaxq2jed006snnwp0bjbcxuv	Child Breakfast	Child	30	30
cmaxq3zav006ynnwpimvak0hc	cmaxq3zau006xnnwpzt88nvgq	Per Room Per Night	Adult	670	670
cmaxq3zav006znnwpy3r570df	cmaxq3zau006xnnwpzt88nvgq	Breakfast	Adult	58	58
cmaxq3zav0070nnwpi1xfhsmt	cmaxq3zau006xnnwpzt88nvgq	Child Breakfast	Child	30	30
cmaxq56j30073nnwp2s7iht2a	cmaxq56j30072nnwpu6gue2r3	Per Room Per Night	Adult	425	425
cmaxq56j30074nnwpob9jidkr	cmaxq56j30072nnwpu6gue2r3	Breakfast	Adult	58	58
cmaxq56j30075nnwp7me7udl8	cmaxq56j30072nnwpu6gue2r3	Child Breakfast	Child	30	30
cmaxr0nnq0078nnwpanoafnxn	cmaxr0nnq0077nnwp1v3vjkk5	Per Room Per Night	Adult	980	890
cmaxr0nnq0079nnwpqo5iaesf	cmaxr0nnq0077nnwp1v3vjkk5	Breakfast	Adult	58	58
cmaxr0nnq007annwpyghr7v8x	cmaxr0nnq0077nnwp1v3vjkk5	Child Breakfast	Child	30	30
cmaxr2dvy007dnnwpjrcbs2db	cmaxr2dvx007cnnwpucf526kf	Per Room Per Night	Adult	1110	1110
cmaxr2dvy007ennwp39p2iy5s	cmaxr2dvx007cnnwpucf526kf	Breakfast	Adult	58	58
cmaxr2dvy007fnnwpbioc5sxe	cmaxr2dvx007cnnwpucf526kf	Child Breakfast	Child	30	30
cmaxrl317007innwpbwu7dib1	cmaxrl317007hnnwp26b2b3nu	Per Room Per Night	Adult	2180	2180
cmaxrl317007jnnwptzw39q2c	cmaxrl317007hnnwp26b2b3nu	Surcharge	Adult	100	100
cmaxrl317007knnwpzgfvbfca	cmaxrl317007hnnwp26b2b3nu	Breakfast	Adult	33	33
cmaxrl317007lnnwpyjbm2qrb	cmaxrl317007hnnwp26b2b3nu	Child Breakfast	Child	18	18
cmaxrm1k0007onnwpsip8ojaj	cmaxrm1k0007nnnwpi193g5vw	Per Room Per Night	Adult	1280	1280
cmaxrm1k0007pnnwpttqy3dg7	cmaxrm1k0007nnnwpi193g5vw	Surcharge	Adult	100	100
cmaxrm1k0007qnnwp3s7c3te7	cmaxrm1k0007nnnwpi193g5vw	Breakfast	Adult	33	33
cmaxrm1k0007rnnwpr57rfpxg	cmaxrm1k0007nnnwpi193g5vw	Child Breakfast	Child	18	18
cmaxrncyp007unnwp0poxrtvt	cmaxrncyp007tnnwprw6i5vlh	Per Room Per Night	Adult	980	980
cmaxrncyp007vnnwpe05if0co	cmaxrncyp007tnnwprw6i5vlh	Surcharge	Adult	100	100
cmaxrncyp007wnnwpdedddwob	cmaxrncyp007tnnwprw6i5vlh	Breakfast	Adult	33	33
cmaxrncyp007xnnwplyxractu	cmaxrncyp007tnnwprw6i5vlh	Child Breakfast	Child	18	18
cmaxrofa30080nnwpea6etu7x	cmaxrofa3007znnwp4f3nh6b4	Per Room Per Night	Adult	980	980
cmaxrofa30081nnwpft5d4vlz	cmaxrofa3007znnwp4f3nh6b4	Surcharge	Adult	100	100
cmaxrofa30082nnwpuzjw932o	cmaxrofa3007znnwp4f3nh6b4	Breakfast	Adult	33	33
cmaxrofa30083nnwposrz4075	cmaxrofa3007znnwp4f3nh6b4	Child Breakfast	Child	18	18
cmaxrpgnu0086nnwp9wfcbvtc	cmaxrpgnu0085nnwp7z0pvkw6	Per Room Per Night	Adult	780	780
cmaxrpgnu0087nnwptqqskmow	cmaxrpgnu0085nnwp7z0pvkw6	Surcharge	Adult	100	100
cmaxrpgnu0088nnwp073kd8te	cmaxrpgnu0085nnwp7z0pvkw6	Breakfast	Adult	33	33
cmaxrpgnu0089nnwpub8hyixj	cmaxrpgnu0085nnwp7z0pvkw6	Child Breakfast	Child	18	18
cmaxrqbvh008cnnwpjifbyxg7	cmaxrqbvh008bnnwptaciiwfe	Per Room Per Night	Adult	780	780
cmaxrqbvh008dnnwp16m8mbtp	cmaxrqbvh008bnnwptaciiwfe	Surcharge	Adult	100	100
cmaxrqbvh008ennwpnmzbpppq	cmaxrqbvh008bnnwptaciiwfe	Breakfast	Adult	33	33
cmaxrqbvh008fnnwpxc07uw4b	cmaxrqbvh008bnnwptaciiwfe	Child Breakfast	Child	18	18
cmaxrr6x9008innwpgy8pvmft	cmaxrr6x9008hnnwpn9v4vjc6	Per Room Per Night	Adult	630	630
cmaxrr6x9008jnnwpn42x15wy	cmaxrr6x9008hnnwpn9v4vjc6	Surcharge	Adult	100	100
cmaxrr6x9008knnwpob021ljd	cmaxrr6x9008hnnwpn9v4vjc6	Breakfast	Adult	33	33
cmaxrr6x9008lnnwpxiwe25x0	cmaxrr6x9008hnnwpn9v4vjc6	Child Breakfast	Child	18	18
cmaxrxa6g008onnwpho2uyxzy	cmaxrxa6g008nnnwptd469xam	Per Room Per Night	Adult	2180	2180
cmaxrxa6g008pnnwp4fgkslgf	cmaxrxa6g008nnnwptd469xam	Surcharge	Adult	100	100
cmaxrxa6g008qnnwpth56npo4	cmaxrxa6g008nnnwptd469xam	Breakfast	Adult	65	65
cmaxrxa6h008rnnwpvbohui14	cmaxrxa6g008nnnwptd469xam	Child Breakfast	Child	33	33
cmaxry676008unnwpuv9ihdt6	cmaxry676008tnnwpqthf6xls	Per Room Per Night	Adult	1280	1280
cmaxry676008vnnwpt3kjfp33	cmaxry676008tnnwpqthf6xls	Surcharge	Adult	100	100
cmaxry676008wnnwpqm9zgggm	cmaxry676008tnnwpqthf6xls	Breakfast	Adult	65	65
cmaxry676008xnnwp757u7i2e	cmaxry676008tnnwpqthf6xls	Child Breakfast	Child	33	33
cmaxrza8d0090nnwp4rk9crjw	cmaxrza8d008znnwpxtixyngx	Per Room Per Night	Adult	980	980
cmaxrza8e0091nnwp0c0njyr7	cmaxrza8d008znnwpxtixyngx	Surcharge	Adult	100	100
cmaxrza8e0092nnwpgc2x5veg	cmaxrza8d008znnwpxtixyngx	Breakfast	Adult	65	65
cmaxrza8e0093nnwpun9ydht5	cmaxrza8d008znnwpxtixyngx	Child Breakfast	Child	33	33
cmaxs0oao0096nnwpak66hlnj	cmaxs0oao0095nnwphwhdqwg1	Per Room Per Night	Adult	980	980
cmaxs0oao0097nnwpj1wy75fh	cmaxs0oao0095nnwphwhdqwg1	Surcharge	Adult	100	100
cmaxs0oao0098nnwp03y1hu7t	cmaxs0oao0095nnwphwhdqwg1	Breakfast	Adult	65	65
cmaxs0oao0099nnwpyb2gzlcl	cmaxs0oao0095nnwphwhdqwg1	Child Breakfast	Child	33	33
cmaxs21jy009cnnwpoeh7k8gc	cmaxs21jx009bnnwparhnbm0y	Per Room Per Night	Adult	780	780
cmaxs21jy009dnnwpcqc5lrqb	cmaxs21jx009bnnwparhnbm0y	Surcharge	Adult	100	100
cmaxs21jy009ennwp72miekgq	cmaxs21jx009bnnwparhnbm0y	Breakfast	Adult	65	65
cmaxs21jy009fnnwpcoknv323	cmaxs21jx009bnnwparhnbm0y	Child Breakfast	Child	33	33
cmaxs2zba009innwpbmaxw1uu	cmaxs2zba009hnnwpg0jfjmil	Per Room Per Night	Adult	780	780
cmaxs2zba009jnnwpfv8bnmk9	cmaxs2zba009hnnwpg0jfjmil	Surcharge	Adult	100	100
cmaxs2zba009knnwpsawa5x72	cmaxs2zba009hnnwpg0jfjmil	Breakfast	Adult	65	65
cmaxs2zba009lnnwpcjuormgg	cmaxs2zba009hnnwpg0jfjmil	Child Breakfast	Child	33	33
cmaxs3wu3009onnwpujs6byzc	cmaxs3wu3009nnnwpy34g2ykf	Per Room Per Night	Adult	630	630
cmaxs3wu3009pnnwpoiwn1130	cmaxs3wu3009nnnwpy34g2ykf	Surcharge	Adult	100	100
cmaxs3wu3009qnnwpooc0gyon	cmaxs3wu3009nnnwpy34g2ykf	Breakfast	Adult	65	65
cmaxs3wu3009rnnwp8koz6ric	cmaxs3wu3009nnnwpy34g2ykf	Child Breakfast	Child	33	33
cmaywd5wh009znnwptppqlajw	cmaywd5wh009ynnwpz4nyn4bw	Per Room Per Night	Adult	268	268
cmaywd5wh00a0nnwpkrxxmi56	cmaywd5wh009ynnwpz4nyn4bw	Breakfast	Adult	42.5	42.5
cmaywd5wh00a1nnwpal5xzu88	cmaywd5wh009ynnwpz4nyn4bw	Child Breakfast	Child	28.5	28.5
cmaywd5wh00a2nnwpfr3qaubv	cmaywd5wh009ynnwpz4nyn4bw	Extra Bed	Adult	95	95
cmaywl6tf00a6nnwpa194ob3g	cmaywl6tf00a5nnwp3qxwquud	Per Room Per Night	Adult	278	278
cmaywl6tf00a7nnwpm60h4ghu	cmaywl6tf00a5nnwp3qxwquud	Breakfast	Adult	42.5	42.5
cmaywl6tf00a8nnwpg0nx6fyj	cmaywl6tf00a5nnwp3qxwquud	Child Breakfast	Child	28.5	28.5
cmaywl6tf00a9nnwpfas4gx72	cmaywl6tf00a5nnwp3qxwquud	Extra Bed	Adult	95	95
cmaywmj2l00acnnwpm36a1cpp	cmaywmj2l00abnnwp7qgagqiw	Per Room Per Night	Adult	288	288
cmaywmj2l00adnnwp0hyb44au	cmaywmj2l00abnnwp7qgagqiw	Breakfast	Adult	42.5	42.5
cmaywmj2l00aennwp5wgf11i2	cmaywmj2l00abnnwp7qgagqiw	Child Breakfast	Child	28.5	28.5
cmaywmj2l00afnnwppasrdt8n	cmaywmj2l00abnnwp7qgagqiw	Extra Bed	Adult	95	95
cmaywnsy000ainnwpju9pgcas	cmaywnsy000ahnnwpoupfppth	Per Room Per Night	Adult	308	308
cmaywnsy000ajnnwpip6r8k1v	cmaywnsy000ahnnwpoupfppth	Breakfast	Adult	42.5	42.5
cmaywnsy000aknnwp8asjfexu	cmaywnsy000ahnnwpoupfppth	Child Breakfast	Child	28.5	28.5
cmaywnsy000alnnwpr5jn0i87	cmaywnsy000ahnnwpoupfppth	Extra Bed	Adult	95	95
cmaywdm6300a3nnwpsje9dhrs	cmaywbr0l009tnnwp3lo12t49	Extra Bed	Adult	95	95
cmaywp9yr00arnnwpbdck2hc7	cmaywp9yq00annnwpwrqtylj1	Extra Bed	Adult	95	95
cmaywbr0m009unnwpbzb8v257	cmaywbr0l009tnnwp3lo12t49	Per Room Per Night	Adult	248	248
cmaywbr0m009vnnwpq8bsfhvu	cmaywbr0l009tnnwp3lo12t49	Breakfast	Adult	42.5	42.5
cmaz3lvvr00cvnnwplsf8g5r1	cmaz3lvvr00cunnwp5fqnt0qv	Per Room Per Night	Adult	648	648
cmaz3lvvr00cwnnwpiixerag8	cmaz3lvvr00cunnwp5fqnt0qv	Breakfast	Adult	40	40
cmaz3lvvr00cxnnwpdinm5h4f	cmaz3lvvr00cunnwp5fqnt0qv	Child Breakfast	Child	35	35
cmaz3lvvr00cynnwpgfkh175k	cmaz3lvvr00cunnwp5fqnt0qv	Extra Bed	Adult	150	150
cmaz4g0vx00d1nnwpt6afq7do	cmaz4g0vx00d0nnwpuuq27vaz	Per Room Per Night	Adult	239	239
cmaz4goil00d4nnwppai3p8ja	cmaz4goil00d3nnwpf6v7ddzn	Per Room Per Night	Adult	310	310
cmaywqeyc00asnnwpxr8z1zfu	cmaywp9yq00annnwpwrqtylj1	Extra Bed	Adult	95	95
cmaywp9yr00aonnwpjv7aogi1	cmaywp9yq00annnwpwrqtylj1	Per Room Per Night	Adult	498	498
cmaywp9yr00apnnwpdyjzv1l9	cmaywp9yq00annnwpwrqtylj1	Breakfast	Adult	42.5	42.5
cmaywp9yr00aqnnwpqn4vjfe3	cmaywp9yq00annnwpwrqtylj1	Child Breakfast	Child	28.5	28.5
cmaywszk900avnnwpi4q4jhuk	cmaywszk900aunnwp5g2i1lgi	Per Room Per Night	Adult	258	258
cmaywszka00awnnwp8a0xflp8	cmaywszk900aunnwp5g2i1lgi	Breakfast	Adult	42.5	42.5
cmaywszka00axnnwpq3j0620u	cmaywszk900aunnwp5g2i1lgi	Child Breakfast	Child	28.5	28.5
cmaywszka00aynnwpr5k1zfva	cmaywszk900aunnwp5g2i1lgi	Extra Bed	Adult	95	95
cmaywudqt00b1nnwpbr59pde2	cmaywudqt00b0nnwplo8xcbta	Per Room Per Night	Adult	278	278
cmaywudqt00b2nnwpraelpoue	cmaywudqt00b0nnwplo8xcbta	Breakfast	Adult	42.5	42.5
cmaywudqt00b3nnwp44d0f4fi	cmaywudqt00b0nnwplo8xcbta	Child Breakfast	Child	28.5	28.5
cmaywudqt00b4nnwpxs75uhp0	cmaywudqt00b0nnwplo8xcbta	Extra Bed	Adult	95	95
cmayww4gc00b7nnwpawfnzz17	cmayww4gc00b6nnwpnef3e6rg	Per Room Per Night	Adult	288	288
cmayww4gc00b8nnwpslltwi6c	cmayww4gc00b6nnwpnef3e6rg	Breakfast	Adult	42.5	42.5
cmayww4gc00b9nnwpkb7alfr2	cmayww4gc00b6nnwpnef3e6rg	Child Breakfast	Child	28.5	28.5
cmayww4gc00bannwp8xsll9nb	cmayww4gc00b6nnwpnef3e6rg	Extra Bed	Adult	95	95
cmaywxmy900bdnnwpzyjud91p	cmaywxmy900bcnnwpgufrmzsg	Per Room Per Night	Adult	298	298
cmaywxmy900bennwpmw72p0xk	cmaywxmy900bcnnwpgufrmzsg	Breakfast	Adult	42.5	42.5
cmaywxmy900bfnnwpk6xfs87h	cmaywxmy900bcnnwpgufrmzsg	Child Breakfast	Child	28.5	28.5
cmaywxmy900bgnnwp736zxp4n	cmaywxmy900bcnnwpgufrmzsg	Extra Bed	Adult	95	95
cmaywyytm00bjnnwpmansngvt	cmaywyytm00binnwpcepwsdoo	Per Room Per Night	Adult	318	318
cmaywyytm00bknnwpkpigegpk	cmaywyytm00binnwpcepwsdoo	Breakfast	Adult	42.5	42.5
cmaywyytm00blnnwpegxpevuq	cmaywyytm00binnwpcepwsdoo	Child Breakfast	Child	28.5	28.5
cmaywyytm00bmnnwpotypqfmk	cmaywyytm00binnwpcepwsdoo	Extra Bed	Adult	95	95
cmayx0lfp00bpnnwpky9oocrq	cmayx0lfp00bonnwpl58ybmtr	Per Room Per Night	Adult	528	528
cmayx0lfp00bqnnwp5pkz1nfc	cmayx0lfp00bonnwpl58ybmtr	Breakfast	Adult	42.5	42.5
cmayx0lfp00brnnwptbs7ueva	cmayx0lfp00bonnwpl58ybmtr	Child Breakfast	Child	28.5	28.5
cmayx0lfp00bsnnwps90q093u	cmayx0lfp00bonnwpl58ybmtr	Extra Bed	Adult	95	95
cmaz3criq00bvnnwpdwxpdlqi	cmaz3criq00bunnwpa9pol7hg	Per Room Per Night	Adult	348	348
cmaz3criq00bwnnwpic3tjte1	cmaz3criq00bunnwpa9pol7hg	Breakfast	Adult	40	40
cmaz3criq00bxnnwpaepx9hkb	cmaz3criq00bunnwpa9pol7hg	Child Breakfast	Child	35	35
cmaz3criq00bynnwpaz1otxp3	cmaz3criq00bunnwpa9pol7hg	Extra Bed	Adult	150	150
cmaz3e73u00c1nnwprxkej3j1	cmaz3e73u00c0nnwpopi3ient	Per Room Per Night	Adult	398	398
cmaz3e73u00c2nnwpbgkud1ly	cmaz3e73u00c0nnwpopi3ient	Breakfast	Adult	40	40
cmaz3e73v00c3nnwp1v0n394e	cmaz3e73u00c0nnwpopi3ient	Child Breakfast	Adult	35	35
cmaz3e73v00c4nnwpt0nb7x1v	cmaz3e73u00c0nnwpopi3ient	Extra Bed	Adult	150	150
cmaz3g29900c7nnwp71b3bqxf	cmaz3g29900c6nnwpy8sifefm	Per Room Per Night	Adult	448	488
cmaz3g29900c8nnwp58qgokn2	cmaz3g29900c6nnwpy8sifefm	Breakfast	Adult	40	40
cmaz3g29900c9nnwp8qc734mx	cmaz3g29900c6nnwpy8sifefm	Child Breakfast	Adult	35	35
cmaz3g29900cannwpudsff0uf	cmaz3g29900c6nnwpy8sifefm	Extra Bed	Adult	150	150
cmaz3ib5w00cdnnwpug9r5pej	cmaz3ib5w00ccnnwpi8pomvpl	Per Room Per Night	Adult	498	498
cmaz3ib5w00cennwpaq3vb369	cmaz3ib5w00ccnnwpi8pomvpl	Breakfast	Adult	40	40
cmaz3ib5w00cfnnwpebv4jmnw	cmaz3ib5w00ccnnwpi8pomvpl	Child Breakfast	Child	35	35
cmaz3ib5w00cgnnwp0udb4pd4	cmaz3ib5w00ccnnwpi8pomvpl	Extra Bed	Adult	150	150
cmaz3jsfq00cjnnwp12hoqhbl	cmaz3jsfq00cinnwpi8r8hija	Per Room Per Night	Adult	548	548
cmaz3jsfq00cknnwpzrq6i76w	cmaz3jsfq00cinnwpi8r8hija	Breakfast	Adult	40	40
cmaz3jsfq00clnnwp9mib8tfg	cmaz3jsfq00cinnwpi8r8hija	Child Breakfast	Child	35	35
cmaz3jsfq00cmnnwpbwh50bml	cmaz3jsfq00cinnwpi8r8hija	Extra Bed	Adult	150	150
cmaz3kv5500cpnnwp5ylenc3z	cmaz3kv5500connwpwf86epsw	Per Room Per Night	Adult	598	598
cmaz3kv5500cqnnwpnreaoout	cmaz3kv5500connwpwf86epsw	Breakfast	Adult	40	40
cmaz3kv5500crnnwpfvahj7kp	cmaz3kv5500connwpwf86epsw	Child Breakfast	Child	35	35
cmaz3kv5500csnnwpmsyat93w	cmaz3kv5500connwpwf86epsw	Extra Bed	Adult	150	150
cmaz4hez200d7nnwp1d5cmhsv	cmaz4hez200d6nnwp3es8b4ge	Per Room Per Night	Adult	271	271
cmaz4i40x00dannwpom03bs15	cmaz4i40x00d9nnwp1ye1errm	Per Room Per Night	Adult	342.5	342.5
cmaz4iwpj00ddnnwprnblynez	cmaz4iwpj00dcnnwpuz1gk9dx	Per Room Per Night	Adult	417	417
cmaz4jjpk00dgnnwpqscxcdb1	cmaz4jjpj00dfnnwph4gvpjej	Per Room Per Night	Adult	524	524
cmaz4kgel00djnnwplfszexbo	cmaz4kgel00dinnwpxhmebwm5	Per Room Per Night	Adult	449.5	449.5
cmaz4l3sn00dmnnwpai2w4nld	cmaz4l3sn00dlnnwptaq5aquy	Per Room Per Night	Adult	927	927
cmb7lt5ke0002nn4ahh8uok5k	cmb7lt5ke0001nn4ajuoohp8b	Per Room Per Night	Adult	497	497
cmb7lt5ke0003nn4anx2alrz2	cmb7lt5ke0001nn4ajuoohp8b	Breakfast	Adult	48	48
cmb7lt5ke0004nn4a664o4rkn	cmb7lt5ke0001nn4ajuoohp8b	Child Breakfast	Adult	30	30
cmb7lt5ke0005nn4aqadr4k1g	cmb7lt5ke0001nn4ajuoohp8b	Extra Bed	Adult	130	130
cmb7lxwl40008nn4aykn73dil	cmb7lxwl40007nn4a4xqlv7ou	Per Room Per Night	Adult	577	577
cmb7lxwl40009nn4anrygx08y	cmb7lxwl40007nn4a4xqlv7ou	Breakfast	Adult	48	48
cmb7lxwl4000ann4ay630qfrw	cmb7lxwl40007nn4a4xqlv7ou	Child Breakfast	Child	30	30
cmb7lxwl4000bnn4akyi3kvpf	cmb7lxwl40007nn4a4xqlv7ou	Extra Bed	Adult	130	130
cmb7lznzx000enn4a6x95kykf	cmb7lznzx000dnn4a0vmz5282	Per Room Per Night	Adult	577	577
cmb7lznzx000fnn4anbew3hyq	cmb7lznzx000dnn4a0vmz5282	Breakfast	Adult	48	48
cmb7lznzx000gnn4ahimyaau5	cmb7lznzx000dnn4a0vmz5282	Child Breakfast	Child	30	30
cmb7lznzx000hnn4a0dr9z81c	cmb7lznzx000dnn4a0vmz5282	Extra Bed	Adult	130	130
cmb7m1vtw000knn4al7ynps9i	cmb7m1vtv000jnn4alezp4c1d	Per Room Per Night	Adult	597	597
cmb7m1vtw000lnn4ae01dpwin	cmb7m1vtv000jnn4alezp4c1d	Breakfast	Adult	48	48
cmb7m1vtw000mnn4aggi72yux	cmb7m1vtv000jnn4alezp4c1d	Child Breakfast	Child	30	30
cmb7m1vtw000nnn4au42uk67b	cmb7m1vtv000jnn4alezp4c1d	Extra Bed	Adult	130	130
cmb7m3c7r000qnn4ac8m7z4yu	cmb7m3c7r000pnn4aaszmkhw1	Per Room Per Night	Adult	607	607
cmb7m3c7r000rnn4ax0fdssfh	cmb7m3c7r000pnn4aaszmkhw1	Breakfast	Adult	48	48
cmb7m3c7r000snn4am87ou2nd	cmb7m3c7r000pnn4aaszmkhw1	Child Breakfast	Child	30	30
cmb7m3c7r000tnn4a4g8b0glg	cmb7m3c7r000pnn4aaszmkhw1	Extra Bed	Adult	130	130
cmb7m5c5o000wnn4aj1cfo488	cmb7m5c5o000vnn4aigvf6tc3	Per Room Per Night	Adult	607	607
cmb7m5c5o000xnn4a35yg4k9o	cmb7m5c5o000vnn4aigvf6tc3	Breakfast	Adult	48	48
cmb7m5c5o000ynn4a0xxaxu0s	cmb7m5c5o000vnn4aigvf6tc3	Child Breakfast	Child	30	30
cmb7m5c5o000znn4a5x51cjqb	cmb7m5c5o000vnn4aigvf6tc3	Extra Bed	Adult	130	130
cmb7mf3y10012nn4arm5ma86d	cmb7mf3y10011nn4azel80pzb	Per Room Per Night	Adult	255	255
cmb7mg0ve0015nn4ay3ldh2hb	cmb7mg0ve0014nn4a7qn89jcv	Per Room Per Night	Adult	285	285
cmb7mg0ve0016nn4a0f0y9mp8	cmb7mg0ve0014nn4a7qn89jcv	Per Room Per Night	Adult	0	0
cmb7mgilt0019nn4a6br411kd	cmb7mgils0018nn4a8104e43b	Per Room Per Night	Adult	640	640
cmb7mgyjw001cnn4a2qe37rvn	cmb7mgyjw001bnn4ay3635i37	Per Room Per Night	Adult	850	850
cmb7mlycm001fnn4ah72vpeg7	cmb7mlycm001enn4adl6af28v	Per Room Per Night	Adult	600	600
cmb7mlycm001gnn4am1vedh6i	cmb7mlycm001enn4adl6af28v	Surcharge	Adult	30	30
cmb7mlycm001hnn4a0dufpaop	cmb7mlycm001enn4adl6af28v	Breakfast	Adult	30	30
cmb7mlycm001inn4anl1v2gh2	cmb7mlycm001enn4adl6af28v	Child Breakfast	Child	115	15
cmb7mlycm001jnn4aaz5m09wn	cmb7mlycm001enn4adl6af28v	Extra Bed	Adult	130	130
cmb7mnote001mnn4auvzohqih	cmb7mnote001lnn4ahl6s3wll	Per Room Per Night	Adult	700	700
cmb7mnote001nnn4ab308yuyz	cmb7mnote001lnn4ahl6s3wll	Surcharge	Adult	30	30
cmb7mnote001onn4axzrg2r4u	cmb7mnote001lnn4ahl6s3wll	Breakfast	Adult	30	30
cmb7mnote001pnn4aj4kn4oru	cmb7mnote001lnn4ahl6s3wll	Breakfast	Adult	15	15
cmb7mnote001qnn4aqu177tgm	cmb7mnote001lnn4ahl6s3wll	Child Breakfast	Child	15	15
cmb7mnote001rnn4a2h38lbl5	cmb7mnote001lnn4ahl6s3wll	Extra Bed	Adult	160	160
cmb7movr6001unn4a7k5byqh7	cmb7movr6001tnn4a3j6ryyav	Per Room Per Night	Adult	890	890
cmb7movr6001vnn4atlwzjpd5	cmb7movr6001tnn4a3j6ryyav	Surcharge	Adult	30	30
cmb7movr6001wnn4a4gjh49wq	cmb7movr6001tnn4a3j6ryyav	Breakfast	Adult	30	30
cmb7movr6001xnn4ajtf8bpc5	cmb7movr6001tnn4a3j6ryyav	Child Breakfast	Child	15	15
cmb7movr6001ynn4a7e318yg0	cmb7movr6001tnn4a3j6ryyav	Extra Bed	Adult	160	160
cmb7mqfnt0021nn4azmuqeqk1	cmb7mqfns0020nn4afoe4u0jx	Per Room Per Night	Adult	575	575
cmb7mqfnt0022nn4ah3rw4ezn	cmb7mqfns0020nn4afoe4u0jx	Surcharge	Adult	30	30
cmb7mqfnt0023nn4adwu6ngyv	cmb7mqfns0020nn4afoe4u0jx	Breakfast	Adult	30	30
cmb7mqfnt0024nn4alc56jew9	cmb7mqfns0020nn4afoe4u0jx	Child Breakfast	Child	15	15
cmb7mqfnt0025nn4a3hle6kk1	cmb7mqfns0020nn4afoe4u0jx	Extra Bed	Adult	130	130
cmb7mrxc00028nn4auxftn95i	cmb7mrxc00027nn4acxoeky85	Per Room Per Night	Adult	690	690
cmb7mrxc00029nn4at8277nlz	cmb7mrxc00027nn4acxoeky85	Surcharge	Adult	30	30
cmb7mrxc0002ann4a1agtj56j	cmb7mrxc00027nn4acxoeky85	Breakfast	Adult	300	30
cmb7mrxc0002bnn4afi31k22t	cmb7mrxc00027nn4acxoeky85	Child Breakfast	Child	15	15
cmb7mrxc0002cnn4azc4yivd0	cmb7mrxc00027nn4acxoeky85	Extra Bed	Adult	160	160
cmb7msybb002fnn4ahintodn2	cmb7msybb002enn4ayi345eau	Per Room Per Night	Adult	800	800
cmb7msybb002gnn4a1l3j29j6	cmb7msybb002enn4ayi345eau	Surcharge	Adult	30	30
cmb7msybb002hnn4afs2lfi20	cmb7msybb002enn4ayi345eau	Child Breakfast	Child	15	15
cmb7msybb002inn4am0svhskv	cmb7msybb002enn4ayi345eau	Extra Bed	Adult	160	160
cmb7mxe7v002lnn4aw2frtvh6	cmb7mxe7v002knn4aimcf5hgn	Per Room Per Night	Adult	420	420
cmb7mxe7v002mnn4aqh92ka6x	cmb7mxe7v002knn4aimcf5hgn	Surcharge	Adult	150	150
cmb7mxe7v002nnn4a9cngodww	cmb7mxe7v002knn4aimcf5hgn	Breakfast	Adult	30	30
cmb7mxe7v002onn4a36uafh3y	cmb7mxe7v002knn4aimcf5hgn	Extra Bed	Adult	80	80
cmb7n0okd002rnn4ajn7sqhqu	cmb7n0okc002qnn4a55n7ngux	Per Room Per Night	Adult	450	450
cmb7n0okd002snn4a93q563w5	cmb7n0okc002qnn4a55n7ngux	Surcharge	Adult	150	150
cmb7n0okd002tnn4agv66gh1z	cmb7n0okc002qnn4a55n7ngux	Breakfast	Adult	30	30
cmb7n0okd002unn4ajwhsh15n	cmb7n0okc002qnn4a55n7ngux	Extra Bed	Adult	80	80
cmb7of0lw002xnn4aqr9ecgyp	cmb7of0lw002wnn4an2asfive	Per Room Per Night	Adult	820	820
cmb7of0lw002ynn4a45c2c4od	cmb7of0lw002wnn4an2asfive	Per Room Per Night	Adult	200	200
cmb7of0lw002znn4ajujrkmkl	cmb7of0lw002wnn4an2asfive	Breakfast	Adult	88	88
cmb7of0lw0030nn4a0wza40l8	cmb7of0lw002wnn4an2asfive	Child Breakfast	Adult	44	44
cmb7of0lw0031nn4axao5jvoh	cmb7of0lw002wnn4an2asfive	Extra Bed	Adult	360	360
cmb7p09400034nn4aqod13zvm	cmb7p09400033nn4a58bmre5u	Per Room Per Night	Adult	820	820
cmb7p09400035nn4auw4hqkx1	cmb7p09400033nn4a58bmre5u	Surcharge	Adult	200	200
cmb7p09400036nn4ajy936rsi	cmb7p09400033nn4a58bmre5u	Breakfast	Adult	88	88
cmb7p09400037nn4al7c6dfx5	cmb7p09400033nn4a58bmre5u	Child Breakfast	Child	44	44
cmb7p09400038nn4amrdubnmi	cmb7p09400033nn4a58bmre5u	Extra Bed	Adult	360	360
cmb7p1ide003bnn4axqpp3mmk	cmb7p1idd003ann4amy72ublm	Per Room Per Night	Adult	920	920
cmb7p1ide003cnn4argdu81ej	cmb7p1idd003ann4amy72ublm	Surcharge	Adult	200	200
cmb7p1ide003dnn4asbovtimk	cmb7p1idd003ann4amy72ublm	Breakfast	Adult	88	88
cmb7p1ide003enn4afend88yv	cmb7p1idd003ann4amy72ublm	Child Breakfast	Child	44	44
cmb7p1ide003fnn4a9dyuezmq	cmb7p1idd003ann4amy72ublm	Extra Bed	Adult	360	360
cmb7p30t3003inn4a8hoebtur	cmb7p30t3003hnn4abli18r68	Per Room Per Night	Adult	1150	1150
cmb7p30t3003jnn4ajrdx7lh4	cmb7p30t3003hnn4abli18r68	Surcharge	Adult	200	200
cmb7p30t3003knn4a4cba1fgv	cmb7p30t3003hnn4abli18r68	Breakfast	Adult	88	88
cmb7p30t3003lnn4ahllyzvzl	cmb7p30t3003hnn4abli18r68	Child Breakfast	Child	44	44
cmb7p30t3003mnn4a0lqeayz7	cmb7p30t3003hnn4abli18r68	Extra Bed	Adult	360	360
cmb7p4efl003pnn4a7mymeunl	cmb7p4efl003onn4a61e02y6r	Per Room Per Night	Adult	1650	1650
cmb7p4efl003qnn4aswavcbwq	cmb7p4efl003onn4a61e02y6r	Surcharge	Adult	200	200
cmb7p4efl003rnn4ah2ca38l2	cmb7p4efl003onn4a61e02y6r	Breakfast	Adult	88	88
cmb7p4efl003snn4al74w48pg	cmb7p4efl003onn4a61e02y6r	Child Breakfast	Child	44	44
cmb7p4efl003tnn4axqk8gs3w	cmb7p4efl003onn4a61e02y6r	Extra Bed	Adult	360	360
cmb7p6h0o003wnn4azvtdcb4r	cmb7p6h0o003vnn4arubwql6k	Per Room Per Night	Adult	2675	2675
cmb7p6h0o003xnn4adhyl9lym	cmb7p6h0o003vnn4arubwql6k	Surcharge	Adult	200	200
cmb7p6h0o003ynn4an0cc0aks	cmb7p6h0o003vnn4arubwql6k	Breakfast	Adult	88	88
cmb7p6h0o003znn4ab6ryft6o	cmb7p6h0o003vnn4arubwql6k	Child Breakfast	Child	44	44
cmb7p6h0o0040nn4a4gv01zpi	cmb7p6h0o003vnn4arubwql6k	Extra Bed	Adult	360	360
cmb7pbd1u0043nn4acwkenfea	cmb7pbd1u0042nn4acqea4hm1	Per Room Per Night	Adult	6670	670
cmb7pbd1u0044nn4agpwaikhl	cmb7pbd1u0042nn4acqea4hm1	Surcharge	Adult	200	200
cmb7pbd1u0045nn4a14w8gjpp	cmb7pbd1u0042nn4acqea4hm1	Breakfast	Adult	88	88
cmb7pbd1u0046nn4aa6zsg7lo	cmb7pbd1u0042nn4acqea4hm1	Child Breakfast	Child	44	44
cmb7pbd1u0047nn4a3heanlbx	cmb7pbd1u0042nn4acqea4hm1	Extra Bed	Adult	205	205
cmb7pcp63004ann4ai7sxvuso	cmb7pcp630049nn4aiu6y7zdu	Per Room Per Night	Adult	1450	1450
cmb7pcp63004bnn4aqpv4v8ie	cmb7pcp630049nn4aiu6y7zdu	Surcharge	Adult	200	200
cmb7pcp63004cnn4av1qdewkg	cmb7pcp630049nn4aiu6y7zdu	Breakfast	Adult	88	88
cmb7pcp63004dnn4avvvhp513	cmb7pcp630049nn4aiu6y7zdu	Child Breakfast	Child	44	44
cmb7pcp63004enn4awb4shw9q	cmb7pcp630049nn4aiu6y7zdu	Extra Bed	Adult	360	360
cmb7t25ag004mnn4a57rwkot3	cmb7t25ag004lnn4a2z2ea14m	Per Room Per Night	Adult	419	419
cmb7t25ag004nnn4a4682snyw	cmb7t25ag004lnn4a2z2ea14m	Surcharge	Adult	80	80
cmb7t25ag004onn4asbz21sc8	cmb7t25ag004lnn4a2z2ea14m	Breakfast	Adult	61.5	61.5
cmb7t25ag004pnn4ayeirtv49	cmb7t25ag004lnn4a2z2ea14m	Child Breakfast	Child	40	40
cmb7qav8w004hnn4alcbu1q3f	cmb7qav8v004gnn4azakwq25g	Per Room Per Night	Adult	333	333
cmb7qav8w004inn4ay9ktc09t	cmb7qav8v004gnn4azakwq25g	Surcharge	Adult	80	80
cmb7qav8w004jnn4av0ffnp7j	cmb7qav8v004gnn4azakwq25g	Breakfast	Adult	61.5	61.5
cmbacmca0000lnnyi7cd9ftjm	cmbacmca0000knnyibs8xae11	Per Room Per Night	Adult	419	419
cmbacmca0000mnnyighi3yz1c	cmbacmca0000knnyibs8xae11	Surcharge	Adult	80	80
cmbacmca0000nnnyidqayad6c	cmbacmca0000knnyibs8xae11	Breakfast	Adult	61.5	61.5
cmbacmca0000onnyi28ukdl4s	cmbacmca0000knnyibs8xae11	Child Breakfast	Child	40.5	40.5
cmbaco7wc000rnnyi70moiqdu	cmbaco7wc000qnnyiawhy9onx	Per Room Per Night	Adult	505.5	505.5
cmbaco7wc000snnyi2e80cri8	cmbaco7wc000qnnyiawhy9onx	Surcharge	Adult	80	80
cmbaco7wc000tnnyi2zk6m2jm	cmbaco7wc000qnnyiawhy9onx	Breakfast	Adult	61.5	61.5
cmbaco7wc000unnyi9n8ibx4z	cmbaco7wc000qnnyiawhy9onx	Child Breakfast	Child	40.5	40.5
cmbg91oky0000nnz0yc9z2lzt	cmaywbr0l009tnnwp3lo12t49	Per Room Per Night	Adult	248	248
cmaywbr0m009wnnwp8b0ajqys	cmaywbr0l009tnnwp3lo12t49	Child Breakfast	Child	28.5	28.5
cmbkb4jnx0009nnmf1cque9xj	cmbkb4jnx0008nnmfhwsqkoeb	Per Room Per Night	Adult	490	490
cmbkb4jnx000annmfe024lden	cmbkb4jnx0008nnmfhwsqkoeb	Surcharge	Adult	80	80
cmbkb4jnx000bnnmfnpcqa2ar	cmbkb4jnx0008nnmfhwsqkoeb	Breakfast	Adult	45	45
cmbkb4jnx000cnnmfhuwgmu39	cmbkb4jnx0008nnmfhwsqkoeb	Child Breakfast	Child	30	30
cmbkb4jnx000dnnmf6b5yybom	cmbkb4jnx0008nnmfhwsqkoeb	Extra Bed	Adult	110	110
cmbkb30fq0002nnmf1c2j2npi	cmbkb30fq0001nnmf5z4kb30d	Per Room Per Night	Adult	440	440
cmbkb30fq0003nnmf91xd81uc	cmbkb30fq0001nnmf5z4kb30d	Surcharge	Adult	80	80
cmbkb30fq0004nnmfpir6s50n	cmbkb30fq0001nnmf5z4kb30d	Breakfast	Adult	45	45
cmbkb30fq0005nnmfadj2bapw	cmbkb30fq0001nnmf5z4kb30d	Child Breakfast	Child	30	30
cmbkb30fq0006nnmf3f8nygda	cmbkb30fq0001nnmf5z4kb30d	Extra Bed	Adult	110	110
cmbox7uyk0002nn75dja4d4cc	cmbox7uyk0001nn75mk78w3ik	Per Room Per Night	Adult	268	268
cmbox7uyk0003nn7572q61fzr	cmbox7uyk0001nn75mk78w3ik	Breakfast	Adult	42.5	42.5
cmbox7uyk0004nn751rfw74r1	cmbox7uyk0001nn75mk78w3ik	Child Breakfast	Child	28.5	28.5
cmbox7uyk0005nn75hpjvn19d	cmbox7uyk0001nn75mk78w3ik	Extra Bed	Adult	95	95
cmbkbh50h001mnnmf6cnfh7pt	cmbkbh50h001lnnmfp0w8namt	Per Room Per Night	Adult	740	740
cmbkbh50h001nnnmftstyqo5w	cmbkbh50h001lnnmfp0w8namt	Surcharge	Adult	150	150
cmbkbh50h001onnmf5ci7o2mz	cmbkbh50h001lnnmfp0w8namt	Breakfast	Adult	45	45
cmbkbh50h001pnnmfn1jxbi0o	cmbkbh50h001lnnmfp0w8namt	Child Breakfast	Child	30	30
cmbkbh50h001qnnmfaonzmci0	cmbkbh50h001lnnmfp0w8namt	Extra Bed	Adult	110	110
cmbkbiyli001tnnmf5dadb6b8	cmbkbiyli001snnmfeoi92dbv	Per Room Per Night	Adult	1420	1420
cmbkbiyli001unnmfkv7pzel0	cmbkbiyli001snnmfeoi92dbv	Surcharge	Adult	150	150
cmbkbiyli001vnnmfrj3m5wnz	cmbkbiyli001snnmfeoi92dbv	Breakfast	Adult	45	45
cmbkbiyli001wnnmfsc9mhojf	cmbkbiyli001snnmfeoi92dbv	Child Breakfast	Child	30	30
cmbkbiyli001xnnmfa7xz4no2	cmbkbiyli001snnmfeoi92dbv	Extra Bed	Adult	110	110
cmbkbkizf0020nnmfhhv8ozc1	cmbkbkizf001znnmf7kbomzbe	Per Room Per Night	Adult	1520	1520
cmbkbkizf0021nnmfonm2rhny	cmbkbkizf001znnmf7kbomzbe	Surcharge	Adult	150	150
cmbkbkizf0022nnmftg5s4wq2	cmbkbkizf001znnmf7kbomzbe	Breakfast	Adult	45	45
cmbkbkizf0023nnmfro9f2pmn	cmbkbkizf001znnmf7kbomzbe	Child Breakfast	Child	30	30
cmbkbkizf0024nnmfq8wb6noh	cmbkbkizf001znnmf7kbomzbe	Extra Bed	Adult	110	110
cmboxa3h50008nn75l7tixpfp	cmboxa3h40007nn75qnjgl51a	Per Room Per Night	Adult	320	320
cmboxa3h50009nn75vcdxe1w3	cmboxa3h40007nn75qnjgl51a	Breakfast	Adult	42.5	42.5
cmboxa3h5000ann752actamkl	cmboxa3h40007nn75qnjgl51a	Child Breakfast	Child	28.5	28.5
cmboxa3h5000bnn75xdt2zvsb	cmboxa3h40007nn75qnjgl51a	Extra Bed	Adult	95	95
cmboxc3gl000enn7537vfvva7	cmboxc3gl000dnn75q71xykta	Per Room Per Night	Adult	370	370
cmbkbd6va001hnnmf6tv6li0a	cmbkbd6va001ennmfq4w3f9q1	Breakfast	Adult	45	45
cmbkbd6va001innmf18maxrvc	cmbkbd6va001ennmfq4w3f9q1	Child Breakfast	Child	30	30
cmbkbd6va001jnnmfsix0sedt	cmbkbd6va001ennmfq4w3f9q1	Extra Bed	Adult	110	110
cmbkba0qz0011nnmf6o4z95fb	cmbkba0qz0010nnmfc5m6wt6l	Per Room Per Night	Adult	500	500
cmbkba0qz0012nnmfmtcd0slb	cmbkba0qz0010nnmfc5m6wt6l	Surcharge	Adult	100	100
cmbkbbmzo0018nnmfq65n81o1	cmbkbbmzo0017nnmf89nq42uf	Per Room Per Night	Adult	530	530
cmbkbbmzo0019nnmfiz23vhmu	cmbkbbmzo0017nnmf89nq42uf	Surcharge	Adult	100	100
cmbkbbmzo001annmfkqjur8xo	cmbkbbmzo0017nnmf89nq42uf	Breakfast	Adult	45	45
cmbkbbmzo001bnnmf8qpo9joh	cmbkbbmzo0017nnmf89nq42uf	Child Breakfast	Child	30	30
cmbkbbmzo001cnnmf5y5ilm21	cmbkbbmzo0017nnmf89nq42uf	Extra Bed	Adult	110	110
cmbkbd6va001fnnmffv0kgdh5	cmbkbd6va001ennmfq4w3f9q1	Per Room Per Night	Adult	610	610
cmbkbd6va001gnnmfzsl2dcv5	cmbkbd6va001ennmfq4w3f9q1	Surcharge	Adult	150	150
cmbkba0qz0013nnmf7fbpho03	cmbkba0qz0010nnmfc5m6wt6l	Breakfast	Adult	45	45
cmbkba0qz0014nnmfxbew616k	cmbkba0qz0010nnmfc5m6wt6l	Child Breakfast	Child	30	30
cmbkba0qz0015nnmfzyamp9d3	cmbkba0qz0010nnmfc5m6wt6l	Extra Bed	Adult	110	110
cmbkb8ji6000unnmfvdd60cck	cmbkb8ji6000tnnmffcia7aff	Per Room Per Night	Adult	580	580
cmbkb8ji6000vnnmfbyvhngs2	cmbkb8ji6000tnnmffcia7aff	Surcharge	Adult	100	100
cmbkb8ji6000wnnmfknlqpvan	cmbkb8ji6000tnnmffcia7aff	Breakfast	Adult	45	45
cmbkb8ji6000xnnmf0dayiff3	cmbkb8ji6000tnnmffcia7aff	Child Breakfast	Child	30	30
cmbkb8ji6000ynnmfz26luymc	cmbkb8ji6000tnnmffcia7aff	Extra Bed	Adult	110	110
cmbkb718j000nnnmfu6kroy4u	cmbkb718j000mnnmf86wqasdf	Per Room Per Night	Adult	550	550
cmbkb718j000onnmfyi8y7v4f	cmbkb718j000mnnmf86wqasdf	Surcharge	Adult	100	100
cmbkb718j000pnnmfiedw1o5l	cmbkb718j000mnnmf86wqasdf	Breakfast	Adult	45	45
cmbkb718j000qnnmfu6uf6348	cmbkb718j000mnnmf86wqasdf	Child Breakfast	Child	30	30
cmbkb718j000rnnmfdqt0oa54	cmbkb718j000mnnmf86wqasdf	Extra Bed	Adult	110	110
cmbkb5r6n000gnnmf9czw0k4m	cmbkb5r6n000fnnmfr49qould	Per Room Per Night	Adult	490	490
cmbkb5r6n000hnnmf44jel6gm	cmbkb5r6n000fnnmfr49qould	Surcharge	Adult	80	80
cmbkb5r6n000innmfkyxoii11	cmbkb5r6n000fnnmfr49qould	Breakfast	Adult	45	45
cmbkb5r6n000jnnmfr6b49ahb	cmbkb5r6n000fnnmfr49qould	Child Breakfast	Child	30	30
cmbkb5r6n000knnmfjr4qek3z	cmbkb5r6n000fnnmfr49qould	Extra Bed	Adult	110	110
cmboxc3gl000fnn75ytzsw5yv	cmboxc3gl000dnn75q71xykta	Breakfast	Adult	42.5	42.5
cmboxc3gl000gnn75rvz2cu25	cmboxc3gl000dnn75q71xykta	Child Breakfast	Child	28.5	28.5
cmboxc3gl000hnn75yc26m2q6	cmboxc3gl000dnn75q71xykta	Extra Bed	Adult	95	95
cmboxdqea000knn75lmcn13mc	cmboxdqea000jnn752807yz30	Per Room Per Night	Adult	365	365
cmboxdqea000lnn75s1jfpnnf	cmboxdqea000jnn752807yz30	Breakfast	Adult	42.5	42.5
cmboxdqea000mnn751qpmqla0	cmboxdqea000jnn752807yz30	Child Breakfast	Child	28.5	28.5
cmboxdqea000nnn75fbbn66ro	cmboxdqea000jnn752807yz30	Extra Bed	Adult	95	95
cmboxg58f000qnn75rx2ogjar	cmboxg58f000pnn75ng0bi4na	Per Room Per Night	Adult	415	415
cmboxg58f000rnn75utd8my4w	cmboxg58f000pnn75ng0bi4na	Breakfast	Adult	42.5	42.5
cmboxg58f000snn75qaparuwt	cmboxg58f000pnn75ng0bi4na	Child Breakfast	Child	28.5	28.5
cmboxg58f000tnn752ygei479	cmboxg58f000pnn75ng0bi4na	Extra Bed	Adult	95	95
cmboxhp97000wnn75zgejy1hz	cmboxhp97000vnn75bjohnkc0	Per Room Per Night	Adult	298	298
cmboxhp97000xnn75dx8swpen	cmboxhp97000vnn75bjohnkc0	Breakfast	Adult	42.5	42.5
cmboxhp97000ynn758ydywhx0	cmboxhp97000vnn75bjohnkc0	Child Breakfast	Child	28.5	28.5
cmboxhp97000znn75kdzllfpl	cmboxhp97000vnn75bjohnkc0	Extra Bed	Adult	95	95
cmboxm9ge0012nn75xbov5j5d	cmboxm9ge0011nn75ic2f6u5i	Per Room Per Night	Adult	328	328
cmboxm9ge0013nn75tsvo2swi	cmboxm9ge0011nn75ic2f6u5i	Breakfast	Adult	42.5	42.5
cmboxm9ge0014nn75dfld3hzt	cmboxm9ge0011nn75ic2f6u5i	Child Breakfast	Child	28.5	28.5
cmboxm9ge0015nn75gh0whcj7	cmboxm9ge0011nn75ic2f6u5i	Extra Bed	Adult	95	95
cmboxoek00018nn75w95o3q65	cmboxoek00017nn75g6wdk79p	Per Room Per Night	Adult	395	395
cmboxoek00019nn75wipljh96	cmboxoek00017nn75g6wdk79p	Breakfast	Adult	42.5	42.5
cmboxoek0001ann75epnpaxd7	cmboxoek00017nn75g6wdk79p	Child Breakfast	Child	28.5	28.5
cmboxoek0001bnn75sfhxlj6m	cmboxoek00017nn75g6wdk79p	Extra Bed	Adult	95	95
cmboxr79h001enn75zuchnogm	cmboxr79h001dnn75ronrhp5s	Per Room Per Night	Adult	458	458
cmboxr79h001fnn75s2b1qj4x	cmboxr79h001dnn75ronrhp5s	Breakfast	Adult	42.5	42.5
cmboxr79h001gnn756iin92a3	cmboxr79h001dnn75ronrhp5s	Child Breakfast	Child	28.5	28.5
cmboxr79h001hnn754usb6gmb	cmboxr79h001dnn75ronrhp5s	Extra Bed	Adult	95	95
cmboxt3ob001knn752gx9kvwt	cmboxt3ob001jnn75vbiknafz	Per Room Per Night	Adult	423	423
cmboxt3ob001lnn75f6vs5dhi	cmboxt3ob001jnn75vbiknafz	Breakfast	Adult	42.5	42.5
cmboxt3ob001mnn751zgqwqpz	cmboxt3ob001jnn75vbiknafz	Child Breakfast	Child	28.5	28.5
cmboxt3ob001nnn75yr040xr7	cmboxt3ob001jnn75vbiknafz	Extra Bed	Adult	95	95
cmboxux7y001qnn75663hu025	cmboxux7y001pnn75xsdbhd94	Per Room Per Night	Adult	498	498
cmboxux7y001rnn75dfxrvh6o	cmboxux7y001pnn75xsdbhd94	Breakfast	Adult	42.5	42.5
cmboxux7y001snn75qq3xwrm0	cmboxux7y001pnn75xsdbhd94	Child Breakfast	Child	28.5	28.5
cmboxux7y001tnn75xsaosr23	cmboxux7y001pnn75xsdbhd94	Extra Bed	Adult	95	95
cmboxxgbq001wnn75kbira54t	cmboxxgbq001vnn759xr52c1e	Per Room Per Night	Adult	583	583
cmboxxgbq001xnn753t2s4g49	cmboxxgbq001vnn759xr52c1e	Breakfast	Adult	42.5	42.5
cmboxxgbq001ynn75atygoa4n	cmboxxgbq001vnn759xr52c1e	Child Breakfast	Child	28.5	28.5
cmboxxgbr001znn75rb5f5627	cmboxxgbq001vnn759xr52c1e	Extra Bed	Adult	95	95
cmboy03cf0022nn75553qxiux	cmboy03cf0021nn750s7y0lgg	Per Room Per Night	Adult	253	253
cmboy03cf0023nn75mc6n6x25	cmboy03cf0021nn750s7y0lgg	Breakfast	Adult	42.5	42.5
cmboy03cf0024nn75da0m9f1h	cmboy03cf0021nn750s7y0lgg	Child Breakfast	Child	28.5	28.5
cmboy03cf0025nn75o5tuvc4x	cmboy03cf0021nn750s7y0lgg	Extra Bed	Adult	95	95
cmboy1ixv0028nn75vegokhul	cmboy1ixv0027nn75e4w5ofwx	Per Room Per Night	Adult	283	283
cmboy1ixv0029nn75tk912svh	cmboy1ixv0027nn75e4w5ofwx	Breakfast	Adult	42.5	42.5
cmboy1ixv002ann753plla0rw	cmboy1ixv0027nn75e4w5ofwx	Child Breakfast	Adult	28.5	28.5
cmboy1ixv002bnn75yb436tv8	cmboy1ixv0027nn75e4w5ofwx	Extra Bed	Adult	95	95
cmboy4hqs002enn7556rx3ojb	cmboy4hqs002dnn75cx2ffyvq	Per Room Per Night	Adult	340	340
cmboy4hqs002fnn75fcd2loyy	cmboy4hqs002dnn75cx2ffyvq	Breakfast	Adult	42.5	42.5
cmboy4hqs002gnn7594khj58w	cmboy4hqs002dnn75cx2ffyvq	Child Breakfast	Child	28.5	28.5
cmboy4hqs002hnn75xwpgxazk	cmboy4hqs002dnn75cx2ffyvq	Extra Bed	Adult	95	95
cmboy6h3t002knn75dgdo81fl	cmboy6h3t002jnn756vh5a1gh	Per Room Per Night	Adult	390	390
cmboy6h3t002lnn752eg4ed2f	cmboy6h3t002jnn756vh5a1gh	Breakfast	Adult	42.5	42.5
cmboy6h3t002mnn75ixn03l6g	cmboy6h3t002jnn756vh5a1gh	Child Breakfast	Child	28.5	28.5
cmboy6h3t002nnn750tyg3hv3	cmboy6h3t002jnn756vh5a1gh	Extra Bed	Adult	95	95
cmboy8hkl002qnn757emqlnjw	cmboy8hkl002pnn75uijcudvz	Per Room Per Night	Adult	395	395
cmboy8hkl002rnn753a2ooqq5	cmboy8hkl002pnn75uijcudvz	Breakfast	Adult	42.5	42.5
cmboy8hkl002snn75zav09cd0	cmboy8hkl002pnn75uijcudvz	Child Breakfast	Child	28.5	28.5
cmboy8hkl002tnn75lt6og61h	cmboy8hkl002pnn75uijcudvz	Extra Bed	Adult	95	95
cmboybdhs002wnn75wq8l6u4t	cmboybdhs002vnn75s9invtyb	Per Room Per Night	Adult	445	445
cmboybdhs002xnn75900h1do6	cmboybdhs002vnn75s9invtyb	Breakfast	Adult	42.5	42.5
cmboybdhs002ynn75204ewzmy	cmboybdhs002vnn75s9invtyb	Child Breakfast	Child	28.5	28.5
cmboybdhs002znn75i8f0wggl	cmboybdhs002vnn75s9invtyb	Extra Bed	Adult	95	95
cmboydbcd0032nn75fe2zv618	cmboydbcd0031nn75z57xni0p	Per Room Per Night	Adult	318	318
cmboydbcd0033nn75vp71jor4	cmboydbcd0031nn75z57xni0p	Breakfast	Adult	42.5	42.5
cmboydbcd0034nn754l6p8dd0	cmboydbcd0031nn75z57xni0p	Child Breakfast	Child	28.5	28.5
cmboydbcd0035nn75fs1l3n5a	cmboydbcd0031nn75z57xni0p	Extra Bed	Adult	95	95
cmboyez2m0038nn75pac2d3c2	cmboyez2m0037nn75qbqsh0gp	Per Room Per Night	Adult	348	348
cmboyez2m0039nn75ac9lav0p	cmboyez2m0037nn75qbqsh0gp	Breakfast	Adult	42.5	42.5
cmboyez2m003ann754fbexw1y	cmboyez2m0037nn75qbqsh0gp	Child Breakfast	Child	28.5	28.5
cmboyez2m003bnn752tl72eo8	cmboyez2m0037nn75qbqsh0gp	Extra Bed	Adult	95	95
cmboygm7r003enn75sl5h3z7r	cmboygm7r003dnn75bflxiuf0	Per Room Per Night	Adult	415	415
cmboygm7r003fnn75slxe9ik2	cmboygm7r003dnn75bflxiuf0	Breakfast	Adult	42.5	42.5
cmboygm7r003gnn75wdrysmfx	cmboygm7r003dnn75bflxiuf0	Child Breakfast	Child	28.5	28.5
cmboygm7r003hnn75558jvtzh	cmboygm7r003dnn75bflxiuf0	Extra Bed	Adult	95	95
cmboyiqya003knn751gi24sny	cmboyiqya003jnn751djzaiza	Per Room Per Night	Adult	478	478
cmboyiqya003lnn753ncw4hyv	cmboyiqya003jnn751djzaiza	Breakfast	Adult	42.5	42.5
cmboyiqya003mnn75q36mgjxj	cmboyiqya003jnn751djzaiza	Child Breakfast	Adult	28.5	28.5
cmboyiqya003nnn75elm6vxr8	cmboyiqya003jnn751djzaiza	Extra Bed	Adult	95	95
cmboyl3ih003qnn75hl7cixj5	cmboyl3ih003pnn7551he63u4	Per Room Per Night	Adult	453	453
cmboyl3ih003rnn75otxbgcdl	cmboyl3ih003pnn7551he63u4	Breakfast	Adult	42.5	42.5
cmboyl3ih003snn75k3suwfbl	cmboyl3ih003pnn7551he63u4	Child Breakfast	Child	28.5	28.5
cmboyl3ih003tnn75lhr5r90s	cmboyl3ih003pnn7551he63u4	Extra Bed	Adult	95	95
cmboynpnm003wnn75i1fc43e2	cmboynpnm003vnn75j08gptmw	Per Room Per Night	Adult	528	528
cmboynpnm003xnn75k6jq8p0k	cmboynpnm003vnn75j08gptmw	Breakfast	Adult	42.5	42.5
cmboynpnm003ynn750f3frn1e	cmboynpnm003vnn75j08gptmw	Child Breakfast	Child	28.5	28.5
cmboynpnm003znn75w64313ev	cmboynpnm003vnn75j08gptmw	Extra Bed	Adult	95	95
cmboypejk0042nn751er2c76q	cmboypejk0041nn75qv74o126	Per Room Per Night	Adult	623	623
cmboypejk0043nn75gnygmjlx	cmboypejk0041nn75qv74o126	Breakfast	Adult	42.5	42.5
cmboypejk0044nn75kqpc7ln8	cmboypejk0041nn75qv74o126	Child Breakfast	Child	28.5	28.5
cmboypejk0045nn75x87prtxo	cmboypejk0041nn75qv74o126	Extra Bed	Adult	95	95
cmboyrgqa0048nn75md249ffb	cmboyrgqa0047nn75g6uf5658	Per Room Per Night	Adult	748	748
cmboyrgqa0049nn75gz5vbzc4	cmboyrgqa0047nn75g6uf5658	Breakfast	Adult	42.5	42.5
cmboyrgqa004ann75udb0hrja	cmboyrgqa0047nn75g6uf5658	Breakfast	Adult	42.5	42.5
cmboyrgqa004bnn75nrj7135o	cmboyrgqa0047nn75g6uf5658	Child Breakfast	Child	28.5	28.5
cmboyrgqa004cnn75rt6dfvnm	cmboyrgqa0047nn75g6uf5658	Extra Bed	Adult	95	95
cmboyut5d004fnn75xa8c0jxu	cmboyut5d004enn758o1pr6g0	Per Room Per Night	Adult	298	298
cmboyut5d004gnn752yhc8kom	cmboyut5d004enn758o1pr6g0	Breakfast	Adult	42.5	42.5
cmboyut5d004hnn75d8ek14zb	cmboyut5d004enn758o1pr6g0	Child Breakfast	Child	28.5	28.5
cmboyut5d004inn758t6r1tcv	cmboyut5d004enn758o1pr6g0	Extra Bed	Adult	95	95
cmboywbtp004lnn754p31740q	cmboywbtp004knn75v39i4ike	Per Room Per Night	Adult	328	328
cmboywbtp004mnn75u6hgq4x9	cmboywbtp004knn75v39i4ike	Breakfast	Adult	42.5	42.5
cmboywbtp004nnn754o3b6bo3	cmboywbtp004knn75v39i4ike	Child Breakfast	Child	28.5	28.5
cmboywbtp004onn75nb38r7x2	cmboywbtp004knn75v39i4ike	Extra Bed	Adult	95	95
cmboyypgg004rnn75krliriz4	cmboyypgg004qnn75fpuy0o67	Per Room Per Night	Adult	390	390
cmboyypgg004snn758444vshc	cmboyypgg004qnn75fpuy0o67	Breakfast	Adult	42.5	42.5
cmboyypgg004tnn75vv1t4kbi	cmboyypgg004qnn75fpuy0o67	Child Breakfast	Child	28.5	28.5
cmboyypgg004unn75rmtlrvk5	cmboyypgg004qnn75fpuy0o67	Extra Bed	Adult	95	95
cmboz0wk9004xnn75cjwlynha	cmboz0wk9004wnn75n9klwmem	Per Room Per Night	Adult	440	440
cmboz0wk9004ynn75doj06j7z	cmboz0wk9004wnn75n9klwmem	Breakfast	Adult	42.5	42.5
cmboz0wk9004znn751os3o81p	cmboz0wk9004wnn75n9klwmem	Child Breakfast	Child	28.5	28.5
cmboz0wk90050nn75qyl3ky4t	cmboz0wk9004wnn75n9klwmem	Extra Bed	Adult	95	95
cmboz34ll0053nn753vnd1mfw	cmboz34ll0052nn75el6t8602	Per Room Per Night	Adult	485	485
cmboz34ll0054nn75exrg4yxt	cmboz34ll0052nn75el6t8602	Breakfast	Adult	42.5	42.5
cmboz34ll0055nn75029qqoce	cmboz34ll0052nn75el6t8602	Child Breakfast	Child	28.5	28.5
cmboz34ll0056nn75yume8msc	cmboz34ll0052nn75el6t8602	Extra Bed	Adult	95	95
cmboz5tze0059nn759vh1rqee	cmboz5tze0058nn75bqj2686g	Per Room Per Night	Adult	358	358
cmboz5tze005ann75aqtokgsc	cmboz5tze0058nn75bqj2686g	Breakfast	Adult	42.5	42.5
cmboz5tze005bnn75rzxcmzht	cmboz5tze0058nn75bqj2686g	Breakfast	Adult	28.5	28.5
cmboz5tze005cnn75i50qmwnu	cmboz5tze0058nn75bqj2686g	Extra Bed	Adult	95	95
cmboz7qd3005fnn758hlqzxcm	cmboz7qd3005enn75hcy4ler0	Per Room Per Night	Adult	388	388
cmboz7qd3005gnn75vtkcs4o0	cmboz7qd3005enn75hcy4ler0	Breakfast	Adult	42.5	42.5
cmboz7qd3005hnn75ltdvzbpg	cmboz7qd3005enn75hcy4ler0	Child Breakfast	Child	28.5	28.5
cmboz7qd3005inn75kj900hga	cmboz7qd3005enn75hcy4ler0	Extra Bed	Adult	95	95
cmboz9ia6005lnn75ah014fqy	cmboz9ia6005knn75o0qytljl	Per Room Per Night	Adult	465	465
cmboz9ia7005mnn75lptqf0j4	cmboz9ia6005knn75o0qytljl	Breakfast	Adult	42.5	42.5
cmboz9ia7005nnn75ni33j6f4	cmboz9ia6005knn75o0qytljl	Child Breakfast	Child	28.5	28.5
cmboz9ia7005onn75gei7n58a	cmboz9ia6005knn75o0qytljl	Extra Bed	Adult	95	95
cmbpb1qlx005snn75xmxpt6z3	cmbpb18i1005qnn75914stbao	Breakfast	Adult	45	45
cmbpb1qlx005tnn75ris7uj2q	cmbpb18i1005qnn75914stbao	Child Breakfast	Child	25	25
cmbpb1qlx005unn759yficpw3	cmbpb18i1005qnn75914stbao	Surcharge	All	60	60
cmbpb18i1005rnn754poax71l	cmbpb18i1005qnn75914stbao	Per Room Per Night	Adult	470	470
cmbpb2sl9005xnn75upxp17nm	cmbpb2sl9005wnn75y3qzy2kx	Per Room Per Night	Adult	540	540
cmbpb2sl9005ynn75xo2vcipy	cmbpb2sl9005wnn75y3qzy2kx	Breakfast	Adult	45	45
cmbpb2sl9005znn75fvd232fc	cmbpb2sl9005wnn75y3qzy2kx	Child Breakfast	Child	25	25
cmbpb2sl90060nn7509pwjs7m	cmbpb2sl9005wnn75y3qzy2kx	Surcharge	All	60	60
cmbpb3xuo0063nn75el0jxb8l	cmbpb3xuo0062nn75zx0x7pn7	Per Room Per Night	Adult	750	750
cmbpb3xuo0064nn75y3uiqzl6	cmbpb3xuo0062nn75zx0x7pn7	Breakfast	Adult	45	45
cmbpb3xuo0065nn75f58ygbhx	cmbpb3xuo0062nn75zx0x7pn7	Child Breakfast	Child	25	25
cmbpb3xuo0066nn752eo8cl69	cmbpb3xuo0062nn75zx0x7pn7	Surcharge	All	60	60
cmbpb4v0n0069nn75cxcb4h01	cmbpb4v0n0068nn75b2mad76r	Per Room Per Night	Adult	950	950
cmbpb4v0n006ann75whayguic	cmbpb4v0n0068nn75b2mad76r	Breakfast	Adult	45	45
cmbpb4v0n006bnn756clqa3jv	cmbpb4v0n0068nn75b2mad76r	Child Breakfast	Child	25	25
cmbpb4v0n006cnn75wwa5bnmv	cmbpb4v0n0068nn75b2mad76r	Surcharge	All	60	60
cmbpb5waz006fnn75cqtipiqx	cmbpb5waz006enn758plwwibf	Per Room Per Night	Adult	670	670
cmbpb5waz006gnn751o2nh7cm	cmbpb5waz006enn758plwwibf	Breakfast	Adult	45	45
cmbpb5waz006hnn75dcgoqxqi	cmbpb5waz006enn758plwwibf	Child Breakfast	Child	25	25
cmbpb5waz006inn75t01nwbl0	cmbpb5waz006enn758plwwibf	Surcharge	All	60	60
cmbpb6vbk006lnn75iclu0lvt	cmbpb6vbk006knn75smtfftme	Per Room Per Night	Adult	1170	1170
cmbpb6vbk006mnn75m8nmnqxx	cmbpb6vbk006knn75smtfftme	Breakfast	Adult	45	45
cmbpb6vbk006nnn75dkaopy0y	cmbpb6vbk006knn75smtfftme	Child Breakfast	Child	25	25
cmbpb6vbk006onn75w725jfrv	cmbpb6vbk006knn75smtfftme	Surcharge	All	60	60
cmbpbm7yk006rnn75m4euh0l0	cmbpbm7yk006qnn75ikpksqxr	Per Room Per Night	Adult	495	495
cmbpbm7yk006snn75j5jhha2t	cmbpbm7yk006qnn75ikpksqxr	Surcharge	All	315	315
cmbpbrci8006vnn75mzzmglzk	cmbpbrci8006unn75e1nr6zmp	Per Room Per Night	Adult	540	540
cmbpbrci8006wnn7510ah2x6j	cmbpbrci8006unn75e1nr6zmp	Extra Bed	Child	180	180
cmbpbrci8006xnn75hd249y6v	cmbpbrci8006unn75e1nr6zmp	Breakfast	Adult	65	65
cmbpbrci8006ynn75rmwiw3bt	cmbpbrci8006unn75e1nr6zmp	Child Breakfast	Child	45	45
cmbpbrci8006znn7552qwcn4a	cmbpbrci8006unn75e1nr6zmp	Surcharge	All	315	315
cmbpbt6wb0072nn75aoty002x	cmbpbt6wb0071nn759158nncw	Per Room Per Night	Adult	585	585
cmbpbt6wb0073nn75e8wsxe4u	cmbpbt6wb0071nn759158nncw	Breakfast	Adult	65	65
cmbpbt6wb0074nn7574ktlotd	cmbpbt6wb0071nn759158nncw	Child Breakfast	Child	45	45
cmbpbt6wb0075nn757onq8b00	cmbpbt6wb0071nn759158nncw	Surcharge	All	315	315
cmbpbuwlw0078nn75nkvsrnff	cmbpbuwlw0077nn75jokw6l4e	Per Room Per Night	Adult	630	630
cmbpbuwlw0079nn75iw6ty46b	cmbpbuwlw0077nn75jokw6l4e	Breakfast	Adult	65	65
cmbpbuwlw007ann75ymaov017	cmbpbuwlw0077nn75jokw6l4e	Child Breakfast	Child	45	45
cmbpbuwlw007bnn75e4spns9u	cmbpbuwlw0077nn75jokw6l4e	Surcharge	All	315	315
cmbpbwn4f007enn75yq470o4j	cmbpbwn4f007dnn75mdc9wh1x	Per Room Per Night	Adult	700	700
cmbpbwn4f007fnn750rrozu7a	cmbpbwn4f007dnn75mdc9wh1x	Breakfast	Adult	65	65
cmbpbwn4f007gnn75ul8c1mic	cmbpbwn4f007dnn75mdc9wh1x	Child Breakfast	Child	45	45
cmbpbwn4f007hnn75lwxioojh	cmbpbwn4f007dnn75mdc9wh1x	Surcharge	All	315	315
cmbpby07d007knn75ojtny1nk	cmbpby07d007jnn757my2vhqt	Per Room Per Night	Adult	1685	1685
cmbpby07d007lnn75svwkv3xs	cmbpby07d007jnn757my2vhqt	Breakfast	Adult	65	65
cmbpby07d007mnn75fnsw5251	cmbpby07d007jnn757my2vhqt	Child Breakfast	Child	45	45
cmbpby07d007nnn75hh70ahhf	cmbpby07d007jnn757my2vhqt	Surcharge	All	315	315
cma0udgze00f9nnppy5ioj9rm	cma0udgze00f8nnpp6pdurx9k	Per Room Per Night	Adult	480	480
cma0udgze00fannppcsstsuf2	cma0udgze00f8nnpp6pdurx9k	Extra Bed	Adult	96	96
cma0udgze00fbnnpp3p7biy0f	cma0udgze00f8nnpp6pdurx9k	Extra Bed	Child	86	86
cma0udgze00fcnnppx9juxu41	cma0udgze00f8nnpp6pdurx9k	Breakfast	Adult	72	72
cma0udgze00fdnnpp3rblhqjg	cma0udgze00f8nnpp6pdurx9k	Child Breakfast	Child	36	36
cma0udgze00fennppfbkv57aw	cma0udgze00f8nnpp6pdurx9k	Surcharge	Adult	80	80
cmbrk7mlt00cinn75uspqvnfx	cmbrk7mlt00chnn75b1t0cnd2	Per Room Per Night	Adult	260	260
cmbrk7mlt00cjnn75azddyd3f	cmbrk7mlt00chnn75b1t0cnd2	Breakfast	Adult	28	28
cmbrk7mlt00cknn75ds7vjo9q	cmbrk7mlt00chnn75b1t0cnd2	Child Breakfast	Child	24	24
cmbrk7mlt00clnn75avjzc1un	cmbrk7mlt00chnn75b1t0cnd2	Surcharge	All	50	50
cmbrk8p3b00conn75w256wx7q	cmbrk8p3b00cnnn75ctepeigk	Per Room Per Night	Adult	330	330
cmbrk8p3b00cpnn75b89kjp23	cmbrk8p3b00cnnn75ctepeigk	Breakfast	Adult	28	28
cmbrk8p3b00cqnn75yfroacx0	cmbrk8p3b00cnnn75ctepeigk	Child Breakfast	Child	24	24
cmbrk8p3b00crnn75grhod7kn	cmbrk8p3b00cnnn75ctepeigk	Surcharge	All	50	50
cmbrk9h8d00cunn75qrpf4k3h	cmbrk9h8d00ctnn75cutr9cs3	Per Room Per Night	Adult	420	420
cmbrk9h8d00cvnn75m7l8sc27	cmbrk9h8d00ctnn75cutr9cs3	Breakfast	Adult	28	28
cmbrk9h8d00cwnn75ytd5et9r	cmbrk9h8d00ctnn75cutr9cs3	Child Breakfast	Child	24	24
cmbrk9h8d00cxnn75modfxqgm	cmbrk9h8d00ctnn75cutr9cs3	Surcharge	All	50	50
cmbrkczfc00d0nn75i4s7gpmu	cmbrkczfc00cznn75g74m9xhm	Per Room Per Night	Adult	330	330
cmbrkczfc00d1nn751sii85i9	cmbrkczfc00cznn75g74m9xhm	Breakfast	Adult	28	28
cmbrkczfc00d2nn75zrf15n4d	cmbrkczfc00cznn75g74m9xhm	Child Breakfast	Child	24	24
cmbrkczfc00d3nn75azucoihz	cmbrkczfc00cznn75g74m9xhm	Surcharge	All	50	50
cmbrkff8c00d6nn75qvs6e00c	cmbrkff8c00d5nn75hgoede8f	Per Room Per Night	Adult	960	960
cmbrkff8c00d7nn75ol5r9ij4	cmbrkff8c00d5nn75hgoede8f	Breakfast	Adult	28	28
cmbrkff8c00d8nn754hbr5jmz	cmbrkff8c00d5nn75hgoede8f	Child Breakfast	Child	24	24
cmbrkff8c00d9nn75ghbdubsz	cmbrkff8c00d5nn75hgoede8f	Surcharge	All	100	100
cmbrkghej00dcnn75hgj8bnhy	cmbrkghei00dbnn75gsnk6sh8	Per Room Per Night	Adult	1130	1130
cmbrkghej00ddnn75bv16t27p	cmbrkghei00dbnn75gsnk6sh8	Breakfast	Adult	28	28
cmbrkghej00denn75qwhcmeop	cmbrkghei00dbnn75gsnk6sh8	Child Breakfast	Child	24	24
cmbrkghej00dfnn75ldgbpqab	cmbrkghei00dbnn75gsnk6sh8	Surcharge	All	100	100
cmbrkhpxy00dinn7545oeew9s	cmbrkhpxy00dhnn757ni1x7dj	Per Room Per Night	Adult	1210	1210
cmbrkhpxy00djnn75s6c7ujiw	cmbrkhpxy00dhnn757ni1x7dj	Breakfast	Adult	28	28
cmbrkhpxy00dknn75gusrg2ni	cmbrkhpxy00dhnn757ni1x7dj	Child Breakfast	Child	24	24
cmbrkhpxy00dlnn75apz8ho1a	cmbrkhpxy00dhnn757ni1x7dj	Surcharge	All	100	100
cmbrkim7i00donn75pkkq99d3	cmbrkim7i00dnnn755ldied5o	Per Room Per Night	Adult	890	890
cmbrkim7i00dpnn75bjwqkdqr	cmbrkim7i00dnnn755ldied5o	Breakfast	Adult	28	28
cmbrkim7i00dqnn75g8ca2ke1	cmbrkim7i00dnnn755ldied5o	Child Breakfast	Child	24	24
cmbrkim7i00drnn75lr0ns9nr	cmbrkim7i00dnnn755ldied5o	Surcharge	All	100	100
cmbrkzh0a00dunn75k54k0eun	cmbrkzh0a00dtnn75c4j91h9s	Per Room Per Night	Adult	350	350
cmbrkzh0a00dvnn7542x8tnlq	cmbrkzh0a00dtnn75c4j91h9s	Breakfast	Adult	56	56
cmbrkzh0a00dwnn75ojfe6qkr	cmbrkzh0a00dtnn75c4j91h9s	Child Breakfast	Child	42	42
cmbrkzh0a00dxnn754r3cj0ae	cmbrkzh0a00dtnn75c4j91h9s	Surcharge	All	100	100
cmbrl0cni00e0nn75167sntgi	cmbrl0cni00dznn75cdk2ls6o	Per Room Per Night	Adult	400	400
cmbrl0cni00e1nn75bnk82orw	cmbrl0cni00dznn75cdk2ls6o	Breakfast	Adult	56	56
cmbrl0cni00e2nn75n5s2anye	cmbrl0cni00dznn75cdk2ls6o	Child Breakfast	Child	42	42
cmbrl0cni00e3nn757u8eq4lr	cmbrl0cni00dznn75cdk2ls6o	Surcharge	All	100	100
cmbrlc45h00e6nn75h9hlemxd	cmbrlc45g00e5nn75a4w8gdl5	Per Room Per Night	Adult	1437	1437
cmbrlcwvz00e9nn75jem0nvxu	cmbrlcwvz00e8nn75lf7zrs4l	Per Room Per Night	Adult	1641	1641
cmbrlcwvz00eann75o1r6slum	cmbrlcwvz00e8nn75lf7zrs4l	Extra Bed	Adult	388	388
cmbrlcwvz00ebnn75gh4ca80j	cmbrlcwvz00e8nn75lf7zrs4l	Extra Bed	Child	388	388
cmbrldkk000eenn75hj7u8jsu	cmbrldkk000ednn75973b8bsk	Per Room Per Night	Adult	1845	1845
cmbrldkk000efnn75qggt0f3m	cmbrldkk000ednn75973b8bsk	Extra Bed	Adult	388	388
cmbrldkk000egnn75fapjl8z8	cmbrldkk000ednn75973b8bsk	Extra Bed	Child	388	388
cmbrlgcq600ejnn75m1bxgrfp	cmbrlgcq600einn753bjy96s7	Per Room Per Night	Adult	1641	1641
cmbrlh3un00emnn75y418mgca	cmbrlh3un00elnn75225cla5c	Per Room Per Night	Adult	1845	1845
cmbrlh3un00ennn751u4ty3om	cmbrlh3un00elnn75225cla5c	Extra Bed	Adult	388	388
cmbrlh3un00eonn753kgsmy7r	cmbrlh3un00elnn75225cla5c	Extra Bed	Child	388	388
cmbrlhtav00ernn75vlzqtl6n	cmbrlhtav00eqnn75ckbbrg3h	Per Room Per Night	Adult	2048	2048
cmbrlhtav00esnn75n2wz5xj6	cmbrlhtav00eqnn75ckbbrg3h	Extra Bed	Adult	388	388
cmbrlhtav00etnn75fi5csodb	cmbrlhtav00eqnn75ckbbrg3h	Extra Bed	Child	388	388
cmbrpdv1v00ewnn75t5vs7uo0	cmbrpdv1v00evnn7547frjnid	Per Room Per Night	Adult	460	460
cmbrpdv1v00exnn75ghh3syvb	cmbrpdv1v00evnn7547frjnid	Extra Bed	Adult	150	150
cmbrpdv1v00eynn75yxf40d6q	cmbrpdv1v00evnn7547frjnid	Extra Bed	Child	125	125
cmbrpdv1v00eznn75ju9t3sf1	cmbrpdv1v00evnn7547frjnid	Breakfast	Adult	50	50
cmbrpdv1v00f0nn754jj4aovd	cmbrpdv1v00evnn7547frjnid	Child Breakfast	Child	25	25
cmc08g87l0073nnok06o1nccx	cmc08g87l0072nnok3apd9zp7	Per Room Per Night	Adult	139	139
\.


--
-- Data for Name: Service; Type: TABLE DATA; Schema: public; Owner: postgres
--

COPY public."Service" (id, "bookingId", "tourDetailId", type, name, "quotedPrice", "actualPrice", "supplierName", "supplierContact", "confirmationNo", "additionalDetails", "createdAt", "updatedAt") FROM stdin;
\.


--
-- Data for Name: SupplierPayment; Type: TABLE DATA; Schema: public; Owner: postgres
--

COPY public."SupplierPayment" (id, "invoiceNumber", "serviceDescription", "invoiceDate", "dueDate", "amountDue", "amountPaid", status, "paymentDate", notes, "bookingId", "supplierId", "supplierName", "sourceType", "sourceId", "createdAt", "updatedAt", "confirmationNumber", "invoiceDocument", "isConfirmed", "paymentDocument") FROM stdin;
cmejjeyw50015e54w5h8305hf	inv4	Full Day Guide Service @ Kuala Lumpur (Guide)	2025-08-20 05:33:51.269	2025-09-19 05:33:51.269	300.000000000000000000000000000000	300.000000000000000000000000000000	PAID	2025-08-20 00:00:00	\N	cmejihl2m000le54wz5e9vb0i	BKBq6nFFba1jXYDDGViJHlrT	Pesona Holidays (M) Sdn Bhd	ITINERARY	cmejihl2n000we54woqiuu0zl	2025-08-20 05:33:51.27	2025-08-20 11:13:48.962	confirm1414	https://sscloud.sixthstar.org/webim/supplier-invoice/invoiceDocument-556ac2dc-d3ba-47c5-a4e6-55461f731643.png	t	https://sscloud.sixthstar.org/webim/supplier-payment/bulkPaymentDocument-1e2a7260-f44a-4391-855d-c0feb9b2c1a0.png
cmel9ilx0000le6j4tj4xfukx	\N	PARKROYAL A'Famosa Melaka Resort (Superior Room (King / Twin) - (Sun - Thurs))	2025-08-21 10:32:17.266	2025-08-22 10:32:17.266	1624.000000000000000000000000000000	0.000000000000000000000000000000	PENDING	\N	\N	cmel9il7g000ee6j4zt1kpl8i	bWmDSnXOKsVu1ntWa52Lm7by	A'Famosa Resort Hotel Sdn Bhd	ACCOMMODATION	cmel9il7g000fe6j43jbu06o2	2025-08-21 10:32:17.268	2025-08-21 10:32:26.76	N/A	\N	t	\N
cmejihn26000ze54wjc8v0k98	inv1	Fives Hotel JBCC (N) (Deluxe Twin - 1 King Bed (Sun - Thu))	2025-08-20 05:07:56.245	2025-08-21 05:07:56.245	280.000000000000000000000000000000	0.000000000000000000000000000000	PENDING	\N	\N	cmejihl2m000le54wz5e9vb0i	VmL0d4-Qyoaia39zu2h1jenO	SKS GROUP	ACCOMMODATION	cmejihl2m000qe54wxfuen99p	2025-08-20 05:07:56.248	2025-08-20 10:53:26.595	Book101	https://sscloud.sixthstar.org/webim/supplier-invoice/invoiceDocument-a8dfb689-87fd-4e1b-97aa-5bff8e2914eb.png	t	\N
cmejihn26000ye54whc42mn14	ibv2	PARKROYAL A'Famosa Melaka Resort (Superior Room (King / Twin) - (Sun - Thurs))	2025-08-20 05:07:56.245	2025-08-21 05:07:56.245	896.000000000000000000000000000000	30.000000000000000000000000000000	PARTIALLY_PAID	2025-08-20 00:00:00	half paid	cmejihl2m000le54wz5e9vb0i	bWmDSnXOKsVu1ntWa52Lm7by	A'Famosa Resort Hotel Sdn Bhd	ACCOMMODATION	cmejihl2m000me54wbxtb0cba	2025-08-20 05:07:56.248	2025-08-20 10:53:40.05	#Booked_101 	https://sscloud.sixthstar.org/webim/supplier-invoice/invoiceDocument-a6713cb6-fa98-42cc-94f9-59acd5bffe0e.png	t	https://sscloud.sixthstar.org/webim/supplier-payment/invoiceDocument-f2f9588e-3b7e-46d5-92e7-5ea9248c0d8b.jpg
cmelacws7000ue6os1frs9qae	\N	The Banjaran Hotsprings Retreat, Ipoh (Water Villa (Sun - Thurs))	2025-08-21 10:55:51.028	2025-08-22 10:55:51.028	12085.000000000000000000000000000000	0.000000000000000000000000000000	PENDING	\N	\N	cmelacvw7000je6osnnlaov20	QKM79ucuOfMR838QvRcVMjYr	Kinta Sunway Resort Sdn Bhd	ACCOMMODATION	cmelacvw7000ke6osygwro52d	2025-08-21 10:55:51.031	2025-08-21 10:56:26.997	N/A	\N	t	\N
cmelacws7000ve6osyn2fal4a	\N	Penang Hill Train Upper Station - Normal Lane	2025-08-21 10:55:51.028	2025-08-22 10:55:51.028	84.000000000000000000000000000000	0.000000000000000000000000000000	PENDING	\N	\N	cmelacvw7000je6osnnlaov20	clypb9dc000019xv4fb7mr8u2	TVG	ITINERARY	cmelacvw8000oe6ospnzky0d3	2025-08-21 10:55:51.031	2025-08-21 10:56:26.997	\N	\N	t	\N
cmelacws7000we6os33i44k4y	\N	Genting Skyworld Outdoor Theme Park (Promo)	2025-08-21 10:55:51.028	2025-08-22 10:55:51.028	466.000000000000000000000000000000	0.000000000000000000000000000000	PENDING	\N	\N	cmelacvw7000je6osnnlaov20	clypb9dc000019xv4fb7mr8u2	TVG	ITINERARY	cmelacvw8000re6ost6o3wdve	2025-08-21 10:55:51.031	2025-08-21 10:56:26.997	\N	\N	t	\N
cmejvejxg000pe57su7dm1cd6	hotel141	PARKROYAL A'Famosa Melaka Resort (Superior Room (King / Twin) - (Sun - Thurs))	2025-08-20 11:09:27.267	2025-08-21 11:09:27.267	812.000000000000000000000000000000	0.000000000000000000000000000000	PENDING	\N	\N	cmejvej7a000he57s2a36avwp	bWmDSnXOKsVu1ntWa52Lm7by	A'Famosa Resort Hotel Sdn Bhd	ACCOMMODATION	cmejvej7a000ie57sqidcwst7	2025-08-20 11:09:27.269	2025-08-20 11:12:25.418	confimr101	https://sscloud.sixthstar.org/webim/supplier-invoice/invoiceDocument-1a558684-ca2d-4b57-b5ab-2a6a606c1dd6.png	t	\N
cmejjedl20013e54w2ged50p6	inv3	One Way Airport Transfer Guide Service @ Penang (Guide)	2025-08-20 05:33:23.641	2025-09-19 05:33:23.641	120.000000000000000000000000000000	120.000000000000000000000000000000	PAID	2025-08-20 00:00:00	\N	cmejihl2m000le54wz5e9vb0i	BKBq6nFFba1jXYDDGViJHlrT	Pesona Holidays (M) Sdn Bhd	ITINERARY	cmejihl2m000ue54wx1tb81g1	2025-08-20 05:33:23.655	2025-08-20 11:13:48.962	confirm141	https://sscloud.sixthstar.org/webim/supplier-invoice/invoiceDocument-34a8f177-0b7d-45ff-93ba-b694f529a844.png	t	https://sscloud.sixthstar.org/webim/supplier-payment/bulkPaymentDocument-1e2a7260-f44a-4391-855d-c0feb9b2c1a0.png
cmelb17eb000je6t851zy6jjc	\N	PARKROYAL A'Famosa Melaka Resort (Superior Room (King / Twin) - (Fri - Sat)\t)	2025-08-21 11:14:44.529	2025-08-22 11:14:44.529	2400.000000000000000000000000000000	0.000000000000000000000000000000	PENDING	\N	\N	cmelb16c6000de6t8fux02qrr	bWmDSnXOKsVu1ntWa52Lm7by	A'Famosa Resort Hotel Sdn Bhd	ACCOMMODATION	cmelb16c6000ee6t87q2m2gh7	2025-08-21 11:14:44.532	2025-08-21 11:14:51.723	N/A	\N	t	\N
cmeky3hbj000hnng1s4qhnp8u	\N	The Banjaran Hotsprings Retreat, Ipoh (Water Villa (Sun - Thurs))	2025-08-21 05:12:35.694	2025-08-22 05:12:35.694	3440.000000000000000000000000000000	3440.000000000000000000000000000000	PAID	2025-08-21 00:00:00		cmeky3hb8000cnng1znj43a2y	QKM79ucuOfMR838QvRcVMjYr	Kinta Sunway Resort Sdn Bhd	ACCOMMODATION	cmeky3hb8000dnng1bodulqth	2025-08-21 05:12:35.695	2025-08-21 05:28:38.316	kjhkj676	\N	t	\N
cmeky3hbj000inng1rrn3w4pr	1345	Century Pines Resort Cameron Highlands (Deluxe Room (2A 2C))	2025-08-21 05:12:35.694	2025-08-22 05:12:35.694	260.000000000000000000000000000000	260.000000000000000000000000000000	PAID	2025-08-21 00:00:00		cmeky3hb8000cnng1znj43a2y	0-ZMpEY12nidalGCx9QbeKZr	Century Pines Resort Cameron Highlands	ACCOMMODATION	cmeky3hb9000fnng1thr2bcqg	2025-08-21 05:12:35.695	2025-08-21 05:28:43.63	bgh678	https://sscloud.sixthstar.org/webim/supplier-invoice/invoiceDocument-5521ee0a-f85a-43bc-b457-1cfb0fb00a71.pdf	t	\N
cmelbk3jz000le6p8h1wtpvh4	\N	The Banjaran Hotsprings Retreat, Ipoh (Garden Villa (Sun - Thurs))	2025-08-21 11:29:26.014	2025-08-22 11:29:26.013	8932.000000000000000000000000000000	0.000000000000000000000000000000	PENDING	\N	\N	cmelbk2t2000ee6p8xjde37m2	QKM79ucuOfMR838QvRcVMjYr	Kinta Sunway Resort Sdn Bhd	ACCOMMODATION	cmelbk2t2000fe6p883d0ucpz	2025-08-21 11:29:26.015	2025-08-21 11:29:32.487	N/A	\N	t	\N
cmemkrqiv002hnng1esr63lgu	2929292	Dinner at Indian Restaurant KL (Restaurants)	2025-08-22 08:35:05.094	2025-08-23 08:35:05.094	60.000000000000000000000000000000	0.000000000000000000000000000000	PENDING	\N	\N	cmemkrqi7001tnng14o86mj6z	clywdj95s00liiq9xphh3wo2v	KEY TERM HOLIDAYS SDN BHD	ITINERARY	cmemkrqi80023nng1t88gwbc0	2025-08-22 08:35:05.095	2025-08-22 12:25:44.073	\N	https://sscloud.sixthstar.org/webim/supplier-invoice/invoiceDocument-bd8a4009-fdfc-4c58-85ea-107d8dc3b0ff.pdf	t	\N
cmemkrqiv002inng1xyl9aypn	32424	Petronas Twin Tower Entry Ticket  (Attractions)	2025-08-22 08:35:05.094	2025-08-23 08:35:05.094	196.000000000000000000000000000000	0.000000000000000000000000000000	PENDING	\N	\N	cmemkrqi7001tnng14o86mj6z	clypb9dc000019xv4fb7mr8u2	TVG	ITINERARY	cmemkrqi80027nng15jw3il8w	2025-08-22 08:35:05.095	2025-08-22 12:25:44.073	\N	https://sscloud.sixthstar.org/webim/supplier-invoice/invoiceDocument-ce5f364f-80fc-4fdb-be81-6c3099be54ca.pdf	t	\N
cmemkrqiv002jnng1uargd4ol	8875476	Dinner at Indian Restaurant KL (Restaurants)	2025-08-22 08:35:05.094	2025-08-23 08:35:05.094	60.000000000000000000000000000000	0.000000000000000000000000000000	PENDING	\N	\N	cmemkrqi7001tnng14o86mj6z	clywdj95s00liiq9xphh3wo2v	KEY TERM HOLIDAYS SDN BHD	ITINERARY	cmemkrqi9002bnng1scu3iopx	2025-08-22 08:35:05.095	2025-08-22 12:25:44.073	\N	https://sscloud.sixthstar.org/webim/supplier-invoice/invoiceDocument-15abfacd-36c7-47d1-94d1-04e108676dd7.pdf	t	\N
cmemukxj4004xnng1yyp13dbb	\N	One Way Transfer from Kuala Lumpur Airport - Kuala Lumpur Hotel (Transfers)	2025-08-22 13:09:43.743	2025-09-21 13:09:43.743	110.000000000000000000000000000000	0.000000000000000000000000000000	PENDING	\N	\N	cmemkrqi7001tnng14o86mj6z	cm20bpg8z04o6qbbujmsq0n4o	Winland Trans and Tours	ITINERARY	cmemkrqi8001xnng1zpttn15f	2025-08-22 13:09:43.744	2025-08-22 13:09:43.744	HFDFRGHG#566	\N	f	\N
cmfdn2k7k001ke6r8qegnu3vs	\N	PARKROYAL A'Famosa Melaka Resort (Superior Room (King / Twin) - (Sun - Thurs))	2025-09-10 07:09:16.111	2025-09-11 07:09:16.11	1624.000000000000000000000000000000	0.000000000000000000000000000000	PENDING	\N	\N	cmfdn2jat0017e6r83kycoz5i	bWmDSnXOKsVu1ntWa52Lm7by	A'Famosa Resort Hotel Sdn Bhd	ACCOMMODATION	cmfdn2jat0018e6r892yu17df	2025-09-10 07:09:16.113	2025-09-10 07:09:16.113	N/A	\N	f	\N
cmf7tfnk50017nnxbv40pi5b5	45672	Arena Starr (Deluxe Triple Room)	2025-09-06 05:20:47.62	2025-09-07 05:20:47.62	2800.000000000000000000000000000000	2800.000000000000000000000000000000	PAID	2025-09-06 00:00:00	4526467	cmf7tfnjs000znnxbl1l7nd92	iEb5T0NL48nrO69NLubtmkN4	TBO	ACCOMMODATION	cmf7tfnjs0010nnxbrmd7xl4v	2025-09-06 05:20:47.621	2025-09-06 05:40:15.155	134526	https://sscloud.sixthstar.org/webim/supplier-invoice/invoiceDocument-840dd684-b727-44a5-8790-930b05934a95.pdf	t	https://sscloud.sixthstar.org/webim/supplier-payment/invoiceDocument-e1eb82ef-0de8-4d87-a75e-ff3529b97284.pdf
cmfdn2k7l001le6r8jt5m218v	\N	PARKROYAL A'Famosa Melaka Resort (Superior Room (King / Twin) - (Fri - Sat)\t)	2025-09-10 07:09:16.111	2025-09-11 07:09:16.11	1712.000000000000000000000000000000	0.000000000000000000000000000000	PENDING	\N	\N	cmfdn2jat0017e6r83kycoz5i	bWmDSnXOKsVu1ntWa52Lm7by	A'Famosa Resort Hotel Sdn Bhd	ACCOMMODATION	cmfdn2jat001be6r8v3xzszwm	2025-09-10 07:09:16.113	2025-09-10 07:09:16.113	N/A	\N	f	\N
cmf7tlc9d001annxbmlpgxq5k	\N	One Way Transfer from Kuala Lumpur Airport - Kuala Lumpur Hotel (Transfers)	2025-09-06 05:25:12.912	2025-10-06 05:25:12.912	180.000000000000000000000000000000	0.000000000000000000000000000000	PENDING	\N	\N	cmf7tfnjs000znnxbl1l7nd92	cm20bw3ws04pdqbbuwr408fkq	Dlassh	ITINERARY	cmf7tfnjs0013nnxbo3eeu4cn	2025-09-06 05:25:12.914	2025-09-06 05:30:17.896	NA	\N	t	\N
cmfdno430002le6r8xyq31456	\N	Bertam Resort Penang (Deluxe King/Twin Room (Sun - Thu))	2025-09-10 07:26:01.643	2025-09-11 07:26:01.643	838.000000000000000000000000000000	0.000000000000000000000000000000	PENDING	\N	\N	cmfdno3fi002ie6r8dsvr82pt	p3DIZdFJ0sav83rIrLUjxA99	Maritime Waterfront Suites Sdn Bhd	ACCOMMODATION	cmfdno3fi002je6r89d7stwe5	2025-09-10 07:26:01.645	2025-09-10 07:26:01.645	N/A	\N	f	\N
\.


--
-- Data for Name: Suppliers; Type: TABLE DATA; Schema: public; Owner: postgres
--

COPY public."Suppliers" (id, "companyName", category, "contactPerson", designation, email, "contactNo", "companyAddress") FROM stdin;
cm9c3moo60000e5xswx1exyvx	abc holydays	hotel	abc holydays	abc holydays	abcholydays@gmail.com	9785463215	abc holydayssssssssss
cm9c3nddm0001e5xsj6ayzy4i	TTuser	hotel	MARUTHU	DEV	mm@gmail.com	9785463215	dsght
eONttvCY57vBRkaFmf86mO-N	Dlassh Travel & Tours Sdn Bhd	tours	Surya		dlasshtravels@gmail.com	0166689563	
VmL0d4-Qyoaia39zu2h1jenO	SKS GROUP	hotel			info@skshospitality.com.my	07-333 8168	Unit 6.01, Level 6, Plaza DNP, No. 59, Jalan Dato’ Abdullah Tahir, 80300 Johor Bahru, Johor, Malaysia.
gKgjqgV4yXe3nLBgAt_7uJ3-	Winland TranTours Sdn Bhd	attraction	Suresh		winlandtrantours@gmail.com		
bWmDSnXOKsVu1ntWa52Lm7by	A'Famosa Resort Hotel Sdn Bhd	hotel	Wan Chui Fong	Sales Manager	local_salesadmin@afamosa.com	60196003452	Jalan Kemus, Simpang Ampat, 78000 Alor Gajah, Melaka
kzTAPFiNBJ7MMsGgMww9u3xu	sixthstar	hotel	Pugazhenthi	DEV	logesh@gmail.com	6374751053	99 New Kallanatham Road Attur Tk Salem D
cm7egwgur2fvp101yx0bptugu	Pacific Regency Hotel Group	hotel	Mr Kevin Lim	\N	hos@pacific-regency.com	601 7777 1458	\N
q9KQ9huk3J3X0lcWMefcUXXT	tt-user	attrction	MARUTHU	DEV	ttuser@gmail.com	9785463215	tt-user.chennai
cm9ca9qzp0000nnl5hgs1pi5x	tester-hii	attraction	tester-hii	tester-hii	tester-hii@gmail.com	9686545485	tester-hii
T9ekJKD84SrxV2_L71PHJrGv	glist	hotel	Test21111	Test21111	Test21111@gmail.com	9785463215	Test21111
4bvJIGOZadJ7cy4VAu9NxV8e	REBAK ISLAND MARINA BERHAD	hotel			reservation@rebakislandresirt.com	049665566	Pulau Rebak Besar Peti Surat 125, Kuah, 07000 Langkawi, Kedah
S1TeOOAeMjZfaTZaJu81EtbO	Ixoraa Hotel Sdn Bhd	hotel			info@ixorahotel.com	043828888	Ixora Hotel Prai, Penang\n3096 Jalan Baru\nBandar Perai Jaya\n13600 Perai\nPenang, Malaysia
tfcAr0sT8CEv1rpexji4si4Y	THE FIFTH AVENEU HOTEL SDN BHD	hotel			reservation@fifthavenuepenang.com	04-2189555	8, Lebuh Macallum, 10300 George Town, Pulau Pinang
QKM79ucuOfMR838QvRcVMjYr	Kinta Sunway Resort Sdn Bhd	hotel	Olivia Carlos	Senior Sales Manager	tbhr.reservations@sunwayhotels.com	+6052107777	1, Persiaran Lagoon, Sunway 3, 31150 Ipoh, Perak
oFAXelmuNZiRWfqWKyNRiTz9	rertr	attraction	rertr	rertr	rertr@gmail.co	9785463215	r
xz6SATAXg_y6OIXrPLqqcXal	new-tester	attraction	Test21	new-tester	new-tester@gmail.com	9785463215	new-tester
y0GyL5Q4z-KzW4XwKqvbTjem	testguide	Guide	vikram	manager	testguide@g.com	8754321567	34,test address
bCzEuq14aZlRDBozj8Hi9tFS	Pesona Holidays (M) Sdn Bhd	tours	Julie		 pesonatr@yahoo.co.uk		
wCc-BF6IGC2W6MAkiID_lv-L	MM Hotels Sdn Bhd	hotel			reservation@sbkn.swissgarden.com	09 548 8288	2656-2657, Mukim Sungai Karang, Balok Beach, 26100 Beserah, Kuantan, Pahang Darul Makmur, Malaysia. 
p3DIZdFJ0sav83rIrLUjxA99	Maritime Waterfront Suites Sdn Bhd	hotel			info@bertamresort.com	04 577 8000	PMT 2200, Persiaran Bertam 8, 13200 Kepala Batas, Pulau Pinang
BKBq6nFFba1jXYDDGViJHlrT	Pesona Holidays (M) Sdn Bhd	Guide	Julie	Operations	pesona@gmail.com	+60124309136	Kompleks Sri Wonder, 88-03-12A, Lintang Sungai Pinang, 10150, Georgetown, Pulau Pinang
ZLLyWePS8e-RmVgyDUhlAVP3	Winland TranTours Sdn Bhd	Guide	Suresh	Operations	winlandtrantours@gmail.com		
iEb5T0NL48nrO69NLubtmkN4	TBO	hotel	N/A	N/A	tbo@gmail.com	0111111111	N/A
p719HH2WgsmEDixn0iTIzHDM	Testing!!!	attraction	Testing	dev	testing@gmail.com	9695959592	CHENNAI
-Q8XBRo-F4Joo4SBqT1ZUfnS	tour-suplier	tours	tour-sb	guide-tours	tours@gmail.com	9785463215	chennai,indra
FA3psNfMsxi3s8yLcNvepodK	Winland TranTours Sdn Bhd	tours	Suresh		winlandtrantours@gmail.com		
BrANJQKhaQrX1HjfAcvLR9A4	T.A.S Industries Sdn Bhd	hotel			reservations@shahzanfrasershill.com	 09-3622300	Jalan Lady Guillemard, Bukit Fraser, 49000 Bukit Fraser, Pahang
1a77TiuAbdBMurxOfb2oMYxe	Test Company	transfer	Test-person	Manager	testSupplier@gmail.com	9789863752	xyz,sjgdfjhg
z_ZWpmGqxiy8C_TLlP0fdCta	Key Term Holidays Sdn Bhd	Guide	Mr Kevin	Head of Sales	katir-ops@ktholidays.com		
cm75ml21m25f4101ytz8fsoat	Tamu Hotel & Suites	hotel	T. Mohan Kumar	Head of Leisure	mohan@tamuhotel.com	\N	\N
cm6uik50x1fbf101ydqfit2t3	Genting Malaysia Berhad	hotel	Surender	Assistant Sales Manager	surender.ramokrishnan@rwgenting.com	603 2178 2233	23rd Floor, Wisma Genting\n28, Jalan Sultan Ismail\n50250 Kuala Lumpur Malaysia
cm5ugwcva1cmkhemdzcxwmssc	GFG Group of Hotels and Resorts	hotel	Mr Kavithasan Vijayakumaran	General Manager	kavi@swingandpillows.com	\N	\N
cm4w91ac61m51y65zkp2eyzvs	THR HOTEL (LANGKAWI) SDN. BHD.	hotel	Ms Sam Poh Choo	Director of Business Development & Marketing	sales-mktg.pbl@pelangiresort.com	+603 4811 1188	Lot 6875, Jalan Kerja Ayer Lama, 68000 Ampang, Selangor
cm4v6buqr1klwy65zel537bta	The Bayview Beach Resort	hotel	Mr Mark Trevor De Souza	Cluster Director of Sales	mark.trevor@bayviewhotels.com	\N	Bayview Beach Resort\n Batu Ferringhi Beach, 11100 Batu Ferringhi, Pulau Pinang
cm4qtf0d518dzy65zmi7z5wgi	Upper View Regalia Hotel	hotel	-----	\N	idjfojoi@gmail.com	\N	\N
cm4jde7gf0p0sy65zfoi8auh2	First Leisure Sdn Bhd	hotel	Ms. Sharifah Nurhashilah	Assistant Sales Manager	sharifah.tbsr@careluxuryhotels.com	\N	No. 7, Terminal Jeti Penumpang Tanjung Gemok,\nKuala Rompin, 26820 Pahang Darul Makmur, Malaysia
cm40t4gcf12htu9cgmtjiwqhx	Langkawi Holiday Villa Sdn Bhd	hotel	Ms Edelina Tamrin	Director of Sales	centralresv@holidayvilla.com.my	\N	\N
cm3zcnuae0zvnu9cgozcetbf6	Dorsett Hospitality International (M) Sdn. Bhd.	hotel	Ms. Nurul Nadia Hamid	Senior Sales Manager	nurul.nadia@dorsetthotels.com	6012 628 7930	172, Jalan Imbi, 55100 Kuala Lumpur, Malaysia.
cm3y9aoco0z6ou9cgtwzlca7w	MIDAS MAYANG SDN BHD	hotel	Mr Mohd Rizam Ghazali	Assistant Director of Sales & Marketing	enquiry@royalechulan.com	\N	Royale Chulan Hotels & Resorts\n No.5 Jalan Conlay, Kuala Lumpur,\n 50450 Wilayah Persekutuan Kuala Lumpur,\n Malaysia. 
cm3wsg9km0opnu9cgu0pogb7l	Trinidad Hotel Kuantan Sdn Bhd	hotel	Melvin Rendawa	Group Director of Sales	reservations@shahzanhotels.com	\N	\N
cm3r524e40andu9cgpn5yjra4	Copthorne Cameron Highlands	hotel	Siti Norahayu	Sales Admin	sales.cch@millenniumhotels.com	603 2724 0788	Suite 6.02 (A), Level 6 Millennium Office Block, 160 Jalan Bukit Bintang, 55100 Kuala Lumpur Malaysia
cm3plhgac08oqu9cgmzl0j8mp	Plentifield Marketing Sdn Bhd	hotel	Ms. Jan Khan	Director of Sales	jankhan@ames-hotel.com	6012 639 0351	\N
cm3obdknp06p9u9cgy7y8aa5o	Royale Chulan Penang	hotel	Ms. Wei Wei Chan	Assistant Director of Sales	rsvnmgr.rcp@royalechulan.com	604 2598 888	\N
cm2u6lfuk09yuw3vsrckdlr7o	LAVANYA Resorts Sdn Bhd	hotel	Noraini Othman	Sales Manager	sm.trll@theriyaz-hotels.com	604 965 0366	\N
cm2bzqswe0eo9p4z60x96m0xc	Globya Pte Ltd	hotel	Hardeep	Director	sales@outlooktour.com	\N	Singapore Off: 7 Temasek Boulevard, #12-07 Suntec Tower One, Singapore - 038987. Tel: +65-90607836
cm2bm8hux0di1p4z643yrq0pw	Swiss Garden Hotel & Residences Genting Highlands	hotel	Max Kong	Sales Manager	junhua.kong@shrgh.swissgarden.com	\N	\N
cm2a3pwr709nap4z64d8lmapa	Strawberry Park Resort	hotel	Puteri Sofia	\N	sofia.sales@strawberryparkresorts.com	\N	\N
cm20bw3ws04pdqbbuwr408fkq	Dlassh	transport	surya	director	adsada@gmail.com	1.54545E+14	a.snd lsajndbjsadsa
cm20bpg8z04o6qbbujmsq0n4o	Winland Trans and Tours	transport	SURESH	DIRECTOR	SADSADAS@GMAIL.COM	1.06352E+13	ADSADSADSASDA
cm1yhddnr00yjqbbujz4vvuzq	PL Soon Huat Realty Sdn Bhd	hotel	Vivian Chu	General Manager	vivian.chu@accor.com	604 952 5888	Lot 2500, Jalan Pantai Cenang\nMukim Kedawang 07000 Pulau Langkawi
cm197jcco07rlr9f69pdvuls9	Key Term Holidays - Dynamic Rates - TBO 	hotel	Farid	Sales	aksjdkjasb@gmail.com	\N	\N
cm17b7nad05m2r9f6o9x5x3mo	Eastin Hotel	hotel	Ms. Catherine Yong	Sales Manager	catherine.yong@eastin.com	601 6262 2447	13, Jalan 16/11, Selangor 46350 Petaling Jaya Malaysia 
cm167wcna04acr9f6arhhn7ec	Lotus Desaru Beach Resort Sdn Bhd	hotel	Ms. Rohayat Din	Director of Sales	salesteam@lotusdesaru.com	601 7746 1818	Lot 1854, Jalan 81930 Desaru Johor\n
cm1677lcq048kr9f647nud3z2	Lotus Seaview Beach Resort Sdn Bhd	hotel	Ms. Rohayat Din	Director of Sales	salesteam@lotusdesaru.com	601 7746 1818	Lot 1272, Tanjung Punggai, Sungai Renggit 81620 Bandar Penawar Johor
cm166fh9q045hr9f6cbumvw39	Desaru Damai Beach Resort Sdn Bhd	hotel	Ms. Nadia Anak Leben	Sales Executive	nadia.tbsr@careluxuryhotels.com	607 833 8888	Tunamaya beach resort, Bandar Penawar Bandar Penawar Johor
cm15y6qnl02fsr9f6hyrwr586	Ion Majestic Hospitality	hotel	Ms. May Tan	Director of Sales	may.tan@ionmajestichotel.com	603 8064 3333	Jalan Grand Ion Majestic 69000 Genting Highlands
cm10htge100k1r9f6rgfw5dpq	GCB Management Sdn Bhd	hotel	Mr. Akif Azfar	Sales Associate	akif.shahrul@accor.com	601 9933 7655	1 Nusa Sentrum Complex, Jalan SiLC 2:9 SiLC, Kawasan Perindustrian SiLC 79200 JOHOR BAHRU
cm10gglan00ibr9f6x9ohwr2s	Baba Residences Sdn Bhd	hotel	Mr. Sam Lee	Cluster Senior Sales Manager	bde@babahouse.com.my	606 280 6888	121-127, Jalan Tun Tan Cheng Lock, Taman Kota Laksamana 75200 Melaka Melaka
cm10fxz6100hyr9f6i4y7nyfh	Proli Properties Sdn Bhd	hotel	Ms. Cindy Lim	Director of Sales	cindy.lim@swangarden.com	601 2682 3390	2, Jalan KSB 1, Taman Kota Syahbandar 75300 Malacca City Malacca
cm10fdcr000hlr9f6nid7no4x	Swan Garden Hotel (Melaka) Sdn Bhd	hotel	Ms. Tai Aebin	Executive Director	aebin.tai@swangarden.com	601 720 0117	1, Jalan KSB 1, Taman Kota Syahbandar 75300 Malacca City Malacca
cm1064yzq00a9r9f6nkt2m1po	Kerjaya Hotel Sdn Bhd	hotel	Mr. Alex Wong	Assistant Sales Manager	alex.wong@shmk.swissgarden.com	606 228 3131	T2-4 THE SHORE @MELAKA RIVER JALAN PERSISIRAN 306 75300 Malacca\n06-288 3131
cm1031vwx003tr9f6ngc5db13	Tasik Villa Holding Sdn Bhd	hotel	Ms. Shihui Yeong	Sales & Marketing Executive	sales@tasikvilla.com.my	606 644 8888	Jalan Tasik Villa, Pusat Pelancongan Antarabangsa, Kota Lukut 71010 Port Dickson Negeri Sembilan
cm0yrdrvz02yurdhpwx4h0go0	Summit Hotel	hotel	Ms. Hanafiah Harun	Director of Sales and Marketing	hanafiah@summithotel.com.my	601 9603 7785	Persiaran Kewajipan USJ 1 Subang USJ 1 47600 Subang Hi-Tech Selangor Darul Ehsan
cm0yqsi0a02wprdhpaa0o4a2u	BBT Hotel Sdn Bhd	hotel	Ms. Serene Chang	Assistant Director of Sales	serene.chang@premiere-hotels.wct.my	603 3325 6887	Bandar Bukit Tinggi 1/KS6, Jalan Langat 41200 Port Klang Selangor 
cm0yqgelw02virdhp25lqm381	Kumpulan Ikram Sdn Bhd	hotel	Ms. Nur Ainaa Balqis Abdullah	Director of Commercial	aaina.abdullah@parkinn.com	603 8911 1999	Jalan Universiti, Taman Unipark 43000 Bandar Baru Bangi Selangor 
cm0yq8rv202uzrdhpd6lzil6i	Indah Putrajaya Sdn Bhd	hotel	Mr. Raymie Jaffry	Sales Coordinator	raymie.jaffry@theeverlygroup.com	603 8892 2832	No.1 Jalan Alamanda 2, Precinct 1 62000 Putrajaya Putrajaya Federal Territory 
cm0yptnzr02tgrdhpj6amg9ck	Best Western Hotels and Resorts	hotel	Erik Kuk	Director of Sales	eric@bestwestern-icity.my	603 5521 9000	A-GF-01, No. 6, Persiaran Multimedia, i-City, Selangor Golden Triangle 40000 Shah Alam Selangor
cm0ypdd2102t4rdhpr5sonzq4	King of The Hill 8Kia Peng Sdn Bhd	hotel	Ms. Karmun Ho	Senior Sales Manager	karmun.ho@wyndhamsuitesklcc.com	603 2707 1288	8 Jalan Changkat Kia Peng 50450 Kuala Lumpur Federal Territory of Kuala Lumpur 
cm0yp0f5602ryrdhp31n019gv	Metro 360 Hotel Sdn Bhd	hotel	Ms. Pamela Leu	Assistant Director of Sales	reservation@verdanthillhotel.com	 603 2031 0360	No. 6, Changkat Raja Chulan 50200 Kuala Lumpur Federal Territory of Kuala Lumpur
cm0ynstyn02o8rdhpdynfqzvb	The Face Hotels & Resorts Sdn Bhd	hotel	Mr. Raja Kamarul	Cluster Assistant Director of Sales	kamarul.badrul@thefacehospitality.com	603 2168 1688	1020, Jalan Sultan Ismail, 50250 Kuala Lumpur, Malaysia
cm0xazrqb01ncrdhp4aqjmuba	Mid Valley City Enterprise Sdn Bhd	hotel	Ms. Falisha Binti Zubir	Director of Sales and Marketing	resvn.sblv@stgiles-hotels.com	603 8230 3008	Mid Valley City, Lingkaran Syed Putra 59200 Kuala Lumpur Federal Territory of Kuala Lumpur
cm0waircz01itrdhpyamxx024	Planet Mentari Sdn Bhd	hotel	Ms. Normala Abdullah	Senior Sales Manager	sales1@staywithbintang.com	603 2779 0119	51-A, Changkat 50200 Kuala Lumpur Kuala Lumpur
cm0w817zm01dordhpe0onai6p	The 5 Elements Hotel Sdn Bhd	hotel	Ms. Claudine	Reservation Manager	reservation_2@the5elementshotel.com.my	603 2031 6888	Lot 243 Jalan Sultan 50000 Kuala Lumpur Federal Territory of Kuala Lumpur
cm0vwp97z01bordhpp0spfjck	Aikbee Timbers Sdn Bhd	hotel	Ms. Tan Fei Shan	Senior Sales Manager	feishan.tan@pearl.com.my	603 7983 1111	Pearl Point Shopping Mall, 3rd Floor, Lot 1.3.5 â€“ 1.3.8, Batu 5, Jln Klang Lama 58000 Kuala Lumpur Kuala Lumpur
cm0vsvf060162rdhppvn4cxwo	Mercure Kuala Lumpur Shaw Parade	hotel	Ms. Kelly Liang	Senior Assistant Director of Sales	kelly.liang@accor.com	603 9224 3030	152 Changkat Thambi Dollah, 55100 Kuala Lumpur
cm0uu9f9z00zyrdhpbt4da010	KIP Project Management Sdn. Bhd.	hotel	Mr. Noor Akhmal Salehudin	Sales Manager	reservations@kiphotel.com.my	603 6256 0888	No 77, Jalan Seri Utara 1 Seri Utara Off Jalan Ipoh 68100 Kuala Lumpur
cm0uthuul00z4rdhp0sz56zc5	Lexis Hotels & Resorts Sdn Bhd.	hotel	Mr. Steve Woon	Senior Vice President	samar@lexis.my	603 2082 0333	Lot 11-3, Level 11, Tower Block, Menara Milenium, 8 Jalan Damanlela, Pusat Bandar Damansara, Bukit Damansara, 50490 Kuala Lumpur, Malaysia
cm0ur1dhj00tjrdhp8wmozlxf	Premium Lodge Sdn Bhd	hotel	Mr. Ryan Lee	Cluster Senior Sales Manager	reservation@hotelroyalkl.com	603 2148 6888	Jalan Walter Grenier, 55100 Kuala Lumpur, Malaysia
cm0uorfd000qjrdhpt391gh2j	Hotel Equatorial (M) Sdn. Bhd	hotel	Mr. Mike Chan	Director of Sales	reservations@kul.equatorial.com	603 2789 7777	Equatorial Plaza, Jalan Sultan Ismail 50250 Kuala Lumpur Federal Territory of Kuala Lumpur
cm0uh3w6n00ifrdhpv5rdw90i	UDA AnCasa Sdn Bhd	hotel	Ms. Winnie Lai	Reservation Officer	reservation@ancasahotels.com	603 2026 6060	Jalan Tun Tan Cheng Lock, P.O. Box 12700, 50786 Kuala Lumpur, Malaysia
cm0unz5gm00pyrdhpckptjtml	Wyndham Fraser Business Park	hotel	Ms. Raja Jurina Raja Ahmad Sufian	Director of Sales	dos@dayshotelfraserbusinessparkkl.com	6016 222 6404	Kompleks Metro Pudu No 1, Jalan Metro Pudu 2, 55200 Kuala Lumpur, Malaysia
cm0uivbrh00lerdhpjh98vsga	Compass Hospitality	hotel	Mr. Kavithasan Vijayakumaran	Hotel Manager	hm@citinmj.com	603 2693 8070	33, Jalan Melayu, City Centre, 50100 Kuala Lumpur, Wilayah Persekutuan 50350 Kuala Lumpur
cm0ujekwl00ltrdhpb7j5fnl7	London Vista Hotel Limited	hotel	Ms. Kalaa Rajoo	Assistant Director of Sales	reservations@corushotel-kl.com	603 2161 8888	Jalan Ampang 50450 Kuala Lumpur Federal Territory of Kuala Lumpur
clyvxm3zb0005iq9xs7clxiua	Ramada Encore By Wyndham	hotel	Ms.Jaya	Sales Manager	reservations@ramadaencorechinatownkl.com	6010-363 5130	Ramada Encore Chinatown Kuala Lumpur by Wyndham, No. 1&3, Jalan Pudu Lama,50200, Kuala Lumpur.
clywdj95s00liiq9xphh3wo2v	KEY TERM HOLIDAYS SDN BHD	all	KATHIR	OP MANAGER	test@gmail.com	\N	\N
clyw0sbrk00ijiq9x5xep4cve	Maroush Restaurant	restaurant	XXX	XXX	test@gmail.com	60162200647	XXX
clyw0rskt00iiiq9xpgyxzkvg	Oh Yeah Banana	restaurant	XXX	XXX	test@gmail.com	6016200647	Brickfields\n
clyw0r0y300ihiq9x5bmgav7j	Olive Kitchen Restaurant	restaurant	XXX	XXX	test@gmail.com	60162200647	XXX
clyw0q8xe00igiq9xylz3v2hr	AC Mirchi	restaurant	xxx	xxx	test@gmail.com	60162200647	xxx
clyw0nril00iciq9x4x5t3ey7	D Tandoori	restaurant	Melaka	Sales Manager	test@gmail.com	60162200647	xxx
clyw0nrii00iaiq9xggiqj2wd	Nawab Restaurant	restaurant	Kuala Lumpur	Sales Manager	test@gmail.com	60162200647	xxx
clyw0nrik00ibiq9x5q7eavle	Delhi O Delhi	restaurant	Kuala Lumpur	Sales Manager	test@gmail.com	60162200647	xxx
clyw0nrin00idiq9xvn9jsdc7	Jaipur Mahal	restaurant	Cyberjaya	Sales Manager	test@gmail.com	60162200647	xxx
clyw0nrip00ieiq9xyf4c7c1x	Moghul Mahal	restaurant	KL Tower	Sales Manager	test@gmail.com	60162200647	xxx
clyw0nri800i5iq9xmfvx5j6k	Oh Yeah Banana	restaurant	Batu Cave	Sales Manager	test@gmail.com	60162200647	xxx
clyw0nri600i4iq9xjsjvzs1w	AC Mirchi	restaurant	Kuala Lumpur	Sales Manager	test@gmail.com	60162200647	xxx
clyw0nrl500ifiq9xga1ru62p	Spice Garden	restaurant	Langkawi	Sales Manager	test@gmail.com	60162200647	xxx
clyw0nrig00i9iq9x9a7hc1u4	Jaipur Mahal	restaurant	Sentul	Sales Manager	test@gmail.com	60162200647	xxx
clyw0nrie00i8iq9x5mvzhznr	Oh Yeah Banana	restaurant	Brickfields	Sales Manager	test@gmail.com	60162200647	xxx
clyw0nri000i2iq9xv45xfvwv	Spice Garden	restaurant	Kuala Lumpur	Sales Manager	test@gmail.com	60162200647	xxx
clyw0nric00i7iq9xtcbjlex3	Maroush Restaurant	restaurant	Langkawi	Sales Manager	test@gmail.com	60162200647	xxx
clyw0nria00i6iq9x6w6qf483	Olive Kitchen Restaurant	restaurant	Johor	Sales Manager	test@gmail.com	60162200647	xxx
clyw0nri100i3iq9xnhjbjz0m	Spice Garden	restaurant	Genting	Sales Manager	test@gmail.com	60162200647	xxx
clyvxu4yp001iiq9x649pkdga	Key Term Holidays Sdn Bhd	transport	Mr.Kevin	Operation Head	katir-ops@ktholidays.com	60162200647	No,10-2 , Jalan PJS 8/12A , Dataran Mentari, 46150 Petaling Jaya , Selangor Darul Ehsan.
clyvxrry5001hiq9xa8o96krg	Crockfords	hotel	Ms.Connie Khoo	Sales Manager	yuetngor.khoo@rwgenting.com	603 2333 6849	Wisma Genting, 28, Jln Sultan Ismail, Kuala Lumpur, 50250 Kuala Lumpur, Wilayah Persekutuan Kuala Lumpur
clyvxrry5001giq9xfje6i494	Sunway Resort Hotel	hotel	Mr.Dawoud	Sales Manager - Travel and Trade	mdawoud@sunwayhotels.com	60 18-318 4001	Persiaran Lagoon, Bandar Sunway, 47500 Selangor Darul Ehsan, Malaysia
clyvxrrxz001ciq9x9yn4hpbh	Royale Chulan Kuala Lumpur	hotel	Ms.Ruziani Abdul Rani	Senior Sales Assistant	ruziani.rckl@royalechulan.com	603 2688 9270	No.5, Jalan Conlay, 50450 Kuala Lumpur, Malaysia.
clyvxrry3001fiq9x6wm5sk48	Hotel Maya	hotel	Ms.Nur Syafina Satara	Sales Administration Executive	sales.admin@hotelmaya.com.my	6014 3910510	138 jalan ampang, 50450 kuala lumpur, malaysiaï¿½
clyvxrry0001diq9xgq31a6zh	Grand Ion Delemen	hotel	Ms.Shermaine	Senior Sales Manager	shermaine.yee@iondelemenhotels.com	6012 583 3688	Jalan Ion Delemen 1, Genting Highlands, 69000 Pahang Darul Makmur, Malaysia
clyvxrry1001eiq9x5f5bvzjx	Melia Kuala Lumpur	hotel	Ms.Amber	Sales Coordinator	sales@melia.my	60 (3) 2785 2860	16 Jalan Imbi, 55100 Kuala Lumpur, Malaysia
clyvxrrxv0019iq9xgkbibntj	Berjaya Langkawi Resort	hotel	Mr.Jerome	Manager	jerome.francis@berjayahotel.com	60 (4) 959 1888	Karong Berkunci 200, Burau Bay, 07000 Langkawi, Kedah, Malaysia
clyvxrrxx001aiq9x6gh2bmw1	Santa Grand Signature	hotel	Mr.Muhammad Ruhainizam Hamzah	Sales Executive	NIzam.Hamzah@santagrandhotels.com.my	6012) 388 4946	No 36 Menara Santa, Jalan Ampang, 50450 Kuala Lumpur
clyvxrrxu0017iq9xc1gf0i9w	Flamingo By The Beach Penang	hotel	Mr.Eddie Tan	Assistant Sales Manager	eddie.tan@flamingo.com.my	6012 492 1155	Jalan Tanjung Bungah, 11200 Penang, Malaysia
clyvxrrxk0014iq9xvhof9cr2	Pacific Regency Hotel Suites KL	hotel	Mr.Kevin Lim	Sales Head	hos@pacific-regency.com	601 7777 1458	KH Tower, Jalan Punchak, Off Jalan P.Ramlee, 50250 Kuala Lumpur, Malaysia.
clyvxrrxy001biq9x09ze6qbl	Mercure Hotels Penang Beach	hotel	Mr.Thimothy	Sales Manager	Timothy.FUN@accor.com	604 371 8802	505, Jalan Tanjung Bungah, 11200 Tanjung Bungah, Pulau Pinang
clyvxrrxu0018iq9xla6ieud0	Berjaya Times Square Hotel	hotel	Mr.Darren Jon Prior	Assistant Manager	darren.jon@berjayahotel.com	6011 3990 8526	1 Jalan Imbi, 55100 Kuala Lumpur, Malaysia
clyvxrrxm0016iq9xtwex6p5k	E&O Residences	hotel	Ms.Norashikin Kamaruddin	Sales Coordinator	sales@eoresidenceskl.com	603 2022 2818	1, Jalan Tengah, Off Jalan Sultan Ismail, 50450 Kuala Lumpur, Malaysia
clyvxrrxf0013iq9x4o8izkwc	A'Famosa Resort Hotel	hotel	Ms.Wan	Sales Manager	local_salesadmin@afamosa.com	60 19-600 3452	Jalan Kemus Simpang Empat | 78000 Alor Gajah | Melaka | Malaysia
clyvxrrxl0015iq9xsgk64y60	Seri Pacific Hotel	hotel	Ms.Solehah Nazri	Sales & Marketing Department	solehah@seripacific.com	603 4049 4439	Jalan Putra, 50350 Kuala Lumpur, Malaysia
clyvxrrxe0011iq9xjgq17ymr	The Frangipani Langkawi Resort & Spa	hotel	Ms.Zafira Zainuri	Event Sales Coordinator	sales@frangipanilangkawi.com	6018 777 4630	Jalan Teluk Baru, Pantai Tengah,07100 Langkawi, Kedah, Malaysia
clyvxrrxe0012iq9xzz895ah5	Bayview Hotel Melaka	hotel	Ms.Getha	SALES EXECUTIVE	business.bhm@bayviewhotels.com	016 ï¿½ 550 6988	Jalan Bendahara | 75100 Melaka
clyvxrrx4000yiq9xlzyushej	Wings by Croske Resort Langkawi	hotel	Mr.Khali Dazz	Director Of Sales	dos@wingsbycroskegroup.com	60 19 800 0044	Jalan Lima, Padang Matsirat, 07100 Langkawi, Kedah Darul Aman, Malaysia.
clyvxrrx50010iq9xi9e4jpbd	Rebak Island Resort & Marina	hotel	Ms.Tracy	Sales Manager	tracy.lee@rebakislandresort.com	6012 259 6393ï¿½ï¿½	Lot 6875, Jalan Kerja Ayer Lama, 68000 Ampang, Selangor Darul Ehsan, Malaysia.
clyvxrrx4000ziq9xg6hswolk	Bayview Hotel	hotel	Ms.Rohani	Sales Manager	rohani.mohd@bayviewhotels.com	04 - 966 1818	Jalan Pandak Mayah 1, Pusat Bandar Kuah, 07000 Pulau Langkawi, Kedah, Malaysia
clyvxrfhz000xiq9x8fkgzsa4	Lexis Hibiscus	hotel	Mr.Zacc	Senior Sales Coordinator	klop4@lexishibiscuspd.com	603 2082 0333	Lot 11-3, Level 11, Tower Block, Menara Milenium, 8, Jalan Damanlela, Pusat Bandar Damansara, Bukit Damansara, 50490  Kuala Lumpur, Malaysia
clyvxrfhx000viq9xbntg5pdn	Zenith Hotel Cameron	hotel	Ms.Nur Liyana	Sales Coordinator	ssc@zenithcameron.com	605 491 9595	Jalan Majlis, 39000 Tanah Rata, Cameron Highlands, Pahang Darul Makmur, Malaysia
clyvxrfhx000wiq9xkcqdl3a8	Royale Chulan Cherating Chalets	hotel	Mr.Mohd Rizam Ghazali	Assistant Director of Sales	ados.rcc@royalechulan.com	60199820485	Kampung Cherating Lama, Cherating 26100 Kuantan, Pahang
clyvxnxur000tiq9xoxsbvcxc	Sunway Lagoon Hotel	hotel	Mr.Dawoud	Sales Manager - Travel and Trade	mdawoud@sunwayhotels.com	60 18-318 4001	Persiaran Lagoon, Bandar Sunway, 47500 Selangor Darul Ehsan, Malaysia
clyvxnxur000siq9xbmg0q7r4	Sunway Pyramid Hotel	hotel	Mr.Dawoud	Sales Manager - Travel and Trade	mdawoud@sunwayhotels.com	60 18-318 4001	Persiaran Lagoon, Bandar Sunway, 47500 Selangor Darul Ehsan, Malaysia
clyvxnxuo000qiq9xu97qtshv	Swiss Garden Bukit Bintang	hotel	Ms.Christina Seek	Sales Executive	christina.seek@shbb.swissgarden.com	603 2785 1137	117, Jalan Pudu, 55100 Kuala Lumpur
clyvxnxun000piq9x45ai9oi7	Ramada Suites By Whyndham KLCC	hotel	Mr.Melvin	Group Director of Sales (Travel and Trade)	melvin@trinidadholdings.com	6012 356 8475	1, Lorong Ceylon, Bukit Ceylon, 50200 Kuala Lumpur, Wilayah Persekutuan Kuala Lumpur
clyvxnxul000niq9xaticbiuf	Corus Hotel Kuala Lumpur ( No Pool )	hotel	Mr.Siva	Sales Manager	siva@cosmohotelkl.com	60 14-663 3514	13, 15, Lebuh Ampang, City Centre, 50050 Kuala Lumpur, Wilayah Persekutuan Kuala Lumpur
clyvxnxus000uiq9xj37a9yfn	Furama Bukit Bintang	hotel	Mr.Izzat	Director Of Sales	izzat@furama.com	60 12-346 9585	136 Jalan Changkat Thambi Dollah, 55100 Kuala Lumpur, Malaysia
clyvxnxup000riq9x615qa7tb	Pacific Express Hotel Central Market	hotel	Mr.Kevin Lim	Sales Head	hos@pacific-regency.com	601 7777 1458	KH Tower, Jalan Punchak, Off Jalan P.Ramlee, 50250 Kuala Lumpur, Malaysia.
clyvxnxum000oiq9xfv3lh9ia	Premiera Hotel	hotel	Mr.Shairul Rizabarma Omar	Sales Manager	shairul@premierahotel.com.my	603 2615 1018	232 Jalan Tuanku Abdul Rahman , 50100 Kuala Lumpur, Malaysia
clyvxnxui000jiq9xmuzebrq4	Berjaya Tioman Resort Malaysia	hotel	Ms.Syazwani Osman	Coordinator, Business Development	sales.tioman@berjayahotel.com	6011 3769 2747	Level 15 West, Berjaya Times Square Hotel, Kuala Lumpur, 1 Jalan Imbi, 55100 Kuala Lumpur, Malaysia
clyvxnxuj000liq9x8fx2tile	Trinidad Suites Puteri Harbour	hotel	Mr.Melvin	Group Director of Sales (Travel and Trade)	melvin@trinidadholdings.com	6012 356 8475	Jalan Abdul Samad, Kampung Bahru, 80100 Johor Bahru, Johor
clyvxnxuf000iiq9xkiuke21j	Ramada Suites By Whyndham The Straits Johor Bahru	hotel	Mr.Melvin	Group Director of Sales (Travel and Trade)	melvin@trinidadholdings.com	6012 356 8475	Jalan Abdul Samad, Kampung Bahru, 80100 Johor Bahru, Johor
clyvxnxuk000miq9xh5i0i481	Ideas Hotel Kuala Lumpur	hotel	Ms.Farah	Director of Sales and Marketing	dosm@ideaskl.com	60 19-391 0034	12, Jln Raja Laut, Chow Kit, 50350 Kuala Lumpur, Federal Territory of Kuala Lumpur
clyvxnxui000kiq9xq26p77qx	Ibis Kuala Lumpur City Centre	hotel	Ms.Vivian	Hotel Manager	Vivian.CHU@accor.com	6012 369 9845	32, Jalan Yap Kwan Seng, Kampung Baru, 50450 Kuala Lumpur, Wilayah Persekutuan Kuala Lumpur
clyvxnxud000hiq9x1m4t1j43	Lost World Hotel	hotel	Ms.Nurshazwani Husna ( Wani)	Executive - Sales Administration	nurshazwanihad@sunway.com.my	603 5631 0681	No 3, Jalan PJS 11/15, Bandar Sunway, 46150 Petaling Jaya, Selangor Darul Ehsan
clyvxnxud000giq9x10ijbz5m	Resort World Awana	hotel	Ms.Connie Khoo	Sales Manager	yuetngor.khoo@rwgenting.com	603 2333 6849	Wisma Genting, 28, Jln Sultan Ismail, Kuala Lumpur, 50250 Kuala Lumpur, Wilayah Persekutuan Kuala Lumpur
clyvxm3zq000ciq9xp4otu1yr	Signature International Hotel Chinatown	hotel	Ms.Reena	Sales Manager	rinna.m@mysignaturehotel.com	60 10-242 0755	19, Jalan Pudu Lama, Bukit Bintang, 50200 Kuala Lumpur, Wilayah Persekutuan Kuala Lumpur
clyvxm3zn000aiq9xwiwfbomg	De King Hotel KLCC	hotel	Ms.Amy	Sales Manager	error@gmail.com	60194433693	160, Jln Ampang, Kampung Baru, 50450 Kuala Lumpur, Wilayah Persekutuan Kuala Lumpur
clyvxm3zt000diq9x1cmbymha	Ibis Fraser Buisness Park	hotel	Mr.Simon	Sales Manager	Simon.YEP@accor.com	60 16-699 4567	Ibis Styles Kuala Lumpur, Kompleks Metro Pudu.  1, Jalan Metro Pudu 2. Fraser Business Park, 55200 Kuala Lumpur
clyvxm3zp000biq9xuyvyzn27	Resort Hotel	hotel	Ms.Connie Khoo	Sales Manager	yuetngor.khoo@rwgenting.com	603 2333 6849	Wisma Genting, 28, Jln Sultan Ismail, Kuala Lumpur, 50250 Kuala Lumpur, Wilayah Persekutuan Kuala Lumpur
clyvxm3zm0009iq9xly5p0frh	Evergreen Laurel Hotel	hotel	Ms.Lim Gin Nee	Sales Coordinator	pensls@evergreen-hotels.com	604-222 9988	53 Persiaran Gurney, 10250 Penang, Malaysia
clyvxm3zu000eiq9x2dtv7urc	Resort World Genting	hotel	Ms.Connie Khoo	Sales Manager	yuetngor.khoo@rwgenting.com	603 2333 6849	Wisma Genting, 28, Jln Sultan Ismail, Kuala Lumpur, 50250 Kuala Lumpur, Wilayah Persekutuan Kuala Lumpur
clyvxm3z00001iq9x1lpfojui	Metro Hotel Bukit Bintang	hotel	Ms.Puva	Assistant Sales Manager	sales@metrohotel.com.my	603 2143 7001ï¿½ï¿½	No.208ï¿½ Jalan Pudu ï¿½ Imbi, Bukit Bintang, 55100ï¿½ Kuala Lumpur
clyvxm3zk0008iq9x4d6wir2h	Ramada By Whyndham Langkawi Marina	hotel	Ms.Mardiah	Sales Manager	mardhiah.chan@ramadalangkawimarina.com	6016-418 1799	ï¿½Jalan Dato' Syed Omar, 07000, Langkawi, Kedah Kuah, 07000 Langkawi, Kedah
clyvxm41k000fiq9xa2v8t6ar	Pacific Express Hotel Chinatown	hotel	Mr.Kevin Lim	Sales Head	hos@pacific-regency.com	601 7777 1458	KH Tower, Jalan Punchak, Off Jalan P.Ramlee, 50250 Kuala Lumpur, Malaysia.
clyvxm3zh0007iq9xmt2igtqz	Metrostar Hotel	hotel	Mr.Siva	Sales Manager	sales1@metrostarkl.com.my	60 14-663 3514	MetroStar Hotel Kuala Lumpur, 149, Jalan Masjid India, 50100 Kuala Lumpur
clyvxm3ze0006iq9xiv5a6hqj	Bella Vista Waterfront	hotel	Ms.Intan Syuhaily	Sales Executive	salesexec@bvhotelsandresorts.com	6018 2694717	Persiaran Mutiara 2, Pusat Dagangan Kelana Mas, 07000 Kuah, Langkawi, Malaysia
clyvxm3za0004iq9xiuhuvrzq	Hotel Grand Continental Langkawi	hotel	Mr.Christopher Koh	Sales Manager	chris@ghihotels.com.my	6019-3313190	ï¿½Lot 398, Mk. Kuah, Keilbang, 07000 Langkawi
clyvxm3z30002iq9xdbmiw20l	Resort World Genting	hotel	Ms.Connie Khoo	Sales Manager	yuetngor.khoo@rwgenting.com	603 2333 6849	Wisma Genting, 28, Jln Sultan Ismail, Kuala Lumpur, 50250 Kuala Lumpur, Wilayah Persekutuan Kuala Lumpur
clyvxm3z40003iq9xc4y6re0j	Hotel Grand Continental KL	hotel	Mr.Christopher Koh	Sales Manager	chris@ghihotels.com.my	6019-3313190	Jalan Belia/Jalan Raja Laut,50350 Kuala Lumpur.
clys1gt600002jb69dq9hh3gu	ABC	hotel	ABC	ABC	ABC@GMAIL.COM	60164705715	A-27-2, BAYU SENTUL, PJ
clys1gt8n0003jb69c3lw5y8n	ABC	transport	ABC	ABC	ABC@GMAIL.COM	60164705715	A-27-2, BAYU SENTUL, PJ
clys11htm0001jb690mvu4xeg	ABC	hotel	ABC	ABC	ABC@GMAIL.COM	60164705715	A-27-2, BAYU SENTUL, PJ
clyquw7uv0000jb69yvt17gqa	Persona Holidays	attraction	Ms.Julie	Director	katir-ops@ktholidays.com	60162200647	\N
clypb9dc000019xv4fb7mr8u2	TVG	attraction	Mr.Thiru	Director	katir-ops@ktholidays.com	60162200647	\N
clw8rhxpu000dpeo18d691y71	DELHI O DELHI KL	restaurant	TEJAS	\N	deela@ktholidays.com	+60 16-672 6673	\N
clwpuq45e0007518221eo6nep	GENTING SDN BHD	hotel	LIM GOH TONG	DIRECTOR	lgh@gmail.com	164705715	Genting Highland, Pahang
KIAS23-K9XATGWsV9SPsZbVl	TEST SIXTH	attraction	MARUTHAPANDI	dev	test@gmail.com	9695959592	CHENNAI
Gs10uXArtT-dOUqpjKd-emPS	ABCDE	attraction	ABCDE	ABCDE	agent@gmail.com	9692959493	ABCDE
ADH0c84AdjrfJqzA2U87O-EL	ben test	attraction	test000005t	manager	test35ttyy@g.com	8754321567	test,0097
hs_432mvst4NR5JqP7QgkRIX	rxNzith	rxNzith	rxNzith	rxNzith	rxNzith@gmail.com	9594987951	dgl
ROkxaKeizRNdR1dTR_JJfxV7	testsuppier	attraction	testattrationttttt	manager	testattraction@gmail.com	6786546784	testttttt
koILMkiaCLW0hSgkRI32ZXZt	Sunway Lost World Hotel Sdn Bhd	hotel	Ng Wai Mun	General Manager	ngwm@sunway.com		
_qgA2ef3jyHIBfb06_2nBVcj	HIG HOTEL (LANGKAWI) SDN BHD	hotel			sales@highotel.com.my	04-966 8001	Jalan Penarak, Kuah, 07000 Langkawi, Kedah
0-ZMpEY12nidalGCx9QbeKZr	Century Pines Resort Cameron Highlands	hotel			rsvn@centurypinesresort.com	03 8679 9155	Lot 42, Jalan Masjid, Tanah Rata, Cameron Highlands, 39000 Pahang, Pahang Darul Makmur, Malaysia
MHoC2MonLnHtc0ekaBSVo-LU	THR Hotel (Kuala Tahan) Sdn Bhd	hotel	Parveen	Senior Sales Manager	sc@mutiarahotels.com		
-leh6CcbBuvaN1_NzJ4k-Klf	test-mmm	attraction	test-mmm	supplier	test-mmm@gmail.com	9785463215	test-mmm
\.


--
-- Data for Name: Team; Type: TABLE DATA; Schema: public; Owner: postgres
--

COPY public."Team" (id, name) FROM stdin;
cm8fft0l50000e6ss51qw9es8	lead
cm8fft0n80001e6ssrd94hr0v	operation
cm8fft0oe0002e6ssjc6vtg3o	assessment
cm8fft0po0003e6ssns3q1jvi	finance
\.


--
-- Data for Name: Tour; Type: TABLE DATA; Schema: public; Owner: postgres
--

COPY public."Tour" (id, name, location, description, "termsAndConditions", "supplierId") FROM stdin;
f_QHzmqDoKoUgFnssynlOKwd	TourPrice-test	TourPrice-test	TourPrice-test		eONttvCY57vBRkaFmf86mO-N
clywes2fh002l9kj5twa4lipd	Half Day Putrajaya Tour ( 3 Hours ) (Pvt Basis)	Kuala Lumpur	\N	\N	eONttvCY57vBRkaFmf86mO-N
clywes2gy003f9kj50bzqzhap	Full Day Sunway Lagoon Tour ( 8 Hours ) (Pvt Basis)	Kuala Lumpur	\N	\N	eONttvCY57vBRkaFmf86mO-N
cm2lz8p6101k3w3vsq35tdihi	Malacca Day Tour (5 Hours) + Enroute Port Dickson Beach Activity (3 Hours) *Recommended for Guest to Bring Change of Clothes as Beach Activity Can be Done by Own in the Common Beach	Malacca	\N	\N	eONttvCY57vBRkaFmf86mO-N
cm21prhj300y5p4z6b2werasz	Full Day Cameron Highlands Tour ( 8 Hours ) - (Pvt Basis)	Cameron Highlands	\N	\N	eONttvCY57vBRkaFmf86mO-N
clywes2pj008q9kj5mk1lthhn	Penang Half Day Georgetown City Tour ( 5 Hours ) - (Pvt Basis)	Penang	\N	\N	bCzEuq14aZlRDBozj8Hi9tFS
cm6kfom5g0mvi101yahgbxlvy	Half Day Penang Hill & Temple Tour ( 5 Hours ) - (Pvt Basis)	Penang	\N	\N	bCzEuq14aZlRDBozj8Hi9tFS
cm0nh6yoi00h0rdhp521fjk9p	KL Half Day Bird Park Tour ( 3 Hours ) + Enroute Lunch - (Pvt Basis)	Kuala Lumpur	\N	\N	clyvxu4yp001iiq9x649pkdga
cm7lqxwwm2kmz101yhbrrxa1f	Half Day Langkawi Crocodile Farm Tour ( 4 Hours ) at Langkawi ( from Beach Hotel )	Langkawi	\N	\N	cm20bpg8z04o6qbbujmsq0n4o
cm6f03ufx0b37101yogj5p0r9	Full Day Colmar Tropicale Tour ( 8 Hours ) + Enroute Dinner - Pvt Basis	Pahang	\N	\N	clywdj95s00liiq9xphh3wo2v
cm60mw2331mq8hemdw9oms813	Half Day Langkawi Underwater World ( 4 Hours ) at Langkawi ( from Beach Hotel )	Langkawi	\N	\N	clywdj95s00liiq9xphh3wo2v
cm1ufwzfi01u6po0prkwxny05	Mangrove & Cave Exploring ( Pvt Boat ) - 4 Hours - Bat Caves Entrance Fee Excluded - RM2 Per pax ( Required to pay on ground )	Langkawi	\N	\N	clyvxu4yp001iiq9x649pkdga
cm5ug60jq1cjbhemdn890h7f6	Pickup from Johor Hotel for Half Day Singapore Day City Tour	Johor	\N	\N	clyvxu4yp001iiq9x649pkdga
cm5pa2btv19zfhemd6enp5rgy	Half Day Kuala Selangor Sky Mirror Tour	Selangor	\N	\N	clyvxu4yp001iiq9x649pkdga
cm0nh7imh00hdrdhpsnxppn0l	Langkawi Sunset Dinner - ( 2 Way Transfer ) Beach Hotel - (SIC)	Langkawi	\N	\N	clywdj95s00liiq9xphh3wo2v
cm3fuc88h11v0w3vsrvlk2eoi	Enroute Breakfast at Indian Restaurant	Kuala Lumpur	\N	\N	cm20bw3ws04pdqbbuwr408fkq
cm4uui5kl1ihfy65zj0wknd81	KL Full City Tour ( 8 Hours )	Kuala Lumpur	\N	\N	cm20bw3ws04pdqbbuwr408fkq
cm6an5ed204cv101yoowtoxqg	Penang Half Day Penang Bird Park Tour ( 5 Hours )	Penang	\N	\N	bCzEuq14aZlRDBozj8Hi9tFS
cm4qsytbg16pwy65zai63wap0	Full Day Penang Tour ( Day Trip to Penang ) - 8 Hours	Kuala Lumpur	\N	\N	eONttvCY57vBRkaFmf86mO-N
cm74hodw022pw101y7vlgz66c	Full Day Langkawi Vehicle at Disposal ( 10 Hours ) at Langkawi ( from Beach Hotel )	Langkawi	\N	\N	clywdj95s00liiq9xphh3wo2v
cm4ntlyhs1276y65zk8ce4va5	Half Day Langkawi Wildlife Park & Bird Paradide Tour (from Beach Hotel)	Langkawi	\N	\N	clywdj95s00liiq9xphh3wo2v
f3Z0ntTnZphfFfbLl5609z6I	tt-ests	tt-ests	tt-ests		eONttvCY57vBRkaFmf86mO-N
cm40ogpko12hnu9cg2ujxvfs9	Full Day City Tour ( 8 Hours ) at Langkawi ( from Beach Hotel )	Langkawi	\N	\N	clywdj95s00liiq9xphh3wo2v
cm40odu9q12hgu9cg7t8c6fav	Full Day City Tour ( 8 Hours ) at Langkawi ( from North Hotel )	Langkawi	\N	\N	clywdj95s00liiq9xphh3wo2v
cm3y8gd610ys1u9cgu04vllmf	Mangrove & Cave Exploring Tour (With Lunch) - SIC Basis - Bat Cave Entrance Fee RM2 Per Adult, Fees Dayang Bunting Not Inclusive	Langkawi	\N	\N	cm20bpg8z04o6qbbujmsq0n4o
cm3ckyd9g0siyw3vsxooii12z	KL Half Day City Tour ( 5 Hours ) (Pvt Basis)	Kuala Lumpur	\N	\N	clywdj95s00liiq9xphh3wo2v
cm1ufv9am01u1po0pxkkk0ue8	Langkawi Island Hopping ( Pvt Boat ) - 4 Hours - Dayang Bunting Entrance Fee Excluded - RM6 Per pax ( Required to pay on ground )	Langkawi	\N	\N	clyvxu4yp001iiq9x649pkdga
cm1ynlfzd01soqbbu4yzjypkm	Half Day Langkawi Dreamforest ( 4 Hours ) at Langkawi + Enroute Dinner ( from Beach Hotel )	Langkawi	\N	\N	clywdj95s00liiq9xphh3wo2v
cm1yncfth01pzqbbu8sktec65	Langkawi Half Day City Tour Beach Hotel - (4 hrs) + Enroute Dinner - (Pvt Basis)	Langkawi	\N	\N	clywdj95s00liiq9xphh3wo2v
cm1ym7k4o01j7qbbubpi9zbwh	Langkawi Half Day Cable Car Tour Beach Hotel + Enroute Dinner - (Pvt Basis)	Langkawi	\N	\N	clywdj95s00liiq9xphh3wo2v
cm1ulyo8802yxpo0pjo6abok2	02 Way Kidzania Transfer ( 4 Hours ) - (Pvt Basis)	Kuala Lumpur	\N	\N	clywdj95s00liiq9xphh3wo2v
cm1affhqq00014yazb1flr000	Free and Easy	Hotel ( Without Transportation Arrangements )	\N	\N	clyvxu4yp001iiq9x649pkdga
clywes2m8006o9kj5pyatzj6j	Half Day Langkawi Underwater World and Crocodile Farm Tour ( 4 Hours ) at Langkawi ( from North Hotel )	Langkawi	\N	\N	clywdj95s00liiq9xphh3wo2v
cm1sxvsuf018ipo0p7owcicap	Additional Hour of Vehicle Usage	Within City Limits	\N	\N	clyvxu4yp001iiq9x649pkdga
clywes2pb008k9kj59s0szd8h	KL Half Day Shopping Tour ( 4 Hours ) - Within City Limits - (Pvt Basis)	Kuala Lumpur	\N	\N	clywdj95s00liiq9xphh3wo2v
clywes2s500a49kj5izohdka8	Langkawi Half Day Cable Car Tour Beach Hotel + Enroute Lunch - (Pvt Basis)	Langkawi	\N	\N	clywdj95s00liiq9xphh3wo2v
clywes2rj009r9kj5sh84l79t	Langkawi Half Day City Tour Beach Hotel - (4 hrs) + Enroute Lunch - (Pvt Basis)	Langkawi	\N	\N	clywdj95s00liiq9xphh3wo2v
clywes2hq003x9kj5l9z4yifm	Langkawi Half Day Under Water World Tour Beach Hotel + Enroute Lunch - (Pvt Basis)	Langkawi	\N	\N	clywdj95s00liiq9xphh3wo2v
clywes2ju00589kj53egw8h5h	Full Day Malacca Tour ( 8 Hours ) + Enroute Dinner - (Pvt Basis)	Kuala Lumpur	\N	\N	clywdj95s00liiq9xphh3wo2v
clywes2ns007m9kj5jp30nv98	Full Day Legoland Tour ( 10 Hours ) + Enroute Dinner - (Pvt Basis)	Kuala Lumpur	\N	\N	clywdj95s00liiq9xphh3wo2v
clywes2lo006a9kj5cna506y9	Full Day Lost World Of Tambun Day Trip + Enroute Dinner - (Pvt Basis)	Kuala Lumpur	\N	\N	clywdj95s00liiq9xphh3wo2v
cm10jxe3u00njr9f6robidrtr	Sunway Lagoon Night Park Tour (3 Hours) - (Pvt Basis)	Kuala Lumpur	\N	\N	clyvxu4yp001iiq9x649pkdga
cm1bnwhny00pl4yaz9kil5jjh	Full Day Elephant Sanctuary Tour ( 8 Hours ) - Pvt Basis	Kuala Lumpur	\N	\N	clyvxu4yp001iiq9x649pkdga
clywes2lk00699kj5vjv3dqf6	Full Day Lost World Of Tambun Day Trip (Pvt Basis)	Ipoh	\N	\N	eONttvCY57vBRkaFmf86mO-N
cm1z01zm102jeqbburlone395	Full Day Legoland Tour ( 8 Hours ) - (Pvt Basis)	Johor	\N	\N	eONttvCY57vBRkaFmf86mO-N
cm201tc3e040vqbbukwo3x4p1	KL Half Day Vehicle at Disposal ( 4 Hours ) - Within City Limits - (Pvt Basis)	Kuala Lumpur	\N	\N	eONttvCY57vBRkaFmf86mO-N
clywes2po008s9kj5t7hc0fze	KL Full Day Vehicle at Disposal ( 8 Hours ) - Within City Limits - (Pvt Basis)	Kuala Lumpur	\N	\N	eONttvCY57vBRkaFmf86mO-N
clywes2qh00939kj56uwsf4gu	KL Additional Hour for Extension - Per Hour - (Pvt Basis)	Kuala Lumpur	\N	\N	eONttvCY57vBRkaFmf86mO-N
clywes2qs00999kj52j9wiqia	Penang Half Day Vehicle at Disposal ( 5 Hours ) - (Pvt Basis)	Penang	\N	\N	bCzEuq14aZlRDBozj8Hi9tFS
clywes2q600929kj5jr9ll57c	Penang Full Day City Tour ( 8 Hours ) - (Pvt Basis)	Penang	\N	\N	bCzEuq14aZlRDBozj8Hi9tFS
clywes2rf009l9kj5353glxix	Penang Full Day Vehicle at Disposal ( 8 Hours ) - (Pvt Basis)	Penang	\N	\N	bCzEuq14aZlRDBozj8Hi9tFS
clywes2rc009k9kj5ysgc8jp6	Half Day City Tour ( 4 Hours ) at Langkawi ( from Beach Hotel )	Langkawi	\N	\N	FA3psNfMsxi3s8yLcNvepodK
clywes2ku005s9kj5plitd4oe	Half Day City Tour ( 4 Hours ) at Langkawi ( from North Hotel )	Langkawi	\N	\N	FA3psNfMsxi3s8yLcNvepodK
clywes2s400a39kj5abe5wqz2	Half Day Langkawi Cable Car Tour ( 4 Hours ) at Langkawi ( from Beach Hotel )	Langkawi	\N	\N	FA3psNfMsxi3s8yLcNvepodK
cm19aalhc086ir9f6bfdsqhjg	Half Day Langkawi Dreamforest ( 4 Hours ) at Langkawi ( from Beach Hotel )	Langkawi	\N	\N	FA3psNfMsxi3s8yLcNvepodK
clywes2lj00689kj5tg64175d	Half Day Langkawi Cable Car Tour ( 4 Hours ) at Langkawi ( from North Hotel )	Langkawi	\N	\N	FA3psNfMsxi3s8yLcNvepodK
clywes2hg003q9kj5s6ybcfkt	Half Day Langkawi Underwater World and Crocodile Farm Tour ( 4 Hours ) at Langkawi ( from Beach Hotel )	Langkawi	\N	\N	FA3psNfMsxi3s8yLcNvepodK
cm1ug5cu801uqpo0ptqn8460q	Half Day Langkawi Dreamforest ( 4 Hours ) at Langkawi ( from North Hotel )	Langkawi	\N	\N	FA3psNfMsxi3s8yLcNvepodK
clywes2j9004x9kj53rpjlqzv	Half Day Langkawi Vehicle at Disposal ( 4 Hours ) at Langkawi ( from Beach Hotel )	Langkawi	\N	\N	FA3psNfMsxi3s8yLcNvepodK
clywes2nt007n9kj58jq5dhuu	Half Day Langkawi Vehicle at Disposal ( 4 Hours ) at Langkawi ( from North Hotel )	Langkawi	\N	\N	FA3psNfMsxi3s8yLcNvepodK
clywes2of007z9kj5wjmi5rir	Full Day Langkawi Vehicle at Disposal ( 8 Hours ) at Langkawi ( from North Hotel )	Langkawi	\N	\N	FA3psNfMsxi3s8yLcNvepodK
clywes2jw00599kj5xc3o0kz8	Full Day Langkawi Vehicle at Disposal ( 8 Hours ) at Langkawi ( from Beach Hotel )	Langkawi	\N	\N	FA3psNfMsxi3s8yLcNvepodK
cm0ngh63a00ezrdhp5hw2tkzd	Half Day Zoo Negara Tour ( 3 Hours ) (Pvt Basis)	Kuala Lumpur	\N	\N	clyvxu4yp001iiq9x649pkdga
cm0ngki2i00fcrdhpf5i5xuu6	Half Day KL Bird Park Tour ( 3 Hours ) (Pvt Basis)	Kuala Lumpur	\N	\N	clyvxu4yp001iiq9x649pkdga
CqTTgw06Vgy9GRFOiTuhyV8v	tes0909-okss	tes0909-ok	tes0909-ok	tes0909-ok	-Q8XBRo-F4Joo4SBqT1ZUfnS
clywes2cd001k9kj5dgs2n1mg	KL Half Day City Tour ( 4 Hours ) (Pvt Basis)	Kuala Lumpur	\N	\N	eONttvCY57vBRkaFmf86mO-N
cm1bm0lwj00h54yazpita2smk	KL Half Day City Tour ( 3 Hours ) (Pvt Basis)	Kuala Lumpur	\N	\N	eONttvCY57vBRkaFmf86mO-N
clywes2ds001x9kj5ew305sca	KL Half Day Country Side Tour ( 3 Hours ) (Pvt Basis)	Kuala Lumpur	\N	\N	eONttvCY57vBRkaFmf86mO-N
clywes2ft002s9kj5txrk7zno	KL Half Day Aquaria Tour ( 3 Hours ) (Pvt Basis)	Kuala Lumpur	\N	\N	eONttvCY57vBRkaFmf86mO-N
clywes2el00289kj5ukxdw0d7	KL Night Tour ( 4 Hours ) (Pvt Basis)	Kuala Lumpur	\N	\N	eONttvCY57vBRkaFmf86mO-N
clywes2fc002k9kj546xe4mwh	KL Night Tour ( 4 Hours ) Enroute Dinner Transfer (Pvt Basis)	Kuala Lumpur	\N	\N	eONttvCY57vBRkaFmf86mO-N
clywes2hq003w9kj5qq3gxgp5	Full Day Sunway Lagoon Tour + Enroute Dinner ( 8 Hours ) (Pvt Basis)	Kuala Lumpur	\N	\N	eONttvCY57vBRkaFmf86mO-N
clywes2i700489kj55sb9at7b	Full Day Genting Tour ( 8 Hours ) + Enroute Batu Caves ( 30Mins ) (Pvt Basis)	Kuala Lumpur		\N	eONttvCY57vBRkaFmf86mO-N
clywes2ig004e9kj5250150po	Full Day Genting Tour ( 8 Hours ) + Enroute Batu Caves ( 30Mins ) + Enroute Dinner (Pvt Basis)	Genting Highlands	\N	\N	eONttvCY57vBRkaFmf86mO-N
clywes2j8004w9kj5a6tan2y8	Full Day Malacca Tour ( 8 Hours ) (Pvt Basis)	Malacca	\N	\N	eONttvCY57vBRkaFmf86mO-N
clywes2k3005k9kj5akbv03rs	Full Day Port Dickson Tour ( 8 Hours ) - (Pvt Basis)	Kuala Lumpur	Recomended Guest to bring wet cloths as beach activity can be done in the common beach	\N	eONttvCY57vBRkaFmf86mO-N
clywes2op00889kj5pvy855fj	Evening Kuala Selangor Firefly Tour - (Pvt Basis)	Kuala Lumpur	\N	\N	eONttvCY57vBRkaFmf86mO-N
\.


--
-- Data for Name: TourDetail; Type: TABLE DATA; Schema: public; Owner: postgres
--

COPY public."TourDetail" (id, "quotationId", name, destination, "startDate", "endDate", pax, "profitPercent", "netSellingPrice", "totalCost", "profitAmount", "bookingId", "createdAt", "updatedAt") FROM stdin;
\.


--
-- Data for Name: TourPrice; Type: TABLE DATA; Schema: public; Owner: postgres
--

COPY public."TourPrice" (id, "tourId", "minNoOfPax", "maxNoOfPax", "paxType", "costPrice", vehicle, "optionalPrice") FROM stdin;
cm7omya292rg4101yxsro9217	cm0nh6yoi00h0rdhp521fjk9p	1	3	ALL	200.000000000000000000000000000000	Sedan	\N
cm7omya292rg5101yese0iav6	cm0nh6yoi00h0rdhp521fjk9p	4	7	ALL	295.000000000000000000000000000000	10 Seater ( Toyota Hiace )	\N
cm7omya292rg6101yqhe1nfus	cm0nh6yoi00h0rdhp521fjk9p	8	13	ALL	360.000000000000000000000000000000	18 Seater	\N
cm7omya2a2rg7101yp21s0p7b	cm0nh6yoi00h0rdhp521fjk9p	4	7	ALL	340.000000000000000000000000000000	Starex	\N
cm7omya2a2rg8101ydgooerqu	cm0nh6yoi00h0rdhp521fjk9p	1	4	ALL	475.000000000000000000000000000000	Alphard / Velfire	\N
cm7lqxwwr2kn0101yzf1k7qix	cm7lqxwwm2kmz101yhbrrxa1f	4	7	ALL	230.000000000000000000000000000000	10 Seater ( Toyota Hiace )	\N
cm7lqxwwr2kn1101y6lgmq9y5	cm7lqxwwm2kmz101yhbrrxa1f	8	13	ALL	280.000000000000000000000000000000	18 Seater	\N
cm74hodw622px101y8jwwblmj	cm74hodw022pw101y7vlgz66c	4	7	ALL	500.000000000000000000000000000000	10 Seater ( Toyota Hiace )	\N
cm6f041b40b3c101yewsix11g	cm6f03ufx0b37101yogj5p0r9	1	3	ALL	370.000000000000000000000000000000	Sedan	\N
cm6f041b50b3d101y1q0ufqiv	cm6f03ufx0b37101yogj5p0r9	4	7	ALL	510.000000000000000000000000000000	10 Seater ( Toyota Hiace )	\N
cm6f041b50b3e101yck00t4me	cm6f03ufx0b37101yogj5p0r9	8	13	ALL	530.000000000000000000000000000000	18 Seater	\N
cm60my1is1mqfhemdziwlme50	cm60mw2331mq8hemdw9oms813	1	3	ALL	140.000000000000000000000000000000	Sedan	\N
cm60my1it1mqghemduuwn3fon	cm60mw2331mq8hemdw9oms813	4	7	ALL	230.000000000000000000000000000000	10 Seater ( Toyota Hiace )	\N
cm60my1it1mqhhemdt99ugc76	cm60mw2331mq8hemdw9oms813	8	13	ALL	280.000000000000000000000000000000	18 Seater	\N
cm60my1iu1mqihemdio4tm0hc	cm60mw2331mq8hemdw9oms813	4	7	ALL	480.000000000000000000000000000000	Starex	\N
cm60my1iv1mqjhemd668dktaj	cm60mw2331mq8hemdw9oms813	1	4	ALL	450.000000000000000000000000000000	Alphard / Velfire	\N
cm60km26j1mclhemdxooa1rzl	cm1ufwzfi01u6po0prkwxny05	1	10	ALL	300.000000000000000000000000000000	Boat	\N
cm60km26j1mcmhemd5lu78u5a	cm1ufwzfi01u6po0prkwxny05	11	12	ALL	480.000000000000000000000000000000	Boat	\N
cm60km26k1mcnhemdmfnpztsr	cm1ufwzfi01u6po0prkwxny05	1	8	ALL	500.000000000000000000000000000000	Boat ( 1- 8Pax )	\N
cm5ug60k21cjchemd3uws2db1	cm5ug60jq1cjbhemdn890h7f6	1	3	ALL	1155.000000000000000000000000000000	Sedan	\N
cm5pa2bu019zghemdj5dqnzq9	cm5pa2btv19zfhemd6enp5rgy	1	3	ALL	490.000000000000000000000000000000	Sedan	\N
cm5pa2bu219zhhemd47tn9dcy	cm5pa2btv19zfhemd6enp5rgy	4	7	ALL	560.000000000000000000000000000000	10 Seater ( Toyota Hiace )	\N
cm5pa2bu219zihemdh6yjy2y3	cm5pa2btv19zfhemd6enp5rgy	8	13	ALL	630.000000000000000000000000000000	18 Seater	\N
cm5pa2bu319zjhemd2r7rc88p	cm5pa2btv19zfhemd6enp5rgy	4	7	ALL	610.000000000000000000000000000000	Starex	\N
cm5pa2bu319zkhemd8b8uqray	cm5pa2btv19zfhemd6enp5rgy	1	4	ALL	750.000000000000000000000000000000	Alphard / Velfire	\N
cm5kyx3y40vlahemdkt4h26x3	cm0nh7imh00hdrdhpsnxppn0l	1	3	ADULT	250.000000000000000000000000000000	[SIC - Sharing Basis]	\N
cm5kyx3y50vlbhemdu7czk4u9	cm0nh7imh00hdrdhpsnxppn0l	1	3	CHILD	150.000000000000000000000000000000	[SIC - Sharing Basis]	\N
cm5estzdm0f4khemdphda4dxa	cm3fuc88h11v0w3vsrvlk2eoi	8	13	ALL	80.000000000000000000000000000000	18 Seater	\N
cm6a97jvd03kw101yunhellq5	clywes2gy003f9kj50bzqzhap	1	3	All	110.000000000000000000000000000000	SEDAN	110
cm6a97jve03kx101yajpiwy57	clywes2gy003f9kj50bzqzhap	4	7	All	190.000000000000000000000000000000	TEN_SEATER	190
cm6a97jve03ky101ywrrunrpc	clywes2gy003f9kj50bzqzhap	8	13	All	260.000000000000000000000000000000	EIGHTEEN_SEATER	260
cm6a97jve03kz101yq282t91b	clywes2gy003f9kj50bzqzhap	4	7	All	210.000000000000000000000000000000	STAREX	210
cm6a97jve03l0101yectk4ich	clywes2gy003f9kj50bzqzhap	1	4	All	300.000000000000000000000000000000	ALPHARD_VELLFIRE	300
cm6yjf6lu1khg101ynue10a4f	cm21prhj300y5p4z6b2werasz	1	3	All	650.000000000000000000000000000000	SEDAN	650
cm6yjf6lu1khh101yrqxp7tel	cm21prhj300y5p4z6b2werasz	4	7	All	750.000000000000000000000000000000	TEN_SEATER	750
cm6yjf6lu1khi101ylh6bmjn9	cm21prhj300y5p4z6b2werasz	8	13	All	900.000000000000000000000000000000	EIGHTEEN_SEATER	900
cm6yjf6lv1khj101yq6e8i4e2	cm21prhj300y5p4z6b2werasz	4	7	All	800.000000000000000000000000000000	STAREX	800
cm6z0zsf21qm5101yiqbd0qbs	clywes2pj008q9kj5mk1lthhn	1	3	All	225.000000000000000000000000000000	SEDAN	225
cm6z0zsf21qm6101yex8xkox6	clywes2pj008q9kj5mk1lthhn	4	7	All	325.000000000000000000000000000000	TEN_SEATER	325
cm6z0zsf21qm7101y8v87dgzh	clywes2pj008q9kj5mk1lthhn	8	13	All	425.000000000000000000000000000000	EIGHTEEN_SEATER	425
cm6z0zsf21qm8101y2ztwtp4n	clywes2pj008q9kj5mk1lthhn	4	7	All	500.000000000000000000000000000000	STAREX	500
cm6z0zsf31qm9101yck9yhgbi	clywes2pj008q9kj5mk1lthhn	1	4	All	600.000000000000000000000000000000	ALPHARD_VELLFIRE	600
cm6z0uiqx1qlz101yca12zq7y	cm6kfom5g0mvi101yahgbxlvy	1	3	All	225.000000000000000000000000000000	SEDAN	225
cm6z0uiqx1qm0101yy564fx59	cm6kfom5g0mvi101yahgbxlvy	4	7	All	325.000000000000000000000000000000	TEN_SEATER	325
cm6z0uiqx1qm1101yb7itcknb	cm6kfom5g0mvi101yahgbxlvy	8	13	All	425.000000000000000000000000000000	EIGHTEEN_SEATER	425
cm6z0uiqx1qm2101yul22uhen	cm6kfom5g0mvi101yahgbxlvy	4	7	All	500.000000000000000000000000000000	STAREX	500
cm6z0uiqx1qm3101yloa64e2u	cm6kfom5g0mvi101yahgbxlvy	1	4	All	600.000000000000000000000000000000	ALPHARD_VELLFIRE	600
cm6an5r0l04d8101y9fgj1nyd	cm6an5ed204cv101yoowtoxqg	1	3	All	225.000000000000000000000000000000	SEDAN	225
cm6an5r0m04d9101yyh3pr9x6	cm6an5ed204cv101yoowtoxqg	4	7	All	325.000000000000000000000000000000	TEN_SEATER	325
cm6an5r0m04da101y7kcoexnt	cm6an5ed204cv101yoowtoxqg	8	13	All	425.000000000000000000000000000000	EIGHTEEN_SEATER	425
cm6an5r0m04db101yayini2de	cm6an5ed204cv101yoowtoxqg	4	7	All	500.000000000000000000000000000000	STAREX	500
cm6an5r0m04dc101yjvx9nyey	cm6an5ed204cv101yoowtoxqg	1	4	All	600.000000000000000000000000000000	ALPHARD_VELLFIRE	600
cm5estzdm0f4lhemdcaa9j6tt	cm3fuc88h11v0w3vsrvlk2eoi	1	3	ALL	80.000000000000000000000000000000	Sedan	\N
cm5estzdn0f4mhemddbypsqpe	cm3fuc88h11v0w3vsrvlk2eoi	3	7	ALL	100.000000000000000000000000000000	10 Seater ( Toyota Hiace )	\N
cm4uziyea1k69y65zfyomm3ns	cm4uui5kl1ihfy65zj0wknd81	3	7	ALL	540.000000000000000000000000000000	10 Seater ( Toyota Hiace )	\N
cm4uziyeb1k6ay65zmz8wgze1	cm4uui5kl1ihfy65zj0wknd81	1	3	ALL	440.000000000000000000000000000000	Sedan	\N
cm4ntlyhw1277y65z0tygmipy	cm4ntlyhs1276y65zk8ce4va5	1	3	ALL	140.000000000000000000000000000000	Sedan	\N
cm40ogpkv12hou9cgaxj8gspa	cm40ogpko12hnu9cg2ujxvfs9	1	3	ALL	220.000000000000000000000000000000	Sedan	\N
cm40ogpkv12hpu9cgj8c4a8aw	cm40ogpko12hnu9cg2ujxvfs9	4	7	ALL	400.000000000000000000000000000000	10 Seater ( Toyota Hiace )	\N
cm40ogpkw12hqu9cghadqzkpp	cm40ogpko12hnu9cg2ujxvfs9	8	13	ALL	480.000000000000000000000000000000	18 Seater	\N
cm40ogpkw12hru9cgoc684o8h	cm40ogpko12hnu9cg2ujxvfs9	1	4	ALL	700.000000000000000000000000000000	Alphard / Velfire	\N
cm40ogpkw12hsu9cg46js4fe1	cm40ogpko12hnu9cg2ujxvfs9	4	7	ALL	740.000000000000000000000000000000	Starex	\N
cm40odu9y12hhu9cgisoqjvgo	cm40odu9q12hgu9cg7t8c6fav	1	3	ALL	270.000000000000000000000000000000	Sedan	\N
cm40odu9y12hiu9cg6d7vd9fo	cm40odu9q12hgu9cg7t8c6fav	4	7	ALL	430.000000000000000000000000000000	10 Seater ( Toyota Hiace )	\N
cm40odu9y12hju9cgprgmllm1	cm40odu9q12hgu9cg7t8c6fav	8	13	ALL	530.000000000000000000000000000000	18 Seater	\N
cm40odu9y12hku9cg7m41zazy	cm40odu9q12hgu9cg7t8c6fav	1	4	ALL	850.000000000000000000000000000000	Alphard / Velfire	\N
cm40odu9z12hlu9cgikasvgor	cm40odu9q12hgu9cg7t8c6fav	4	7	ALL	880.000000000000000000000000000000	Starex	\N
cm3y8hklu0ys8u9cgx0xkf892	cm3y8gd610ys1u9cgu04vllmf	1	16	ADULT	150.000000000000000000000000000000	[SIC - Sharing Basis]	\N
cm3y8hklu0ys9u9cggsaq7ee5	cm3y8gd610ys1u9cgu04vllmf	1	16	CHILD	120.000000000000000000000000000000	[SIC - Sharing Basis]	\N
cm3ckyd9l0sizw3vsoh30u8mo	cm3ckyd9g0siyw3vsxooii12z	1	3	ALL	175.000000000000000000000000000000	Sedan	\N
cm3ckyd9l0sj0w3vs3ayl20z6	cm3ckyd9g0siyw3vsxooii12z	4	7	ALL	312.500000000000000000000000000000	10 Seater ( Toyota Hiace )	\N
cm3ckyd9l0sj1w3vsocx0bpg7	cm3ckyd9g0siyw3vsxooii12z	8	13	ALL	362.500000000000000000000000000000	18 Seater	\N
cm3ckyd9l0sj2w3vsznn08l8y	cm3ckyd9g0siyw3vsxooii12z	4	7	ALL	312.500000000000000000000000000000	Starex	\N
cm3ckyd9l0sj3w3vsqjxs31ce	cm3ckyd9g0siyw3vsxooii12z	1	4	ALL	500.000000000000000000000000000000	Alphard / Velfire	\N
cm3a9svve0r5ew3vslwnmkyzq	clywes2po008s9kj5t7hc0fze	14	42	ALL	1200.000000000000000000000000000000	44 Seater	\N
cm2bc6n1a0b6ip4z6u60uu4ar	cm1ufv9am01u1po0pxkkk0ue8	1	8	ALL	350.000000000000000000000000000000	Boat ( 1- 8Pax )	\N
cm2bc6n1b0b6jp4z6qbes2usj	cm1ufv9am01u1po0pxkkk0ue8	8	12	ALL	450.000000000000000000000000000000	Boat ( 1 - 12Pax )	\N
cm2bc6n1b0b6kp4z6nqd3pfqm	cm1ufv9am01u1po0pxkkk0ue8	12	16	ALL	550.000000000000000000000000000000	Boat ( 1 - 16Pax )	\N
cm20dbb4v04svqbbuink5twfu	clywes2i700489kj55sb9at7b	1	3	All	320.000000000000000000000000000000	SEDAN	320
cm20dbb4w04swqbbudw300m8z	clywes2i700489kj55sb9at7b	4	7	All	410.000000000000000000000000000000	TEN_SEATER	410
cm4qrb5w415z2y65z2f2mf4ir	cm2lz8p6101k3w3vsq35tdihi	1	3	All	690.000000000000000000000000000000	SEDAN	690
cm4qrb5w415z3y65zwa2q4hb3	cm2lz8p6101k3w3vsq35tdihi	4	7	All	840.000000000000000000000000000000	TEN_SEATER	840
cm3a9svvc0r59w3vsqufijnx1	clywes2po008s9kj5t7hc0fze	1	3	All	440.000000000000000000000000000000	SEDAN	440
cm3a9svvc0r5aw3vsnqw5n8x2	clywes2po008s9kj5t7hc0fze	4	7	All	540.000000000000000000000000000000	TEN_SEATER	540
cm3a9svvd0r5bw3vstcdoxmc0	clywes2po008s9kj5t7hc0fze	8	13	All	630.000000000000000000000000000000	EIGHTEEN_SEATER	630
cm3a9svvd0r5cw3vslkv89327	clywes2po008s9kj5t7hc0fze	4	7	All	560.000000000000000000000000000000	STAREX	560
cm3a9svvd0r5dw3vstktgrcsr	clywes2po008s9kj5t7hc0fze	1	4	All	800.000000000000000000000000000000	ALPHARD_VELLFIRE	800
cm4qszm6u16pyy65z5dlw7m5u	cm4qsytbg16pwy65zai63wap0	1	3	All	1200.000000000000000000000000000000	SEDAN	1200
cm4jbj7jh0oyfy65z9laihnpn	clywes2nt007n9kj58jq5dhuu	1	3	All	170.000000000000000000000000000000	SEDAN	170
cm4jbj7ji0oygy65zmidej5ok	clywes2nt007n9kj58jq5dhuu	4	7	All	250.000000000000000000000000000000	TEN_SEATER	250
cm4jbj7ji0oyhy65zup9h34y7	clywes2nt007n9kj58jq5dhuu	8	13	All	330.000000000000000000000000000000	EIGHTEEN_SEATER	330
cm4jbj7ji0oyiy65z2sfusdhy	clywes2nt007n9kj58jq5dhuu	4	7	All	640.000000000000000000000000000000	STAREX	640
cm4jbj7ji0oyjy65zrmx8zoeo	clywes2nt007n9kj58jq5dhuu	1	4	All	600.000000000000000000000000000000	ALPHARD_VELLFIRE	600
cm4jbj0060oy9y65zdkskzq3d	clywes2of007z9kj5wjmi5rir	1	3	All	270.000000000000000000000000000000	SEDAN	270
cm4jbj0060oyay65zmnp3jvlh	clywes2of007z9kj5wjmi5rir	4	7	All	430.000000000000000000000000000000	TEN_SEATER	430
cm4jbj0060oyby65znxkywgn9	clywes2of007z9kj5wjmi5rir	8	13	All	530.000000000000000000000000000000	EIGHTEEN_SEATER	530
cm4jbj0060oycy65z8kunra0c	clywes2of007z9kj5wjmi5rir	4	7	All	880.000000000000000000000000000000	STAREX	880
cm4jbj0070oydy65zgkl42a1d	clywes2of007z9kj5wjmi5rir	1	4	All	850.000000000000000000000000000000	ALPHARD_VELLFIRE	850
cm201tc3o0411qbbu1v419xjl	cm201tc3e040vqbbukwo3x4p1	14	42	ALL	850.000000000000000000000000000000	44 Seater	\N
cm1ynlfzt01spqbbu005a8l29	cm1ynlfzd01soqbbu4yzjypkm	1	3	ALL	240.000000000000000000000000000000	Sedan	\N
cm1ynlfzv01sqqbbubvxfuh71	cm1ynlfzd01soqbbu4yzjypkm	4	7	ALL	330.000000000000000000000000000000	10 Seater ( Toyota Hiace )	\N
cm1ynlfzv01srqbbutzwzooyy	cm1ynlfzd01soqbbu4yzjypkm	8	13	ALL	380.000000000000000000000000000000	18 Seater	\N
cm1ynlfzx01ssqbbubowhfpdd	cm1ynlfzd01soqbbu4yzjypkm	1	4	ALL	550.000000000000000000000000000000	Alphard / Velfire	\N
cm1ynlfzy01stqbbu4v1cxne2	cm1ynlfzd01soqbbu4yzjypkm	4	7	ALL	480.000000000000000000000000000000	Starex	\N
cm1yncftn01q0qbbuqj83gsxw	cm1yncfth01pzqbbu8sktec65	1	3	ALL	240.000000000000000000000000000000	Sedan	\N
cm1yncftn01q1qbburrnai98e	cm1yncfth01pzqbbu8sktec65	4	7	ALL	330.000000000000000000000000000000	10 Seater ( Toyota Hiace )	\N
cm1yncftn01q2qbbudqg97efp	cm1yncfth01pzqbbu8sktec65	8	13	ALL	380.000000000000000000000000000000	18 Seater	\N
cm1yncfto01q3qbbuz7pnm77e	cm1yncfth01pzqbbu8sktec65	4	7	ALL	580.000000000000000000000000000000	Starex	\N
cm1yncfto01q4qbbumjhfr1a7	cm1yncfth01pzqbbu8sktec65	1	4	ALL	580.000000000000000000000000000000	Alphard / Velfire	\N
cm1ym834v01jiqbbu7lbkvhen	cm1ym7k4o01j7qbbubpi9zbwh	1	3	ALL	240.000000000000000000000000000000	Sedan	\N
cm1ym834v01jjqbbu76nqnprg	cm1ym7k4o01j7qbbubpi9zbwh	4	7	ALL	330.000000000000000000000000000000	10 Seater ( Toyota Hiace )	\N
cm1ym834v01jkqbbuwdv9wh40	cm1ym7k4o01j7qbbubpi9zbwh	8	13	ALL	380.000000000000000000000000000000	18 Seater	\N
cm1ym834v01jlqbbue3iqw5zh	cm1ym7k4o01j7qbbubpi9zbwh	4	7	ALL	580.000000000000000000000000000000	Starex	\N
cm1ym834w01jmqbbu0fqlg6jd	cm1ym7k4o01j7qbbubpi9zbwh	1	4	ALL	580.000000000000000000000000000000	Alphard / Velfire	\N
cm1ulyqn802z4po0ps69k1yzu	cm1ulyo8802yxpo0pjo6abok2	1	3	ALL	130.000000000000000000000000000000	Sedan	\N
cm1ulyqn902z5po0p4ck30khk	cm1ulyo8802yxpo0pjo6abok2	4	7	ALL	190.000000000000000000000000000000	10 Seater ( Toyota Hiace )	\N
cm1ulyqn902z6po0pdt70bvbg	cm1ulyo8802yxpo0pjo6abok2	8	13	ALL	270.000000000000000000000000000000	18 Seater	\N
cm1ulyqn902z7po0p60corwpr	cm1ulyo8802yxpo0pjo6abok2	4	7	ALL	240.000000000000000000000000000000	Starex	\N
cm1ulyqn902z8po0pksp4h7q5	cm1ulyo8802yxpo0pjo6abok2	1	4	ALL	350.000000000000000000000000000000	Alphard / Velfire	\N
cm1uhekvm01ympo0pe5p35e53	cm1affhqq00014yazb1flr000	1	1	ALL	0.000000000000000000000000000000	Sedan	\N
cm1ufzzhn01uepo0pw2trfrc2	clywes2m8006o9kj5pyatzj6j	1	3	ALL	170.000000000000000000000000000000	Sedan	\N
cm1ufzzhn01ufpo0py3o669v6	clywes2m8006o9kj5pyatzj6j	4	7	ALL	250.000000000000000000000000000000	10 Seater ( Toyota Hiace )	\N
cm1ufzzhn01ugpo0ppslzcqws	clywes2m8006o9kj5pyatzj6j	8	13	ALL	330.000000000000000000000000000000	18 Seater	\N
cm1ufzzho01uhpo0p2ah6clnx	clywes2m8006o9kj5pyatzj6j	4	7	ALL	640.000000000000000000000000000000	Starex	\N
cm1ufzzho01uipo0p9uy5kf1i	clywes2m8006o9kj5pyatzj6j	1	4	ALL	600.000000000000000000000000000000	Alphard / Velfire	\N
cm1z01zmw02jfqbbuhhq5orqi	cm1z01zm102jeqbburlone395	1	3	All	1200.000000000000000000000000000000	SEDAN	1200
cm1z01zmw02jgqbbui5erj435	cm1z01zm102jeqbburlone395	4	7	All	1300.000000000000000000000000000000	TEN_SEATER	1300
cm201tc3n040wqbbupe1i835p	cm201tc3e040vqbbukwo3x4p1	1	3	All	240.000000000000000000000000000000	SEDAN	240
cm201tc3n040xqbbugn0y3uig	cm201tc3e040vqbbukwo3x4p1	4	7	All	290.000000000000000000000000000000	TEN_SEATER	290
cm201tc3n040yqbbu587k3d92	cm201tc3e040vqbbukwo3x4p1	8	13	All	360.000000000000000000000000000000	EIGHTEEN_SEATER	360
cm1ufg3oi01tlpo0pkzc6qxa7	clywes2hg003q9kj5s6ybcfkt	1	3	All	140.000000000000000000000000000000	SEDAN	140
cm1ufg3oi01tmpo0pgrqudrh1	clywes2hg003q9kj5s6ybcfkt	4	7	All	230.000000000000000000000000000000	TEN_SEATER	230
cm1ufg3oj01tnpo0peemzsato	clywes2hg003q9kj5s6ybcfkt	8	13	All	280.000000000000000000000000000000	EIGHTEEN_SEATER	280
cm1ufec8t01tfpo0p8uaq7e5n	clywes2lj00689kj5tg64175d	1	3	All	170.000000000000000000000000000000	SEDAN	170
cm1ufec8u01tgpo0pmyvh0yea	clywes2lj00689kj5tg64175d	4	7	All	250.000000000000000000000000000000	TEN_SEATER	250
cm1ufec8u01thpo0pbd1dsx06	clywes2lj00689kj5tg64175d	8	13	All	330.000000000000000000000000000000	EIGHTEEN_SEATER	330
cm1ufg3oj01topo0pe47yawfs	clywes2hg003q9kj5s6ybcfkt	4	7	All	480.000000000000000000000000000000	STAREX	480
cm1ug2edi01ukpo0p2gezt302	cm19aalhc086ir9f6bfdsqhjg	1	3	All	140.000000000000000000000000000000	SEDAN	140
cm1ug2edi01ulpo0pffkz88h3	cm19aalhc086ir9f6bfdsqhjg	4	7	All	230.000000000000000000000000000000	TEN_SEATER	230
cm1ug2edj01umpo0pg5emzgxs	cm19aalhc086ir9f6bfdsqhjg	8	13	All	280.000000000000000000000000000000	EIGHTEEN_SEATER	280
cm1ug2edj01unpo0pq4z040ou	cm19aalhc086ir9f6bfdsqhjg	4	7	All	480.000000000000000000000000000000	STAREX	480
cm1ug2edj01uopo0p0ffbdwal	cm19aalhc086ir9f6bfdsqhjg	1	4	All	450.000000000000000000000000000000	ALPHARD_VELLFIRE	450
cm1ug5cuf01urpo0p4td4cmj4	cm1ug5cu801uqpo0ptqn8460q	1	3	All	170.000000000000000000000000000000	SEDAN	170
cm1ug5cug01uspo0plwrm7bpw	cm1ug5cu801uqpo0ptqn8460q	4	7	All	250.000000000000000000000000000000	TEN_SEATER	250
cm1ug5cug01utpo0p83iswz59	cm1ug5cu801uqpo0ptqn8460q	8	13	All	330.000000000000000000000000000000	EIGHTEEN_SEATER	330
cm1ug5cug01uupo0p6n75a7xp	cm1ug5cu801uqpo0ptqn8460q	1	4	All	600.000000000000000000000000000000	ALPHARD_VELLFIRE	600
cm1ug5cug01uvpo0pq8ur5ndm	cm1ug5cu801uqpo0ptqn8460q	4	7	All	640.000000000000000000000000000000	STAREX	640
cm1ug7xpc01uxpo0pwi7x99rr	clywes2j9004x9kj53rpjlqzv	1	3	All	140.000000000000000000000000000000	SEDAN	140
cm1ug7xpc01uypo0pxy07b85x	clywes2j9004x9kj53rpjlqzv	4	7	All	230.000000000000000000000000000000	TEN_SEATER	230
cm1ug7xpf01uzpo0pvucepiuf	clywes2j9004x9kj53rpjlqzv	8	13	All	280.000000000000000000000000000000	EIGHTEEN_SEATER	280
cm1ug7xpf01v0po0prboikx4b	clywes2j9004x9kj53rpjlqzv	4	7	All	480.000000000000000000000000000000	STAREX	480
cm1ug7xpf01v1po0pe6eqxjtn	clywes2j9004x9kj53rpjlqzv	1	4	All	450.000000000000000000000000000000	ALPHARD_VELLFIRE	450
cm1ugcmvf01vopo0pg28ux5oc	clywes2jw00599kj5xc3o0kz8	1	3	All	220.000000000000000000000000000000	SEDAN	220
cm1ugcmvf01vppo0p99ys23uz	clywes2jw00599kj5xc3o0kz8	4	7	All	400.000000000000000000000000000000	TEN_SEATER	400
cm1ugcmvg01vqpo0pg54xe2oj	clywes2jw00599kj5xc3o0kz8	8	13	All	480.000000000000000000000000000000	EIGHTEEN_SEATER	480
cm1ugcmvg01vrpo0pacrjx5eq	clywes2jw00599kj5xc3o0kz8	4	7	All	740.000000000000000000000000000000	STAREX	740
cm1ufec8u01tjpo0pj8972n1t	clywes2lj00689kj5tg64175d	1	3	ALL	170.000000000000000000000000000000	Sedan	\N
cm1sxvsus018jpo0p11b7kv1b	cm1sxvsuf018ipo0p7owcicap	1	3	ALL	100.000000000000000000000000000000	Sedan	\N
cm1sxvsut018kpo0pt7k05dh2	cm1sxvsuf018ipo0p7owcicap	4	7	ALL	150.000000000000000000000000000000	10 Seater ( Toyota Hiace )	\N
cm1sxvsut018lpo0psb3otr2j	cm1sxvsuf018ipo0p7owcicap	8	13	ALL	200.000000000000000000000000000000	18 Seater	\N
cm1sqczs1016tpo0psz33sd7k	clywes2pb008k9kj59s0szd8h	1	3	ALL	240.000000000000000000000000000000	Sedan	\N
cm1sqczs2016upo0p51adtr7q	clywes2pb008k9kj59s0szd8h	4	7	ALL	290.000000000000000000000000000000	10 Seater ( Toyota Hiace )	\N
cm1sqczs4016vpo0pzhx7rw2a	clywes2pb008k9kj59s0szd8h	8	13	ALL	360.000000000000000000000000000000	18 Seater	\N
cm1sqczs5016wpo0pwczz88n0	clywes2pb008k9kj59s0szd8h	4	7	ALL	360.000000000000000000000000000000	Starex	\N
cm1sqczs6016xpo0pspdv2usj	clywes2pb008k9kj59s0szd8h	1	4	ALL	450.000000000000000000000000000000	Alphard / Velfire	\N
cm1sqczs6016ypo0p02ltklid	clywes2pb008k9kj59s0szd8h	14	42	ALL	850.000000000000000000000000000000	44 Seater	\N
cm1rqnasm012xpo0pq6kyloy5	clywes2s500a49kj5izohdka8	1	3	ALL	240.000000000000000000000000000000	Sedan	\N
cm1rqnasm012ypo0ptpkqxpo9	clywes2s500a49kj5izohdka8	3	7	ALL	330.000000000000000000000000000000	10 Seater ( Toyota Hiace )	\N
cm1rqnasm012zpo0pd05x9bqk	clywes2s500a49kj5izohdka8	8	13	ALL	380.000000000000000000000000000000	18 Seater	\N
cm1rqnasn0130po0pnps8d5m1	clywes2s500a49kj5izohdka8	3	7	ALL	580.000000000000000000000000000000	Starex	\N
cm1rqnasn0131po0pyjj3rdmt	clywes2s500a49kj5izohdka8	1	4	ALL	580.000000000000000000000000000000	Alphard / Velfire	\N
cm1rqkw37010lpo0p3in3gi3b	clywes2rj009r9kj5sh84l79t	1	3	ALL	240.000000000000000000000000000000	Sedan	\N
cm1rqkw37010mpo0pm5aff135	clywes2rj009r9kj5sh84l79t	3	7	ALL	330.000000000000000000000000000000	10 Seater ( Toyota Hiace )	\N
cm1rqkw37010npo0pv0m6kz9a	clywes2rj009r9kj5sh84l79t	8	13	ALL	380.000000000000000000000000000000	18 Seater	\N
cm1rqkw37010opo0p740x5z27	clywes2rj009r9kj5sh84l79t	3	7	ALL	580.000000000000000000000000000000	Starex	\N
cm1rqkw37010ppo0pumqgk37d	clywes2rj009r9kj5sh84l79t	1	4	ALL	580.000000000000000000000000000000	Alphard / Velfire	\N
cm1rqjhiq00zxpo0p07t4u5kt	clywes2hq003x9kj5l9z4yifm	1	3	ALL	240.000000000000000000000000000000	Sedan	\N
cm1rqjhir00zypo0pr03iwdh3	clywes2hq003x9kj5l9z4yifm	3	7	ALL	330.000000000000000000000000000000	10 Seater ( Toyota Hiace )	\N
cm1rqjhir00zzpo0pr2dexgtu	clywes2hq003x9kj5l9z4yifm	8	13	ALL	380.000000000000000000000000000000	18 Seater	\N
cm1rqjhis0100po0pzszojmlt	clywes2hq003x9kj5l9z4yifm	3	7	ALL	580.000000000000000000000000000000	Starex	\N
cm1rqjhit0101po0p4gewkezz	clywes2hq003x9kj5l9z4yifm	1	4	ALL	580.000000000000000000000000000000	Alphard / Velfire	\N
cm1rqhtf100yxpo0pzggzfc18	clywes2ju00589kj53egw8h5h	1	3	ALL	600.000000000000000000000000000000	Sedan	\N
cm1rqhtf100yypo0pi8cy85x7	clywes2ju00589kj53egw8h5h	3	7	ALL	750.000000000000000000000000000000	10 Seater ( Toyota Hiace )	\N
cm1rqhtf200yzpo0p8hr9tssc	clywes2ju00589kj53egw8h5h	8	13	ALL	850.000000000000000000000000000000	18 Seater	\N
cm1rqhtf200z0po0pofg09fbp	clywes2ju00589kj53egw8h5h	3	7	ALL	690.000000000000000000000000000000	Starex	\N
cm1rqhtf200z1po0p5ncmw87l	clywes2ju00589kj53egw8h5h	1	4	ALL	1070.000000000000000000000000000000	Alphard / Velfire	\N
cm1rqgt3w00ylpo0pgs00cyut	clywes2ns007m9kj5jp30nv98	1	3	ALL	1100.000000000000000000000000000000	Sedan	\N
cm1rqgt3x00ympo0pk2gx7ip5	clywes2ns007m9kj5jp30nv98	3	7	ALL	1350.000000000000000000000000000000	10 Seater ( Toyota Hiace )	\N
cm1rqgt3x00ynpo0pqge97s6t	clywes2ns007m9kj5jp30nv98	8	13	ALL	1450.000000000000000000000000000000	18 Seater	\N
cm1rqoa3c0143po0p0q9i4klj	clywes2qs00999kj52j9wiqia	1	3	All	225.000000000000000000000000000000	SEDAN	225
cm1rqoa3c0144po0pvy4l8qyj	clywes2qs00999kj52j9wiqia	4	7	All	325.000000000000000000000000000000	TEN_SEATER	325
cm1rqoa3c0145po0pzwdhk48t	clywes2qs00999kj52j9wiqia	8	13	All	425.000000000000000000000000000000	EIGHTEEN_SEATER	425
cm1rqntaq013lpo0pxh8ds91c	clywes2q600929kj5jr9ll57c	1	3	All	360.000000000000000000000000000000	SEDAN	360
cm1rqntaq013mpo0pe43fqns0	clywes2q600929kj5jr9ll57c	4	7	All	520.000000000000000000000000000000	TEN_SEATER	520
cm1rqntas013npo0pmzghz6us	clywes2q600929kj5jr9ll57c	8	13	All	680.000000000000000000000000000000	EIGHTEEN_SEATER	680
cm1rqntat013opo0pwrgdv1k9	clywes2q600929kj5jr9ll57c	4	7	All	800.000000000000000000000000000000	STAREX	800
cm1rqntat013ppo0pabc49zji	clywes2q600929kj5jr9ll57c	1	4	All	960.000000000000000000000000000000	ALPHARD_VELLFIRE	960
cm1rqnf640133po0phvuvbvix	clywes2rf009l9kj5353glxix	1	3	All	360.000000000000000000000000000000	SEDAN	360
cm1rqnf650134po0p9e94gte0	clywes2rf009l9kj5353glxix	4	7	All	520.000000000000000000000000000000	TEN_SEATER	520
cm1rqnf650135po0p9q6nyxkh	clywes2rf009l9kj5353glxix	8	13	All	680.000000000000000000000000000000	EIGHTEEN_SEATER	680
cm1rqnf650136po0pw003bpgv	clywes2rf009l9kj5353glxix	4	7	All	800.000000000000000000000000000000	STAREX	800
cm1uf6mj901s0po0p1rdpwseo	clywes2rc009k9kj5ysgc8jp6	1	3	All	140.000000000000000000000000000000	SEDAN	140
cm1uf6mja01s1po0p2e1nv4st	clywes2rc009k9kj5ysgc8jp6	4	7	All	230.000000000000000000000000000000	TEN_SEATER	230
cm1uf6mja01s2po0pnl2pxdny	clywes2rc009k9kj5ysgc8jp6	8	13	All	280.000000000000000000000000000000	EIGHTEEN_SEATER	280
cm1uf6mja01s3po0pcmrm5b0o	clywes2rc009k9kj5ysgc8jp6	1	4	All	450.000000000000000000000000000000	ALPHARD_VELLFIRE	450
cm1uf6mja01s4po0pcfimw925	clywes2rc009k9kj5ysgc8jp6	4	7	All	480.000000000000000000000000000000	STAREX	480
cm1uf9lo401swpo0pzrlxedk8	clywes2ku005s9kj5plitd4oe	1	3	All	170.000000000000000000000000000000	SEDAN	170
cm1uf9lo401sxpo0p38ocv9bg	clywes2ku005s9kj5plitd4oe	4	7	All	250.000000000000000000000000000000	TEN_SEATER	250
cm1uf9lo501sypo0ptz0j7gog	clywes2ku005s9kj5plitd4oe	8	13	All	330.000000000000000000000000000000	EIGHTEEN_SEATER	330
cm1uf9lob01szpo0ptb67ak40	clywes2ku005s9kj5plitd4oe	4	7	All	640.000000000000000000000000000000	STAREX	640
cm1uf9lob01t0po0pmz90fh05	clywes2ku005s9kj5plitd4oe	1	4	All	600.000000000000000000000000000000	ALPHARD_VELLFIRE	600
cm1ufay1x01t9po0p4k2tyv4l	clywes2s400a39kj5abe5wqz2	1	3	All	140.000000000000000000000000000000	SEDAN	140
cm1ufay1x01tapo0ply8cdv92	clywes2s400a39kj5abe5wqz2	4	7	All	230.000000000000000000000000000000	TEN_SEATER	230
cm1ufay1y01tbpo0pr9qqtv4n	clywes2s400a39kj5abe5wqz2	8	13	All	280.000000000000000000000000000000	EIGHTEEN_SEATER	280
cm1ufay1y01tcpo0pyybzkf25	clywes2s400a39kj5abe5wqz2	4	7	All	480.000000000000000000000000000000	STAREX	480
cm1ufay1y01tdpo0p3hm4vd02	clywes2s400a39kj5abe5wqz2	1	4	All	450.000000000000000000000000000000	ALPHARD_VELLFIRE	450
cm1ufec8u01tipo0pozf48fz4	clywes2lj00689kj5tg64175d	4	7	All	640.000000000000000000000000000000	STAREX	640
cm1rqg6vo00ybpo0pqkk1por0	clywes2lo006a9kj5cna506y9	1	3	ALL	750.000000000000000000000000000000	Sedan	\N
cm1rqg6vo00ycpo0pum8eo200	clywes2lo006a9kj5cna506y9	3	7	ALL	950.000000000000000000000000000000	10 Seater ( Toyota Hiace )	\N
cm1rqg6vo00ydpo0pk8nzykjy	clywes2lo006a9kj5cna506y9	8	13	ALL	1050.000000000000000000000000000000	18 Seater	\N
cm1rqcu4000wtpo0pkigtqhdn	cm10jxe3u00njr9f6robidrtr	1	3	ALL	180.000000000000000000000000000000	Sedan	\N
cm1rqcu4000wupo0pcqggy8ef	cm10jxe3u00njr9f6robidrtr	4	7	ALL	230.000000000000000000000000000000	10 Seater ( Toyota Hiace )	\N
cm1rqcu4100wvpo0p1auv8prz	cm10jxe3u00njr9f6robidrtr	8	14	ALL	270.000000000000000000000000000000	18 Seater	\N
cm1rqcu4100wwpo0px6wakkl5	cm10jxe3u00njr9f6robidrtr	4	7	ALL	250.000000000000000000000000000000	Starex	\N
cm1rqcu4100wxpo0p2tlb8y86	cm10jxe3u00njr9f6robidrtr	1	4	ALL	360.000000000000000000000000000000	Alphard / Velfire	\N
cm1rqbo4u00wlpo0p9lo6nkba	cm1bnwhny00pl4yaz9kil5jjh	4	7	ALL	580.000000000000000000000000000000	10 Seater ( Toyota Hiace )	\N
cm1rqbo4u00wmpo0p416vvenj	cm1bnwhny00pl4yaz9kil5jjh	8	14	ALL	680.000000000000000000000000000000	18 Seater	\N
cm1rqbo4v00wnpo0pxvcok2h4	cm1bnwhny00pl4yaz9kil5jjh	4	7	ALL	610.000000000000000000000000000000	Starex	\N
cm1rqbo4w00wopo0pb4q279uz	cm1bnwhny00pl4yaz9kil5jjh	1	4	ALL	800.000000000000000000000000000000	Alphard / Velfire	\N
cm1rqbo4w00wppo0pcktpt0xo	cm1bnwhny00pl4yaz9kil5jjh	1	3	ALL	480.000000000000000000000000000000	Sedan	\N
cm1rq7x1u00uvpo0py89mlmgg	cm0ngh63a00ezrdhp5hw2tkzd	1	3	ALL	140.000000000000000000000000000000	Sedan	\N
cm1rq7x1v00uwpo0p8t9jh0os	cm0ngh63a00ezrdhp5hw2tkzd	4	7	ALL	220.000000000000000000000000000000	10 Seater ( Toyota Hiace )	\N
cm1rq7x1v00uxpo0phdgbucya	cm0ngh63a00ezrdhp5hw2tkzd	8	14	ALL	270.000000000000000000000000000000	18 Seater	\N
cm1rq7x1v00uypo0pbc1wbe8c	cm0ngh63a00ezrdhp5hw2tkzd	4	7	ALL	250.000000000000000000000000000000	Starex	\N
cm1rq7x1v00uzpo0pay877dln	cm0ngh63a00ezrdhp5hw2tkzd	1	4	ALL	360.000000000000000000000000000000	Alphard / Velfire	\N
cm1rq7qjo00uppo0pk2nv9jw8	cm0ngki2i00fcrdhpf5i5xuu6	1	3	ALL	140.000000000000000000000000000000	Sedan	\N
cm1rq7qjo00uqpo0py8181zf8	cm0ngki2i00fcrdhpf5i5xuu6	4	7	ALL	220.000000000000000000000000000000	10 Seater ( Toyota Hiace )	\N
cm1rq7qjp00urpo0pwmjcio4w	cm0ngki2i00fcrdhpf5i5xuu6	8	14	ALL	270.000000000000000000000000000000	18 Seater	\N
cm1rq7qjq00uspo0pmyk7ks9x	cm0ngki2i00fcrdhpf5i5xuu6	4	7	ALL	250.000000000000000000000000000000	Starex	\N
cm1rq7qjq00utpo0pmnnsdyif	cm0ngki2i00fcrdhpf5i5xuu6	1	4	ALL	360.000000000000000000000000000000	Alphard / Velfire	\N
cm1rq8kso00vjpo0pqcpkylgp	cm1bm0lwj00h54yazpita2smk	1	3	All	120.000000000000000000000000000000	SEDAN	120
cm1rq8ksp00vkpo0pd6wkm4eq	cm1bm0lwj00h54yazpita2smk	4	7	All	190.000000000000000000000000000000	TEN_SEATER	190
cm1rq8ksp00vlpo0p3b0st3at	cm1bm0lwj00h54yazpita2smk	8	13	All	250.000000000000000000000000000000	EIGHTEEN_SEATER	250
cm1rq8ksp00vmpo0pibjyohp8	cm1bm0lwj00h54yazpita2smk	4	7	All	230.000000000000000000000000000000	STAREX	230
cm1rq8ksq00vnpo0p995ehmsw	cm1bm0lwj00h54yazpita2smk	1	4	All	300.000000000000000000000000000000	ALPHARD_VELLFIRE	300
cm1rq89nw00v7po0p25xy5opa	clywes2ds001x9kj5ew305sca	1	3	All	120.000000000000000000000000000000	SEDAN	120
cm1rq89nx00v8po0p8xni4ye3	clywes2ds001x9kj5ew305sca	4	7	All	190.000000000000000000000000000000	TEN_SEATER	190
cm1rq89nx00v9po0phpoe548v	clywes2ds001x9kj5ew305sca	8	13	All	250.000000000000000000000000000000	EIGHTEEN_SEATER	250
cm1rq89nx00vapo0pla8gpdwk	clywes2ds001x9kj5ew305sca	4	7	All	230.000000000000000000000000000000	STAREX	230
cm1rq89nx00vbpo0p0kjaowo8	clywes2ds001x9kj5ew305sca	1	4	All	300.000000000000000000000000000000	ALPHARD_VELLFIRE	300
cm1rq85yf00v1po0pue84b6qm	clywes2ft002s9kj5txrk7zno	1	3	All	140.000000000000000000000000000000	SEDAN	140
cm1rq85yf00v2po0plpiwm9x8	clywes2ft002s9kj5txrk7zno	4	7	All	220.000000000000000000000000000000	TEN_SEATER	220
cm1rq85yf00v3po0pm1a86fn7	clywes2ft002s9kj5txrk7zno	8	13	All	270.000000000000000000000000000000	EIGHTEEN_SEATER	270
cm1rq85yg00v4po0pwmfqrlus	clywes2ft002s9kj5txrk7zno	4	7	All	250.000000000000000000000000000000	STAREX	250
cm1rq7b7c00udpo0pmuqhi4e0	clywes2el00289kj5ukxdw0d7	1	4	All	140.000000000000000000000000000000	SEDAN	140
cm1rq7b7c00uepo0p78rgpaeb	clywes2el00289kj5ukxdw0d7	4	7	All	190.000000000000000000000000000000	TEN_SEATER	190
cm1rq7b7d00ufpo0p3bs1ekow	clywes2el00289kj5ukxdw0d7	8	13	All	270.000000000000000000000000000000	EIGHTEEN_SEATER	270
cm1rq7b7d00ugpo0phfyac0cc	clywes2el00289kj5ukxdw0d7	4	7	All	260.000000000000000000000000000000	STAREX	260
cm1rq7b7d00uhpo0pal7i4hot	clywes2el00289kj5ukxdw0d7	1	4	All	400.000000000000000000000000000000	ALPHARD_VELLFIRE	400
cm1rq7jfq00ujpo0p5e5kbe8t	clywes2fc002k9kj546xe4mwh	1	3	All	190.000000000000000000000000000000	SEDAN	190
cm1rq7jfq00ukpo0ptzylacdu	clywes2fc002k9kj546xe4mwh	4	7	All	240.000000000000000000000000000000	TEN_SEATER	240
cm1rq7jfr00ulpo0p88fei56b	clywes2fc002k9kj546xe4mwh	8	13	All	290.000000000000000000000000000000	EIGHTEEN_SEATER	290
cm1rq7jfr00umpo0peok8m1j9	clywes2fc002k9kj546xe4mwh	4	7	All	310.000000000000000000000000000000	STAREX	310
cm1rq7jfr00unpo0pm3ihk7pj	clywes2fc002k9kj546xe4mwh	1	4	All	480.000000000000000000000000000000	ALPHARD_VELLFIRE	480
cm1rq6tuh00u1po0pr6apbjb7	clywes2hq003w9kj5qq3gxgp5	1	3	All	140.000000000000000000000000000000	SEDAN	140
cm1rq6tuj00u2po0pssgjwnar	clywes2hq003w9kj5qq3gxgp5	4	7	All	250.000000000000000000000000000000	TEN_SEATER	250
cm1rq6tuj00u3po0pwkb8tu2m	clywes2hq003w9kj5qq3gxgp5	8	13	All	290.000000000000000000000000000000	EIGHTEEN_SEATER	290
cm1rq6tuk00u4po0p4a3r5ygm	clywes2hq003w9kj5qq3gxgp5	4	7	All	260.000000000000000000000000000000	STAREX	260
cm1rq69tb00tjpo0pilr3mam3	clywes2ig004e9kj5250150po	1	3	All	370.000000000000000000000000000000	SEDAN	370
cm1rqghgq00yfpo0p0zbko92k	clywes2qh00939kj56uwsf4gu	1	3	All	60.000000000000000000000000000000	SEDAN	60
cm1rqghgr00ygpo0pzqp13s2t	clywes2qh00939kj56uwsf4gu	4	7	All	72.500000000000000000000000000000	TEN_SEATER	72.5
cm1rqghgr00yhpo0pdny49wrv	clywes2qh00939kj56uwsf4gu	8	13	All	90.000000000000000000000000000000	EIGHTEEN_SEATER	90
cm1rqghgr00yipo0pltodutab	clywes2qh00939kj56uwsf4gu	4	7	All	90.000000000000000000000000000000	STAREX	90
cm1rqghgs00yjpo0pov4mnfpi	clywes2qh00939kj56uwsf4gu	1	4	All	112.500000000000000000000000000000	ALPHARD_VELLFIRE	112.5
TQPcDSEzhaG55FwsbR0VqheA	CqTTgw06Vgy9GRFOiTuhyV8v	12	5	Adult	10.000000000000000000000000000000	ALPHARD_VELLFIRE	15
cm1rq8eg800vdpo0p0nkh3zm8	clywes2cd001k9kj5dgs2n1mg	1	3	All	140.000000000000000000000000000000	SEDAN	140
cm1rq8eg900vepo0p894ou1a8	clywes2cd001k9kj5dgs2n1mg	4	7	All	250.000000000000000000000000000000	TEN_SEATER	250
cm1rq8eg900vfpo0pxgejwubr	clywes2cd001k9kj5dgs2n1mg	8	14	All	290.000000000000000000000000000000	EIGHTEEN_SEATER	290
cm1rq8eg900vgpo0pdw137fbz	clywes2cd001k9kj5dgs2n1mg	4	7	All	250.000000000000000000000000000000	STAREX	250
cm1rq8ega00vhpo0p9g1nz5nt	clywes2cd001k9kj5dgs2n1mg	1	4	All	400.000000000000000000000000000000	ALPHARD_VELLFIRE	400
cm1rq85yh00v5po0ptogiydcc	clywes2ft002s9kj5txrk7zno	1	4	All	360.000000000000000000000000000000	ALPHARD_VELLFIRE	360
cm1rq6tuk00u5po0payr325fd	clywes2hq003w9kj5qq3gxgp5	1	4	All	400.000000000000000000000000000000	ALPHARD_VELLFIRE	400
cm20dbb4w04sxqbbupts79gdb	clywes2i700489kj55sb9at7b	8	13	All	480.000000000000000000000000000000	EIGHTEEN_SEATER	480
cm20dbb4x04syqbbux8d0c89e	clywes2i700489kj55sb9at7b	4	7	All	440.000000000000000000000000000000	STAREX	440
cm20dbb4y04szqbbu8shh92f3	clywes2i700489kj55sb9at7b	1	4	All	650.000000000000000000000000000000	ALPHARD_VELLFIRE	650
3g-kLgaNQX2_7c3wKzITeszN	cm2lz8p6101k3w3vsq35tdihi	880	880	All	8.000000000000000000000000000000	EIGHTEEN_SEATER	13
wYNKnn1ajSHmNHshLxCIz1Fy	cm2lz8p6101k3w3vsq35tdihi	4	7	All	810.000000000000000000000000000000	STAREX	810
96a2grQOOAhDZjwOydktiH8o	cm2lz8p6101k3w3vsq35tdihi	1	4	All	1150.000000000000000000000000000000	ALPHARD_VELLFIRE	1150
cm1rq5kfa00t7po0pufc8neiv	clywes2k3005k9kj5akbv03rs	1	3	All	440.000000000000000000000000000000	SEDAN	440
cm1rq5kfc00t8po0pia1lz8zr	clywes2k3005k9kj5akbv03rs	4	7	All	610.000000000000000000000000000000	TEN_SEATER	610
cm1rq5kfc00t9po0p8wrvwsa7	clywes2k3005k9kj5akbv03rs	8	13	All	580.000000000000000000000000000000	EIGHTEEN_SEATER	580
cm1rq5kfd00tapo0p8qj25duj	clywes2k3005k9kj5akbv03rs	4	7	All	560.000000000000000000000000000000	STAREX	560
cm1rq5kfd00tbpo0p2v86bc84	clywes2k3005k9kj5akbv03rs	1	4	All	750.000000000000000000000000000000	ALPHARD_VELLFIRE	750
cm1rqh2a200yppo0pq0jex5f5	clywes2lk00699kj5vjv3dqf6	1	3	All	550.000000000000000000000000000000	SEDAN	550
cm1rqh2a200yqpo0pa2ruwk7b	clywes2lk00699kj5vjv3dqf6	4	7	All	650.000000000000000000000000000000	TEN_SEATER	650
cm1rq69tc00tkpo0ptwusnire	clywes2ig004e9kj5250150po	4	7	All	510.000000000000000000000000000000	TEN_SEATER	510
cm1rq69tc00tlpo0pnjrunlgy	clywes2ig004e9kj5250150po	8	13	All	530.000000000000000000000000000000	EIGHTEEN_SEATER	530
cm1rq69td00tmpo0phwtpaz18	clywes2ig004e9kj5250150po	4	7	All	480.000000000000000000000000000000	STAREX	480
cm1rq69td00tnpo0pnul2py7m	clywes2ig004e9kj5250150po	1	4	All	750.000000000000000000000000000000	ALPHARD_VELLFIRE	750
cm1rq643400tdpo0ptkaovqms	clywes2j8004w9kj5a6tan2y8	1	3	All	490.000000000000000000000000000000	SEDAN	490
cm1rq643400tepo0pbu8jnujh	clywes2j8004w9kj5a6tan2y8	4	7	All	640.000000000000000000000000000000	TEN_SEATER	640
cm1rq643500tfpo0po88znlmp	clywes2j8004w9kj5a6tan2y8	8	13	All	680.000000000000000000000000000000	EIGHTEEN_SEATER	680
cm1rq643500tgpo0pkowoedgx	clywes2j8004w9kj5a6tan2y8	4	7	All	610.000000000000000000000000000000	STAREX	610
cm1rq643500thpo0ppzyg2104	clywes2j8004w9kj5a6tan2y8	1	4	All	950.000000000000000000000000000000	ALPHARD_VELLFIRE	950
cm1rqh2a200yrpo0p11jtrtsy	clywes2lk00699kj5vjv3dqf6	8	13	All	800.000000000000000000000000000000	EIGHTEEN_SEATER	800
OH1lc6F0ns202npEKdGh45Yt	clywes2lk00699kj5vjv3dqf6	4	7	All	700.000000000000000000000000000000	STAREX	700
bT46mZC8sLzWTmp9aQbTajoQ	clywes2lk00699kj5vjv3dqf6	1	4	All	1100.000000000000000000000000000000	ALPHARD_VELLFIRE	1100
Pvagzg_noyhD3zTy2eHxIfwG	cm21prhj300y5p4z6b2werasz	1	4	All	1200.000000000000000000000000000000	ALPHARD_VELLFIRE	1200
TGx6MyFNHaHqeY5Y0TXLlEsM	cm1z01zm102jeqbburlone395	8	13	All	1450.000000000000000000000000000000	EIGHTEEN_SEATER	1450
LZVvalYpt8HsQAAu3etDra8O	cm1z01zm102jeqbburlone395	4	7	All	1350.000000000000000000000000000000	STAREX	1350
Spk56Ak4mLuqCZlSB9iNy3px	cm1z01zm102jeqbburlone395	1	4	All	1750.000000000000000000000000000000	ALPHARD_VELLFIRE	1750
cm201tc3o040zqbbukbvpvqlf	cm201tc3e040vqbbukwo3x4p1	4	7	All	360.000000000000000000000000000000	STAREX	360
cm201tc3o0410qbbumb8krp5s	cm201tc3e040vqbbukwo3x4p1	1	4	All	450.000000000000000000000000000000	ALPHARD_VELLFIRE	450
cm1rq4bf200sppo0pgnskyw8k	clywes2op00889kj5pvy855fj	1	3	All	490.000000000000000000000000000000	SEDAN	490
cm1rq4bf300sqpo0pc6a4i8ai	clywes2op00889kj5pvy855fj	4	7	All	560.000000000000000000000000000000	TEN_SEATER	560
cm1rq4bf300srpo0p1dslwx3d	clywes2op00889kj5pvy855fj	8	13	All	630.000000000000000000000000000000	EIGHTEEN_SEATER	630
cm1rq4bf400sspo0pm084ir0i	clywes2op00889kj5pvy855fj	4	7	All	610.000000000000000000000000000000	STAREX	610
cm1rq4bf400stpo0pt9n0iwnp	clywes2op00889kj5pvy855fj	1	4	All	750.000000000000000000000000000000	ALPHARD_VELLFIRE	750
cm1rqoa3c0146po0pd4kugkob	clywes2qs00999kj52j9wiqia	4	7	All	500.000000000000000000000000000000	STAREX	500
cm1rqoa3c0147po0pu956b78b	clywes2qs00999kj52j9wiqia	1	4	All	600.000000000000000000000000000000	ALPHARD_VELLFIRE	600
kVWSAQlUmyjZw-2rqHAYwevi	cm4qsytbg16pwy65zai63wap0	4	7	All	1300.000000000000000000000000000000	TEN_SEATER	1300
M2Gv1J0U05rOszF1kgbsd8fL	cm4qsytbg16pwy65zai63wap0	8	13	All	1450.000000000000000000000000000000	EIGHTEEN_SEATER	1450
r5zE2We7e42eIN_L_r3_6ofD	cm4qsytbg16pwy65zai63wap0	4	7	All	1350.000000000000000000000000000000	STAREX	1350
Mi3rNFHLpJ1vL4VxFHwajkAk	cm4qsytbg16pwy65zai63wap0	1750	1750	All	1.000000000000000000000000000000	ALPHARD_VELLFIRE	4
cm1rqnf660137po0puu4uac8a	clywes2rf009l9kj5353glxix	1	4	All	960.000000000000000000000000000000	ALPHARD_VELLFIRE	960
-jJMREYjBvB_RpXLFSoW7NgO	clywes2lj00689kj5tg64175d	\N	\N	All	\N	SEDAN	\N
58Br5KxF0RnedZGYOSXaRewg	clywes2lj00689kj5tg64175d	1	4	All	600.000000000000000000000000000000	ALPHARD_VELLFIRE	600
cm1ufg3oj01tppo0p6u11dajg	clywes2hg003q9kj5s6ybcfkt	1	4	All	450.000000000000000000000000000000	ALPHARD_VELLFIRE	450
cm1ugcmvg01vspo0pgej3rvoe	clywes2jw00599kj5xc3o0kz8	1	4	All	700.000000000000000000000000000000	ALPHARD_VELLFIRE	700
cm4uuqpry1ijgy65zgyafzkgq	clywes2fh002l9kj5twa4lipd	1	3	All	190.000000000000000000000000000000	SEDAN	190
cm4uuqpry1ijhy65zuvk51r83	clywes2fh002l9kj5twa4lipd	3	7	All	290.000000000000000000000000000000	TEN_SEATER	290
cm4uuqprz1ijiy65zdiiwdp08	clywes2fh002l9kj5twa4lipd	8	13	All	330.000000000000000000000000000000	EIGHTEEN_SEATER	330
cm4uuqprz1ijjy65zvo1mwhib	clywes2fh002l9kj5twa4lipd	4	7	All	310.000000000000000000000000000000	STAREX	310
jvs9iBSmq3fbcyJRe1ZBacSb	f3Z0ntTnZphfFfbLl5609z6I	\N	\N		\N		\N
6eIOUcLD7FPLUDagPAKMXtQe	f_QHzmqDoKoUgFnssynlOKwd	1	2	All	10.000000000000000000000000000000	MIDNIGHT_SURCHARGE	120
cm4uuqprz1ijky65z9obzc9s8	clywes2fh002l9kj5twa4lipd	1	4	All	400.000000000000000000000000000000	ALPHARD_VELLFIRE	400
\.


--
-- Data for Name: Transfer; Type: TABLE DATA; Schema: public; Owner: postgres
--

COPY public."Transfer" (id, name, "from", "to", "supplierId", terms, "updatedAt") FROM stdin;
cm7lqg35c2klu101y2l90gth4	One Way Transfer from KLIA - Genting Highlands Hotel + Enroute Batu Caves (2 Hours)	KLIA	Genting Hotel	\N	\N	\N
cm7eaardj2fc4101yxqrxnhk0	02 Way Gunung Raya Transfer from Langkawi Beach Hotel	Langkawi Hotel	Gunung Raya	\N	\N	\N
cm7bjrzr529vd101yab8b2bkp	One Way Transfer from Genting Hotel - Kuala Lumpur Hotel + Enroute Batu Caves (30 Mins)	Genting Hotel	KL Hotel	\N	\N	\N
cm1uesc5f01prpo0pirvuxo7z	One Way Transfer from Langkawi Airport - Langkawi Hotel ( from North Hotel )	Langkawi Airport	Langkawi Hotel ( from North Hotel )	\N	\N	\N
cm1uepcm801pdpo0pjjv8k4mz	One Way Transfer from Langkawi Airport - Langkawi Hotel ( from Beach Hotel )	Langkawi Airport	Langkawi Hotel	\N	\N	\N
clyw0apgn00e9iq9xnki2jzjv	Check Out + Half Day Shopping at KL ( 3 Hours ) + Enroute Lunch Transfer + Transfer to Singapore Hotel	KL Hotel	Singapore Hotel	\N	\N	\N
cm6lonqo90reb101yzsrj88z1	One Way Transfer from Penang City Hotel to Penang Train / Commuter Station	Penang City Hotel	Penang Train Station	\N	\N	\N
cm6lomxsz0re7101y60voojhg	One Way Transfer from Penang Beach Hotel to Penang Train / Commuter Station	Penang Beach Hotel	Penang Train Station	\N	\N	\N
cm6kottya0pgk101yz06wyhix	One Way Transfer from KL Train Station - KL Hotel	KL Train Station	KL Hotel	\N	\N	\N
clyw07zke00chiq9xlk6w6xsz	Cameron Highlands Hotel - Penang Hotel Transfer ( Per Way ) Or Vice Versa	Cameron Highlands Hotel	Penang Hotel	\N	\N	\N
cm69ca7nh01q3101yrvd3oubt	One Way Transfer from Genting Hotel - KL Coach Station	Genting Hotel	Kl Coach Station	\N	\N	\N
cm3wuwaui0q0cu9cgetzw7b60	One Way Transfer from Cameron Highlands Hotel - Kuala Lumpur Hotel	Cameron Highlands Hotel	Kuala Lumpur Hotel	\N	\N	\N
cm4jb1yqp0ox7y65z5onyud8b	02 Way Lunch Transfer at KL - Pvt Basis	Kuala Lumpur	Kuala Lumpur	\N	\N	\N
cm5vbdee81eq6hemdkae96t4x	02 Way Dinner Transfer at KL - Pvt Basis	Kuala Lumpur	Kuala Lumpur	\N	\N	\N
cm5vb97ep1epzhemdrqo2cpui	Enroute Dinner at Kuala Lumpur	Kuala Lumpur	Kuala Lumpur	\N	\N	\N
cm2bch64s0beap4z6dfl2x634	Enroute Lunch at Kuala Lumpur	Kuala Lumpur	Kuala Lumpur	\N	\N	\N
cm5ug3wbd1cj8hemdx7mp9mrg	02 Way Lunch / Dinner Transfer at Johor - Pvt Basis	Johor	Johor	\N	\N	\N
cm5ufqrz21cixhemdrtyxdbmr	One Way Transfer from Malacca Hotel - Johor Bahru Hotel	Malacca Hotel	Johor Bahru Hotel	\N	\N	\N
cm5q6gah51bachemd4dp38xsl	One Way Transfer from Johor Hotel - Singapore Hotel	Johor Hotel	Singapore Hotel	\N	\N	\N
cm5kqgive0qnbhemd0x0psxff	One Way Transfer from Cameron Highlands Hotel - Genting Hotel + Enroute Batu Caves (30 Mins)	Cameron Highlands Hotel	Genting Highlands Hotel	\N	\N	\N
cm2is5l5g0lbfp4z66we7enty	Early Transfer / Midnight Surcharge - Kuala Lumpur Airport - Kuala Lumpur Hotel ( VV )	KL Airport	KL Hotel	\N	\N	\N
cm1ufamdd01t2po0pdpklvp7i	02 Way Sunset Dinner Transfer at Langkawi (from North Hotel) - Pvt Basis	Langkawi 	Langkawi 	\N	\N	\N
cm1uf99jm01sjpo0pnwz7rsg5	02 Way Sunset Dinner Transfer at Langkawi (from Beach Hotel) - Pvt Basis	Langkawi	Langkawi	\N	\N	\N
cm2bbvns90b1up4z6wn11rwjo	Enroute Lunch/Dinner Transfer at Langkawi	Langkawi	Langkawi	\N	\N	\N
cm4ezse1j0didy65zzu34zqdr	Dinner Transfer Roundtrip @ Penang 	Penang	Penang	\N	\N	\N
cm4ezsdu10diay65zaz0iz2pt	Dinner Transfer Roundtrip @ Penang 	Penang	Penang	\N	\N	\N
cm4c9qhlp0amry65zahwv82td	Early Transfer / Midnight Surcharge - Langkawi Airport Transfer (Beach Hotel)	Langkawi Airport	Beach Hotel	\N	\N	\N
cm4ca8cyl0amzy65z1smhy6n8	Early Transfer / Midnight Surcharge - Langkawi Airport Transfer (North Hotel)	Langkawi Airport	(North Hotel)	\N	\N	\N
cm4b8f0ms09z9y65z833nw1ah	One Way Transfer from Pahang Hotel - KL Coach Station	Pahang Hotel 	KL Coach Station	\N	\N	\N
cm4au3y9v08d3y65zdfcaoxjg	One Way Transfer from Pahang Hotel - Kuala Lumpur Airport	Pahang Hotel	Kuala Lumpur Airport	\N	\N	\N
cm4au1r3r08cwy65z6l47llrl	One Way Transfer from Kuala Lumpur Hotel - Pahang Hotel	Kuala Lumpur Hotel	Pahang Hotel	\N	\N	\N
cm48dgxmj05pty65zqgfpmxvt	One Way Transfer from Penang Hotel (Beach) - Penang Bus Terminal	Penang Hotel (Beach)	Penang Bus Terminal 	\N	\N	\N
cm48ccm600539y65zsib5h5cq	One Way Transfer from Kuala Lumpur Airport - KL Coach Station	Kuala Lumpur Airport	KL Coach Station	\N	\N	\N
cm48cax0n0532y65z9r9chas1	One Way Transfer from KL Coach Station - Kuala Lumpur Airport	KL Coach Station	Kuala Lumpur Airport	\N	\N	\N
cm1ueqyh301pkpo0p7t97ghnz	One Way Transfer from Langkawi Hotel ( from Beach Hotel ) - Langkawi Airport	Langkawi Hotel ( from Beach Hotel )	Langkawi Airport	\N	\N	\N
cm1uetvy001q4po0p4tn6mk6m	One Way Transfer from Langkawi Hotel ( from North Hotel ) - Langkawi Airport	Langkawi Hotel ( from North Hotel )	Langkawi Airport	\N	\N	\N
cm1uexc7r01qopo0pa850xd9u	02 Way Lunch Transfer at Langkawi ( from North Hotel )	Langkawi 	Langkawi 	\N	\N	\N
cm1ueyuyi01qvpo0p5nzqpgz4	02 Way Dinner Transfer at Langkawi ( from Beach Hotel )	Langkawi 	Langkawi 	\N	\N	\N
cm1uf0ign01r8po0plb00r835	02 Way Dinner Transfer at Langkawi ( from North Hotel )	Langkawi 	Langkawi 	\N	\N	\N
cm1uf1q3201rfpo0ppoklja7k	02 Way Island Hopping Transfer at Langkawi ( from Beach Hotel )	Langkawi	Langkawi	\N	\N	\N
cm1uf3z4101rmpo0pxg0jqu52	02 Way Island Hopping Transfer at Langkawi ( from North Hotel )	Langkawi 	Langkawi 	\N	\N	\N
cm1uf65go01rtpo0pks5vtrpc	02 Way Mangrove Transfer at Langkawi ( from Beach Hotel )	Langkawi 	Langkawi 	\N	\N	\N
cm1uf7j0u01s6po0pzmclh1e6	02 Way Mangrove Transfer at Langkawi ( from North Hotel )	Langkawi 	Langkawi 	\N	\N	\N
cm3mnz6p501hmu9cg184lh3at	02 Way Vehicle Transfer at KL - Pvt Basis (Within City Limits)	Kuala Lumpur	Kuala Lumpur	\N	\N	\N
clyw0b96e00fwiq9xjhzrddl4	One Way Transfer from Kuala Lumpur Airport - Kuala Lumpur Hotel	Kuala Lumpur	Kuala Lumpur	\N		2025-05-07 09:40:46.536
cm1kkduvb003gpo0p96358knq	One Way Transfer from Kuala Lumpur Airport - Genting Hotel + Enroute Putrajaya - 30 Mins + Enroute Batu Caves - 30 Mins 	Kuala Lumpur	Genting	\N		2025-05-07 09:44:40.547
cm1bmt2x700k74yazlukkq483	One Way Transfer from Kuala Lumpur Hotel - Kuala Lumpur Airport	Kuala Lumpur	Kuala Lumpur	\N		2025-05-07 09:48:13.945
clyw0b97700giiq9xa35na1gq	One Way Transfer from Kuala Lumpur Airport - Cameron Highland Hotel	KL Airport	Cameron Hotel	\N		2025-05-07 11:18:42.242
cm50zmycm1u5ry65zv2dstz96	One Way Transfer from Kuala Lumpur Hotel - Cameron Highlands Hotel	Kuala Lumpur Hotel	Cameron Highlands Hotel	\N		2025-05-08 10:45:04.652
clyw0apge00e2iq9xy494sjsi	One Way Transfer from KL Hotel - Johor Hotel 	KL Hotel	Johor Hotel	\N		2025-05-08 10:49:38.096
cm6lxr2ix0stv101yt81nscl7	02 Way Lunch Transfer at Penang - Pvt Basis	Penang	Penang	\N		2025-05-08 11:09:51.351
cm4jb963x0oxey65zuruxb018	02 Way Dinner Transfer at Penang - Pvt Basis	Penang	Penang	\N		2025-05-08 11:10:37.658
cm35ei2tp0lacw3vsckwasvye	One Way Transfer from Singapore Airport - Legoland Resort Johor Bahru	Singapore Airport	Johor Bahru Hotel	\N	\N	\N
cm35b393q0kxfw3vszsd2prtu	One Way Transfer from Johor Bahru Hotel - Kuala Lumpur Hotel	Johor Hotel	Kuala Lumpur Hotel	\N	\N	\N
cm2mqkwnr01lww3vsg4hvw0u2	One Way Transfer from Port Dickson Hotel - Genting Hotel + Enroute Batu Caves - 30 Mins	Port Dickson	Genting Hotel	\N	\N	\N
cm2lopo2i006nw3vsssxuy50v	Langkawi Beach Hotel - Langkawi Beach Hotel (Inter Hotel Transfer)	Langkawi	Langkawi	\N	\N	\N
cm2li4da20r4op4z6ghnlounx	One Way Transfer from KL Coach Station to Kuala Lumpur Hotel	KL Coach Station	KL Hotel	\N	\N	\N
cm2lczgyx0qw9p4z6r7o86r3g	One Way Transfer from Ipoh Hotel - Port Dickson Hotel	Ipoh Hotel 	Port Dickson Hotel	\N	\N	\N
cm2387qfa03zzp4z685vum7us	One Way Transfer from Ipoh Hotel - Genting Hotel + Enroute Batu Caves ( 30 Mins )	Ipoh Hotel	Genting Hotel	\N	\N	\N
cm234qx1303syp4z6lk1f8kyv	One Way Transfer from Pangkor Hotel - Kuala Lumpur Hotel	Pangkor	Kuala Lumpur	\N	\N	\N
cm234p93d03svp4z68mqy9812	One Way Transfer from Cameron Highlands Hotel - Pangkor Hotel	Cameron Highland	Pangkor	\N	\N	\N
cm2049t5o041fqbbudt59c731	One Way Transfer from Langkawi Hotel ( Beach )  - Langkawi Ferry Terminal	Langkawi Hotel (Beach)	Langkawi Ferry Terminal	\N	\N	\N
cm203u747041aqbbun2zqrrqd	One Way Transfer from Penang Bus Terminal - Penang Hotel (Beach)	Penang Bus Terminal	Penang Hotel (Beach)	\N	\N	\N
cm203jv4z0413qbbu77e0qi7n	One Way Transfer from Kuala Lumpur Hotel - Kuala Lumpur Bus Terminal	Kuala Lumpur	Kuala Lumpur	\N	\N	\N
cm1zsj5xz02lfqbbu6pd7yvuu	One Way Transfer from Johor Bahru Hotel - Genting Hotel + Enroute Batu Caves ( 30 Mins )	Johor Hotel	Genting Hotel	\N	\N	\N
cm1uevof501qbpo0pq44r1pgg	02 Way Lunch Transfer at Langkawi ( from Beach Hotel )	Langkawi 	Langkawi 	\N	\N	\N
cm1sz1rlv01h6po0p1itofvr0	One Way Transfer from Singapore Airport - Singapore Hotel ( Pvt Basis )	Singapore Airport	Singapore Hotel	\N	\N	\N
cm1sz435e01h9po0pht86fqmb	One Way Transfer from Singapore Hotel - Singapore Airport ( Pvt Basis )	Singapore Hotel	Singapore Airport	\N	\N	\N
clyw0aphj00etiq9xg46tomf7	One Way Transfer from Genting Hotel - Port Dickson Hotel	Genting Hotel	Pd Hotel	\N	\N	\N
clyw0apgx00ediq9xeay1v197	One Way Transfer from Genting Hotel - Malacca Hotel	Genting Hotel	Malacca Hotel	\N	\N	\N
clyw0apgw00eciq9xcwrhfnw5	One Way Transfer from Genting Hotel - Port Klang Cruise Terminal	Genting Hotel	Port Klang ( Cruise )	\N	\N	\N
clyw0apgt00ebiq9xdzsdmit2	One Way Transfer from Genting Hotel - Kuala Lumpur Hotel	Genting Hotel	KL Hotel	\N	\N	\N
cm1osuz070093po0pw79wmkcz	One Way Transfer from Port Dickson Hotel  - Kuala Lumpur Hotel	Port Dickson Hotel	KL Hotel	\N	\N	\N
cm1orwou7008kpo0ppcvg45zz	One Way Transfer from Malacca Hotel - Kuala Lumpur Hotel \t	Malacca Hotel 	KL Hotel	\N	\N	\N
cm1os0o8l008ppo0p2k53sxcg	One Way Transfer from Port Klang Cruise Terminal - Kuala Lumpur Hotel\t	Port Klang Cruise Terminal	KL Hotel	\N	\N	\N
clyw0apft00dniq9xqelu09u7	One Way Transfer from Kuala Lumpur Hotel - Port Dickson Hotel	KL Hotel	Pd Hotel	\N	\N	\N
clyw0b99l00hwiq9xwj0mph11	One Way Transfer from Kuala Lumpur Hotel - Malacca Hotel	KL Hotel	Malacca Hotel	\N	\N	\N
clyw0b99400hliq9x5y1xezn6	One Way Transfer from Kuala Lumpur Hotel - Port Klang Cruise Terminal	KL Hotel	Port Klang ( Cruise )	\N	\N	\N
clyw0b99200hkiq9xh0v8zsdx	One Way Transfer from Kuala Lumpur Hotel - Genting Hotel + Enrote Batu Caves ( 30Mins ) 	KL Hotel	Genting Hotel	\N	\N	\N
clyw0b98k00hdiq9xlvdjk63n	One Way Transfer from Kuala Lumpur Hotel - Kuala Lumpur Hotel ( Inter Hotel Transfer ) \t	KL Hotel	KL Hotel	\N	\N	\N
clyw0b96y00gciq9xin7712pl	One Way Transfer from Airport - Genting Hotel + Enrote Batu Caves ( 30Mins )	KL Airport	Genting Hotel	\N	\N	\N
cm1ot8nco009gpo0putyze8ak	One Way Transfer from Ipoh Hotel - KL Hotel	Ipoh Hotel	KL Hotel	\N	\N	\N
cm1oshr14008upo0pha40dyak	One Way Transfer from Genting Hotel + Enroute Batu Caves (30 Mins) - KL Hotel	Genting Hotel	KL Hotel	\N	\N	\N
clyw0b98i00hciq9xgij2y6qz	One Way Transfer from Airport - Singapore Hotel	KL Airport	Singapore Hotel	\N	\N	\N
clyw0b97w00gxiq9xjdhlgn8l	One Way Transfer from Airport - Johor Bahru Hotel	KL Airport	Johor Hotel	\N	\N	\N
cm1oin3e6005spo0pv39cwdfl	One Way Transfer from Penang Hotel ( Beach ) - Penang Airport	Penang Hotel (Beach)	Penang Airport	\N	\N	\N
cm1oiiboi005jpo0p32nncnn7	One Way Transfer from Penang Hotel ( City ) - Penang Airport	Penang Hotel (City)	Penang Airport	\N	\N	\N
cm1bn0t2p00mm4yazmk3a13s2	One Way Transfer from Kuala Lumpur Airport - Kuala Lumpur Hotel + Enroute Putrajaya ( 30 Mins ) 	Kuala Lumpur	Kuala Lumpur	\N	\N	\N
clz16yb2f01r7ii6ig8mr1r6l	One Way Transfer from KL Hotel - KL Coach Station 	KL Hotel 	KL Coach Station 	\N	\N	\N
clyw0b97v00gwiq9xkl03zspa	One Way Transfer from Kuala Lumpur Airport - Malacca Hotel \t	KL Airport	Malacca Hotel	\N		2025-05-07 09:46:21.762
cm1bnnzwq00ol4yaz9hhas78q	One Way Transfer from Kuala Lumpur Airport - Port Dickson Hotel	Kuala Lumpur	Port Dickson	\N		2025-05-07 09:47:19.632
cm1bmx4fw00l64yazsv23ys2j	One Way Transfer from Kuala Lumpur Hotel - Kuala Lumpur Airport + Enroute Putrajaya ( 30Mins )	Kuala Lumpur	Kuala Lumpur	\N		2025-05-07 09:49:08.568
cm1bncg3w00o14yaz1j5p5fxh	One Way Transfer from Genting Hotel - Kuala Lumpur Airport + Enroute Batu Caves (30 Mins)	Genting	Kuala Lumpur	\N		2025-05-07 09:50:28.875
cm1bnw7jm00pj4yazpn254foo	One Way Transfer from Malacca Hotel - Kuala Lumpur Airport\t	Malacca	Kuala Lumpur	\N		2025-05-07 10:03:04.926
cm1bnou4y00oy4yazysee472s	One Way Transfer from Port Dickson Hotel - Kuala Lumpur Airport \t	Port Dickson	Kuala Lumpur	\N		2025-05-07 10:04:00.149
clyw0b96f00fyiq9xku4huy3e	One Way Transfer from Kuala Lumpur Airport - Ipoh / Tambun Hotel	KL Airport	Ipoh Hotel	\N		2025-05-07 10:05:41.669
cm1oi1pvo0055po0pxx2778li	One Way Transfer from Ipoh / Tambun Hotel - Kuala Lumpur Airport	Ipoh	Kuala Lumpur	\N		2025-05-08 10:06:33.998
cm1oi8esy005epo0p0ssvttny	One Way Transfer from Cameron Highland Hotel - Kuala Lumpur Airport	Cameron Hotel	KL Airport	\N		2025-05-08 10:07:40.717
clyw0b97n00gsiq9xl07ivsfe	One Way Transfer from Penang Hotel - Kuala Lumpur Airport	Penang Hotel	KL Airport	\N		2025-05-08 10:15:15.892
cm1ojjr3r0065po0p7e15ees6	One Way Transfer from Johor Bahru Hotel - Kuala Lumpur Airport	Johor Hotel	KL Airport	\N		2025-05-08 10:16:37.668
cm1ojspvr006dpo0p0q5spzcf	One Way Transfer from Singapore Hotel - Kuala Lumpur Airport	Singapore Hotel	KL Airport	\N		2025-05-08 10:17:55.828
clyw0apfu00doiq9xied2xkvg	One Way Transfer from KL Hotel - Ipoh Hotel	KL Hotel	Ipoh Hotel	\N		2025-05-08 10:43:52.986
clyw0apgd00e1iq9xa419q3vu	One Way Transfer from KL Hotel - Penang Hotel	KL Hotel	Penang Hotel	\N		2025-05-08 10:48:04.004
cm234sgmr03t1p4z64v0qt2j3	One Way Transfer from Kuala Lumpur Hotel - Singapore Hotel	Kuala Lumpur	Singapore	\N		2025-05-08 10:50:46.212
clz515nna00ibix8l8yzafwng	Penang Hotel ( Bayview Hotel Georgetown Penang ) to Penang Airport Transfer	--	--	\N	\N	\N
cm8402m6u3hxo101yxxufqdm1	Kuala Kedah Jetty - Penang Hotel Transfer	Kuala Kedah 	Penang	\N		2025-03-26 12:55:29.892
k3jSQewVoEsn65R-T78Pr-_z	test007	japan	america	cm20bw3ws04pdqbbuwr408fkq	hello	2025-04-09 12:27:44.263
xxPsIaFzhYdTaTwaHpHTRVds	lokii	attur	chennai	cm20bw3ws04pdqbbuwr408fkq	helo	2025-05-09 11:05:02.289
GwU71Mkg3trqmgDMntvSSLQ5	ranjith	tesrt66	tesrt66tt	cm20bpg8z04o6qbbujmsq0n4o	tesrt66	2025-04-22 07:31:28.063
cm7bl3aqt2adi101yr61iop60	One Way Transfer from Kuala Lumpur Airport - Genting Highlands Hotel + Enroute Photostop @ Batu Caves (30 Mins)	KL Airport	Genting Hotel	\N		2025-05-07 09:39:31.795
clyw0b96e00fxiq9xymzw8deg	One Way Transfer from Kuala Lumpur Airport - Kuala Lumpur Hotel + Enroute Putrajaya ( 30Mins )         \t	KL Airport	KL Hotel	\N		2025-05-07 09:42:10.815
G74GUFIkvAuOYuG1hRYHRuz9	One Way Transfer from Genting Hotel - Kuala Lumpur Airport + Enroute Putrajaya (30 Mins) + Enroute Batu Caves (30 Mins)	Genting Hotel	Kuala Lumpur Airport	cm20bw3ws04pdqbbuwr408fkq		2025-05-07 10:02:08.74
P_FSXNBQqvCG-tZJrGF0U8cy	One Way Transfer from Kuala Lumpur Airport - Penang Hotel	Kuala Lumpur Airport	Penang Hotel	cm20bw3ws04pdqbbuwr408fkq		2025-05-08 09:25:54.368
pobTboE0ZSmHQAxRrpBa42ft	One Way Transfer from Kuala Lumpur Airport - Johor Bahru Hotel	Kuala Lumpur Airport	Johor Bahru Hotel	cm20bw3ws04pdqbbuwr408fkq		2025-05-08 09:28:10.49
XWnFzbgQrW4oCcX3UNum_Zbi	One Way Transfer from Kuala Lumpur Airport - Singapore Hotel	Kuala Lumpur Airport	Singapore Hotel	cm20bw3ws04pdqbbuwr408fkq		2025-05-08 09:30:03.947
clyw0aphk00euiq9xqyvpnkxi	One Way Transfer from Genting Hotel - Ipoh Hotel	Genting Hotel	Ipoh Hotel	\N		2025-05-08 10:52:14.973
clyw0aphp00f0iq9xs0ogwo4c	One Way Transfer from Genting Hotel - Cameron Highland Hotel	Genting Hotel	Cameron Hotel	\N		2025-05-08 10:54:11.894
clyw0api200f7iq9xgs4fo7o2	One Way Transfer from Genting Hotel - Penang Hotel	Genting Hotel	Penang Hotel	\N		2025-05-08 10:55:10.556
clyw0api500f8iq9xdmeq941o	One Way Transfer from Genting Hotel - Johor Bahru Hotel	Genting Hotel	Johor Hotel	\N		2025-05-08 10:56:14.902
clyw0api500f9iq9x6kgt4nyt	One Way Transfer from Genting Hotel - Singapore Hotel	Genting Hotel	Singapore Hotel	\N		2025-05-08 10:57:32.817
XrG9RecVAs54wy3bNXTE0r1b	02 Way Sunset Dinner Transfer at Langkawi ( from Beach Hotel )	Langkawi	Langkawi	cm20bpg8z04o6qbbujmsq0n4o		2025-05-08 11:02:56.824
gHjb285pkw4EFHhH3hGzbGGo	02 Way Sunset Dinner Transfer at Langkawi ( from North Hotel )	Langkawi	Langkawi	cm20bpg8z04o6qbbujmsq0n4o		2025-05-08 11:04:07.553
clyw07zm900d2iq9xlp8knvbt	One Way Transfer from Penang Airport - Penang Hotel ( City )	Penang Airport	Penang Hotel ( City )	\N		2025-05-08 11:06:38.301
clyw07zla00csiq9xedenrpbv	One Way Transfer from Penang Airport - Penang Hotel ( Beach )	Penang Airport	Penang Hotel ( Beach )	\N		2025-05-08 11:08:23.706
clyw07zl100coiq9xxfh64696	Penang Hotel - Kuala Kedah Jetty Transfer ( Per Way )	Penang Hotel	Kuala Kedah Jetty	\N		2025-05-08 11:11:19.324
clyw07zlt00cyiq9xrvzgat2o	Penang Hotel - KL Hotel Transfer ( Per Way )	Penang Hotel	KL Hotel	\N		2025-05-08 11:12:22.509
clyw07zjp00cciq9xokff0sbe	Penang Hotel - KLIA Airport Transfer ( Per Way )	Penang Hotel	KLIA Airport	\N		2025-05-08 11:13:03.935
clyw07zkb00cgiq9xl4537qyz	Penang Hotel - Genting Hotel Transfer ( Per Way )	Penang Hotel	Genting Hotel	\N		2025-05-08 11:13:31.909
8wlaPYMu7E4tQdk3P5N6O_lc	Penang Hotel - Cameron Highlands Hotel Transfer ( Per Way )	Penang Hotel	Cameron Highlands Hotel	clyvxu4yp001iiq9x649pkdga		2025-05-08 11:14:33.019
HMn4kQUrsGtDrx4fYaMp-jFK	test-339	chen	dgl	cm20bpg8z04o6qbbujmsq0n4o		2025-06-12 11:09:47.304
WSox7khOiqBAERjtFxHmil7R	test-337	test-33	test-33	cm20bw3ws04pdqbbuwr408fkq		2025-06-12 11:10:07.957
\.


--
-- Data for Name: Vehicle; Type: TABLE DATA; Schema: public; Owner: postgres
--

COPY public."Vehicle" (id, "transferId", vehicle, pax, price, "optionalPrice", "minPax", "maxPax") FROM stdin;
cm8404odv3hxr101yz3uorcfi	cm8402m6u3hxo101yxxufqdm1	Sedan	ALL	450	450	1	3
cm8404odv3hxs101yzil8t5vk	cm8402m6u3hxo101yxxufqdm1	10 Seater	ALL	580	580	3	7
cm7lrigs42kxe101y2z2adm0u	cm7lqg35c2klu101y2l90gth4	10 Seater	ALL	430	430	4	7
cm7lrigs52kxf101yxzure8ns	cm7lqg35c2klu101y2l90gth4	18 - Seater	ALL	485	485	8	13
cm7eaardn2fc5101y9mx8eyx3	cm7eaardj2fc4101yxqrxnhk0	Sedan	ALL	140	140	1	3
cm7bkbrpc2a4x101ytujzjyvp	cm7bjrzr529vd101yab8b2bkp	Sedan	ALL	190	190	1	3
cm7bkbrpd2a4y101y94gvtoq0	cm7bjrzr529vd101yab8b2bkp	10 Seater	ALL	240	240	4	7
cm7bkbrpd2a4z101yu8sswgee	cm7bjrzr529vd101yab8b2bkp	18 - Seater	ALL	340	340	8	13
cm7bkbrpd2a50101yopjmt50i	cm7bjrzr529vd101yab8b2bkp	Starex	ALL	295	295	4	7
cm7bkbrpd2a51101yj25hl2g3	cm7bjrzr529vd101yab8b2bkp	Alphard/Vellfire 	ALL	350	350	1	4
cm6yio9251kf3101yo2ikp4jc	cm1uesc5f01prpo0pirvuxo7z	Sedan	ALL	70	70	1	3
cm6yio9251kf4101yi0ldu10w	cm1uesc5f01prpo0pirvuxo7z	10 Seater	ALL	130	130	4	7
cm6yio9251kf5101y19i6oou5	cm1uesc5f01prpo0pirvuxo7z	18 - Seater	ALL	180	180	8	13
cm6yio9251kf6101ytqw5zbw8	cm1uesc5f01prpo0pirvuxo7z	Alphard/Vellfire 	ALL	200	200	1	4
cm6yio9251kf7101ymshfxjle	cm1uesc5f01prpo0pirvuxo7z	Starex	ALL	220	220	4	7
cm6yio5da1kex101y1s0okqtb	cm1uepcm801pdpo0pjjv8k4mz	Sedan	ALL	40	40	1	3
cm6yio5db1key101yq6xqinwy	cm1uepcm801pdpo0pjjv8k4mz	10 Seater	ALL	90	90	4	7
cm6yio5db1kez101y231qr7q6	cm1uepcm801pdpo0pjjv8k4mz	18 - Seater	ALL	130	130	8	13
cm6yio5db1kf0101ym10b10ge	cm1uepcm801pdpo0pjjv8k4mz	Alphard/Vellfire 	ALL	160	160	1	4
cm6yio5db1kf1101yeb9skwxf	cm1uepcm801pdpo0pjjv8k4mz	Starex	ALL	180	180	4	7
cm6uf8jq31e6z101ypz9vt9dl	clyw0apgn00e9iq9xnki2jzjv	18 Seater	ADULT	1760	1760	8	13
cm6lonqod0rec101y3kk7t2u2	cm6lonqo90reb101yzsrj88z1	Sedan	ALL	120	120	1	3
cm6lonqod0red101ydk9azblv	cm6lonqo90reb101yzsrj88z1	10 Seater	ALL	180	180	4	7
cm6lomxta0re8101yt4ocbxng	cm6lomxsz0re7101y60voojhg	Sedan	ALL	135	135	1	3
cm6lomxta0re9101yvkdq583i	cm6lomxsz0re7101y60voojhg	10 Seater	ALL	210	210	4	7
cm6kp1kxb0pgr101ywgf8rdwe	cm6kottya0pgk101yz06wyhix	Sedan	ALL	60	60	1	3
cm6kp1kxb0pgs101ylhjmc1b6	cm6kottya0pgk101yz06wyhix	10 Seater	ALL	90	90	4	7
cm6kp1kxc0pgt101y1vdjrzhh	cm6kottya0pgk101yz06wyhix	18 - Seater	ALL	120	120	8	13
cm6kp1kxc0pgu101ypc57xe39	cm6kottya0pgk101yz06wyhix	Starex	ALL	115	115	4	7
cm6kp1kxc0pgv101y9b0ue6jx	cm6kottya0pgk101yz06wyhix	Alphard/Vellfire 	ALL	160	160	1	4
cm6aacktf03ro101yl2uc464f	clyw07zke00chiq9xlk6w6xsz	Sedan	ALL	750	760	1	3
cm6aacktg03rp101yuik0z5lc	clyw07zke00chiq9xlk6w6xsz	10 Seater	ALL	900	910	3	7
cm6aacktg03rq101ykrrmpl5i	clyw07zke00chiq9xlk6w6xsz	18 Seater	ALL	1200	1210	8	13
cm69ca7nn01q4101yvp0tlpyw	cm69ca7nh01q3101yrvd3oubt	Sedan	ALL	195	195	1	3
cm69ca7nn01q5101ygl3759mr	cm69ca7nh01q3101yrvd3oubt	10 Seater	ALL	245	245	4	7
cm69ca7nn01q6101ylk10ltug	cm69ca7nh01q3101yrvd3oubt	18 - Seater	ALL	345	345	8	13
cm60sxh9z1p0yhemdakxaj2dv	cm3wuwaui0q0cu9cgetzw7b60	Sedan	ALL	550	550	1	3
cm60sxh9z1p0zhemdumlt1ov3	cm3wuwaui0q0cu9cgetzw7b60	10 Seater	ALL	650	650	4	7
cm5vbdp841eqdhemdamrxjgm2	cm4jb1yqp0ox7y65z5onyud8b	Sedan	ALL	130	130	1	3
cm5vbdp841eqehemdrglxzioi	cm4jb1yqp0ox7y65z5onyud8b	10 Seater	ALL	190	190	4	7
cm5vbdp841eqfhemdcjxpaq03	cm4jb1yqp0ox7y65z5onyud8b	18 - Seater	ALL	270	270	8	13
cm5vbdp851eqghemdseayzuc5	cm4jb1yqp0ox7y65z5onyud8b	Starex	ALL	240	240	4	7
cm5vbdp851eqhhemdpyuy4qh5	cm4jb1yqp0ox7y65z5onyud8b	Alphard/Vellfire 	ALL	350	350	1	4
cm5vbdeed1eq7hemdi77h9txy	cm5vbdee81eq6hemdkae96t4x	Sedan	ALL	130	130	1	3
cm5vbdeed1eq8hemditwy6u03	cm5vbdee81eq6hemdkae96t4x	10 Seater	ALL	190	190	4	7
cm5vbdeed1eq9hemds4p38o41	cm5vbdee81eq6hemdkae96t4x	18 - Seater	ALL	270	270	8	13
cm5vbdeee1eqahemdc0ubf0vo	cm5vbdee81eq6hemdkae96t4x	Starex	ALL	240	240	4	7
cm5vbdeee1eqbhemd139042oz	cm5vbdee81eq6hemdkae96t4x	Alphard/Vellfire 	ALL	350	350	1	4
cm5vb97ff1eq0hemdmcqykns2	cm5vb97ep1epzhemdrqo2cpui	Sedan	ALL	100	100	1	3
cm5vb97ff1eq1hemd19jvw5oi	cm5vb97ep1epzhemdrqo2cpui	10 Seater	ALL	150	150	4	7
cm5vb97ff1eq2hemdnapf28uc	cm5vb97ep1epzhemdrqo2cpui	18 - Seater	ALL	200	200	8	13
cm5vb97fg1eq3hemdqkk4af4g	cm5vb97ep1epzhemdrqo2cpui	Starex	ALL	150	150	4	7
cm5vb97fg1eq4hemdywo9xd11	cm5vb97ep1epzhemdrqo2cpui	Alphard/Vellfire 	ALL	200	200	1	4
cm5vb6mdp1epthemd2asholpr	cm2bch64s0beap4z6dfl2x634	Sedan	ALL	100	100	1	3
cm6yimfbo1ker101yigyg3tvf	clyw0b96e00fwiq9xjhzrddl4	SEDAN	All	110	110	1	3
cm6yimfbp1kes101ygd65uute	clyw0b96e00fwiq9xjhzrddl4	TEN_SEATER	All	155	155	3	7
cm6yimfbp1ket101y4hdur692	clyw0b96e00fwiq9xjhzrddl4	EIGHTEEN_SEATER	All	220	220	8	13
cm6yimfbp1keu101y65dar1yg	clyw0b96e00fwiq9xjhzrddl4	STAREX	All	185	185	4	7
cm6lxrvau0sys101y1bmzfnau	cm6lxr2ix0stv101yt81nscl7	SEDAN	All	140	140	1	3
cm6lxrvau0syt101y7pu6iq15	cm6lxr2ix0stv101yt81nscl7	TEN_SEATER	All	180	180	4	7
cm6lxrvav0syu101yeifroy9w	cm6lxr2ix0stv101yt81nscl7	EIGHTEEN_SEATER	All	250	250	8	13
cm5vb6mdp1epuhemdya7ho69v	cm2bch64s0beap4z6dfl2x634	10 Seater	ALL	150	150	4	7
cm5vb6mdq1epvhemd1oi1snlp	cm2bch64s0beap4z6dfl2x634	18 - Seater	ALL	200	200	1	2
cm5vb6mdq1epwhemdgkxkqm1l	cm2bch64s0beap4z6dfl2x634	Starex	ALL	150	150	4	7
cm5vb6mdq1epxhemdwf6hue5g	cm2bch64s0beap4z6dfl2x634	Alphard/Vellfire 	ALL	200	200	1	4
cm5ug3wbw1cj9hemdlefxxpk3	cm5ug3wbd1cj8hemdx7mp9mrg	Sedan	ALL	150	150	1	3
cm5ufqrz91ciyhemdhfzsaex5	cm5ufqrz21cixhemdrtyxdbmr	Sedan	ALL	650	650	1	3
cm5q6gahf1badhemd749xi0ew	cm5q6gah51bachemd4dp38xsl	Sedan	ALL	950	950	1	3
cm5kqgivh0qnchemdzqz3axms	cm5kqgive0qnbhemd0x0psxff	Sedan	ALL	550	550	1	3
cm5kqgivi0qndhemddijug9c6	cm5kqgive0qnbhemd0x0psxff	10 Seater	ALL	700	700	4	7
cm5kqgivi0qnehemdsll35wrz	cm5kqgive0qnbhemd0x0psxff	18 - Seater	ALL	800	800	8	13
cm4uum6gj1ihly65zk63mh03x	cm2is5l5g0lbfp4z66we7enty	Sedan	ALL	55	55	1	3
cm4uum6gk1ihmy65zj733hqq1	cm2is5l5g0lbfp4z66we7enty	10 Seater	ALL	77.5	77.5	3	7
cm4uum6gk1ihny65zhl24ebk6	cm2is5l5g0lbfp4z66we7enty	18 - Seater	ALL	110	110	8	13
cm4uum6gk1ihoy65zgkn2f3w0	cm2is5l5g0lbfp4z66we7enty	Starex	ALL	92.5	92.5	4	7
cm4uum6gk1ihpy65zgzakxt13	cm2is5l5g0lbfp4z66we7enty	Alphard/Vellfire 	ALL	140	140	1	4
cm4jbiidx0oy3y65zihxmknmx	cm1ufamdd01t2po0pdpklvp7i	Sedan	ALL	120	120	1	3
cm4jbiidx0oy4y65zrzg7fizl	cm1ufamdd01t2po0pdpklvp7i	10 Seater	ALL	220	220	4	7
cm4jbiidx0oy5y65zx8elmqjx	cm1ufamdd01t2po0pdpklvp7i	18 - Seater	ALL	330	330	8	13
cm4jbiidy0oy6y65zfekky62l	cm1ufamdd01t2po0pdpklvp7i	Alphard/Vellfire 	ALL	400	400	1	4
cm4jbiidy0oy7y65zs2d1lxex	cm1ufamdd01t2po0pdpklvp7i	Starex	ALL	430	430	4	7
cm4jbi5q40oxry65ztl1ijpkj	cm1uf99jm01sjpo0pnwz7rsg5	Sedan	ALL	70	70	1	3
cm4jbi5q40oxsy65zy1bo5oww	cm1uf99jm01sjpo0pnwz7rsg5	10 Seater	ALL	160	160	4	7
cm4jbi5q40oxty65zyqqjg7bd	cm1uf99jm01sjpo0pnwz7rsg5	18 - Seater	ALL	230	230	8	13
cm4jbi5q40oxuy65zg8sxvryr	cm1uf99jm01sjpo0pnwz7rsg5	Alphard/Vellfire 	ALL	300	300	1	4
cm4jbi5q50oxvy65zp1nzbqee	cm1uf99jm01sjpo0pnwz7rsg5	Starex	ALL	330	330	4	7
cm4jaom5g0oqmy65zrowgowu6	cm2bbvns90b1up4z6wn11rwjo	Sedan	ALL	100	100	1	3
cm4jaom5h0oqny65zvqbl1two	cm2bbvns90b1up4z6wn11rwjo	10 Seater	ALL	150	150	4	7
cm4jaom5h0oqoy65zks58uwyj	cm2bbvns90b1up4z6wn11rwjo	18 - Seater	ALL	200	200	8	13
cm4jaom5h0oqpy65z69tyhqkm	cm2bbvns90b1up4z6wn11rwjo	Starex	ALL	150	150	4	7
cm4jaom5h0oqqy65z2tsdf234	cm2bbvns90b1up4z6wn11rwjo	Alphard/Vellfire 	ALL	200	200	1	4
cm4ezse1m0diey65zo9yp73fw	cm4ezse1j0didy65zzu34zqdr	18 - Seater	ALL	250	250	7	13
cm4ezsdu50diby65zhijl7ezu	cm4ezsdu10diay65zaz0iz2pt	18 - Seater	ALL	250	250	7	13
cm4ca8v5j0an6y65z3g7xyt7h	cm4c9qhlp0amry65zahwv82td	Sedan	ALL	20	20	1	3
cm4ca8v5j0an7y65zfafo68tb	cm4c9qhlp0amry65zahwv82td	10 Seater	ALL	45	45	4	7
cm4ca8v5j0an8y65zqp1cdy6j	cm4c9qhlp0amry65zahwv82td	18 - Seater	ALL	65	65	8	13
cm4ca8v5k0an9y65zmwn59gj2	cm4c9qhlp0amry65zahwv82td	Alphard/Vellfire 	ALL	80	80	1	4
cm4ca8v5k0anay65zm8o2wobt	cm4c9qhlp0amry65zahwv82td	Starex	ALL	90	90	4	7
cm4ca8cyq0an3y65zw720bsa0	cm4ca8cyl0amzy65z1smhy6n8	Alphard/Vellfire 	ALL	100	100	1	4
cm4ca8cyq0an4y65zcozakzw5	cm4ca8cyl0amzy65z1smhy6n8	Starex	ALL	110	110	4	7
cm4ca8cyp0an0y65znbsse8v8	cm4ca8cyl0amzy65z1smhy6n8	Sedan	ALL	35	35	1	3
cm4ca8cyp0an1y65zgdnlan7d	cm4ca8cyl0amzy65z1smhy6n8	10 Seater	ALL	65	65	4	7
cm4ca8cyq0an2y65zyvpfw4u5	cm4ca8cyl0amzy65z1smhy6n8	18 - Seater	ALL	90	90	8	13
cm4b8faz309zgy65zrpq3qand	cm4b8f0ms09z9y65z833nw1ah	Sedan	ALL	170	170	1	3
cm4b8faz309zhy65zx42c02nm	cm4b8f0ms09z9y65z833nw1ah	10 Seater	ALL	235	235	4	7
cm4b8faz309ziy65zhlzdyjyz	cm4b8f0ms09z9y65z833nw1ah	18 - Seater	ALL	295	295	8	13
cm4b8faz409zjy65z6gnj4dr8	cm4b8f0ms09z9y65z833nw1ah	Starex	ALL	265	265	4	7
cm4b8faz509zky65zh9nvzlnt	cm4b8f0ms09z9y65z833nw1ah	Alphard/Vellfire 	ALL	350	350	1	4
cm4au3ya808d4y65zto8tjqxi	cm4au3y9v08d3y65zdfcaoxjg	Sedan	ALL	220	220	1	3
cm4au3yaa08d5y65z7it9co45	cm4au3y9v08d3y65zdfcaoxjg	10 Seater	ALL	285	285	4	7
cm4au3yaa08d6y65zp5v1whnv	cm4au3y9v08d3y65zdfcaoxjg	18 - Seater	ALL	340	340	8	13
cm5kqdvjb0qf2hemdsc4qq3bv	clyw0b97700giiq9xa35na1gq	SEDAN	All	550	550	1	3
cm5kqdvjb0qf3hemdfdvconho	clyw0b97700giiq9xa35na1gq	TEN_SEATER	All	620	620	4	7
cm5kqdvjb0qf4hemdhkf73dv5	clyw0b97700giiq9xa35na1gq	EIGHTEEN_SEATER	All	700	700	8	13
cm50zsi4f1u8fy65z2ymnq9ie	cm50zmycm1u5ry65zv2dstz96	SEDAN	All	550	550	1	3
cm50zsi4f1u8gy65znz16e280	cm50zmycm1u5ry65zv2dstz96	TEN_SEATER	All	620	620	4	7
cm50zsi4f1u8hy65zlv1djg1z	cm50zmycm1u5ry65zv2dstz96	EIGHTEEN_SEATER	All	700	700	8	13
cm50zsi4g1u8iy65z4zncdw7x	cm50zmycm1u5ry65zv2dstz96	STAREX	All	650	650	4	7
cm50zsi4g1u8jy65zjcea509c	cm50zmycm1u5ry65zv2dstz96	ALPHARD_VELLFIRE	All	850	850	1	4
cm4jcpsvq0p0py65zf45u2mx2	cm4jb963x0oxey65zuruxb018	SEDAN	All	140	140	1	3
cm4jcpsvq0p0qy65zdtgt2zy1	cm4jb963x0oxey65zuruxb018	TEN_SEATER	All	180	180	4	7
cm4jcpsvq0p0ry65z02wftckq	cm4jb963x0oxey65zuruxb018	EIGHTEEN_SEATER	All	250	250	8	13
cm4au3yaa08d7y65zuv5xwb6b	cm4au3y9v08d3y65zdfcaoxjg	Starex	ALL	285	285	4	7
cm4au3yaa08d8y65zm9f57l8b	cm4au3y9v08d3y65zdfcaoxjg	Alphard/Vellfire 	ALL	480	480	1	4
cm4au1r3w08cxy65zf3zhq1da	cm4au1r3r08cwy65z6l47llrl	Sedan	ALL	170	170	1	3
cm4au1r3x08cyy65z5x5qpct1	cm4au1r3r08cwy65z6l47llrl	10 Seater	ALL	235	235	4	7
cm4au1r3x08czy65zwnxxemwx	cm4au1r3r08cwy65z6l47llrl	18 - Seater	ALL	295	295	8	13
cm4au1r3x08d0y65z0a5wvyn9	cm4au1r3r08cwy65z6l47llrl	Starex	ALL	265	265	4	7
cm4au1r3x08d1y65zfp8h3atb	cm4au1r3r08cwy65z6l47llrl	Alphard/Vellfire 	ALL	350	350	1	4
cm48dhwuy05wmy65za345v64j	cm48dgxmj05pty65zqgfpmxvt	Sedan	ALL	85	85	1	3
cm48dhwuz05wny65ziqs9cfkm	cm48dgxmj05pty65zqgfpmxvt	10 Seater	ALL	180	180	4	7
cm48dhwuz05woy65zr3wbe08b	cm48dgxmj05pty65zqgfpmxvt	18 - Seater	ALL	210	210	8	13
cm48ccm63053ay65zcotj9wmb	cm48ccm600539y65zsib5h5cq	Sedan	ALL	110	110	1	3
cm48ccm63053by65zaosm36ip	cm48ccm600539y65zsib5h5cq	10 Seater	ALL	155	155	4	7
cm48ccm64053cy65z9z0f8t70	cm48ccm600539y65zsib5h5cq	18 - Seater	ALL	220	220	8	13
cm48ccm64053dy65zn8zadlg0	cm48ccm600539y65zsib5h5cq	Starex	ALL	185	185	4	7
cm48ccm64053ey65zk55ik9kr	cm48ccm600539y65zsib5h5cq	Alphard/Vellfire 	ALL	280	280	1	4
cm48cax0r0533y65zuqowubo5	cm48cax0n0532y65z9r9chas1	Sedan	ALL	110	110	1	3
cm48cax0r0534y65zpsqa59bq	cm48cax0n0532y65z9r9chas1	10 Seater	ALL	155	155	4	7
cm48cax0r0535y65z6curwt5x	cm48cax0n0532y65z9r9chas1	18 - Seater	ALL	220	220	8	13
cm48cax0s0536y65zfxryfp0x	cm48cax0n0532y65z9r9chas1	Starex	ALL	185	185	4	7
cm48cax0s0537y65znibg8az4	cm48cax0n0532y65z9r9chas1	Alphard/Vellfire 	ALL	280	280	1	4
cm3qxte1809utu9cg3st4d2um	cm1ueqyh301pkpo0p7t97ghnz	Sedan	ALL	40	40	1	3
cm3qxte1809uuu9cgc2fmv5qm	cm1ueqyh301pkpo0p7t97ghnz	10 Seater	ALL	90	90	4	7
cm3qxte1809uvu9cglatve9n0	cm1ueqyh301pkpo0p7t97ghnz	18 - Seater	ALL	130	130	8	13
cm3qxte1809uwu9cg9la4g55g	cm1ueqyh301pkpo0p7t97ghnz	Alphard/Vellfire 	ALL	160	160	1	4
cm3qxte1909uxu9cgserlih59	cm1ueqyh301pkpo0p7t97ghnz	Starex	ALL	180	180	4	7
cm3qxsmr509uhu9cglrw9fe14	cm1uetvy001q4po0p4tn6mk6m	Sedan	ALL	70	70	1	3
cm3qxsmr609uiu9cg4zzqlcro	cm1uetvy001q4po0p4tn6mk6m	10 Seater	ALL	130	130	4	7
cm3qxsmr709uju9cgysqiz7bb	cm1uetvy001q4po0p4tn6mk6m	18 - Seater	ALL	180	180	8	13
cm3qxsmr809uku9cgw2vah2g8	cm1uetvy001q4po0p4tn6mk6m	Alphard/Vellfire 	ALL	200	200	1	4
cm3qxsmr809ulu9cgozzghgle	cm1uetvy001q4po0p4tn6mk6m	Starex	ALL	220	220	4	7
cm3qxsfnb09ubu9cgxul0ycdz	cm1uexc7r01qopo0pa850xd9u	Sedan	ALL	120	120	1	3
cm3qxsfnb09ucu9cgwlhw7n29	cm1uexc7r01qopo0pa850xd9u	10 Seater	ALL	220	220	4	7
cm3qxsfnc09udu9cgp8ldagyo	cm1uexc7r01qopo0pa850xd9u	18 - Seater	ALL	330	330	8	13
cm3qxsfnc09ueu9cgnz1ntr8d	cm1uexc7r01qopo0pa850xd9u	Alphard/Vellfire 	ALL	400	400	1	4
cm3qxsfnc09ufu9cg5xpc0kan	cm1uexc7r01qopo0pa850xd9u	Starex	ALL	430	430	4	7
cm3qxs78c09u5u9cgptkhz6wm	cm1ueyuyi01qvpo0p5nzqpgz4	Sedan	ALL	70	70	1	3
cm3qxs78c09u6u9cg4cso7ari	cm1ueyuyi01qvpo0p5nzqpgz4	10 Seater	ALL	160	160	4	7
cm3qxs78d09u7u9cgwth7tu6f	cm1ueyuyi01qvpo0p5nzqpgz4	18 - Seater	ALL	230	230	8	13
cm3qxs78d09u8u9cgule3pk41	cm1ueyuyi01qvpo0p5nzqpgz4	Alphard/Vellfire 	ALL	300	300	1	4
cm3qxs78d09u9u9cgl8wrluai	cm1ueyuyi01qvpo0p5nzqpgz4	Starex	ALL	330	330	4	7
cm3qxryqd09tzu9cgp5fusmzx	cm1uf0ign01r8po0plb00r835	Sedan	ALL	120	120	1	3
cm3qxryqe09u0u9cgwuc29vgd	cm1uf0ign01r8po0plb00r835	10 Seater	ALL	220	220	4	7
cm3qxryqe09u1u9cgo7wi79qu	cm1uf0ign01r8po0plb00r835	18 - Seater	ALL	330	330	8	13
cm3qxryqe09u2u9cg1u6zye2e	cm1uf0ign01r8po0plb00r835	Alphard/Vellfire 	ALL	400	400	1	4
cm3qxryqe09u3u9cghpez5qae	cm1uf0ign01r8po0plb00r835	Starex	ALL	430	430	4	7
cm3qxrljm09ttu9cg9vh61sih	cm1uf1q3201rfpo0ppoklja7k	Sedan	ALL	70	70	1	3
cm3qxrljn09tuu9cg92z3qvtb	cm1uf1q3201rfpo0ppoklja7k	10 Seater	ALL	160	160	4	7
cm3qxrljn09tvu9cg3ioqafln	cm1uf1q3201rfpo0ppoklja7k	18 - Seater	ALL	230	230	8	13
cm3qxrljn09twu9cg1g7x68k8	cm1uf1q3201rfpo0ppoklja7k	Alphard/Vellfire 	ALL	300	300	1	4
cm3qxrljo09txu9cguuqolh2k	cm1uf1q3201rfpo0ppoklja7k	Starex	ALL	330	330	4	7
cm3qxrban09tnu9cg7ys4u8sb	cm1uf3z4101rmpo0pxg0jqu52	Sedan	ALL	120	120	1	3
cm3qxrban09tou9cggbrgx3bu	cm1uf3z4101rmpo0pxg0jqu52	10 Seater	ALL	220	220	4	7
cm3qxrban09tpu9cg442nk4se	cm1uf3z4101rmpo0pxg0jqu52	18 - Seater	ALL	330	330	8	13
cm3qxrbao09tqu9cg1wehw7q8	cm1uf3z4101rmpo0pxg0jqu52	Alphard/Vellfire 	ALL	400	400	1	4
cm3qxrbao09tru9cg9psipzoe	cm1uf3z4101rmpo0pxg0jqu52	Starex	ALL	430	430	4	7
cm3qxr3b009thu9cgpse39kzp	cm1uf65go01rtpo0pks5vtrpc	Sedan	ALL	70	70	1	3
cm42jeywz00hdy65zg4tcaqsk	cm1kkduvb003gpo0p96358knq	SEDAN	All	250	250	1	3
cm42jeywz00hey65zp4mqahfo	cm1kkduvb003gpo0p96358knq	TEN_SEATER	All	340	340	4	7
cm42jeywz00hfy65zcbridcig	cm1kkduvb003gpo0p96358knq	EIGHTEEN_SEATER	All	390	390	8	13
cm42jeyx000hgy65z30qdop2m	cm1kkduvb003gpo0p96358knq	STAREX	All	345	345	4	7
cm42jeyx000hhy65zoc2weiqu	cm1kkduvb003gpo0p96358knq	ALPHARD_VELLFIRE	All	550	550	1	4
cm3qxr3b109tiu9cg12u7zsx4	cm1uf65go01rtpo0pks5vtrpc	10 Seater	ALL	160	160	4	7
cm3qxr3b109tju9cgmj1ozvuw	cm1uf65go01rtpo0pks5vtrpc	18 - Seater	ALL	230	230	8	13
cm3qxr3b109tku9cg2zzfltkl	cm1uf65go01rtpo0pks5vtrpc	Alphard/Vellfire 	ALL	300	300	1	4
cm3qxr3b209tlu9cg7dvmmydp	cm1uf65go01rtpo0pks5vtrpc	Starex	ALL	330	330	4	7
cm3qxql7l09tbu9cgtesj1h4z	cm1uf7j0u01s6po0pzmclh1e6	Sedan	ALL	120	120	1	3
cm3qxql7m09tcu9cg3cqfx6zx	cm1uf7j0u01s6po0pzmclh1e6	10 Seater	ALL	220	220	4	7
cm3qxql7m09tdu9cgu7mbr4kg	cm1uf7j0u01s6po0pzmclh1e6	18 - Seater	ALL	330	330	8	13
cm3qxql7n09teu9cg7bl47v0x	cm1uf7j0u01s6po0pzmclh1e6	Alphard/Vellfire 	ALL	400	400	1	4
cm3qxql7n09tfu9cg5dj41uhq	cm1uf7j0u01s6po0pzmclh1e6	Starex	ALL	430	430	4	7
cm3mnz6pc01hnu9cg7l3bohiv	cm3mnz6p501hmu9cg184lh3at	Sedan	ALL	130	130	1	3
cm3mnz6pd01hou9cg47v7zfpx	cm3mnz6p501hmu9cg184lh3at	10 Seater	ALL	190	190	4	7
cm3mnz6pd01hpu9cgrzo87vn8	cm3mnz6p501hmu9cg184lh3at	18 - Seater	ALL	269	270	8	13
cm3mnz6pe01hqu9cg7ia4eqcz	cm3mnz6p501hmu9cg184lh3at	Starex	ALL	240	240	4	7
cm3mnz6pe01hru9cgur48k1js	cm3mnz6p501hmu9cg184lh3at	Alphard/Vellfire 	ALL	350	350	1	4
cm35ei2tw0ladw3vslvss2gil	cm35ei2tp0lacw3vsckwasvye	18 - Seater	ALL	820	820	8	13
cm35b39420kxgw3vsebu4wm5f	cm35b393q0kxfw3vszsd2prtu	Sedan	ALL	750	750	1	3
cm35b39420kxhw3vsrid1m0i4	cm35b393q0kxfw3vszsd2prtu	10 Seater	ALL	950	950	4	7
cm35b39420kxiw3vsk3jkoseb	cm35b393q0kxfw3vszsd2prtu	18 - Seater	ALL	1050	1050	8	13
cm2mr8yfd01m6w3vs7lyzu93x	cm2mqkwnr01lww3vsg4hvw0u2	Sedan	ALL	440	440	1	3
cm2mr8yfe01m7w3vs6dpj02uc	cm2mqkwnr01lww3vsg4hvw0u2	10 Seater	ALL	540	540	4	7
cm2mr8yfe01m8w3vsoh58v0ho	cm2mqkwnr01lww3vsg4hvw0u2	18 - Seater	ALL	640	640	8	13
cm2mr8yfe01m9w3vscq3bt1on	cm2mqkwnr01lww3vsg4hvw0u2	Starex	ALL	545	545	4	7
cm2mr8yfe01maw3vs5lze3yyq	cm2mqkwnr01lww3vsg4hvw0u2	Alphard/Vellfire 	ALL	600	600	1	4
cm2lopo2s006ow3vs2htat9ap	cm2lopo2i006nw3vsssxuy50v	Sedan	ALL	70	70	1	3
cm2lopo2s006pw3vsecd16zho	cm2lopo2i006nw3vsssxuy50v	10 Seater	ALL	160	160	4	7
cm2lopo2s006qw3vs0wl82khp	cm2lopo2i006nw3vsssxuy50v	18 - Seater	ALL	230	230	8	3
cm2lopo2s006rw3vsufdhur0r	cm2lopo2i006nw3vsssxuy50v	Alphard/Vellfire 	ALL	300	300	1	4
cm2lopo2t006sw3vs50j1kogu	cm2lopo2i006nw3vsssxuy50v	Starex	ALL	330	330	4	7
cm2li4da60r4pp4z6ft32xmdg	cm2li4da20r4op4z6ghnlounx	Sedan	ALL	70	70	1	3
cm2li4da60r4qp4z69vzk4ybi	cm2li4da20r4op4z6ghnlounx	10 Seater	ALL	100	100	4	7
cm2li4da60r4rp4z6t4991bhd	cm2li4da20r4op4z6ghnlounx	18 - Seater	ALL	130	130	8	13
cm2lczgz00qwap4z6kh1na9ba	cm2lczgyx0qw9p4z6r7o86r3g	10 Seater	ALL	1050	1050	4	7
cm238988v0404p4z6onggsohv	cm2387qfa03zzp4z685vum7us	Sedan	ALL	500	500	1	3
cm238988v0405p4z6bane9ncc	cm2387qfa03zzp4z685vum7us	10 Seater	ALL	650	650	4	7
cm238988v0406p4z6t0rdqg7w	cm2387qfa03zzp4z685vum7us	18 - Seater	ALL	750	750	8	13
cm234qx1903szp4z6wrdqv7yr	cm234qx1303syp4z6lk1f8kyv	Sedan	ALL	650	650	1	3
cm234p93g03swp4z6ip4uz5df	cm234p93d03svp4z68mqy9812	Sedan	ALL	700	700	1	3
cm2049t5s041gqbbuzalfv79t	cm2049t5o041fqbbudt59c731	Sedan	ALL	40	40	1	3
cm2049t5t041hqbbu6pxf0thj	cm2049t5o041fqbbudt59c731	10 Seater	ALL	90	90	4	7
cm2049t5t041iqbbu4dv8912o	cm2049t5o041fqbbudt59c731	18 - Seater	ALL	130	130	8	13
cm2049t5t041jqbbu226zx5up	cm2049t5o041fqbbudt59c731	Alphard/Vellfire 	ALL	180	180	1	4
cm2049t5t041kqbbucmjm8wln	cm2049t5o041fqbbudt59c731	Starex	ALL	160	160	4	7
cm203u74g041bqbbue858yjup	cm203u747041aqbbun2zqrrqd	Sedan	ALL	85	85	1	3
cm203u74g041cqbbub79572zj	cm203u747041aqbbun2zqrrqd	10 Seater	ALL	140	140	4	7
cm203u74h041dqbbu5bpp7iqf	cm203u747041aqbbun2zqrrqd	18 - Seater	ALL	210	210	8	13
cm203jv5j0414qbbu9bwkaa37	cm203jv4z0413qbbu77e0qi7n	Sedan	ALL	60	60	1	3
cm203jv5k0415qbbue854gp4r	cm203jv4z0413qbbu77e0qi7n	10 Seater	ALL	90	90	4	7
cm203jv5k0416qbbu9ivqz7b0	cm203jv4z0413qbbu77e0qi7n	18 - Seater	ALL	120	120	8	13
cm203jv5m0417qbbuszjw42jw	cm203jv4z0413qbbu77e0qi7n	Alphard/Vellfire 	ALL	160	160	1	4
cm203jv5m0418qbbun78omyjj	cm203jv4z0413qbbu77e0qi7n	Starex	ALL	115	115	4	7
cm1zsk16d02lkqbbuyoigm8i6	cm1zsj5xz02lfqbbu6pd7yvuu	Sedan	ALL	850	850	1	3
cm1zsk16e02llqbbuzp3d8w80	cm1zsj5xz02lfqbbu6pd7yvuu	10 Seater	ALL	1100	1100	4	7
cm1zsk16e02lmqbbu7z1jppdn	cm1zsj5xz02lfqbbu6pd7yvuu	18 - Seater	ALL	1200	1200	8	13
cm1yf8bip00psqbbuc3dykpyr	cm1uevof501qbpo0pq44r1pgg	Sedan	ALL	70	70	1	3
cm1yf8bip00ptqbbueufpngxy	cm1uevof501qbpo0pq44r1pgg	10 Seater	ALL	160	160	4	7
cm1yf8bip00puqbbuyzk4bdcv	cm1uevof501qbpo0pq44r1pgg	18 - Seater	ALL	230	230	8	13
cm1yf8biq00pvqbbuakpuyzru	cm1uevof501qbpo0pq44r1pgg	Alphard/Vellfire 	ALL	300	300	1	4
cm1yf8biq00pwqbbuh330d04f	cm1uevof501qbpo0pq44r1pgg	Starex	ALL	330	330	4	7
cm1sz51yx01hcpo0p7r7xl64v	cm1sz1rlv01h6po0p1itofvr0	10 Seater	ALL	45	45	1	10
cm1sz436301hapo0p7bhrnpl8	cm1sz435e01h9po0pht86fqmb	10 Seater	ALL	45	45	1	10
cm234sgmu03t2p4z6djxzsmhc	cm234sgmr03t1p4z64v0qt2j3	SEDAN	All	800	800	1	3
cm1retsca00o1po0p0udu3sle	clyw0aphj00etiq9xg46tomf7	Sedan	ALL	440	440	1	3
cm1retsca00o2po0pmjqe6cd6	clyw0aphj00etiq9xg46tomf7	10 Seater	ALL	540	540	4	7
cm1retscb00o3po0p56tydns7	clyw0aphj00etiq9xg46tomf7	18 - Seater	ALL	640	640	8	13
cm1retscb00o4po0pswojwai8	clyw0aphj00etiq9xg46tomf7	Starex	ALL	545	545	4	7
cm1retscc00o5po0p7qyy4n8h	clyw0aphj00etiq9xg46tomf7	Alphard/Vellfire 	ALL	600	600	1	4
cm1resmnd00nvpo0pi86oawp6	clyw0apgx00ediq9xeay1v197	Sedan	ALL	590	590	1	3
cm1resmne00nwpo0p5gy94lpp	clyw0apgx00ediq9xeay1v197	10 Seater	ALL	790	790	4	7
cm1resmne00nxpo0p6m3em1mr	clyw0apgx00ediq9xeay1v197	18 - Seater	ALL	840	840	8	13
cm1resmne00nypo0pzh5kx71b	clyw0apgx00ediq9xeay1v197	Starex	ALL	745	745	4	7
cm1resmne00nzpo0pza710yoq	clyw0apgx00ediq9xeay1v197	Alphard/Vellfire 	ALL	800	800	1	4
cm1req2w300nppo0p3ntkwzob	clyw0apgw00eciq9xcwrhfnw5	Sedan	ALL	340	340	1	3
cm1req2w400nqpo0pjk8qt2e0	clyw0apgw00eciq9xcwrhfnw5	10 Seater	ALL	510	510	4	7
cm1req2w400nrpo0psjsqy5uj	clyw0apgw00eciq9xcwrhfnw5	18 - Seater	ALL	610	610	8	13
cm1req2w400nspo0p38th81vn	clyw0apgw00eciq9xcwrhfnw5	Starex	ALL	495	495	4	7
cm1req2w400ntpo0pokkggqq5	clyw0apgw00eciq9xcwrhfnw5	Alphard/Vellfire 	ALL	550	550	1	4
cm1renz4g00ndpo0px084pz59	clyw0apgt00ebiq9xdzsdmit2	Sedan	ALL	190	190	1	3
cm1renz4g00nepo0paxsns4y6	clyw0apgt00ebiq9xdzsdmit2	10 Seater	ALL	240	240	4	7
cm1renz4g00nfpo0p1j5oo1ss	clyw0apgt00ebiq9xdzsdmit2	18 - Seater	ALL	340	340	8	13
cm1renz4g00ngpo0ppr4kvwag	clyw0apgt00ebiq9xdzsdmit2	Starex	ALL	295	295	4	7
cm1renz4h00nhpo0puk80onk6	clyw0apgt00ebiq9xdzsdmit2	Alphard/Vellfire 	ALL	350	350	1	4
cm1rein7n00n7po0pxi3pviua	cm1osuz070093po0pw79wmkcz	Sedan	ALL	290	290	1	3
cm1rein7o00n8po0p6z9sfw1x	cm1osuz070093po0pw79wmkcz	10 Seater	ALL	340	340	4	7
cm1rein7p00n9po0pilmt0ewv	cm1osuz070093po0pw79wmkcz	18 - Seater	ALL	415	415	8	13
cm1rein7p00napo0pvikdld2n	cm1osuz070093po0pw79wmkcz	Starex	ALL	395	395	4	7
cm1rein7q00nbpo0p4a84rvt2	cm1osuz070093po0pw79wmkcz	Alphard/Vellfire 	ALL	450	450	1	4
cm1rehcc000n1po0p98bwjoxe	cm1orwou7008kpo0ppcvg45zz	Sedan	ALL	310	310	1	3
cm1rehcc100n2po0p9wc05s84	cm1orwou7008kpo0ppcvg45zz	10 Seater	ALL	390	390	4	7
cm1rehcc100n3po0pazo623h3	cm1orwou7008kpo0ppcvg45zz	18 - Seater	ALL	490	490	8	13
cm1rehcc100n4po0pojsaitnm	cm1orwou7008kpo0ppcvg45zz	Starex	ALL	475	475	4	7
cm1rehcc200n5po0p0f2gyb30	cm1orwou7008kpo0ppcvg45zz	Alphard/Vellfire 	ALL	550	550	1	4
cm1reg4xt00mvpo0pvht6zob5	cm1os0o8l008ppo0p2k53sxcg	Sedan	ALL	170	170	1	3
cm1reg4xt00mwpo0pvv9xe3rd	cm1os0o8l008ppo0p2k53sxcg	10 Seater	ALL	235	235	4	7
cm1reg4xu00mxpo0pw7c2e8c4	cm1os0o8l008ppo0p2k53sxcg	18 - Seater	ALL	295	295	8	13
cm1reg4xu00mypo0pr2bqntov	cm1os0o8l008ppo0p2k53sxcg	Starex	ALL	265	265	4	7
cm1reg4xu00mzpo0phd8k6rhb	cm1os0o8l008ppo0p2k53sxcg	Alphard/Vellfire 	ALL	350	350	1	4
cm1red73u00mppo0pimc2z6h9	clyw0apft00dniq9xqelu09u7	Sedan	ALL	290	290	1	3
cm1red73u00mqpo0pea98bnzb	clyw0apft00dniq9xqelu09u7	10 Seater	ALL	340	340	4	7
cm1red73u00mrpo0pq8gc9lwj	clyw0apft00dniq9xqelu09u7	18 - Seater	ALL	415	415	8	13
cm1red73v00mspo0pznm80hxs	clyw0apft00dniq9xqelu09u7	Starex	ALL	395	395	4	7
cm1red73v00mtpo0pyytgpxeu	clyw0apft00dniq9xqelu09u7	Alphard/Vellfire 	ALL	450	450	1	4
cm1rebslf00mjpo0pmgby70ga	clyw0b99l00hwiq9xwj0mph11	Sedan	ALL	310	310	1	3
cm1rebslf00mkpo0pw51vin3k	clyw0b99l00hwiq9xwj0mph11	10 Seater	ALL	390	390	4	7
cm1rebslg00mlpo0p169npc5g	clyw0b99l00hwiq9xwj0mph11	18 - Seater	ALL	490	490	8	13
cm1rebslg00mmpo0pesu38zta	clyw0b99l00hwiq9xwj0mph11	Starex	ALL	475	475	4	7
cm1rebslg00mnpo0piennz726	clyw0b99l00hwiq9xwj0mph11	Alphard/Vellfire 	ALL	550	550	1	4
cm1rea7gx00mdpo0po9axp0jc	clyw0b99400hliq9x5y1xezn6	Sedan	ALL	170	170	1	3
cm1rea7gy00mepo0pihiw87g6	clyw0b99400hliq9x5y1xezn6	10 Seater	ALL	235	235	4	7
cm1rea7gy00mfpo0pww1boct0	clyw0b99400hliq9x5y1xezn6	18 - Seater	ALL	295	295	8	13
cm1rea7gy00mgpo0pten9d57k	clyw0b99400hliq9x5y1xezn6	Starex	ALL	265	265	4	7
cm1rea7h000mhpo0p4jua1g67	clyw0b99400hliq9x5y1xezn6	Alphard/Vellfire 	ALL	350	350	1	4
cm1re8tx800m7po0ppnrdd6rb	clyw0b99200hkiq9xh0v8zsdx	Sedan	ALL	170	170	1	3
cm1re8tx900m8po0pmbifnldp	clyw0b99200hkiq9xh0v8zsdx	10 Seater	ALL	235	235	4	7
cm1re8txa00m9po0pvm734d90	clyw0b99200hkiq9xh0v8zsdx	18 - Seater	ALL	295	295	8	13
cm1re8txb00mapo0plym7iyc1	clyw0b99200hkiq9xh0v8zsdx	Starex	ALL	265	265	4	7
cm1re8txb00mbpo0pi1ykn1ad	clyw0b99200hkiq9xh0v8zsdx	Alphard/Vellfire 	ALL	350	350	1	4
cm1re3pn400m1po0p5ucfpjxr	clyw0b98k00hdiq9xlvdjk63n	Sedan	ALL	60	60	1	3
cm1re3pn400m2po0p6c0xaa61	clyw0b98k00hdiq9xlvdjk63n	10 Seater	ALL	90	90	4	7
cm1re3pn500m3po0pvuc7itsj	clyw0b98k00hdiq9xlvdjk63n	18 - Seater	ALL	120	120	8	13
cm1re3pn500m4po0pt505nlbp	clyw0b98k00hdiq9xlvdjk63n	Starex	ALL	115	115	4	7
cm1re3pn500m5po0pjkv4zynt	clyw0b98k00hdiq9xlvdjk63n	Alphard/Vellfire 	ALL	160	160	1	4
cm1rdzfgd00lqpo0pd7gb2z53	cm1bnou4y00oy4yazysee472s	SEDAN	All	210	210	1	3
cm1rbnsoo00fqpo0pdmzjj3jk	clyw0b96y00gciq9xin7712pl	Sedan	ALL	220	220	1	3
cm1rbnsoo00frpo0pafu1vc16	clyw0b96y00gciq9xin7712pl	10 Seater	ALL	285	285	4	7
cm1rbnsop00fspo0p8m97rsif	clyw0b96y00gciq9xin7712pl	18 - Seater	ALL	340	340	8	13
cm1rbnsop00ftpo0pg0any8zh	clyw0b96y00gciq9xin7712pl	Starex	ALL	285	285	3	7
cm1rbnsop00fupo0pukkoh1ji	clyw0b96y00gciq9xin7712pl	Alphard/Vellfire 	ALL	480	480	1	4
cm1ot8nct009hpo0pc66vip55	cm1ot8nco009gpo0putyze8ak	Sedan	ALL	490	490	1	3
cm1ot8nct009ipo0pf4gusw4w	cm1ot8nco009gpo0putyze8ak	10 Seater	ALL	690	690	4	7
cm1ot8nct009jpo0pukozjc1s	cm1ot8nco009gpo0putyze8ak	18 - Seater	ALL	790	790	8	13
cm1oshr1p008vpo0p1vw4v0yw	cm1oshr14008upo0pha40dyak	Sedan	ALL	180	180	1	3
cm1oshr1p008wpo0pjkjec83u	cm1oshr14008upo0pha40dyak	10 Seater	ALL	240	240	4	7
cm1oshr1q008xpo0pwbsn5wjl	cm1oshr14008upo0pha40dyak	18 - Seater	ALL	340	340	8	13
cm1ojr4m0006apo0pijuf55ik	clyw0b98i00hciq9xgij2y6qz	10 Seater	ALL	1090	1090	4	7
cm1ojr4m0006bpo0pzlk5dolk	clyw0b98i00hciq9xgij2y6qz	18 - Seater	ALL	1190	1190	8	13
cm1ojge450061po0p00n8ly42	clyw0b97w00gxiq9xjdhlgn8l	Sedan	ALL	740	740	1	3
cm1ojge450062po0p4iza1ps0	clyw0b97w00gxiq9xjdhlgn8l	10 Seater	ALL	940	940	4	7
cm1ojge450063po0pf447jdjw	clyw0b97w00gxiq9xjdhlgn8l	18 - Seater	ALL	1040	1040	8	13
cm1oin3e9005tpo0pxxjbhvj8	cm1oin3e6005spo0pv39cwdfl	Sedan	ALL	85	85	1	3
cm1oin3e9005upo0p2tsl3oas	cm1oin3e6005spo0pv39cwdfl	10 Seater	ALL	140	140	4	7
cm1oin3e9005vpo0p9eh3c115	cm1oin3e6005spo0pv39cwdfl	18 - Seater	ALL	210	210	8	13
cm1oikot2005opo0pcdx1mdb7	cm1oiiboi005jpo0p32nncnn7	Sedan	ALL	70	70	1	3
cm1oikot2005ppo0pfejk26ls	cm1oiiboi005jpo0p32nncnn7	10 Seater	ALL	110	110	4	7
cm1oikot2005qpo0pixblacod	cm1oiiboi005jpo0p32nncnn7	18 - Seater	ALL	165	165	8	13
cm1rbt73700hopo0plgu1s49z	clyw0b97v00gwiq9xkl03zspa	SEDAN	All	270	270	1	3
cm1rbt73700hppo0pjfdv6bgc	clyw0b97v00gwiq9xkl03zspa	TEN_SEATER	All	390	390	4	7
cm1rbt73800hqpo0p9j28clhe	clyw0b97v00gwiq9xkl03zspa	EIGHTEEN_SEATER	All	490	490	8	13
cm1rbt73800hrpo0p1ucuty74	clyw0b97v00gwiq9xkl03zspa	STAREX	All	405	405	1	7
cm1rbt73800hspo0ppj3n0jax	clyw0b97v00gwiq9xkl03zspa	ALPHARD_VELLFIRE	All	550	550	1	4
cm1rbw1hd00i6po0pbgnj4910	cm1bnnzwq00ol4yaz9hhas78q	SEDAN	All	210	210	1	3
cm1rbw1hd00i7po0p1bsf075f	cm1bnnzwq00ol4yaz9hhas78q	TEN_SEATER	All	340	340	4	7
cm1rbw1hd00i8po0pih1tnazo	cm1bnnzwq00ol4yaz9hhas78q	EIGHTEEN_SEATER	All	440	440	8	13
cm1rbw1he00i9po0plxbaah73	cm1bnnzwq00ol4yaz9hhas78q	STAREX	All	345	345	4	7
cm1rbw1he00iapo0p58yfcwc9	cm1bnnzwq00ol4yaz9hhas78q	ALPHARD_VELLFIRE	All	450	450	1	4
cm1rcff6500kqpo0ppvdb22zl	cm1bmx4fw00l64yazsv23ys2j	SEDAN	All	140	140	1	3
cm1rcff6500krpo0pzdpnfc8d	cm1bmx4fw00l64yazsv23ys2j	TEN_SEATER	All	195	195	4	7
cm1rcff6500kspo0pgk09zcew	cm1bmx4fw00l64yazsv23ys2j	EIGHTEEN_SEATER	All	280	280	8	13
cm1rcff6600ktpo0pdepognmb	cm1bmx4fw00l64yazsv23ys2j	STAREX	All	225	225	4	7
cm1rcff6600kupo0pp7mcu3vf	cm1bmx4fw00l64yazsv23ys2j	ALPHARD_VELLFIRE	All	350	350	1	4
cm1rdvd2v00lfpo0pnlmhy1wv	cm1bnw7jm00pj4yazpn254foo	TEN_SEATER	All	390	390	4	7
cm1rdvd2v00lgpo0pqezj07d8	cm1bnw7jm00pj4yazpn254foo	EIGHTEEN_SEATER	All	490	490	8	13
cm1rdvd2v00lhpo0ppuaq4our	cm1bnw7jm00pj4yazpn254foo	STAREX	All	405	405	4	7
cm1rdvd2v00lipo0pwc2s94td	cm1bnw7jm00pj4yazpn254foo	ALPHARD_VELLFIRE	All	550	550	1	4
cm1oi1pvs0056po0pxnycbodg	cm1oi1pvo0055po0pxx2778li	SEDAN	All	350	350	1	3
cm1oi1pvt0057po0p2rdteqdz	cm1oi1pvo0055po0pxx2778li	TEN_SEATER	All	400	400	4	7
cm1oi1pvt0058po0pf33xfdwe	cm1oi1pvo0055po0pxx2778li	EIGHTEEN_SEATER	All	480	480	8	13
cm1oi8et1005fpo0pl3ox9xpy	cm1oi8esy005epo0p0ssvttny	SEDAN	All	550	550	1	3
cm1oi8et1005gpo0p4rvg7nj8	cm1oi8esy005epo0p0ssvttny	TEN_SEATER	All	620	620	4	7
cm1oi8et2005hpo0pt804b6ar	cm1oi8esy005epo0p0ssvttny	EIGHTEEN_SEATER	All	700	700	8	13
cm1oj1svu005xpo0p5sztdy5z	clyw0b97n00gsiq9xl07ivsfe	SEDAN	All	650	650	1	3
cm1oj1svv005ypo0pcqo6jba7	clyw0b97n00gsiq9xl07ivsfe	TEN_SEATER	All	750	750	4	7
cm1oj1svv005zpo0pekforsqq	clyw0b97n00gsiq9xl07ivsfe	EIGHTEEN_SEATER	All	850	850	8	13
cm1ojjr4a0066po0pz2sgxd6q	cm1ojjr3r0065po0p7e15ees6	SEDAN	All	650	650	1	3
cm1ojjr4b0067po0pqelrtch4	cm1ojjr3r0065po0p7e15ees6	TEN_SEATER	All	750	750	4	7
cm1ojjr4b0068po0ptfm0py5f	cm1ojjr3r0065po0p7e15ees6	EIGHTEEN_SEATER	All	850	850	8	13
cm1ojspvw006epo0p5wr0vamq	cm1ojspvr006dpo0p0q5spzcf	SEDAN	All	800	800	1	3
cm1ojspvw006fpo0pmiygwca9	cm1ojspvr006dpo0p0q5spzcf	TEN_SEATER	All	900	900	4	7
cm1ot785f009cpo0p8ds5999l	clyw0apfu00doiq9xied2xkvg	SEDAN	All	350	350	1	3
cm1ot785f009dpo0pc5ye5qhg	clyw0apfu00doiq9xied2xkvg	TEN_SEATER	All	400	400	4	7
cm1ot785g009epo0pxgxqom4y	clyw0apfu00doiq9xied2xkvg	EIGHTEEN_SEATER	All	480	480	8	13
cm1otqc5w00acpo0p13x42goh	clyw0apgd00e1iq9xa419q3vu	SEDAN	All	650	650	1	3
cm1otqc5x00adpo0pdm7aba6t	clyw0apgd00e1iq9xa419q3vu	TEN_SEATER	All	750	750	4	7
cm1otqc5x00aepo0ph7be3lfb	clyw0apgd00e1iq9xa419q3vu	EIGHTEEN_SEATER	All	850	850	8	13
cm1kk7idq0034po0pg00i3z38	cm1bn0t2p00mm4yazmk3a13s2	Sedan	ALL	150	150	1	3
cm1kk7idr0035po0ptn844vss	cm1bn0t2p00mm4yazmk3a13s2	10 Seater	ALL	210	210	4	7
cm1kk7idr0036po0p70z5nbiz	cm1bn0t2p00mm4yazmk3a13s2	18 - Seater	ALL	280	280	8	13
cm1kk7ids0037po0pdfc9uylh	cm1bn0t2p00mm4yazmk3a13s2	Starex	ALL	225	225	4	7
cm1kk7idt0038po0pg4mei0jm	cm1bn0t2p00mm4yazmk3a13s2	Alphard / Velfire	ALL	350	350	1	4
cm0nbcmbd008trdhpbhrzr6og	clz16yb2f01r7ii6ig8mr1r6l	Sedan - Car	ALL	70	80	1	3
cm0nbcmbd008urdhptxfctr2h	clz16yb2f01r7ii6ig8mr1r6l	10 Seaters	ALL	100	110	3	7
cm0nbcmbd008vrdhp3olkwxfi	clz16yb2f01r7ii6ig8mr1r6l	18 Seater	ALL	130	140	7	13
clyw07zmf00d6iq9xnauu2yf1	clyw07zm900d2iq9xlp8knvbt	Starex	ALL	250	260	3	7
clyw07zmf00d7iq9xz5ssp0cx	clyw07zm900d2iq9xlp8knvbt	Velfire	ALL	250	260	1	4
clyw07zln00cwiq9x40a1d4oz	clyw07zla00csiq9xedenrpbv	Starex	ALL	320	330	3	7
clyw07zln00cxiq9xzysg4obq	clyw07zla00csiq9xedenrpbv	Velfire	ALL	320	330	1	4
TX6eT43XHq77MNxHFZorLETg	GwU71Mkg3trqmgDMntvSSLQ5	MIDNIGHT_SURCHARGE	Adult	1000	1000	4	6
jNKLOhsnXoUZuH1IWc9rOSvc	k3jSQewVoEsn65R-T78Pr-_z	ALPHARD_VELLFIRE	Adult	98	78	6	8
cm6yimfbq1kev101yphawowdy	clyw0b96e00fwiq9xjhzrddl4	ALPHARD_VELLFIRE	All	280	280	1	4
cm7bl3aqw2adj101ymwb4v2ys	cm7bl3aqt2adi101yr61iop60	SEDAN	All	220	220	1	3
PS8eW99E5ipbp5Nbdfmczh8d	GwU71Mkg3trqmgDMntvSSLQ5	EIGHTEEN_SEATER	Adult	67	346	45	65
cm7bl3aqx2adk101y2rpp7c9a	cm7bl3aqt2adi101yr61iop60	TEN_SEATER	All	285	285	4	7
cm7bl3aqx2adl101y6eapn4ww	cm7bl3aqt2adi101yr61iop60	EIGHTEEN_SEATER	All	340	340	8	13
cm7bl3aqx2adm101ye6veivls	cm7bl3aqt2adi101yr61iop60	STAREX	All	285	285	4	7
cm7bl3aqx2adn101ylcoa4iy3	cm7bl3aqt2adi101yr61iop60	ALPHARD_VELLFIRE	All	480	480	1	4
cm1rc2qyf00jupo0p99k4kdsx	clyw0b96e00fxiq9xymzw8deg	SEDAN	All	140	140	1	3
cm1rc2qyg00jvpo0pzgal496r	clyw0b96e00fxiq9xymzw8deg	TEN_SEATER	All	195	195	4	7
cm1rc2qyg00jwpo0pic216fqq	clyw0b96e00fxiq9xymzw8deg	EIGHTEEN_SEATER	All	280	280	8	13
cm1ohz7kw0051po0pxujpsp6t	clyw0b96f00fyiq9xku4huy3e	SEDAN	All	350	350	1	3
cm1ohz7kw0052po0p3u7ps5gd	clyw0b96f00fyiq9xku4huy3e	TEN_SEATER	All	400	400	4	7
cm1ohz7kw0053po0p4xhro6xa	clyw0b96f00fyiq9xku4huy3e	EIGHTEEN_SEATER	All	480	480	8	13
cm0naonbd0086rdhpgfm4yvxo	clyw0apge00e2iq9xy494sjsi	SEDAN	All	650	650	1	3
cm0naonbd0087rdhpwlfz5gza	clyw0apge00e2iq9xy494sjsi	TEN_SEATER	All	750	750	4	7
cm0naonbe0088rdhppw11lvvb	clyw0apge00e2iq9xy494sjsi	EIGHTEEN_SEATER	All	850	850	8	13
clyw0aphp00f1iq9xtmszk1ha	clyw0aphk00euiq9xqyvpnkxi	SEDAN	All	450	450	1	3
clyw0aphq00f2iq9x1744rljz	clyw0aphk00euiq9xqyvpnkxi	TEN_SEATER	All	500	500	4	7
clyw0aphq00f3iq9xkmapdihl	clyw0aphk00euiq9xqyvpnkxi	EIGHTEEN_SEATER	All	580	580	8	13
clyw0aphu00f4iq9x13fkap09	clyw0aphp00f0iq9xs0ogwo4c	SEDAN	All	650	650	1	3
clyw0aphu00f5iq9x4bw1da7f	clyw0aphp00f0iq9xs0ogwo4c	TEN_SEATER	All	720	720	4	7
clyw0aphv00f6iq9xlwkafrut	clyw0aphp00f0iq9xs0ogwo4c	EIGHTEEN_SEATER	All	800	800	8	13
clyw0api600faiq9xc9ls6l2p	clyw0api200f7iq9xgs4fo7o2	SEDAN	All	750	750	1	3
clyw0api600fbiq9xn9a65k7w	clyw0api200f7iq9xgs4fo7o2	TEN_SEATER	All	850	850	3	7
clyw0api700fciq9xzwoc2uhb	clyw0api200f7iq9xgs4fo7o2	EIGHTEEN_SEATER	All	950	950	8	13
clyw0apib00feiq9xtn9iote4	clyw0api500f8iq9xdmeq941o	SEDAN	All	750	750	1	3
clyw0apib00ffiq9xaz2y94vb	clyw0api500f8iq9xdmeq941o	TEN_SEATER	All	850	850	4	7
clyw0apic00fgiq9x1myq73f3	clyw0api500f8iq9xdmeq941o	EIGHTEEN_SEATER	All	950	950	8	13
clyw0apia00fdiq9xlog1hbwg	clyw0api500f9iq9x6kgt4nyt	SEDAN	All	900	900	1	3
clyw07zme00d3iq9xdt6byjuk	clyw07zm900d2iq9xlp8knvbt	SEDAN	All	70	70	1	3
clyw07zmf00d4iq9xil08s6li	clyw07zm900d2iq9xlp8knvbt	TEN_SEATER	All	110	110	4	7
clyw07zmf00d5iq9xgwavosqi	clyw07zm900d2iq9xlp8knvbt	EIGHTEEN_SEATER	All	165	165	8	13
clyw07zll00ctiq9xjh81uhf4	clyw07zla00csiq9xedenrpbv	SEDAN	All	85	85	1	3
clyw07zlm00cuiq9xaclalapr	clyw07zla00csiq9xedenrpbv	TEN_SEATER	All	140	140	3	7
clyw07zlm00cviq9xhwngijhy	clyw07zla00csiq9xedenrpbv	EIGHTEEN_SEATER	All	210	210	8	13
clyw07zl700cpiq9xmnv86uwi	clyw07zl100coiq9xxfh64696	SEDAN	All	450	450	1	3
clyw07zl800cqiq9xh21e1n2y	clyw07zl100coiq9xxfh64696	TEN_SEATER	All	580	580	4	7
clyw07zl800criq9x88n58lii	clyw07zl100coiq9xxfh64696	EIGHTEEN_SEATER	All	830	830	8	13
clyw07zlz00cziq9x1f1pukry	clyw07zlt00cyiq9xrvzgat2o	SEDAN	All	780	780	1	3
clyw07zlz00d0iq9xsgnffygd	clyw07zlt00cyiq9xrvzgat2o	TEN_SEATER	All	900	900	4	7
clyw07zlz00d1iq9xg7n8fuok	clyw07zlt00cyiq9xrvzgat2o	EIGHTEEN_SEATER	All	1350	1350	8	13
clyw07zjv00cdiq9xnnrzfhte	clyw07zjp00cciq9xokff0sbe	SEDAN	All	830	830	1	3
clyw07zjv00ceiq9xkmnricvj	clyw07zjp00cciq9xokff0sbe	TEN_SEATER	All	950	950	4	7
clyw07zjv00cfiq9x1fsqogri	clyw07zjp00cciq9xokff0sbe	EIGHTEEN_SEATER	All	1400	1400	8	13
clyw07zkl00ciiq9xn6o1r09u	clyw07zkb00cgiq9xl4537qyz	SEDAN	All	830	830	1	3
clyw07zkl00cjiq9xf8mu1wz8	clyw07zkb00cgiq9xl4537qyz	TEN_SEATER	All	980	980	4	7
clyw07zkl00ckiq9xnrgfpo9m	clyw07zkb00cgiq9xl4537qyz	EIGHTEEN_SEATER	All	1450	1450	8	13
cm1rc2qyg00jxpo0pzxix38h8	clyw0b96e00fxiq9xymzw8deg	STAREX	All	225	225	4	7
cm1rc2qyg00jypo0pgb7k1ono	clyw0b96e00fxiq9xymzw8deg	ALPHARD_VELLFIRE	All	350	350	1	4
cm4uuoxr01ii4y65zpqft9yuw	cm1bmt2x700k74yazlukkq483	SEDAN	All	110	110	1	3
cm4uuoxr01ii5y65zfh1rum68	cm1bmt2x700k74yazlukkq483	TEN_SEATER	All	155	155	3	7
cm4uuoxr01ii6y65z9hit5oc3	cm1bmt2x700k74yazlukkq483	EIGHTEEN_SEATER	All	220	220	8	13
cm4uuoxr01ii7y65z5r5v66e5	cm1bmt2x700k74yazlukkq483	STAREX	All	185	185	4	7
cm4uuoxr11ii8y65zby31ua5r	cm1bmt2x700k74yazlukkq483	ALPHARD_VELLFIRE	All	280	280	1	4
cm2blaofu0d5xp4z6q6xgrsom	cm1bncg3w00o14yaz1j5p5fxh	SEDAN	All	220	220	1	3
cm2blaofu0d5yp4z6gjjuf60h	cm1bncg3w00o14yaz1j5p5fxh	TEN_SEATER	All	285	285	4	7
cm2blaofv0d5zp4z61adtx22i	cm1bncg3w00o14yaz1j5p5fxh	EIGHTEEN_SEATER	All	340	340	8	13
cm2blaofv0d60p4z6dukb1ql9	cm1bncg3w00o14yaz1j5p5fxh	STAREX	All	285	285	4	7
cm2blaofv0d61p4z6yd4rlm6v	cm1bncg3w00o14yaz1j5p5fxh	ALPHARD_VELLFIRE	All	480	480	1	4
Gbsaz_c-eVXXby-9niPEXqpk	G74GUFIkvAuOYuG1hRYHRuz9	SEDAN	All	250	250	1	3
Qi28o8T7pyk6id9-wXiJ_S-S	G74GUFIkvAuOYuG1hRYHRuz9	TEN_SEATER	All	340	340	4	7
f_998bFpWraSAcajB5mADy1B	G74GUFIkvAuOYuG1hRYHRuz9	EIGHTEEN_SEATER	All	390	390	8	13
nDNsBEOK-36_4l2uhl3Uov7x	G74GUFIkvAuOYuG1hRYHRuz9	STAREX	All	345	345	4	7
K91fK4yxPYG50CshsRVrsPCD	G74GUFIkvAuOYuG1hRYHRuz9	ALPHARD_VELLFIRE	All	550	550	1	4
cm1rdvd2u00lepo0pz669q5rw	cm1bnw7jm00pj4yazpn254foo	SEDAN	All	270	270	1	3
cm1rdzfgd00lrpo0p8j3iqlpv	cm1bnou4y00oy4yazysee472s	TEN_SEATER	All	340	340	4	7
cm1rdzfge00lspo0p8eyctjaj	cm1bnou4y00oy4yazysee472s	EIGHTEEN_SEATER	All	440	440	8	13
cm1rdzfge00ltpo0ph97bst64	cm1bnou4y00oy4yazysee472s	STAREX	All	345	345	4	7
cm1rdzfge00lupo0pfqlagrx7	cm1bnou4y00oy4yazysee472s	ALPHARD_VELLFIRE	All	450	450	1	4
ANkdmeMK0uAk8ro-ESwtwfaF	clyw0b96f00fyiq9xku4huy3e	STAREX	All	450	450	4	7
PJ2KtMZHnk3sw_eNKGV3aAFq	clyw0b96f00fyiq9xku4huy3e	ALPHARD_VELLFIRE	All	600	600	1	4
rFbz-96oxK_AGZe2kpBQ8EDj	clyw0b97700giiq9xa35na1gq	STAREX	All	650	650	4	7
H539zIERfRB7oLFSHaDjqSJP	clyw0b97700giiq9xa35na1gq	ALPHARD_VELLFIRE	All	850	850	1	4
QCeolRxb6ZMFcGPjhcLC-k_S	P_FSXNBQqvCG-tZJrGF0U8cy	SEDAN	All	650	650	1	3
qkrVjhZAPp8GwKbGOFfLohat	P_FSXNBQqvCG-tZJrGF0U8cy	TEN_SEATER	All	750	750	4	7
cIFqDgVbZzDeE-D_9inDxZhf	P_FSXNBQqvCG-tZJrGF0U8cy	EIGHTEEN_SEATER	All	850	850	8	13
OH90fGqiHuLluGYg9kW9LrXg	P_FSXNBQqvCG-tZJrGF0U8cy	STAREX	All	800	800	4	7
T8Yhtqm8q2gQujObOz_KY4OD	P_FSXNBQqvCG-tZJrGF0U8cy	ALPHARD_VELLFIRE	All	950	950	1	4
vYn4TqADpqTJXez_VuePlcgw	pobTboE0ZSmHQAxRrpBa42ft	SEDAN	All	650	650	\N	\N
jfpPSywlSnVRU7Wd6UQ9yogj	pobTboE0ZSmHQAxRrpBa42ft	TEN_SEATER	All	750	750	4	7
silBdURgTDKH9hMH4J1Jh7lO	pobTboE0ZSmHQAxRrpBa42ft	EIGHTEEN_SEATER	All	850	850	8	13
hBO8gcNhyyOGETPmmxXtAWrq	pobTboE0ZSmHQAxRrpBa42ft	STAREX	All	800	800	4	7
sMuqNNvXbhYBkVGtHNVt0cOM	pobTboE0ZSmHQAxRrpBa42ft	ALPHARD_VELLFIRE	All	950	950	1	4
KYQ2gc8m-TmChYBqeYd6Hm4B	XWnFzbgQrW4oCcX3UNum_Zbi	SEDAN	All	800	800	1	3
v5FwWz68_4rxQgskx44x_scJ	XWnFzbgQrW4oCcX3UNum_Zbi	TEN_SEATER	All	900	900	4	7
0UO05uA8gfPx9sIZ1aJPKcc2	XWnFzbgQrW4oCcX3UNum_Zbi	EIGHTEEN_SEATER	All	1000	1000	8	13
O-PIv1wjOxXS6bnCUCMPJh0O	XWnFzbgQrW4oCcX3UNum_Zbi	STAREX	All	950	950	4	7
E5kSvCvFna7lS57tygKf7wJz	XWnFzbgQrW4oCcX3UNum_Zbi	ALPHARD_VELLFIRE	All	1100	1100	1	4
BHxZQ2XkrgUUKY1Jhk7IMTOX	cm1oi1pvo0055po0pxx2778li	STAREX	All	450	450	4	7
AzPEUpy45Pu_D3SNdNoGeunq	cm1oi1pvo0055po0pxx2778li	ALPHARD_VELLFIRE	All	600	600	1	4
feNO14o6Oxj0jAdxsimg0OzO	cm1oi8esy005epo0p0ssvttny	STAREX	All	650	650	4	7
qzimo9t1ph061pURT2NXfxvb	cm1oi8esy005epo0p0ssvttny	ALPHARD_VELLFIRE	All	850	850	1	4
A_7F38hsP8PdNasixl5IP4R1	clyw0b97n00gsiq9xl07ivsfe	STAREX	All	800	800	4	7
5G3cwdDevJtVxTFNbuB0qdhr	clyw0b97n00gsiq9xl07ivsfe	ALPHARD_VELLFIRE	All	950	950	1	4
xxhNNL3MeaNGIMH3dHuQOvEJ	cm1ojjr3r0065po0p7e15ees6	STAREX	All	800	800	4	7
MQlAbiJld3OddEoFEgzXO2-3	cm1ojjr3r0065po0p7e15ees6	ALPHARD_VELLFIRE	All	950	950	1	4
DaM0A0bH4nKls4JqMK20ThFK	cm1ojspvr006dpo0p0q5spzcf	EIGHTEEN_SEATER	All	1000	1000	8	13
f6IgeEy57PBNiuj8dc5rsnwI	cm1ojspvr006dpo0p0q5spzcf	STAREX	All	950	950	4	7
Y4WWfTwgr1yeHghVnYqR2DGj	cm1ojspvr006dpo0p0q5spzcf	ALPHARD_VELLFIRE	All	1100	1100	1	4
pOgIyTyXDq64P5HzKWoH6Uyd	clyw0apfu00doiq9xied2xkvg	STAREX	All	450	450	4	7
v8BthRr0BHJhOCZH_RwIxBqx	clyw0apfu00doiq9xied2xkvg	ALPHARD_VELLFIRE	All	600	600	1	4
r6998hPHWTyx-uxsBH36R0Qo	clyw0apgd00e1iq9xa419q3vu	STAREX	All	800	800	4	7
ovCTUqosDVmwccFuQs2WBfNq	clyw0apgd00e1iq9xa419q3vu	ALPHARD_VELLFIRE	All	950	950	1	4
gWkg55C9tEPe4MMevAlov-8l	clyw0apge00e2iq9xy494sjsi	STAREX	All	800	800	4	7
QYgjQxocj4WiPpUkoFvC-FUB	clyw0apge00e2iq9xy494sjsi	ALPHARD_VELLFIRE	All	950	950	1	4
5CtLnXVR7DU6tBy26sZI0-TW	cm234sgmr03t1p4z64v0qt2j3	TEN_SEATER	All	900	900	4	7
PkkGMDq_MKLcaAbyDhzAGKc3	cm234sgmr03t1p4z64v0qt2j3	EIGHTEEN_SEATER	All	1000	1000	8	13
yMm4LC6Pa6Y4wn1KOFOPGX7i	cm234sgmr03t1p4z64v0qt2j3	STAREX	All	950	950	4	7
qwr0B7Vlu0UUrLKBRNjcKL_c	cm234sgmr03t1p4z64v0qt2j3	ALPHARD_VELLFIRE	All	1100	1100	1	4
60b5nsda9VvNJkPaZWus8y_Z	clyw0aphk00euiq9xqyvpnkxi	STAREX	All	550	550	4	7
cKZoaGDX1xJsmNCt5HxUdGsR	clyw0aphk00euiq9xqyvpnkxi	ALPHARD_VELLFIRE	All	700	700	1	4
zFrfFbtMF4YP1F2vzFopguwX	clyw0aphp00f0iq9xs0ogwo4c	STAREX	All	750	750	4	7
GfpgMfHNCFUo9A8BVG28EZ_6	clyw0aphp00f0iq9xs0ogwo4c	ALPHARD_VELLFIRE	All	950	950	1	4
OFMZMaNqrHamg0gbmMcCdGeE	clyw0api200f7iq9xgs4fo7o2	STAREX	All	900	900	4	7
X4dJRO_6hzLWZSivCu9WgR3A	clyw0api200f7iq9xgs4fo7o2	ALPHARD_VELLFIRE	All	1050	1050	1	4
77B-88jiSfCz76ngbEyg5Wj9	clyw0api500f8iq9xdmeq941o	STAREX	All	900	900	4	7
jSurpOXzy6EvVRksicX-QdYe	clyw0api500f8iq9xdmeq941o	ALPHARD_VELLFIRE	All	1050	1050	1	4
vZJn0CfC03MVJNNtSwCFRCET	clyw0api500f9iq9x6kgt4nyt	TEN_SEATER	All	1000	1000	4	7
TDRiiFVAED27wd8w2ULcldbX	clyw0api500f9iq9x6kgt4nyt	EIGHTEEN_SEATER	All	1100	1100	8	13
4rVFhqsrj6wpeBmZwKZ5Nuue	clyw0api500f9iq9x6kgt4nyt	STAREX	All	1050	1050	4	7
88FULogoFwLBYu2n48WTNED0	clyw0api500f9iq9x6kgt4nyt	ALPHARD_VELLFIRE	All	1200	1200	1	4
Dj5VIYAHNs1C6eali_zAKsgX	XrG9RecVAs54wy3bNXTE0r1b	SEDAN	All	70	70	1	3
yrZU_Y98cwTATsQGTAz0mo8b	XrG9RecVAs54wy3bNXTE0r1b	TEN_SEATER	All	160	160	4	7
cbL8iRybKsyI5wkvaIAiSUBX	XrG9RecVAs54wy3bNXTE0r1b	EIGHTEEN_SEATER	All	230	230	8	13
TyFzFKiOyNxzsAjjSRqbHmVQ	XrG9RecVAs54wy3bNXTE0r1b	ALPHARD_VELLFIRE	All	300	300	1	4
85N_Zy4p9OBGCN7lkossDt76	XrG9RecVAs54wy3bNXTE0r1b	STAREX	All	330	330	4	7
pFh8Tof0-USuf42cQtrarbXN	gHjb285pkw4EFHhH3hGzbGGo	SEDAN	All	120	120	1	3
JWLvZgXMQHOjhGyZDHlkWORN	gHjb285pkw4EFHhH3hGzbGGo	TEN_SEATER	All	220	220	4	7
45-_zs1QkRI75Ayf8uYpgafE	gHjb285pkw4EFHhH3hGzbGGo	EIGHTEEN_SEATER	All	330	330	8	13
LKs_w6tYVSZFlmjKPPsSSevl	gHjb285pkw4EFHhH3hGzbGGo	ALPHARD_VELLFIRE	All	400	400	1	4
EQs3lwm-ajRYzbg0M8ihHP-d	gHjb285pkw4EFHhH3hGzbGGo	STAREX	All	430	430	4	7
morLmzacQrUBKIde4TUKRnf7	8wlaPYMu7E4tQdk3P5N6O_lc	SEDAN	All	750	750	1	3
qupxyzkaS1MKzBby5sJ10hVN	8wlaPYMu7E4tQdk3P5N6O_lc	TEN_SEATER	All	900	900	4	7
NnSiZ3Kr-9DuNOlD5Mp4e5rX	8wlaPYMu7E4tQdk3P5N6O_lc	EIGHTEEN_SEATER	All	1200	1200	8	13
KzBpqBJfAesIUrBWcRnY3pr3	xxPsIaFzhYdTaTwaHpHTRVds	STAREX	Infant	12	15	200	\N
r8A3GpeIT4aO1gdgS9wRmJQE	HMn4kQUrsGtDrx4fYaMp-jFK	MIDNIGHT_SURCHARGE	All	10.6	10.6	5	10
FOQqlvb9rTLyaSbiYZ6T5oZ0	WSox7khOiqBAERjtFxHmil7R	MIDNIGHT_SURCHARGE	All	0	0	0	0
\.


--
-- Data for Name: _BookingToPaymentInvoiceById; Type: TABLE DATA; Schema: public; Owner: postgres
--

COPY public."_BookingToPaymentInvoiceById" ("A", "B") FROM stdin;
\.


--
-- Data for Name: _QuotationToTour; Type: TABLE DATA; Schema: public; Owner: postgres
--

COPY public."_QuotationToTour" ("A", "B") FROM stdin;
\.


--
-- Data for Name: security_instructions; Type: TABLE DATA; Schema: public; Owner: postgres
--

COPY public.security_instructions (important_note) FROM stdin;
⚠️ [IMPORTANT SECURITY NOTICE] ⚠️\n\nDear Website/Server Owner,\n\nMy name is Samy.  \nI am an independent cyber-security researcher and ethical security consultant.\n\nIn the course of conducting routine security assessments on various online platforms, I have recently identified several critical vulnerabilities affecting your server and databases.  \nThese vulnerabilities expose your sensitive data at risk of misuse, theft, or permanent loss.\n\nUnfortunately, based on my previous experiences, whenever similar vulnerabilities are identified and left unresolved, malicious attackers often exploit these gaps shortly thereafter.  \nSuch attacks can cause significant harm, including substantial financial losses to affected website owners.\n\n✅ [IMMEDIATE SECURE BACKUP TAKEN]:\n\nGiven the urgent risk, and to proactively protect your valuable data, I immediately created a secure encrypted backup of your critical databases.  \nThis backup is now stored safely on protected infrastructure under my direct supervision.  \nYour data is secure, intact, and ready for immediate restoration.\n\n✅ [HOW I CAN HELP YOU]:\n\nI am able and ready to fully restore your database promptly and confidentially.  \nAdditionally, I will provide you with a detailed and clear security assessment.  \nThis assessment will precisely outline all discovered vulnerabilities and explain how to permanently fix them, greatly improving your overall security.\n\n✅ [WHY A SMALL CONTRIBUTION?]:\n\nPreviously, I offered such restorations and assessments completely free of charge.  \nHowever, due to personal family medical circumstances, particularly ongoing medical treatment needed by my daughter, I unfortunately can no longer provide these services entirely for free.\n\nTherefore, I kindly request a modest, symbolic contribution of exactly 500 USDT (Tron/TRC-20 network).  \nThis contribution covers part of my technical time, infrastructure costs, and helps in supporting my daughter's medical care as well.\n\nYour support allows me to continue ethically assisting others, protecting servers, and maintaining critical secure resources.  \nI sincerely appreciate your kind understanding.\n\n✅ [EXCEPTIONS FOR NON-PROFIT & EDUCATIONAL PROJECTS]:\n\nIf your database relates to any non-profit, educational, community service, or any beneficial project that helps other people without profit, please contact me immediately.  \nI will gladly provide database restoration, full security analyses, and necessary consultations completely FREE of charge.  \nYou will NOT be asked for any payments in these special cases.\n\n✅ [PAYMENT DETAILS]:\n\nIf applicable, please kindly send the exact amount (500 USDT only) securely to the following USDT TRC-20 Wallet (Tron Network):\n\n[ TCe3ics8am72Xgg3D3fytE7TvpZ7eZ6jad ]\n\n✅ [CONTACT & SUPPORT]:\n\nAfter completing the payment, or if you qualify for free assistance, please contact me directly on my secure WhatsApp support line (available 24/7):\n\n💬 WhatsApp Secure Line: [+44 7874 425369]  (http://wa.me/+447874425369)\n\nKindly mention your unique security reference ID when contacting me, to help speed up the restoration and support process:\n\n8NCY7H2MJG\n\n✅ [TRANSPARENCY STATEMENT]:\n\nYour participation remains voluntary.  \nIf you prefer not to accept my offer, please do seek assistance from another trusted cybersecurity professional immediately.  \nRegardless of your decision, your priority should be addressing and resolving the discovered critical vulnerabilities as early as possible.\n\nThank you sincerely for your attention, understanding, and cooperation in this important matter.\n\nKind Regards,  \nSamy  \nIndependent Cyber-Security Consultant\n
\.



--
-- Name: Accommodation Accommodation_pkey; Type: CONSTRAINT; Schema: public; Owner: postgres
--

ALTER TABLE ONLY public."Accommodation"
    ADD CONSTRAINT "Accommodation_pkey" PRIMARY KEY (id);


--
-- Name: AttractionPrice AttractionPrice_pkey; Type: CONSTRAINT; Schema: public; Owner: postgres
--

ALTER TABLE ONLY public."AttractionPrice"
    ADD CONSTRAINT "AttractionPrice_pkey" PRIMARY KEY (id);


--
-- Name: Attraction Attraction_pkey; Type: CONSTRAINT; Schema: public; Owner: postgres
--

ALTER TABLE ONLY public."Attraction"
    ADD CONSTRAINT "Attraction_pkey" PRIMARY KEY (id);


--
-- Name: BookingAccommodation BookingAccommodation_pkey; Type: CONSTRAINT; Schema: public; Owner: postgres
--

ALTER TABLE ONLY public."BookingAccommodation"
    ADD CONSTRAINT "BookingAccommodation_pkey" PRIMARY KEY (id);


--
-- Name: BookingItinerary BookingItinerary_pkey; Type: CONSTRAINT; Schema: public; Owner: postgres
--

ALTER TABLE ONLY public."BookingItinerary"
    ADD CONSTRAINT "BookingItinerary_pkey" PRIMARY KEY (id);


--
-- Name: BookingPriceDetailItinerary BookingPriceDetailItinerary_pkey; Type: CONSTRAINT; Schema: public; Owner: postgres
--

ALTER TABLE ONLY public."BookingPriceDetailItinerary"
    ADD CONSTRAINT "BookingPriceDetailItinerary_pkey" PRIMARY KEY (id);


--
-- Name: BookingPriceDetailsAccommodation BookingPriceDetailsAccommodation_pkey; Type: CONSTRAINT; Schema: public; Owner: postgres
--

ALTER TABLE ONLY public."BookingPriceDetailsAccommodation"
    ADD CONSTRAINT "BookingPriceDetailsAccommodation_pkey" PRIMARY KEY (id);


--
-- Name: Booking Booking_pkey; Type: CONSTRAINT; Schema: public; Owner: postgres
--

ALTER TABLE ONLY public."Booking"
    ADD CONSTRAINT "Booking_pkey" PRIMARY KEY (id);


--
-- Name: Document Document_pkey; Type: CONSTRAINT; Schema: public; Owner: postgres
--

ALTER TABLE ONLY public."Document"
    ADD CONSTRAINT "Document_pkey" PRIMARY KEY (id);


--
-- Name: FinalItineraryItem FinalItineraryItem_pkey; Type: CONSTRAINT; Schema: public; Owner: postgres
--

ALTER TABLE ONLY public."FinalItineraryItem"
    ADD CONSTRAINT "FinalItineraryItem_pkey" PRIMARY KEY (id);


--
-- Name: FollowUp FollowUp_pkey; Type: CONSTRAINT; Schema: public; Owner: postgres
--

ALTER TABLE ONLY public."FollowUp"
    ADD CONSTRAINT "FollowUp_pkey" PRIMARY KEY (id);


--
-- Name: GuidePrice GuidePrice_pkey; Type: CONSTRAINT; Schema: public; Owner: postgres
--

ALTER TABLE ONLY public."GuidePrice"
    ADD CONSTRAINT "GuidePrice_pkey" PRIMARY KEY (id);


--
-- Name: Guide Guide_pkey; Type: CONSTRAINT; Schema: public; Owner: postgres
--

ALTER TABLE ONLY public."Guide"
    ADD CONSTRAINT "Guide_pkey" PRIMARY KEY (id);


--
-- Name: HotelPrice HotelPrice_pkey; Type: CONSTRAINT; Schema: public; Owner: postgres
--

ALTER TABLE ONLY public."HotelPrice"
    ADD CONSTRAINT "HotelPrice_pkey" PRIMARY KEY (id);


--
-- Name: HotelVoucher HotelVoucher_pkey; Type: CONSTRAINT; Schema: public; Owner: postgres
--

ALTER TABLE ONLY public."HotelVoucher"
    ADD CONSTRAINT "HotelVoucher_pkey" PRIMARY KEY (id);


--
-- Name: Hotels Hotels_pkey; Type: CONSTRAINT; Schema: public; Owner: postgres
--

ALTER TABLE ONLY public."Hotels"
    ADD CONSTRAINT "Hotels_pkey" PRIMARY KEY (id);


--
-- Name: InvoiceLineItem InvoiceLineItem_pkey; Type: CONSTRAINT; Schema: public; Owner: postgres
--

ALTER TABLE ONLY public."InvoiceLineItem"
    ADD CONSTRAINT "InvoiceLineItem_pkey" PRIMARY KEY (id);


--
-- Name: Itinerary Itinerary_pkey; Type: CONSTRAINT; Schema: public; Owner: postgres
--

ALTER TABLE ONLY public."Itinerary"
    ADD CONSTRAINT "Itinerary_pkey" PRIMARY KEY (id);


--
-- Name: Lead Lead_pkey; Type: CONSTRAINT; Schema: public; Owner: postgres
--

ALTER TABLE ONLY public."Lead"
    ADD CONSTRAINT "Lead_pkey" PRIMARY KEY (id);


--
-- Name: MealPrice MealPrice_pkey; Type: CONSTRAINT; Schema: public; Owner: postgres
--

ALTER TABLE ONLY public."MealPrice"
    ADD CONSTRAINT "MealPrice_pkey" PRIMARY KEY (id);


--
-- Name: Notification Notification_pkey; Type: CONSTRAINT; Schema: public; Owner: postgres
--

ALTER TABLE ONLY public."Notification"
    ADD CONSTRAINT "Notification_pkey" PRIMARY KEY (id);


--
-- Name: Package Package_pkey; Type: CONSTRAINT; Schema: public; Owner: postgres
--

ALTER TABLE ONLY public."Package"
    ADD CONSTRAINT "Package_pkey" PRIMARY KEY (id);


--
-- Name: PaymentImage PaymentImage_pkey; Type: CONSTRAINT; Schema: public; Owner: postgres
--

ALTER TABLE ONLY public."PaymentImage"
    ADD CONSTRAINT "PaymentImage_pkey" PRIMARY KEY (id);


--
-- Name: PaymentInvoice PaymentInvoice_pkey; Type: CONSTRAINT; Schema: public; Owner: postgres
--

ALTER TABLE ONLY public."PaymentInvoice"
    ADD CONSTRAINT "PaymentInvoice_pkey" PRIMARY KEY (id);


--
-- Name: PaymentRecord PaymentRecord_pkey; Type: CONSTRAINT; Schema: public; Owner: postgres
--

ALTER TABLE ONLY public."PaymentRecord"
    ADD CONSTRAINT "PaymentRecord_pkey" PRIMARY KEY (id);


--
-- Name: PriceDetailItinerary PriceDetailItinerary_pkey; Type: CONSTRAINT; Schema: public; Owner: postgres
--

ALTER TABLE ONLY public."PriceDetailItinerary"
    ADD CONSTRAINT "PriceDetailItinerary_pkey" PRIMARY KEY (id);


--
-- Name: PriceDetailsAccommodation PriceDetailsAccommodation_pkey; Type: CONSTRAINT; Schema: public; Owner: postgres
--

ALTER TABLE ONLY public."PriceDetailsAccommodation"
    ADD CONSTRAINT "PriceDetailsAccommodation_pkey" PRIMARY KEY (id);


--
-- Name: Quotation Quotation_pkey; Type: CONSTRAINT; Schema: public; Owner: postgres
--

ALTER TABLE ONLY public."Quotation"
    ADD CONSTRAINT "Quotation_pkey" PRIMARY KEY (id);


--
-- Name: Reminder Reminder_pkey; Type: CONSTRAINT; Schema: public; Owner: postgres
--

ALTER TABLE ONLY public."Reminder"
    ADD CONSTRAINT "Reminder_pkey" PRIMARY KEY (id);


--
-- Name: Restaurant Restaurant_pkey; Type: CONSTRAINT; Schema: public; Owner: postgres
--

ALTER TABLE ONLY public."Restaurant"
    ADD CONSTRAINT "Restaurant_pkey" PRIMARY KEY (id);


--
-- Name: RoomPrice RoomPrice_pkey; Type: CONSTRAINT; Schema: public; Owner: postgres
--

ALTER TABLE ONLY public."RoomPrice"
    ADD CONSTRAINT "RoomPrice_pkey" PRIMARY KEY (id);


--
-- Name: Room Room_pkey; Type: CONSTRAINT; Schema: public; Owner: postgres
--

ALTER TABLE ONLY public."Room"
    ADD CONSTRAINT "Room_pkey" PRIMARY KEY (id);


--
-- Name: Service Service_pkey; Type: CONSTRAINT; Schema: public; Owner: postgres
--

ALTER TABLE ONLY public."Service"
    ADD CONSTRAINT "Service_pkey" PRIMARY KEY (id);


--
-- Name: SupplierPayment SupplierPayment_pkey; Type: CONSTRAINT; Schema: public; Owner: postgres
--

ALTER TABLE ONLY public."SupplierPayment"
    ADD CONSTRAINT "SupplierPayment_pkey" PRIMARY KEY (id);


--
-- Name: Suppliers Suppliers_pkey; Type: CONSTRAINT; Schema: public; Owner: postgres
--

ALTER TABLE ONLY public."Suppliers"
    ADD CONSTRAINT "Suppliers_pkey" PRIMARY KEY (id);


--
-- Name: Team Team_pkey; Type: CONSTRAINT; Schema: public; Owner: postgres
--

ALTER TABLE ONLY public."Team"
    ADD CONSTRAINT "Team_pkey" PRIMARY KEY (id);


--
-- Name: TourDetail TourDetail_pkey; Type: CONSTRAINT; Schema: public; Owner: postgres
--

ALTER TABLE ONLY public."TourDetail"
    ADD CONSTRAINT "TourDetail_pkey" PRIMARY KEY (id);


--
-- Name: TourPrice TourPrice_pkey; Type: CONSTRAINT; Schema: public; Owner: postgres
--

ALTER TABLE ONLY public."TourPrice"
    ADD CONSTRAINT "TourPrice_pkey" PRIMARY KEY (id);


--
-- Name: Tour Tour_pkey; Type: CONSTRAINT; Schema: public; Owner: postgres
--

ALTER TABLE ONLY public."Tour"
    ADD CONSTRAINT "Tour_pkey" PRIMARY KEY (id);


--
-- Name: Transfer Transfer_pkey; Type: CONSTRAINT; Schema: public; Owner: postgres
--

ALTER TABLE ONLY public."Transfer"
    ADD CONSTRAINT "Transfer_pkey" PRIMARY KEY (id);


--
-- Name: Vehicle Vehicle_pkey; Type: CONSTRAINT; Schema: public; Owner: postgres
--

ALTER TABLE ONLY public."Vehicle"
    ADD CONSTRAINT "Vehicle_pkey" PRIMARY KEY (id);


--
-- Name: _BookingToPaymentInvoiceById _BookingToPaymentInvoiceById_AB_pkey; Type: CONSTRAINT; Schema: public; Owner: postgres
--

ALTER TABLE ONLY public."_BookingToPaymentInvoiceById"
    ADD CONSTRAINT "_BookingToPaymentInvoiceById_AB_pkey" PRIMARY KEY ("A", "B");


--
-- Name: _QuotationToTour _QuotationToTour_AB_pkey; Type: CONSTRAINT; Schema: public; Owner: postgres
--

ALTER TABLE ONLY public."_QuotationToTour"
    ADD CONSTRAINT "_QuotationToTour_AB_pkey" PRIMARY KEY ("A", "B");


--
-- Name: Booking_reference_key; Type: INDEX; Schema: public; Owner: postgres
--

CREATE UNIQUE INDEX "Booking_reference_key" ON public."Booking" USING btree (reference);


--
-- Name: HotelVoucher_accommodationId_key; Type: INDEX; Schema: public; Owner: postgres
--

CREATE UNIQUE INDEX "HotelVoucher_accommodationId_key" ON public."HotelVoucher" USING btree ("accommodationId");


--
-- Name: HotelVoucher_voucherNo_key; Type: INDEX; Schema: public; Owner: postgres
--

CREATE UNIQUE INDEX "HotelVoucher_voucherNo_key" ON public."HotelVoucher" USING btree ("voucherNo");


--
-- Name: Lead_leadNo_key; Type: INDEX; Schema: public; Owner: postgres
--

CREATE UNIQUE INDEX "Lead_leadNo_key" ON public."Lead" USING btree ("leadNo");


--
-- Name: PaymentInvoice_invoiceNumber_key; Type: INDEX; Schema: public; Owner: postgres
--

CREATE UNIQUE INDEX "PaymentInvoice_invoiceNumber_key" ON public."PaymentInvoice" USING btree ("invoiceNumber");


--
-- Name: SupplierPayment_bookingId_idx; Type: INDEX; Schema: public; Owner: postgres
--

CREATE INDEX "SupplierPayment_bookingId_idx" ON public."SupplierPayment" USING btree ("bookingId");


--
-- Name: SupplierPayment_status_idx; Type: INDEX; Schema: public; Owner: postgres
--

CREATE INDEX "SupplierPayment_status_idx" ON public."SupplierPayment" USING btree (status);


--
-- Name: SupplierPayment_supplierId_idx; Type: INDEX; Schema: public; Owner: postgres
--

CREATE INDEX "SupplierPayment_supplierId_idx" ON public."SupplierPayment" USING btree ("supplierId");


--
-- Name: Team_name_key; Type: INDEX; Schema: public; Owner: postgres
--

CREATE UNIQUE INDEX "Team_name_key" ON public."Team" USING btree (name);


--
-- Name: _BookingToPaymentInvoiceById_B_index; Type: INDEX; Schema: public; Owner: postgres
--

CREATE INDEX "_BookingToPaymentInvoiceById_B_index" ON public."_BookingToPaymentInvoiceById" USING btree ("B");


--
-- Name: _QuotationToTour_B_index; Type: INDEX; Schema: public; Owner: postgres
--

CREATE INDEX "_QuotationToTour_B_index" ON public."_QuotationToTour" USING btree ("B");


--
-- Name: Accommodation Accommodation_quotationId_fkey; Type: FK CONSTRAINT; Schema: public; Owner: postgres
--

ALTER TABLE ONLY public."Accommodation"
    ADD CONSTRAINT "Accommodation_quotationId_fkey" FOREIGN KEY ("quotationId") REFERENCES public."Quotation"(id) ON UPDATE CASCADE ON DELETE CASCADE;


--
-- Name: AttractionPrice AttractionPrice_attractionId_fkey; Type: FK CONSTRAINT; Schema: public; Owner: postgres
--

ALTER TABLE ONLY public."AttractionPrice"
    ADD CONSTRAINT "AttractionPrice_attractionId_fkey" FOREIGN KEY ("attractionId") REFERENCES public."Attraction"(id) ON UPDATE CASCADE ON DELETE CASCADE;


--
-- Name: Attraction Attraction_supplierId_fkey; Type: FK CONSTRAINT; Schema: public; Owner: postgres
--

ALTER TABLE ONLY public."Attraction"
    ADD CONSTRAINT "Attraction_supplierId_fkey" FOREIGN KEY ("supplierId") REFERENCES public."Suppliers"(id) ON UPDATE CASCADE ON DELETE CASCADE;


--
-- Name: BookingAccommodation BookingAccommodation_bookingId_fkey; Type: FK CONSTRAINT; Schema: public; Owner: postgres
--

ALTER TABLE ONLY public."BookingAccommodation"
    ADD CONSTRAINT "BookingAccommodation_bookingId_fkey" FOREIGN KEY ("bookingId") REFERENCES public."Booking"(id) ON UPDATE CASCADE ON DELETE CASCADE;


--
-- Name: BookingItinerary BookingItinerary_bookingId_fkey; Type: FK CONSTRAINT; Schema: public; Owner: postgres
--

ALTER TABLE ONLY public."BookingItinerary"
    ADD CONSTRAINT "BookingItinerary_bookingId_fkey" FOREIGN KEY ("bookingId") REFERENCES public."Booking"(id) ON UPDATE CASCADE ON DELETE CASCADE;


--
-- Name: BookingItinerary BookingItinerary_guideId_fkey; Type: FK CONSTRAINT; Schema: public; Owner: postgres
--

ALTER TABLE ONLY public."BookingItinerary"
    ADD CONSTRAINT "BookingItinerary_guideId_fkey" FOREIGN KEY ("guideId") REFERENCES public."Guide"(id) ON UPDATE CASCADE ON DELETE CASCADE;


--
-- Name: BookingPriceDetailItinerary BookingPriceDetailItinerary_itineraryId_fkey; Type: FK CONSTRAINT; Schema: public; Owner: postgres
--

ALTER TABLE ONLY public."BookingPriceDetailItinerary"
    ADD CONSTRAINT "BookingPriceDetailItinerary_itineraryId_fkey" FOREIGN KEY ("itineraryId") REFERENCES public."BookingItinerary"(id) ON UPDATE CASCADE ON DELETE CASCADE;


--
-- Name: BookingPriceDetailsAccommodation BookingPriceDetailsAccommodation_accommodationId_fkey; Type: FK CONSTRAINT; Schema: public; Owner: postgres
--

ALTER TABLE ONLY public."BookingPriceDetailsAccommodation"
    ADD CONSTRAINT "BookingPriceDetailsAccommodation_accommodationId_fkey" FOREIGN KEY ("accommodationId") REFERENCES public."BookingAccommodation"(id) ON UPDATE CASCADE ON DELETE CASCADE;


--
-- Name: Booking Booking_assignedFinanceId_fkey; Type: FK CONSTRAINT; Schema: public; Owner: postgres
--

ALTER TABLE ONLY public."Booking"
    ADD CONSTRAINT "Booking_assignedFinanceId_fkey" FOREIGN KEY ("assignedFinanceId") REFERENCES public."User"(id) ON UPDATE CASCADE ON DELETE SET NULL;


--
-- Name: Booking Booking_leadNo_fkey; Type: FK CONSTRAINT; Schema: public; Owner: postgres
--

ALTER TABLE ONLY public."Booking"
    ADD CONSTRAINT "Booking_leadNo_fkey" FOREIGN KEY ("leadNo") REFERENCES public."Lead"("leadNo") ON UPDATE CASCADE ON DELETE CASCADE;


--
-- Name: Booking Booking_quotationId_fkey; Type: FK CONSTRAINT; Schema: public; Owner: postgres
--

ALTER TABLE ONLY public."Booking"
    ADD CONSTRAINT "Booking_quotationId_fkey" FOREIGN KEY ("quotationId") REFERENCES public."Quotation"(id) ON UPDATE CASCADE ON DELETE RESTRICT;


--
-- Name: Document Document_bookingId_fkey; Type: FK CONSTRAINT; Schema: public; Owner: postgres
--

ALTER TABLE ONLY public."Document"
    ADD CONSTRAINT "Document_bookingId_fkey" FOREIGN KEY ("bookingId") REFERENCES public."Booking"(id) ON UPDATE CASCADE ON DELETE SET NULL;


--
-- Name: Document Document_leadId_fkey; Type: FK CONSTRAINT; Schema: public; Owner: postgres
--

ALTER TABLE ONLY public."Document"
    ADD CONSTRAINT "Document_leadId_fkey" FOREIGN KEY ("leadId") REFERENCES public."Lead"(id) ON UPDATE CASCADE ON DELETE RESTRICT;


--
-- Name: FinalItineraryItem FinalItineraryItem_bookingId_fkey; Type: FK CONSTRAINT; Schema: public; Owner: postgres
--

ALTER TABLE ONLY public."FinalItineraryItem"
    ADD CONSTRAINT "FinalItineraryItem_bookingId_fkey" FOREIGN KEY ("bookingId") REFERENCES public."Booking"(id) ON UPDATE CASCADE ON DELETE CASCADE;


--
-- Name: FollowUp FollowUp_leadId_fkey; Type: FK CONSTRAINT; Schema: public; Owner: postgres
--

ALTER TABLE ONLY public."FollowUp"
    ADD CONSTRAINT "FollowUp_leadId_fkey" FOREIGN KEY ("leadId") REFERENCES public."Lead"(id) ON UPDATE CASCADE ON DELETE CASCADE;


--
-- Name: GuidePrice GuidePrice_guideId_fkey; Type: FK CONSTRAINT; Schema: public; Owner: postgres
--

ALTER TABLE ONLY public."GuidePrice"
    ADD CONSTRAINT "GuidePrice_guideId_fkey" FOREIGN KEY ("guideId") REFERENCES public."Guide"(id) ON UPDATE CASCADE ON DELETE CASCADE;


--
-- Name: Guide Guide_supplierId_fkey; Type: FK CONSTRAINT; Schema: public; Owner: postgres
--

ALTER TABLE ONLY public."Guide"
    ADD CONSTRAINT "Guide_supplierId_fkey" FOREIGN KEY ("supplierId") REFERENCES public."Suppliers"(id) ON UPDATE CASCADE ON DELETE CASCADE;


--
-- Name: HotelPrice HotelPrice_hotelId_fkey; Type: FK CONSTRAINT; Schema: public; Owner: postgres
--

ALTER TABLE ONLY public."HotelPrice"
    ADD CONSTRAINT "HotelPrice_hotelId_fkey" FOREIGN KEY ("hotelId") REFERENCES public."Hotels"(id) ON UPDATE CASCADE ON DELETE CASCADE;


--
-- Name: HotelVoucher HotelVoucher_accommodationId_fkey; Type: FK CONSTRAINT; Schema: public; Owner: postgres
--

ALTER TABLE ONLY public."HotelVoucher"
    ADD CONSTRAINT "HotelVoucher_accommodationId_fkey" FOREIGN KEY ("accommodationId") REFERENCES public."BookingAccommodation"(id) ON UPDATE CASCADE ON DELETE RESTRICT;


--
-- Name: HotelVoucher HotelVoucher_bookingId_fkey; Type: FK CONSTRAINT; Schema: public; Owner: postgres
--

ALTER TABLE ONLY public."HotelVoucher"
    ADD CONSTRAINT "HotelVoucher_bookingId_fkey" FOREIGN KEY ("bookingId") REFERENCES public."Booking"(id) ON UPDATE CASCADE ON DELETE SET NULL;


--
-- Name: Hotels Hotels_supplierId_fkey; Type: FK CONSTRAINT; Schema: public; Owner: postgres
--

ALTER TABLE ONLY public."Hotels"
    ADD CONSTRAINT "Hotels_supplierId_fkey" FOREIGN KEY ("supplierId") REFERENCES public."Suppliers"(id) ON UPDATE CASCADE ON DELETE CASCADE;


--
-- Name: InvoiceLineItem InvoiceLineItem_invoiceId_fkey; Type: FK CONSTRAINT; Schema: public; Owner: postgres
--

ALTER TABLE ONLY public."InvoiceLineItem"
    ADD CONSTRAINT "InvoiceLineItem_invoiceId_fkey" FOREIGN KEY ("invoiceId") REFERENCES public."PaymentInvoice"(id) ON UPDATE CASCADE ON DELETE CASCADE;


--
-- Name: Itinerary Itinerary_guideId_fkey; Type: FK CONSTRAINT; Schema: public; Owner: postgres
--

ALTER TABLE ONLY public."Itinerary"
    ADD CONSTRAINT "Itinerary_guideId_fkey" FOREIGN KEY ("guideId") REFERENCES public."Guide"(id) ON UPDATE CASCADE ON DELETE CASCADE;


--
-- Name: Itinerary Itinerary_quotationId_fkey; Type: FK CONSTRAINT; Schema: public; Owner: postgres
--

ALTER TABLE ONLY public."Itinerary"
    ADD CONSTRAINT "Itinerary_quotationId_fkey" FOREIGN KEY ("quotationId") REFERENCES public."Quotation"(id) ON UPDATE CASCADE ON DELETE CASCADE;


--
-- Name: Lead Lead_agentId_fkey; Type: FK CONSTRAINT; Schema: public; Owner: postgres
--

ALTER TABLE ONLY public."Lead"
    ADD CONSTRAINT "Lead_agentId_fkey" FOREIGN KEY ("agentId") REFERENCES public."Agent"(id) ON UPDATE CASCADE ON DELETE SET NULL;


--
-- Name: Lead Lead_assignedAssessmentId_fkey; Type: FK CONSTRAINT; Schema: public; Owner: postgres
--

ALTER TABLE ONLY public."Lead"
    ADD CONSTRAINT "Lead_assignedAssessmentId_fkey" FOREIGN KEY ("assignedAssessmentId") REFERENCES public."User"(id) ON UPDATE CASCADE ON DELETE SET NULL;


--
-- Name: Lead Lead_assignedOperationId_fkey; Type: FK CONSTRAINT; Schema: public; Owner: postgres
--

ALTER TABLE ONLY public."Lead"
    ADD CONSTRAINT "Lead_assignedOperationId_fkey" FOREIGN KEY ("assignedOperationId") REFERENCES public."User"(id) ON UPDATE CASCADE ON DELETE SET NULL;


--
-- Name: Lead Lead_assignedToId_fkey; Type: FK CONSTRAINT; Schema: public; Owner: postgres
--

ALTER TABLE ONLY public."Lead"
    ADD CONSTRAINT "Lead_assignedToId_fkey" FOREIGN KEY ("assignedToId") REFERENCES public."User"(id) ON UPDATE CASCADE ON DELETE SET NULL;


--
-- Name: Lead Lead_userId_fkey; Type: FK CONSTRAINT; Schema: public; Owner: postgres
--

ALTER TABLE ONLY public."Lead"
    ADD CONSTRAINT "Lead_userId_fkey" FOREIGN KEY ("userId") REFERENCES public."User"(id) ON UPDATE CASCADE ON DELETE SET NULL;


--
-- Name: MealPrice MealPrice_restaurantId_fkey; Type: FK CONSTRAINT; Schema: public; Owner: postgres
--

ALTER TABLE ONLY public."MealPrice"
    ADD CONSTRAINT "MealPrice_restaurantId_fkey" FOREIGN KEY ("restaurantId") REFERENCES public."Restaurant"(id) ON UPDATE CASCADE ON DELETE CASCADE;


--
-- Name: Package Package_hotelId_fkey; Type: FK CONSTRAINT; Schema: public; Owner: postgres
--

ALTER TABLE ONLY public."Package"
    ADD CONSTRAINT "Package_hotelId_fkey" FOREIGN KEY ("hotelId") REFERENCES public."Hotels"(id) ON UPDATE CASCADE ON DELETE CASCADE;


--
-- Name: PaymentImage PaymentImage_supplierPaymentId_fkey; Type: FK CONSTRAINT; Schema: public; Owner: postgres
--

ALTER TABLE ONLY public."PaymentImage"
    ADD CONSTRAINT "PaymentImage_supplierPaymentId_fkey" FOREIGN KEY ("supplierPaymentId") REFERENCES public."SupplierPayment"(id) ON UPDATE CASCADE ON DELETE CASCADE;


--
-- Name: PaymentInvoice PaymentInvoice_bookingId_fkey; Type: FK CONSTRAINT; Schema: public; Owner: postgres
--

ALTER TABLE ONLY public."PaymentInvoice"
    ADD CONSTRAINT "PaymentInvoice_bookingId_fkey" FOREIGN KEY ("bookingId") REFERENCES public."Booking"(id) ON UPDATE CASCADE ON DELETE SET NULL;


--
-- Name: PaymentRecord PaymentRecord_invoiceId_fkey; Type: FK CONSTRAINT; Schema: public; Owner: postgres
--

ALTER TABLE ONLY public."PaymentRecord"
    ADD CONSTRAINT "PaymentRecord_invoiceId_fkey" FOREIGN KEY ("invoiceId") REFERENCES public."PaymentInvoice"(id) ON UPDATE CASCADE ON DELETE CASCADE;


--
-- Name: PriceDetailItinerary PriceDetailItinerary_itineraryId_fkey; Type: FK CONSTRAINT; Schema: public; Owner: postgres
--

ALTER TABLE ONLY public."PriceDetailItinerary"
    ADD CONSTRAINT "PriceDetailItinerary_itineraryId_fkey" FOREIGN KEY ("itineraryId") REFERENCES public."Itinerary"(id) ON UPDATE CASCADE ON DELETE CASCADE;


--
-- Name: PriceDetailsAccommodation PriceDetailsAccommodation_accommodationId_fkey; Type: FK CONSTRAINT; Schema: public; Owner: postgres
--

ALTER TABLE ONLY public."PriceDetailsAccommodation"
    ADD CONSTRAINT "PriceDetailsAccommodation_accommodationId_fkey" FOREIGN KEY ("accommodationId") REFERENCES public."Accommodation"(id) ON UPDATE CASCADE ON DELETE CASCADE;


--
-- Name: Quotation Quotation_agentId_fkey; Type: FK CONSTRAINT; Schema: public; Owner: postgres
--

ALTER TABLE ONLY public."Quotation"
    ADD CONSTRAINT "Quotation_agentId_fkey" FOREIGN KEY ("agentId") REFERENCES public."Agent"(id) ON UPDATE CASCADE ON DELETE SET NULL;


--
-- Name: Quotation Quotation_leadRefNo_fkey; Type: FK CONSTRAINT; Schema: public; Owner: postgres
--

ALTER TABLE ONLY public."Quotation"
    ADD CONSTRAINT "Quotation_leadRefNo_fkey" FOREIGN KEY ("leadRefNo") REFERENCES public."Lead"("leadNo") ON UPDATE CASCADE ON DELETE CASCADE;


--
-- Name: Quotation Quotation_userid_fkey; Type: FK CONSTRAINT; Schema: public; Owner: postgres
--

ALTER TABLE ONLY public."Quotation"
    ADD CONSTRAINT "Quotation_userid_fkey" FOREIGN KEY (userid) REFERENCES public."User"(id) ON UPDATE CASCADE ON DELETE SET NULL;


--
-- Name: Restaurant Restaurant_supplierId_fkey; Type: FK CONSTRAINT; Schema: public; Owner: postgres
--

ALTER TABLE ONLY public."Restaurant"
    ADD CONSTRAINT "Restaurant_supplierId_fkey" FOREIGN KEY ("supplierId") REFERENCES public."Suppliers"(id) ON UPDATE CASCADE ON DELETE SET NULL;


--
-- Name: RoomPrice RoomPrice_roomId_fkey; Type: FK CONSTRAINT; Schema: public; Owner: postgres
--

ALTER TABLE ONLY public."RoomPrice"
    ADD CONSTRAINT "RoomPrice_roomId_fkey" FOREIGN KEY ("roomId") REFERENCES public."Room"(id) ON UPDATE CASCADE ON DELETE CASCADE;


--
-- Name: Room Room_hotelId_fkey; Type: FK CONSTRAINT; Schema: public; Owner: postgres
--

ALTER TABLE ONLY public."Room"
    ADD CONSTRAINT "Room_hotelId_fkey" FOREIGN KEY ("hotelId") REFERENCES public."Hotels"(id) ON UPDATE CASCADE ON DELETE CASCADE;


--
-- Name: Service Service_bookingId_fkey; Type: FK CONSTRAINT; Schema: public; Owner: postgres
--

ALTER TABLE ONLY public."Service"
    ADD CONSTRAINT "Service_bookingId_fkey" FOREIGN KEY ("bookingId") REFERENCES public."Booking"(id) ON UPDATE CASCADE ON DELETE SET NULL;


--
-- Name: Service Service_tourDetailId_fkey; Type: FK CONSTRAINT; Schema: public; Owner: postgres
--

ALTER TABLE ONLY public."Service"
    ADD CONSTRAINT "Service_tourDetailId_fkey" FOREIGN KEY ("tourDetailId") REFERENCES public."TourDetail"(id) ON UPDATE CASCADE ON DELETE SET NULL;


--
-- Name: SupplierPayment SupplierPayment_bookingId_fkey; Type: FK CONSTRAINT; Schema: public; Owner: postgres
--

ALTER TABLE ONLY public."SupplierPayment"
    ADD CONSTRAINT "SupplierPayment_bookingId_fkey" FOREIGN KEY ("bookingId") REFERENCES public."Booking"(id) ON UPDATE CASCADE ON DELETE CASCADE;


--
-- Name: SupplierPayment SupplierPayment_supplierId_fkey; Type: FK CONSTRAINT; Schema: public; Owner: postgres
--

ALTER TABLE ONLY public."SupplierPayment"
    ADD CONSTRAINT "SupplierPayment_supplierId_fkey" FOREIGN KEY ("supplierId") REFERENCES public."Suppliers"(id) ON UPDATE CASCADE ON DELETE CASCADE;


--
-- Name: TourDetail TourDetail_bookingId_fkey; Type: FK CONSTRAINT; Schema: public; Owner: postgres
--

ALTER TABLE ONLY public."TourDetail"
    ADD CONSTRAINT "TourDetail_bookingId_fkey" FOREIGN KEY ("bookingId") REFERENCES public."Booking"(id) ON UPDATE CASCADE ON DELETE SET NULL;


--
-- Name: TourPrice TourPrice_tourId_fkey; Type: FK CONSTRAINT; Schema: public; Owner: postgres
--

ALTER TABLE ONLY public."TourPrice"
    ADD CONSTRAINT "TourPrice_tourId_fkey" FOREIGN KEY ("tourId") REFERENCES public."Tour"(id) ON UPDATE CASCADE ON DELETE CASCADE;


--
-- Name: Tour Tour_supplierId_fkey; Type: FK CONSTRAINT; Schema: public; Owner: postgres
--

ALTER TABLE ONLY public."Tour"
    ADD CONSTRAINT "Tour_supplierId_fkey" FOREIGN KEY ("supplierId") REFERENCES public."Suppliers"(id) ON UPDATE CASCADE ON DELETE CASCADE;


--
-- Name: Transfer Transfer_supplierId_fkey; Type: FK CONSTRAINT; Schema: public; Owner: postgres
--

ALTER TABLE ONLY public."Transfer"
    ADD CONSTRAINT "Transfer_supplierId_fkey" FOREIGN KEY ("supplierId") REFERENCES public."Suppliers"(id) ON UPDATE CASCADE ON DELETE CASCADE;


--
-- Name: Vehicle Vehicle_transferId_fkey; Type: FK CONSTRAINT; Schema: public; Owner: postgres
--

ALTER TABLE ONLY public."Vehicle"
    ADD CONSTRAINT "Vehicle_transferId_fkey" FOREIGN KEY ("transferId") REFERENCES public."Transfer"(id) ON UPDATE CASCADE ON DELETE CASCADE;


--
-- Name: _BookingToPaymentInvoiceById _BookingToPaymentInvoiceById_A_fkey; Type: FK CONSTRAINT; Schema: public; Owner: postgres
--

ALTER TABLE ONLY public."_BookingToPaymentInvoiceById"
    ADD CONSTRAINT "_BookingToPaymentInvoiceById_A_fkey" FOREIGN KEY ("A") REFERENCES public."Booking"(id) ON UPDATE CASCADE ON DELETE CASCADE;


--
-- Name: _BookingToPaymentInvoiceById _BookingToPaymentInvoiceById_B_fkey; Type: FK CONSTRAINT; Schema: public; Owner: postgres
--

ALTER TABLE ONLY public."_BookingToPaymentInvoiceById"
    ADD CONSTRAINT "_BookingToPaymentInvoiceById_B_fkey" FOREIGN KEY ("B") REFERENCES public."PaymentInvoice"(id) ON UPDATE CASCADE ON DELETE CASCADE;


--
-- Name: _QuotationToTour _QuotationToTour_A_fkey; Type: FK CONSTRAINT; Schema: public; Owner: postgres
--

ALTER TABLE ONLY public."_QuotationToTour"
    ADD CONSTRAINT "_QuotationToTour_A_fkey" FOREIGN KEY ("A") REFERENCES public."Quotation"(id) ON UPDATE CASCADE ON DELETE CASCADE;


--
-- Name: _QuotationToTour _QuotationToTour_B_fkey; Type: FK CONSTRAINT; Schema: public; Owner: postgres
--

ALTER TABLE ONLY public."_QuotationToTour"
    ADD CONSTRAINT "_QuotationToTour_B_fkey" FOREIGN KEY ("B") REFERENCES public."Tour"(id) ON UPDATE CASCADE ON DELETE CASCADE;


--
-- Name: SCHEMA public; Type: ACL; Schema: -; Owner: postgres
--

REVOKE USAGE ON SCHEMA public FROM PUBLIC;


--
-- Name: TABLE "Accommodation"; Type: ACL; Schema: public; Owner: postgres
--

GRANT ALL ON TABLE public."Accommodation" TO dbuser WITH GRANT OPTION;


--
-- Name: TABLE "Admin"; Type: ACL; Schema: public; Owner: postgres
--

GRANT ALL ON TABLE public."Admin" TO dbuser WITH GRANT OPTION;


--
-- Name: SEQUENCE "Admin_id_seq"; Type: ACL; Schema: public; Owner: postgres
--

GRANT ALL ON SEQUENCE public."Admin_id_seq" TO dbuser WITH GRANT OPTION;


--
-- Name: TABLE "Agent"; Type: ACL; Schema: public; Owner: postgres
--

GRANT ALL ON TABLE public."Agent" TO dbuser WITH GRANT OPTION;


--
-- Name: TABLE "AgentCredentials"; Type: ACL; Schema: public; Owner: postgres
--

GRANT ALL ON TABLE public."AgentCredentials" TO dbuser;


--
-- Name: TABLE "Attraction"; Type: ACL; Schema: public; Owner: postgres
--

GRANT ALL ON TABLE public."Attraction" TO dbuser WITH GRANT OPTION;


--
-- Name: TABLE "AttractionPrice"; Type: ACL; Schema: public; Owner: postgres
--

GRANT ALL ON TABLE public."AttractionPrice" TO dbuser WITH GRANT OPTION;


--
-- Name: TABLE "HotelPrice"; Type: ACL; Schema: public; Owner: postgres
--

GRANT ALL ON TABLE public."HotelPrice" TO dbuser WITH GRANT OPTION;


--
-- Name: TABLE "Hotels"; Type: ACL; Schema: public; Owner: postgres
--

GRANT ALL ON TABLE public."Hotels" TO dbuser WITH GRANT OPTION;


--
-- Name: TABLE "Itinerary"; Type: ACL; Schema: public; Owner: postgres
--

GRANT ALL ON TABLE public."Itinerary" TO dbuser WITH GRANT OPTION;


--
-- Name: TABLE "Lead"; Type: ACL; Schema: public; Owner: postgres
--

GRANT ALL ON TABLE public."Lead" TO dbuser WITH GRANT OPTION;


--
-- Name: TABLE "MealPrice"; Type: ACL; Schema: public; Owner: postgres
--

GRANT ALL ON TABLE public."MealPrice" TO dbuser WITH GRANT OPTION;


--
-- Name: TABLE "Package"; Type: ACL; Schema: public; Owner: postgres
--

GRANT ALL ON TABLE public."Package" TO dbuser WITH GRANT OPTION;


--
-- Name: SEQUENCE "Package_id_seq"; Type: ACL; Schema: public; Owner: postgres
--

GRANT ALL ON SEQUENCE public."Package_id_seq" TO dbuser WITH GRANT OPTION;


--
-- Name: TABLE "PriceDetailItinerary"; Type: ACL; Schema: public; Owner: postgres
--

GRANT ALL ON TABLE public."PriceDetailItinerary" TO dbuser WITH GRANT OPTION;


--
-- Name: TABLE "PriceDetailsAccommodation"; Type: ACL; Schema: public; Owner: postgres
--

GRANT ALL ON TABLE public."PriceDetailsAccommodation" TO dbuser WITH GRANT OPTION;


--
-- Name: TABLE "Quotation"; Type: ACL; Schema: public; Owner: postgres
--

REVOKE ALL ON TABLE public."Quotation" FROM postgres;
GRANT ALL ON TABLE public."Quotation" TO postgres WITH GRANT OPTION;


--
-- Name: TABLE "Restaurant"; Type: ACL; Schema: public; Owner: postgres
--

GRANT ALL ON TABLE public."Restaurant" TO dbuser WITH GRANT OPTION;


--
-- Name: TABLE "Room"; Type: ACL; Schema: public; Owner: postgres
--

GRANT ALL ON TABLE public."Room" TO dbuser WITH GRANT OPTION;


--
-- Name: TABLE "RoomPrice"; Type: ACL; Schema: public; Owner: postgres
--

GRANT ALL ON TABLE public."RoomPrice" TO dbuser WITH GRANT OPTION;


--
-- Name: TABLE "Suppliers"; Type: ACL; Schema: public; Owner: postgres
--

GRANT ALL ON TABLE public."Suppliers" TO dbuser WITH GRANT OPTION;


--
-- Name: TABLE "Team"; Type: ACL; Schema: public; Owner: postgres
--

GRANT ALL ON TABLE public."Team" TO dbuser WITH GRANT OPTION;


--
-- Name: TABLE "Transfer"; Type: ACL; Schema: public; Owner: postgres
--

GRANT ALL ON TABLE public."Transfer" TO dbuser WITH GRANT OPTION;


--
-- Name: TABLE "User"; Type: ACL; Schema: public; Owner: postgres
--

GRANT ALL ON TABLE public."User" TO dbuser WITH GRANT OPTION;


--
-- Name: TABLE "Vehicle"; Type: ACL; Schema: public; Owner: postgres
--

GRANT ALL ON TABLE public."Vehicle" TO dbuser WITH GRANT OPTION;


--
-- Name: DEFAULT PRIVILEGES FOR SEQUENCES; Type: DEFAULT ACL; Schema: public; Owner: postgres
--

ALTER DEFAULT PRIVILEGES FOR ROLE postgres IN SCHEMA public GRANT ALL ON SEQUENCES  TO postgres;


--
-- Name: DEFAULT PRIVILEGES FOR FUNCTIONS; Type: DEFAULT ACL; Schema: public; Owner: postgres
--

ALTER DEFAULT PRIVILEGES FOR ROLE postgres IN SCHEMA public GRANT ALL ON FUNCTIONS  TO postgres;


--
-- Name: DEFAULT PRIVILEGES FOR TABLES; Type: DEFAULT ACL; Schema: public; Owner: postgres
--

ALTER DEFAULT PRIVILEGES FOR ROLE postgres IN SCHEMA public GRANT ALL ON TABLES  TO postgres;


--
--

